[INFO] cloning repository https://github.com/y-crdt/yrs-warp
[INFO] running `Command { std: "git" "-c" "credential.helper=" "-c" "credential.helper=/workspace/cargo-home/bin/git-credential-null" "clone" "--bare" "https://github.com/y-crdt/yrs-warp" "/workspace/cache/git-repos/https%3A%2F%2Fgithub.com%2Fy-crdt%2Fyrs-warp", kill_on_drop: false }`
[INFO] [stderr] Cloning into bare repository '/workspace/cache/git-repos/https%3A%2F%2Fgithub.com%2Fy-crdt%2Fyrs-warp'...
[INFO] running `Command { std: "git" "rev-parse" "HEAD", kill_on_drop: false }`
[INFO] [stdout] eed7690e96d727436f400175f96888c9372b5ccd
[INFO] testing y-crdt/yrs-warp against nightly-2025-01-18+rustflags=-Zrandomize-layout for randomize-layout-2
[INFO] running `Command { std: "git" "clone" "/workspace/cache/git-repos/https%3A%2F%2Fgithub.com%2Fy-crdt%2Fyrs-warp" "/workspace/builds/worker-3-tc2/source", kill_on_drop: false }`
[INFO] [stderr] Cloning into '/workspace/builds/worker-3-tc2/source'...
[INFO] [stderr] done.
[INFO] validating manifest of git repo https://github.com/y-crdt/yrs-warp on toolchain nightly-2025-01-18
[INFO] running `Command { std: CARGO_HOME="/workspace/cargo-home" RUSTUP_HOME="/workspace/rustup-home" "/workspace/cargo-home/bin/cargo" "+nightly-2025-01-18" "metadata" "--manifest-path" "Cargo.toml" "--no-deps", kill_on_drop: false }`
[INFO] started tweaking git repo https://github.com/y-crdt/yrs-warp
[INFO] finished tweaking git repo https://github.com/y-crdt/yrs-warp
[INFO] tweaked toml for git repo https://github.com/y-crdt/yrs-warp written to /workspace/builds/worker-3-tc2/source/Cargo.toml
[INFO] crate git repo https://github.com/y-crdt/yrs-warp already has a lockfile, it will not be regenerated
[INFO] running `Command { std: CARGO_HOME="/workspace/cargo-home" RUSTUP_HOME="/workspace/rustup-home" "/workspace/cargo-home/bin/cargo" "+nightly-2025-01-18" "fetch" "--manifest-path" "Cargo.toml", kill_on_drop: false }`
[INFO] [stderr]     Blocking waiting for file lock on package cache
[INFO] [stderr]     Blocking waiting for file lock on package cache
[INFO] running `Command { std: "docker" "create" "-v" "/var/lib/crater-agent-workspace/builds/worker-3-tc2/target:/opt/rustwide/target:rw,Z" "-v" "/var/lib/crater-agent-workspace/builds/worker-3-tc2/source:/opt/rustwide/workdir:ro,Z" "-v" "/var/lib/crater-agent-workspace/cargo-home:/opt/rustwide/cargo-home:ro,Z" "-v" "/var/lib/crater-agent-workspace/rustup-home:/opt/rustwide/rustup-home:ro,Z" "-e" "SOURCE_DIR=/opt/rustwide/workdir" "-e" "CARGO_TARGET_DIR=/opt/rustwide/target" "-e" "CARGO_HOME=/opt/rustwide/cargo-home" "-e" "RUSTUP_HOME=/opt/rustwide/rustup-home" "-w" "/opt/rustwide/workdir" "-m" "1610612736" "--user" "0:0" "--network" "none" "ghcr.io/rust-lang/crates-build-env/linux@sha256:819108c5571ea2e421544af4d832f968d213c87fbe3707a016657f43d2f853bc" "/opt/rustwide/cargo-home/bin/cargo" "+nightly-2025-01-18" "metadata" "--no-deps" "--format-version=1", kill_on_drop: false }`
[INFO] [stdout] c6458d5c7aa20701b81956e6144564e398ed0f8e79c3f8927fbc06e0c556621c
[INFO] running `Command { std: "docker" "start" "-a" "c6458d5c7aa20701b81956e6144564e398ed0f8e79c3f8927fbc06e0c556621c", kill_on_drop: false }`
[INFO] running `Command { std: "docker" "inspect" "c6458d5c7aa20701b81956e6144564e398ed0f8e79c3f8927fbc06e0c556621c", kill_on_drop: false }`
[INFO] running `Command { std: "docker" "rm" "-f" "c6458d5c7aa20701b81956e6144564e398ed0f8e79c3f8927fbc06e0c556621c", kill_on_drop: false }`
[INFO] [stdout] c6458d5c7aa20701b81956e6144564e398ed0f8e79c3f8927fbc06e0c556621c
[INFO] running `Command { std: "docker" "create" "-v" "/var/lib/crater-agent-workspace/builds/worker-3-tc2/target:/opt/rustwide/target:rw,Z" "-v" "/var/lib/crater-agent-workspace/builds/worker-3-tc2/source:/opt/rustwide/workdir:ro,Z" "-v" "/var/lib/crater-agent-workspace/cargo-home:/opt/rustwide/cargo-home:ro,Z" "-v" "/var/lib/crater-agent-workspace/rustup-home:/opt/rustwide/rustup-home:ro,Z" "-e" "SOURCE_DIR=/opt/rustwide/workdir" "-e" "CARGO_TARGET_DIR=/opt/rustwide/target" "-e" "CARGO_INCREMENTAL=0" "-e" "RUST_BACKTRACE=full" "-e" "RUSTFLAGS=--cap-lints=forbid -Zrandomize-layout" "-e" "RUSTDOCFLAGS=--cap-lints=forbid" "-e" "CARGO_HOME=/opt/rustwide/cargo-home" "-e" "RUSTUP_HOME=/opt/rustwide/rustup-home" "-w" "/opt/rustwide/workdir" "-m" "1610612736" "--user" "0:0" "--network" "none" "ghcr.io/rust-lang/crates-build-env/linux@sha256:819108c5571ea2e421544af4d832f968d213c87fbe3707a016657f43d2f853bc" "/opt/rustwide/cargo-home/bin/cargo" "+nightly-2025-01-18" "build" "--frozen" "--message-format=json", kill_on_drop: false }`
[INFO] [stdout] 6d34791f68fc2f4a7bb3be1cfc00cea1783c9e439dd973320d7e7f10c1779dc6
[INFO] running `Command { std: "docker" "start" "-a" "6d34791f68fc2f4a7bb3be1cfc00cea1783c9e439dd973320d7e7f10c1779dc6", kill_on_drop: false }`
[INFO] [stderr]    Compiling proc-macro2 v1.0.79
[INFO] [stderr]    Compiling unicode-ident v1.0.12
[INFO] [stderr]    Compiling version_check v0.9.4
[INFO] [stderr]    Compiling libc v0.2.153
[INFO] [stderr]    Compiling bytes v1.6.0
[INFO] [stderr]    Compiling itoa v1.0.11
[INFO] [stderr]    Compiling cfg-if v1.0.0
[INFO] [stderr]    Compiling pin-project-lite v0.2.13
[INFO] [stderr]    Compiling typenum v1.17.0
[INFO] [stderr]    Compiling fnv v1.0.7
[INFO] [stderr]    Compiling autocfg v1.2.0
[INFO] [stderr]    Compiling futures-core v0.3.30
[INFO] [stderr]    Compiling log v0.4.21
[INFO] [stderr]    Compiling futures-sink v0.3.30
[INFO] [stderr]    Compiling httparse v1.8.0
[INFO] [stderr]    Compiling tinyvec_macros v0.1.1
[INFO] [stderr]    Compiling once_cell v1.19.0
[INFO] [stderr]    Compiling pin-utils v0.1.0
[INFO] [stderr]    Compiling tinyvec v1.6.0
[INFO] [stderr]    Compiling futures-task v0.3.30
[INFO] [stderr]    Compiling serde v1.0.197
[INFO] [stderr]    Compiling percent-encoding v2.3.1
[INFO] [stderr]    Compiling thiserror v1.0.58
[INFO] [stderr]    Compiling ppv-lite86 v0.2.17
[INFO] [stderr]    Compiling unicode-bidi v0.3.15
[INFO] [stderr]    Compiling tracing-core v0.1.32
[INFO] [stderr]    Compiling form_urlencoded v1.2.1
[INFO] [stderr]    Compiling cpufeatures v0.2.12
[INFO] [stderr]    Compiling hashbrown v0.14.3
[INFO] [stderr]    Compiling ryu v1.0.17
[INFO] [stderr]    Compiling serde_json v1.0.115
[INFO] [stderr]    Compiling slab v0.4.9
[INFO] [stderr]    Compiling mime v0.3.17
[INFO] [stderr]    Compiling generic-array v0.14.7
[INFO] [stderr]    Compiling unicase v2.7.0
[INFO] [stderr]    Compiling equivalent v1.0.1
[INFO] [stderr]    Compiling multer v2.1.0
[INFO] [stderr]    Compiling data-encoding v2.5.0
[INFO] [stderr]    Compiling base64 v0.21.7
[INFO] [stderr]    Compiling byteorder v1.5.0
[INFO] [stderr]    Compiling try-lock v0.2.5
[INFO] [stderr]    Compiling httpdate v1.0.3
[INFO] [stderr]    Compiling utf-8 v0.7.6
[INFO] [stderr]    Compiling want v0.3.1
[INFO] [stderr]    Compiling http v0.2.12
[INFO] [stderr]    Compiling futures-channel v0.3.30
[INFO] [stderr]    Compiling encoding_rs v0.8.33
[INFO] [stderr]    Compiling smallvec v1.13.2
[INFO] [stderr]    Compiling spin v0.9.8
[INFO] [stderr]    Compiling tower-service v0.3.2
[INFO] [stderr]    Compiling memchr v2.7.2
[INFO] [stderr]    Compiling rustls-pemfile v1.0.4
[INFO] [stderr]    Compiling atomic_refcell v0.1.13
[INFO] [stderr]    Compiling fastrand v2.0.2
[INFO] [stderr]    Compiling mime_guess v2.0.4
[INFO] [stderr]    Compiling arc-swap v1.7.1
[INFO] [stderr]    Compiling scoped-tls v1.0.1
[INFO] [stderr]    Compiling quote v1.0.35
[INFO] [stderr]    Compiling mio v0.8.11
[INFO] [stderr]    Compiling socket2 v0.5.6
[INFO] [stderr]    Compiling getrandom v0.2.12
[INFO] [stderr]    Compiling syn v2.0.55
[INFO] [stderr]    Compiling unicode-normalization v0.1.23
[INFO] [stderr]    Compiling indexmap v2.2.6
[INFO] [stderr]    Compiling smallstr v0.3.0
[INFO] [stderr]    Compiling rand_core v0.6.4
[INFO] [stderr]    Compiling rand_chacha v0.3.1
[INFO] [stderr]    Compiling headers-core v0.2.0
[INFO] [stderr]    Compiling http-body v0.4.6
[INFO] [stderr]    Compiling rand v0.8.5
[INFO] [stderr]    Compiling idna v0.5.0
[INFO] [stderr]    Compiling crypto-common v0.1.6
[INFO] [stderr]    Compiling block-buffer v0.10.4
[INFO] [stderr]    Compiling digest v0.10.7
[INFO] [stderr]    Compiling sha1 v0.10.6
[INFO] [stderr]    Compiling url v2.5.0
[INFO] [stderr]    Compiling headers v0.3.9
[INFO] [stderr]    Compiling tokio-macros v2.2.0
[INFO] [stderr]    Compiling futures-macro v0.3.30
[INFO] [stderr]    Compiling tracing-attributes v0.1.27
[INFO] [stderr]    Compiling serde_derive v1.0.197
[INFO] [stderr]    Compiling thiserror-impl v1.0.58
[INFO] [stderr]    Compiling pin-project-internal v1.1.5
[INFO] [stderr]    Compiling tokio v1.36.0
[INFO] [stderr]    Compiling futures-util v0.3.30
[INFO] [stderr]    Compiling tungstenite v0.20.1
[INFO] [stderr]    Compiling pin-project v1.1.5
[INFO] [stderr]    Compiling tracing v0.1.40
[INFO] [stderr]    Compiling tokio-util v0.7.10
[INFO] [stderr]    Compiling tokio-tungstenite v0.20.1
[INFO] [stderr]    Compiling tokio-stream v0.1.15
[INFO] [stderr]    Compiling h2 v0.3.25
[INFO] [stderr]    Compiling serde_urlencoded v0.7.1
[INFO] [stderr]    Compiling yrs v0.18.2
[INFO] [stderr]    Compiling hyper v0.14.28
[INFO] [stderr]    Compiling warp v0.3.6
[INFO] [stderr]    Compiling yrs-warp v0.8.0 (/opt/rustwide/workdir)
[INFO] [stderr]     Finished `dev` profile [unoptimized + debuginfo] target(s) in 30.49s
[INFO] running `Command { std: "docker" "inspect" "6d34791f68fc2f4a7bb3be1cfc00cea1783c9e439dd973320d7e7f10c1779dc6", kill_on_drop: false }`
[INFO] running `Command { std: "docker" "rm" "-f" "6d34791f68fc2f4a7bb3be1cfc00cea1783c9e439dd973320d7e7f10c1779dc6", kill_on_drop: false }`
[INFO] [stdout] 6d34791f68fc2f4a7bb3be1cfc00cea1783c9e439dd973320d7e7f10c1779dc6
[INFO] running `Command { std: "docker" "create" "-v" "/var/lib/crater-agent-workspace/builds/worker-3-tc2/target:/opt/rustwide/target:rw,Z" "-v" "/var/lib/crater-agent-workspace/builds/worker-3-tc2/source:/opt/rustwide/workdir:ro,Z" "-v" "/var/lib/crater-agent-workspace/cargo-home:/opt/rustwide/cargo-home:ro,Z" "-v" "/var/lib/crater-agent-workspace/rustup-home:/opt/rustwide/rustup-home:ro,Z" "-e" "SOURCE_DIR=/opt/rustwide/workdir" "-e" "CARGO_TARGET_DIR=/opt/rustwide/target" "-e" "CARGO_INCREMENTAL=0" "-e" "RUST_BACKTRACE=full" "-e" "RUSTFLAGS=--cap-lints=forbid -Zrandomize-layout" "-e" "RUSTDOCFLAGS=--cap-lints=forbid" "-e" "CARGO_HOME=/opt/rustwide/cargo-home" "-e" "RUSTUP_HOME=/opt/rustwide/rustup-home" "-w" "/opt/rustwide/workdir" "-m" "1610612736" "--user" "0:0" "--network" "none" "ghcr.io/rust-lang/crates-build-env/linux@sha256:819108c5571ea2e421544af4d832f968d213c87fbe3707a016657f43d2f853bc" "/opt/rustwide/cargo-home/bin/cargo" "+nightly-2025-01-18" "test" "--frozen" "--no-run" "--message-format=json", kill_on_drop: false }`
[INFO] [stdout] f99733a197cd3f0b53dcf54ff127a28045f2db42a31d6520a2de048131336855
[INFO] running `Command { std: "docker" "start" "-a" "f99733a197cd3f0b53dcf54ff127a28045f2db42a31d6520a2de048131336855", kill_on_drop: false }`
[INFO] [stderr]    Compiling parking_lot_core v0.9.9
[INFO] [stderr]    Compiling scopeguard v1.2.0
[INFO] [stderr]    Compiling lock_api v0.4.11
[INFO] [stderr]    Compiling signal-hook-registry v1.4.1
[INFO] [stderr]    Compiling num_cpus v1.16.0
[INFO] [stderr]    Compiling http v1.1.0
[INFO] [stderr]    Compiling parking_lot v0.12.1
[INFO] [stderr]    Compiling tokio v1.36.0
[INFO] [stderr]    Compiling tungstenite v0.21.0
[INFO] [stderr]    Compiling tokio-util v0.7.10
[INFO] [stderr]    Compiling tokio-tungstenite v0.20.1
[INFO] [stderr]    Compiling tokio-stream v0.1.15
[INFO] [stderr]    Compiling tokio-tungstenite v0.21.0
[INFO] [stderr]    Compiling h2 v0.3.25
[INFO] [stderr]    Compiling hyper v0.14.28
[INFO] [stderr]    Compiling warp v0.3.6
[INFO] [stderr]    Compiling yrs-warp v0.8.0 (/opt/rustwide/workdir)
[INFO] [stderr]     Finished `test` profile [unoptimized + debuginfo] target(s) in 24.25s
[INFO] running `Command { std: "docker" "inspect" "f99733a197cd3f0b53dcf54ff127a28045f2db42a31d6520a2de048131336855", kill_on_drop: false }`
[INFO] running `Command { std: "docker" "rm" "-f" "f99733a197cd3f0b53dcf54ff127a28045f2db42a31d6520a2de048131336855", kill_on_drop: false }`
[INFO] [stdout] f99733a197cd3f0b53dcf54ff127a28045f2db42a31d6520a2de048131336855
[INFO] running `Command { std: "docker" "create" "-v" "/var/lib/crater-agent-workspace/builds/worker-3-tc2/target:/opt/rustwide/target:rw,Z" "-v" "/var/lib/crater-agent-workspace/builds/worker-3-tc2/source:/opt/rustwide/workdir:ro,Z" "-v" "/var/lib/crater-agent-workspace/cargo-home:/opt/rustwide/cargo-home:ro,Z" "-v" "/var/lib/crater-agent-workspace/rustup-home:/opt/rustwide/rustup-home:ro,Z" "-e" "SOURCE_DIR=/opt/rustwide/workdir" "-e" "CARGO_TARGET_DIR=/opt/rustwide/target" "-e" "CARGO_INCREMENTAL=0" "-e" "RUST_BACKTRACE=full" "-e" "RUSTFLAGS=--cap-lints=forbid -Zrandomize-layout" "-e" "RUSTDOCFLAGS=--cap-lints=forbid" "-e" "CARGO_HOME=/opt/rustwide/cargo-home" "-e" "RUSTUP_HOME=/opt/rustwide/rustup-home" "-w" "/opt/rustwide/workdir" "-m" "1610612736" "--user" "0:0" "--network" "none" "ghcr.io/rust-lang/crates-build-env/linux@sha256:819108c5571ea2e421544af4d832f968d213c87fbe3707a016657f43d2f853bc" "/opt/rustwide/cargo-home/bin/cargo" "+nightly-2025-01-18" "test" "--frozen", kill_on_drop: false }`
[INFO] [stdout] 8db2568201cbca391b6ab9f257b96c784490759b436fccd942caf189427b283f
[INFO] running `Command { std: "docker" "start" "-a" "8db2568201cbca391b6ab9f257b96c784490759b436fccd942caf189427b283f", kill_on_drop: false }`
[INFO] [stderr]     Finished `test` profile [unoptimized + debuginfo] target(s) in 0.11s
[INFO] [stderr]      Running unittests src/lib.rs (/opt/rustwide/target/debug/deps/yrs_warp-51ef3dc406de6be5)
[INFO] [stdout] 
[INFO] [stdout] running 9 tests
[INFO] [stdout] test broadcast::test::broadcast_changes ... ok
[INFO] [stdout] test conn::test::change_introduced_by_server_reaches_subscribed_clients ... ok
[INFO] [stdout] test conn::test::subscribed_client_fetches_initial_state ... ok
[INFO] [stdout] test conn::test::changes_from_one_client_reach_others ... ok
[INFO] [stdout] test ws::test::subscribed_client_fetches_initial_state ... ok
[INFO] [stdout] test ws::test::changes_from_one_client_reach_others ... ok
[INFO] [stdout] test ws::test::change_introduced_by_server_reaches_subscribed_clients ... FAILED
[INFO] [stdout] test conn::test::client_failure_doesnt_affect_others ... ok
[INFO] [stdout] test ws::test::client_failure_doesnt_affect_others ... ok
[INFO] [stdout] 
[INFO] [stdout] failures:
[INFO] [stdout] 
[INFO] [stdout] ---- ws::test::change_introduced_by_server_reaches_subscribed_clients stdout ----
[INFO] [stdout] 
[INFO] [stdout] thread 'ws::test::change_introduced_by_server_reaches_subscribed_clients' panicked at /opt/rustwide/cargo-home/registry/src/index.crates.io-1949cf8c6b5b557f/warp-0.3.6/src/server.rs:217:27:
[INFO] [stdout] error binding to 0.0.0.0:6600: error creating server listener: Address already in use (os error 98)
[INFO] [stdout] stack backtrace:
[INFO] [stdout]    0:     0x6347b61620da - std::backtrace_rs::backtrace::libunwind::trace::hb059275cfc8d6126
[INFO] [stdout]                                at /rustc/6067b36314ab5eb2eb47cecc464545ba58e1ad24/library/std/src/../../backtrace/src/backtrace/libunwind.rs:116:5
[INFO] [stdout]    1:     0x6347b61620da - std::backtrace_rs::backtrace::trace_unsynchronized::h2da071e4327ce3ee
[INFO] [stdout]                                at /rustc/6067b36314ab5eb2eb47cecc464545ba58e1ad24/library/std/src/../../backtrace/src/backtrace/mod.rs:66:5
[INFO] [stdout]    2:     0x6347b61620da - std::sys::backtrace::_print_fmt::h842a1474e6f8d23f
[INFO] [stdout]                                at /rustc/6067b36314ab5eb2eb47cecc464545ba58e1ad24/library/std/src/sys/backtrace.rs:66:9
[INFO] [stdout]    3:     0x6347b61620da - <std::sys::backtrace::BacktraceLock::print::DisplayBacktrace as core::fmt::Display>::fmt::h71a62eb3b9696b12
[INFO] [stdout]                                at /rustc/6067b36314ab5eb2eb47cecc464545ba58e1ad24/library/std/src/sys/backtrace.rs:39:26
[INFO] [stdout]    4:     0x6347b618d943 - core::fmt::rt::Argument::fmt::hdb6b616786b41dc1
[INFO] [stdout]                                at /rustc/6067b36314ab5eb2eb47cecc464545ba58e1ad24/library/core/src/fmt/rt.rs:177:76
[INFO] [stdout]    5:     0x6347b618d943 - core::fmt::write::h2cc1698af7e2d686
[INFO] [stdout]                                at /rustc/6067b36314ab5eb2eb47cecc464545ba58e1ad24/library/core/src/fmt/mod.rs:1440:21
[INFO] [stdout]    6:     0x6347b615e123 - std::io::Write::write_fmt::hab1b4cd059a79022
[INFO] [stdout]                                at /rustc/6067b36314ab5eb2eb47cecc464545ba58e1ad24/library/std/src/io/mod.rs:1887:15
[INFO] [stdout]    7:     0x6347b6161f22 - std::sys::backtrace::BacktraceLock::print::h147fe35b4ea13b08
[INFO] [stdout]                                at /rustc/6067b36314ab5eb2eb47cecc464545ba58e1ad24/library/std/src/sys/backtrace.rs:42:9
[INFO] [stdout]    8:     0x6347b61634ff - std::panicking::default_hook::{{closure}}::hbd44223dbdc0d208
[INFO] [stdout]                                at /rustc/6067b36314ab5eb2eb47cecc464545ba58e1ad24/library/std/src/panicking.rs:298:22
[INFO] [stdout]    9:     0x6347b6163318 - std::panicking::default_hook::h20f81eb0576efcec
[INFO] [stdout]                                at /rustc/6067b36314ab5eb2eb47cecc464545ba58e1ad24/library/std/src/panicking.rs:322:9
[INFO] [stdout]   10:     0x6347b5d0b773 - <alloc::boxed::Box<F,A> as core::ops::function::Fn<Args>>::call::hdb53814c496a4d34
[INFO] [stdout]                                at /rustc/6067b36314ab5eb2eb47cecc464545ba58e1ad24/library/alloc/src/boxed.rs:2027:9
[INFO] [stdout]   11:     0x6347b5d0b773 - test::test_main::{{closure}}::hc0a4963c59427c24
[INFO] [stdout]                                at /rustc/6067b36314ab5eb2eb47cecc464545ba58e1ad24/library/test/src/lib.rs:134:21
[INFO] [stdout]   12:     0x6347b6163ff3 - <alloc::boxed::Box<F,A> as core::ops::function::Fn<Args>>::call::h591b2225413a77e9
[INFO] [stdout]                                at /rustc/6067b36314ab5eb2eb47cecc464545ba58e1ad24/library/alloc/src/boxed.rs:2027:9
[INFO] [stdout]   13:     0x6347b6163ff3 - std::panicking::rust_panic_with_hook::h625eea43051b2edc
[INFO] [stdout]                                at /rustc/6067b36314ab5eb2eb47cecc464545ba58e1ad24/library/std/src/panicking.rs:839:13
[INFO] [stdout]   14:     0x6347b6163caa - std::panicking::begin_panic_handler::{{closure}}::h4f9159cfbc3f6bd3
[INFO] [stdout]                                at /rustc/6067b36314ab5eb2eb47cecc464545ba58e1ad24/library/std/src/panicking.rs:704:13
[INFO] [stdout]   15:     0x6347b61625d9 - std::sys::backtrace::__rust_end_short_backtrace::h0390abce48353151
[INFO] [stdout]                                at /rustc/6067b36314ab5eb2eb47cecc464545ba58e1ad24/library/std/src/sys/backtrace.rs:168:18
[INFO] [stdout]   16:     0x6347b616393d - rust_begin_unwind
[INFO] [stdout]                                at /rustc/6067b36314ab5eb2eb47cecc464545ba58e1ad24/library/std/src/panicking.rs:695:5
[INFO] [stdout]   17:     0x6347b618b230 - core::panicking::panic_fmt::h9e7c637e9e5f29c9
[INFO] [stdout]                                at /rustc/6067b36314ab5eb2eb47cecc464545ba58e1ad24/library/core/src/panicking.rs:75:14
[INFO] [stdout]   18:     0x6347b5b51990 - warp::server::Server<F>::bind_ephemeral::{{closure}}::h2a1819268f257363
[INFO] [stdout]                                at /opt/rustwide/cargo-home/registry/src/index.crates.io-1949cf8c6b5b557f/warp-0.3.6/src/server.rs:100:13
[INFO] [stdout]   19:     0x6347b5c98b50 - core::result::Result<T,E>::unwrap_or_else::he8701ddb749456cb
[INFO] [stdout]                                at /rustc/6067b36314ab5eb2eb47cecc464545ba58e1ad24/library/core/src/result.rs:1463:23
[INFO] [stdout]   20:     0x6347b5b517c1 - warp::server::Server<F>::bind_ephemeral::hd55a5098eac44a0e
[INFO] [stdout]                                at /opt/rustwide/cargo-home/registry/src/index.crates.io-1949cf8c6b5b557f/warp-0.3.6/src/server.rs:99:9
[INFO] [stdout]   21:     0x6347b5b52ef9 - warp::server::Server<F>::run::{{closure}}::hed17208be73898a0
[INFO] [stdout]                                at /opt/rustwide/cargo-home/registry/src/index.crates.io-1949cf8c6b5b557f/warp-0.3.6/src/server.rs:136:27
[INFO] [stdout]   22:     0x6347b5bd6ea3 - yrs_warp::ws::test::start_server::{{closure}}::{{closure}}::h8d9b363673f6af82
[INFO] [stdout]                                at /opt/rustwide/workdir/src/ws.rs:258:39
[INFO] [stdout]   23:     0x6347b5adc752 - tokio::runtime::task::core::Core<T,S>::poll::{{closure}}::h2a4a3fceb35cb47d
[INFO] [stdout]                                at /opt/rustwide/cargo-home/registry/src/index.crates.io-1949cf8c6b5b557f/tokio-1.36.0/src/runtime/task/core.rs:328:17
[INFO] [stdout]   24:     0x6347b5ada40d - tokio::loom::std::unsafe_cell::UnsafeCell<T>::with_mut::hdf9708c328412612
[INFO] [stdout]                                at /opt/rustwide/cargo-home/registry/src/index.crates.io-1949cf8c6b5b557f/tokio-1.36.0/src/loom/std/unsafe_cell.rs:16:9
[INFO] [stdout]   25:     0x6347b5ada40d - tokio::runtime::task::core::Core<T,S>::poll::hc74d8f4e5fffc15d
[INFO] [stdout]                                at /opt/rustwide/cargo-home/registry/src/index.crates.io-1949cf8c6b5b557f/tokio-1.36.0/src/runtime/task/core.rs:317:13
[INFO] [stdout]   26:     0x6347b5a91eaa - tokio::runtime::task::harness::poll_future::{{closure}}::he6eaf9d8368f4913
[INFO] [stdout]                                at /opt/rustwide/cargo-home/registry/src/index.crates.io-1949cf8c6b5b557f/tokio-1.36.0/src/runtime/task/harness.rs:485:19
[INFO] [stdout]   27:     0x6347b5c321f0 - <core::panic::unwind_safe::AssertUnwindSafe<F> as core::ops::function::FnOnce<()>>::call_once::h9bb6025f56fd5fb0
[INFO] [stdout]                                at /rustc/6067b36314ab5eb2eb47cecc464545ba58e1ad24/library/core/src/panic/unwind_safe.rs:272:9
[INFO] [stdout]   28:     0x6347b5c587b4 - std::panicking::try::do_call::h409e56254a92cf1b
[INFO] [stdout]                                at /rustc/6067b36314ab5eb2eb47cecc464545ba58e1ad24/library/std/src/panicking.rs:587:40
[INFO] [stdout]   29:     0x6347b5abe34b - __rust_try
[INFO] [stdout]   30:     0x6347b5ab1fa6 - std::panicking::try::hcc8f5a2aef57bf20
[INFO] [stdout]                                at /rustc/6067b36314ab5eb2eb47cecc464545ba58e1ad24/library/std/src/panicking.rs:550:19
[INFO] [stdout]   31:     0x6347b5ab1fa6 - std::panic::catch_unwind::h1bce900609252a76
[INFO] [stdout]                                at /rustc/6067b36314ab5eb2eb47cecc464545ba58e1ad24/library/std/src/panic.rs:358:14
[INFO] [stdout]   32:     0x6347b5a8c4af - tokio::runtime::task::harness::poll_future::hec09a1aa7494b0ca
[INFO] [stdout]                                at /opt/rustwide/cargo-home/registry/src/index.crates.io-1949cf8c6b5b557f/tokio-1.36.0/src/runtime/task/harness.rs:473:18
[INFO] [stdout]   33:     0x6347b5a94e35 - tokio::runtime::task::harness::Harness<T,S>::poll_inner::h5086044c3c629602
[INFO] [stdout]                                at /opt/rustwide/cargo-home/registry/src/index.crates.io-1949cf8c6b5b557f/tokio-1.36.0/src/runtime/task/harness.rs:208:27
[INFO] [stdout]   34:     0x6347b5aa1543 - tokio::runtime::task::harness::Harness<T,S>::poll::h5d3e6680d9ed897a
[INFO] [stdout]                                at /opt/rustwide/cargo-home/registry/src/index.crates.io-1949cf8c6b5b557f/tokio-1.36.0/src/runtime/task/harness.rs:153:15
[INFO] [stdout]   35:     0x6347b5bb6c7b - tokio::runtime::task::raw::poll::h9d8d9744672ff709
[INFO] [stdout]                                at /opt/rustwide/cargo-home/registry/src/index.crates.io-1949cf8c6b5b557f/tokio-1.36.0/src/runtime/task/raw.rs:271:5
[INFO] [stdout]   36:     0x6347b60dde68 - tokio::runtime::task::raw::RawTask::poll::h0baa387e57b14f67
[INFO] [stdout]                                at /opt/rustwide/cargo-home/registry/src/index.crates.io-1949cf8c6b5b557f/tokio-1.36.0/src/runtime/task/raw.rs:201:18
[INFO] [stdout]   37:     0x6347b5bcb731 - tokio::runtime::task::LocalNotified<S>::run::h29a88af4e84c738e
[INFO] [stdout]                                at /opt/rustwide/cargo-home/registry/src/index.crates.io-1949cf8c6b5b557f/tokio-1.36.0/src/runtime/task/mod.rs:416:9
[INFO] [stdout]   38:     0x6347b5c767ca - tokio::runtime::scheduler::current_thread::CoreGuard::block_on::{{closure}}::{{closure}}::h1b3adadd0d3c310d
[INFO] [stdout]                                at /opt/rustwide/cargo-home/registry/src/index.crates.io-1949cf8c6b5b557f/tokio-1.36.0/src/runtime/scheduler/current_thread/mod.rs:700:25
[INFO] [stdout]   39:     0x6347b5c74bb9 - tokio::runtime::coop::with_budget::hd7d7c8b4ba8a3623
[INFO] [stdout]                                at /opt/rustwide/cargo-home/registry/src/index.crates.io-1949cf8c6b5b557f/tokio-1.36.0/src/runtime/coop.rs:107:5
[INFO] [stdout]   40:     0x6347b5c74bb9 - tokio::runtime::coop::budget::h1e318d19c97b5fe7
[INFO] [stdout]                                at /opt/rustwide/cargo-home/registry/src/index.crates.io-1949cf8c6b5b557f/tokio-1.36.0/src/runtime/coop.rs:73:5
[INFO] [stdout]   41:     0x6347b5c74bb9 - tokio::runtime::scheduler::current_thread::Context::run_task::{{closure}}::hf60d593c59deab57
[INFO] [stdout]                                at /opt/rustwide/cargo-home/registry/src/index.crates.io-1949cf8c6b5b557f/tokio-1.36.0/src/runtime/scheduler/current_thread/mod.rs:343:43
[INFO] [stdout]   42:     0x6347b5c74272 - tokio::runtime::scheduler::current_thread::Context::enter::hc286388f0267cf65
[INFO] [stdout]                                at /opt/rustwide/cargo-home/registry/src/index.crates.io-1949cf8c6b5b557f/tokio-1.36.0/src/runtime/scheduler/current_thread/mod.rs:404:19
[INFO] [stdout]   43:     0x6347b5c748f7 - tokio::runtime::scheduler::current_thread::Context::run_task::h75b3434f5eb5b9d5
[INFO] [stdout]                                at /opt/rustwide/cargo-home/registry/src/index.crates.io-1949cf8c6b5b557f/tokio-1.36.0/src/runtime/scheduler/current_thread/mod.rs:343:23
[INFO] [stdout]   44:     0x6347b5c75ddc - tokio::runtime::scheduler::current_thread::CoreGuard::block_on::{{closure}}::h4bca90fcc24ffdf7
[INFO] [stdout]                                at /opt/rustwide/cargo-home/registry/src/index.crates.io-1949cf8c6b5b557f/tokio-1.36.0/src/runtime/scheduler/current_thread/mod.rs:699:35
[INFO] [stdout]   45:     0x6347b5c75514 - tokio::runtime::scheduler::current_thread::CoreGuard::enter::{{closure}}::hf32ff0243e810d65
[INFO] [stdout]                                at /opt/rustwide/cargo-home/registry/src/index.crates.io-1949cf8c6b5b557f/tokio-1.36.0/src/runtime/scheduler/current_thread/mod.rs:737:68
[INFO] [stdout]   46:     0x6347b5bebcdb - tokio::runtime::context::scoped::Scoped<T>::set::h3d0e9508fd8bfd45
[INFO] [stdout]                                at /opt/rustwide/cargo-home/registry/src/index.crates.io-1949cf8c6b5b557f/tokio-1.36.0/src/runtime/context/scoped.rs:40:9
[INFO] [stdout]   47:     0x6347b5bbe849 - tokio::runtime::context::set_scheduler::{{closure}}::hc73714715ba4922e
[INFO] [stdout]                                at /opt/rustwide/cargo-home/registry/src/index.crates.io-1949cf8c6b5b557f/tokio-1.36.0/src/runtime/context.rs:176:26
[INFO] [stdout]   48:     0x6347b5be6312 - std::thread::local::LocalKey<T>::try_with::hd13e1f528c4a0af7
[INFO] [stdout]                                at /rustc/6067b36314ab5eb2eb47cecc464545ba58e1ad24/library/std/src/thread/local.rs:308:12
[INFO] [stdout]   49:     0x6347b5be2c7a - std::thread::local::LocalKey<T>::with::h9635c931844d17ac
[INFO] [stdout]                                at /rustc/6067b36314ab5eb2eb47cecc464545ba58e1ad24/library/std/src/thread/local.rs:272:9
[INFO] [stdout]   50:     0x6347b5bbe7ad - tokio::runtime::context::set_scheduler::h14967757773c7c11
[INFO] [stdout]                                at /opt/rustwide/cargo-home/registry/src/index.crates.io-1949cf8c6b5b557f/tokio-1.36.0/src/runtime/context.rs:176:9
[INFO] [stdout]   51:     0x6347b5c75294 - tokio::runtime::scheduler::current_thread::CoreGuard::enter::hd09e80e231c2e5bc
[INFO] [stdout]                                at /opt/rustwide/cargo-home/registry/src/index.crates.io-1949cf8c6b5b557f/tokio-1.36.0/src/runtime/scheduler/current_thread/mod.rs:737:27
[INFO] [stdout]   52:     0x6347b5c75533 - tokio::runtime::scheduler::current_thread::CoreGuard::block_on::h93b9e11d4ba042c0
[INFO] [stdout]                                at /opt/rustwide/cargo-home/registry/src/index.crates.io-1949cf8c6b5b557f/tokio-1.36.0/src/runtime/scheduler/current_thread/mod.rs:646:19
[INFO] [stdout]   53:     0x6347b5c6d78d - tokio::runtime::scheduler::current_thread::CurrentThread::block_on::{{closure}}::h409b0c24c7dc1c6c
[INFO] [stdout]                                at /opt/rustwide/cargo-home/registry/src/index.crates.io-1949cf8c6b5b557f/tokio-1.36.0/src/runtime/scheduler/current_thread/mod.rs:175:28
[INFO] [stdout]   54:     0x6347b5bbedd6 - tokio::runtime::context::runtime::enter_runtime::h94f4827cedc3f7cc
[INFO] [stdout]                                at /opt/rustwide/cargo-home/registry/src/index.crates.io-1949cf8c6b5b557f/tokio-1.36.0/src/runtime/context/runtime.rs:65:16
[INFO] [stdout]   55:     0x6347b5c6d5e1 - tokio::runtime::scheduler::current_thread::CurrentThread::block_on::h3ce89099a0986d96
[INFO] [stdout]                                at /opt/rustwide/cargo-home/registry/src/index.crates.io-1949cf8c6b5b557f/tokio-1.36.0/src/runtime/scheduler/current_thread/mod.rs:167:9
[INFO] [stdout]   56:     0x6347b5b0312d - tokio::runtime::runtime::Runtime::block_on::he38173908a6cea83
[INFO] [stdout]                                at /opt/rustwide/cargo-home/registry/src/index.crates.io-1949cf8c6b5b557f/tokio-1.36.0/src/runtime/runtime.rs:348:47
[INFO] [stdout]   57:     0x6347b5bd90ec - yrs_warp::ws::test::change_introduced_by_server_reaches_subscribed_clients::h281ca5c67f2098d9
[INFO] [stdout]                                at /opt/rustwide/workdir/src/ws.rs:389:9
[INFO] [stdout]   58:     0x6347b5bd8f77 - yrs_warp::ws::test::change_introduced_by_server_reaches_subscribed_clients::{{closure}}::h8979b9ba7ed3914d
[INFO] [stdout]                                at /opt/rustwide/workdir/src/ws.rs:371:70
[INFO] [stdout]   59:     0x6347b5c7c036 - core::ops::function::FnOnce::call_once::heed3db3c59f5afb2
[INFO] [stdout]                                at /rustc/6067b36314ab5eb2eb47cecc464545ba58e1ad24/library/core/src/ops/function.rs:250:5
[INFO] [stdout]   60:     0x6347b5d10ecb - core::ops::function::FnOnce::call_once::he27718dfdd183f43
[INFO] [stdout]                                at /rustc/6067b36314ab5eb2eb47cecc464545ba58e1ad24/library/core/src/ops/function.rs:250:5
[INFO] [stdout]   61:     0x6347b5d10ecb - test::__rust_begin_short_backtrace::h4e84902998457a5d
[INFO] [stdout]                                at /rustc/6067b36314ab5eb2eb47cecc464545ba58e1ad24/library/test/src/lib.rs:632:18
[INFO] [stdout]   62:     0x6347b5d0fe03 - test::run_test_in_process::{{closure}}::h7176fd18fc1feca0
[INFO] [stdout]                                at /rustc/6067b36314ab5eb2eb47cecc464545ba58e1ad24/library/test/src/lib.rs:655:60
[INFO] [stdout]   63:     0x6347b5d0fe03 - <core::panic::unwind_safe::AssertUnwindSafe<F> as core::ops::function::FnOnce<()>>::call_once::hf79cff2a624d8cf7
[INFO] [stdout]                                at /rustc/6067b36314ab5eb2eb47cecc464545ba58e1ad24/library/core/src/panic/unwind_safe.rs:272:9
[INFO] [stdout]   64:     0x6347b5d0fe03 - std::panicking::try::do_call::h3da0561d9ab99c25
[INFO] [stdout]                                at /rustc/6067b36314ab5eb2eb47cecc464545ba58e1ad24/library/std/src/panicking.rs:587:40
[INFO] [stdout]   65:     0x6347b5d0fe03 - std::panicking::try::h41c9fa508bc61df6
[INFO] [stdout]                                at /rustc/6067b36314ab5eb2eb47cecc464545ba58e1ad24/library/std/src/panicking.rs:550:19
[INFO] [stdout]   66:     0x6347b5d0fe03 - std::panic::catch_unwind::h6b3ff07bb5afad93
[INFO] [stdout]                                at /rustc/6067b36314ab5eb2eb47cecc464545ba58e1ad24/library/std/src/panic.rs:358:14
[INFO] [stdout]   67:     0x6347b5d0fe03 - test::run_test_in_process::hc7253dd11b39b9f4
[INFO] [stdout]                                at /rustc/6067b36314ab5eb2eb47cecc464545ba58e1ad24/library/test/src/lib.rs:655:27
[INFO] [stdout]   68:     0x6347b5d0fe03 - test::run_test::{{closure}}::hfb2007f8649c30bb
[INFO] [stdout]                                at /rustc/6067b36314ab5eb2eb47cecc464545ba58e1ad24/library/test/src/lib.rs:576:43
[INFO] [stdout]   69:     0x6347b5cd2ee5 - test::run_test::{{closure}}::h56a17aa7a282a9f4
[INFO] [stdout]                                at /rustc/6067b36314ab5eb2eb47cecc464545ba58e1ad24/library/test/src/lib.rs:606:41
[INFO] [stdout]   70:     0x6347b5cd2ee5 - std::sys::backtrace::__rust_begin_short_backtrace::hd2d2d2fb8e8c6aac
[INFO] [stdout]                                at /rustc/6067b36314ab5eb2eb47cecc464545ba58e1ad24/library/std/src/sys/backtrace.rs:152:18
[INFO] [stdout]   71:     0x6347b5cd67ca - std::thread::Builder::spawn_unchecked_::{{closure}}::{{closure}}::h4faa3f9db6133423
[INFO] [stdout]                                at /rustc/6067b36314ab5eb2eb47cecc464545ba58e1ad24/library/std/src/thread/mod.rs:559:17
[INFO] [stdout]   72:     0x6347b5cd67ca - <core::panic::unwind_safe::AssertUnwindSafe<F> as core::ops::function::FnOnce<()>>::call_once::hf2e855a36a4ea846
[INFO] [stdout]                                at /rustc/6067b36314ab5eb2eb47cecc464545ba58e1ad24/library/core/src/panic/unwind_safe.rs:272:9
[INFO] [stdout]   73:     0x6347b5cd67ca - std::panicking::try::do_call::h2f73af3616c35465
[INFO] [stdout]                                at /rustc/6067b36314ab5eb2eb47cecc464545ba58e1ad24/library/std/src/panicking.rs:587:40
[INFO] [stdout]   74:     0x6347b5cd67ca - std::panicking::try::hd1660ce9efadef5a
[INFO] [stdout]                                at /rustc/6067b36314ab5eb2eb47cecc464545ba58e1ad24/library/std/src/panicking.rs:550:19
[INFO] [stdout]   75:     0x6347b5cd67ca - std::panic::catch_unwind::h5ee8d7823b8ca744
[INFO] [stdout]                                at /rustc/6067b36314ab5eb2eb47cecc464545ba58e1ad24/library/std/src/panic.rs:358:14
[INFO] [stdout]   76:     0x6347b5cd67ca - std::thread::Builder::spawn_unchecked_::{{closure}}::h53c3a1894dce8407
[INFO] [stdout]                                at /rustc/6067b36314ab5eb2eb47cecc464545ba58e1ad24/library/std/src/thread/mod.rs:557:30
[INFO] [stdout]   77:     0x6347b5cd67ca - core::ops::function::FnOnce::call_once{{vtable.shim}}::h048ce291ad4f62bf
[INFO] [stdout]                                at /rustc/6067b36314ab5eb2eb47cecc464545ba58e1ad24/library/core/src/ops/function.rs:250:5
[INFO] [stdout]   78:     0x6347b61681bb - <alloc::boxed::Box<F,A> as core::ops::function::FnOnce<Args>>::call_once::ha52bedf99a3b4981
[INFO] [stdout]                                at /rustc/6067b36314ab5eb2eb47cecc464545ba58e1ad24/library/alloc/src/boxed.rs:2013:9
[INFO] [stdout]   79:     0x6347b61681bb - <alloc::boxed::Box<F,A> as core::ops::function::FnOnce<Args>>::call_once::h567748934d80ccf8
[INFO] [stdout]                                at /rustc/6067b36314ab5eb2eb47cecc464545ba58e1ad24/library/alloc/src/boxed.rs:2013:9
[INFO] [stdout]   80:     0x6347b61681bb - std::sys::pal::unix::thread::Thread::new::thread_start::h2d970728ae887adc
[INFO] [stdout]                                at /rustc/6067b36314ab5eb2eb47cecc464545ba58e1ad24/library/std/src/sys/pal/unix/thread.rs:106:17
[INFO] [stdout]   81:     0x7969f6636ac3 - <unknown>
[INFO] [stdout]   82:     0x7969f66c7a04 - clone
[INFO] [stdout]   83:                0x0 - <unknown>
[INFO] [stdout] 
[INFO] [stdout] thread 'ws::test::change_introduced_by_server_reaches_subscribed_clients' panicked at src/ws.rs:380:67:
[INFO] [stdout] called `Result::unwrap()` on an `Err` value: Io(Os { code: 111, kind: ConnectionRefused, message: "Connection refused" })
[INFO] [stdout] stack backtrace:
[INFO] [stdout]    0:     0x6347b61620da - std::backtrace_rs::backtrace::libunwind::trace::hb059275cfc8d6126
[INFO] [stdout]                                at /rustc/6067b36314ab5eb2eb47cecc464545ba58e1ad24/library/std/src/../../backtrace/src/backtrace/libunwind.rs:116:5
[INFO] [stdout]    1:     0x6347b61620da - std::backtrace_rs::backtrace::trace_unsynchronized::h2da071e4327ce3ee
[INFO] [stdout]                                at /rustc/6067b36314ab5eb2eb47cecc464545ba58e1ad24/library/std/src/../../backtrace/src/backtrace/mod.rs:66:5
[INFO] [stdout]    2:     0x6347b61620da - std::sys::backtrace::_print_fmt::h842a1474e6f8d23f
[INFO] [stdout]                                at /rustc/6067b36314ab5eb2eb47cecc464545ba58e1ad24/library/std/src/sys/backtrace.rs:66:9
[INFO] [stdout]    3:     0x6347b61620da - <std::sys::backtrace::BacktraceLock::print::DisplayBacktrace as core::fmt::Display>::fmt::h71a62eb3b9696b12
[INFO] [stdout]                                at /rustc/6067b36314ab5eb2eb47cecc464545ba58e1ad24/library/std/src/sys/backtrace.rs:39:26
[INFO] [stdout]    4:     0x6347b618d943 - core::fmt::rt::Argument::fmt::hdb6b616786b41dc1
[INFO] [stdout]                                at /rustc/6067b36314ab5eb2eb47cecc464545ba58e1ad24/library/core/src/fmt/rt.rs:177:76
[INFO] [stdout]    5:     0x6347b618d943 - core::fmt::write::h2cc1698af7e2d686
[INFO] [stdout]                                at /rustc/6067b36314ab5eb2eb47cecc464545ba58e1ad24/library/core/src/fmt/mod.rs:1440:21
[INFO] [stdout]    6:     0x6347b615e123 - std::io::Write::write_fmt::hab1b4cd059a79022
[INFO] [stdout]                                at /rustc/6067b36314ab5eb2eb47cecc464545ba58e1ad24/library/std/src/io/mod.rs:1887:15
[INFO] [stdout]    7:     0x6347b6161f22 - std::sys::backtrace::BacktraceLock::print::h147fe35b4ea13b08
[INFO] [stdout]                                at /rustc/6067b36314ab5eb2eb47cecc464545ba58e1ad24/library/std/src/sys/backtrace.rs:42:9
[INFO] [stdout]    8:     0x6347b61634ff - std::panicking::default_hook::{{closure}}::hbd44223dbdc0d208
[INFO] [stdout]                                at /rustc/6067b36314ab5eb2eb47cecc464545ba58e1ad24/library/std/src/panicking.rs:298:22
[INFO] [stdout]    9:     0x6347b6163318 - std::panicking::default_hook::h20f81eb0576efcec
[INFO] [stdout]                                at /rustc/6067b36314ab5eb2eb47cecc464545ba58e1ad24/library/std/src/panicking.rs:322:9
[INFO] [stdout]   10:     0x6347b5d0b773 - <alloc::boxed::Box<F,A> as core::ops::function::Fn<Args>>::call::hdb53814c496a4d34
[INFO] [stdout]                                at /rustc/6067b36314ab5eb2eb47cecc464545ba58e1ad24/library/alloc/src/boxed.rs:2027:9
[INFO] [stdout]   11:     0x6347b5d0b773 - test::test_main::{{closure}}::hc0a4963c59427c24
[INFO] [stdout]                                at /rustc/6067b36314ab5eb2eb47cecc464545ba58e1ad24/library/test/src/lib.rs:134:21
[INFO] [stdout]   12:     0x6347b6163ff3 - <alloc::boxed::Box<F,A> as core::ops::function::Fn<Args>>::call::h591b2225413a77e9
[INFO] [stdout]                                at /rustc/6067b36314ab5eb2eb47cecc464545ba58e1ad24/library/alloc/src/boxed.rs:2027:9
[INFO] [stdout]   13:     0x6347b6163ff3 - std::panicking::rust_panic_with_hook::h625eea43051b2edc
[INFO] [stdout]                                at /rustc/6067b36314ab5eb2eb47cecc464545ba58e1ad24/library/std/src/panicking.rs:839:13
[INFO] [stdout]   14:     0x6347b6163caa - std::panicking::begin_panic_handler::{{closure}}::h4f9159cfbc3f6bd3
[INFO] [stdout]                                at /rustc/6067b36314ab5eb2eb47cecc464545ba58e1ad24/library/std/src/panicking.rs:704:13
[INFO] [stdout]   15:     0x6347b61625d9 - std::sys::backtrace::__rust_end_short_backtrace::h0390abce48353151
[INFO] [stdout]                                at /rustc/6067b36314ab5eb2eb47cecc464545ba58e1ad24/library/std/src/sys/backtrace.rs:168:18
[INFO] [stdout]   16:     0x6347b616393d - rust_begin_unwind
[INFO] [stdout]                                at /rustc/6067b36314ab5eb2eb47cecc464545ba58e1ad24/library/std/src/panicking.rs:695:5
[INFO] [stdout]   17:     0x6347b618b230 - core::panicking::panic_fmt::h9e7c637e9e5f29c9
[INFO] [stdout]                                at /rustc/6067b36314ab5eb2eb47cecc464545ba58e1ad24/library/core/src/panicking.rs:75:14
[INFO] [stdout]   18:     0x6347b618b706 - core::result::unwrap_failed::h7979f09313fe1849
[INFO] [stdout]                                at /rustc/6067b36314ab5eb2eb47cecc464545ba58e1ad24/library/core/src/result.rs:1704:5
[INFO] [stdout]   19:     0x6347b5bd9b3e - core::result::Result<T,E>::unwrap::h14f07f64a3b3a7df
[INFO] [stdout]                                at /rustc/6067b36314ab5eb2eb47cecc464545ba58e1ad24/library/core/src/result.rs:1109:23
[INFO] [stdout]   20:     0x6347b5bd9b3e - yrs_warp::ws::test::change_introduced_by_server_reaches_subscribed_clients::{{closure}}::h4586e299759f217c
[INFO] [stdout]                                at /opt/rustwide/workdir/src/ws.rs:380:18
[INFO] [stdout]   21:     0x6347b5ca2d02 - <core::pin::Pin<P> as core::future::future::Future>::poll::he7e6c37e504c0d2b
[INFO] [stdout]                                at /rustc/6067b36314ab5eb2eb47cecc464545ba58e1ad24/library/core/src/future/future.rs:124:9
[INFO] [stdout]   22:     0x6347b5ca2cbd - <core::pin::Pin<P> as core::future::future::Future>::poll::hd14db112c7c922e5
[INFO] [stdout]                                at /rustc/6067b36314ab5eb2eb47cecc464545ba58e1ad24/library/core/src/future/future.rs:124:9
[INFO] [stdout]   23:     0x6347b5c76b6f - tokio::runtime::scheduler::current_thread::CoreGuard::block_on::{{closure}}::{{closure}}::{{closure}}::h0c3cc637c1676280
[INFO] [stdout]                                at /opt/rustwide/cargo-home/registry/src/index.crates.io-1949cf8c6b5b557f/tokio-1.36.0/src/runtime/scheduler/current_thread/mod.rs:659:57
[INFO] [stdout]   24:     0x6347b5c76ab5 - tokio::runtime::coop::with_budget::h326015750fc71209
[INFO] [stdout]                                at /opt/rustwide/cargo-home/registry/src/index.crates.io-1949cf8c6b5b557f/tokio-1.36.0/src/runtime/coop.rs:107:5
[INFO] [stdout]   25:     0x6347b5c76ab5 - tokio::runtime::coop::budget::h11310b931b14ee2f
[INFO] [stdout]                                at /opt/rustwide/cargo-home/registry/src/index.crates.io-1949cf8c6b5b557f/tokio-1.36.0/src/runtime/coop.rs:73:5
[INFO] [stdout]   26:     0x6347b5c76ab5 - tokio::runtime::scheduler::current_thread::CoreGuard::block_on::{{closure}}::{{closure}}::hd578992bb75e9c43
[INFO] [stdout]                                at /opt/rustwide/cargo-home/registry/src/index.crates.io-1949cf8c6b5b557f/tokio-1.36.0/src/runtime/scheduler/current_thread/mod.rs:659:25
[INFO] [stdout]   27:     0x6347b5c73c7c - tokio::runtime::scheduler::current_thread::Context::enter::h324d4960e0873590
[INFO] [stdout]                                at /opt/rustwide/cargo-home/registry/src/index.crates.io-1949cf8c6b5b557f/tokio-1.36.0/src/runtime/scheduler/current_thread/mod.rs:404:19
[INFO] [stdout]   28:     0x6347b5c75817 - tokio::runtime::scheduler::current_thread::CoreGuard::block_on::{{closure}}::h4bca90fcc24ffdf7
[INFO] [stdout]                                at /opt/rustwide/cargo-home/registry/src/index.crates.io-1949cf8c6b5b557f/tokio-1.36.0/src/runtime/scheduler/current_thread/mod.rs:658:36
[INFO] [stdout]   29:     0x6347b5c75514 - tokio::runtime::scheduler::current_thread::CoreGuard::enter::{{closure}}::hf32ff0243e810d65
[INFO] [stdout]                                at /opt/rustwide/cargo-home/registry/src/index.crates.io-1949cf8c6b5b557f/tokio-1.36.0/src/runtime/scheduler/current_thread/mod.rs:737:68
[INFO] [stdout]   30:     0x6347b5bebcdb - tokio::runtime::context::scoped::Scoped<T>::set::h3d0e9508fd8bfd45
[INFO] [stdout]                                at /opt/rustwide/cargo-home/registry/src/index.crates.io-1949cf8c6b5b557f/tokio-1.36.0/src/runtime/context/scoped.rs:40:9
[INFO] [stdout]   31:     0x6347b5bbe849 - tokio::runtime::context::set_scheduler::{{closure}}::hc73714715ba4922e
[INFO] [stdout]                                at /opt/rustwide/cargo-home/registry/src/index.crates.io-1949cf8c6b5b557f/tokio-1.36.0/src/runtime/context.rs:176:26
[INFO] [stdout]   32:     0x6347b5be6312 - std::thread::local::LocalKey<T>::try_with::hd13e1f528c4a0af7
[INFO] [stdout]                                at /rustc/6067b36314ab5eb2eb47cecc464545ba58e1ad24/library/std/src/thread/local.rs:308:12
[INFO] [stdout]   33:     0x6347b5be2c7a - std::thread::local::LocalKey<T>::with::h9635c931844d17ac
[INFO] [stdout]                                at /rustc/6067b36314ab5eb2eb47cecc464545ba58e1ad24/library/std/src/thread/local.rs:272:9
[INFO] [stdout]   34:     0x6347b5bbe7ad - tokio::runtime::context::set_scheduler::h14967757773c7c11
[INFO] [stdout]                                at /opt/rustwide/cargo-home/registry/src/index.crates.io-1949cf8c6b5b557f/tokio-1.36.0/src/runtime/context.rs:176:9
[INFO] [stdout]   35:     0x6347b5c75294 - tokio::runtime::scheduler::current_thread::CoreGuard::enter::hd09e80e231c2e5bc
[INFO] [stdout]                                at /opt/rustwide/cargo-home/registry/src/index.crates.io-1949cf8c6b5b557f/tokio-1.36.0/src/runtime/scheduler/current_thread/mod.rs:737:27
[INFO] [stdout]   36:     0x6347b5c75533 - tokio::runtime::scheduler::current_thread::CoreGuard::block_on::h93b9e11d4ba042c0
[INFO] [stdout]                                at /opt/rustwide/cargo-home/registry/src/index.crates.io-1949cf8c6b5b557f/tokio-1.36.0/src/runtime/scheduler/current_thread/mod.rs:646:19
[INFO] [stdout]   37:     0x6347b5c6d78d - tokio::runtime::scheduler::current_thread::CurrentThread::block_on::{{closure}}::h409b0c24c7dc1c6c
[INFO] [stdout]                                at /opt/rustwide/cargo-home/registry/src/index.crates.io-1949cf8c6b5b557f/tokio-1.36.0/src/runtime/scheduler/current_thread/mod.rs:175:28
[INFO] [stdout]   38:     0x6347b5bbedd6 - tokio::runtime::context::runtime::enter_runtime::h94f4827cedc3f7cc
[INFO] [stdout]                                at /opt/rustwide/cargo-home/registry/src/index.crates.io-1949cf8c6b5b557f/tokio-1.36.0/src/runtime/context/runtime.rs:65:16
[INFO] [stdout]   39:     0x6347b5c6d5e1 - tokio::runtime::scheduler::current_thread::CurrentThread::block_on::h3ce89099a0986d96
[INFO] [stdout]                                at /opt/rustwide/cargo-home/registry/src/index.crates.io-1949cf8c6b5b557f/tokio-1.36.0/src/runtime/scheduler/current_thread/mod.rs:167:9
[INFO] [stdout]   40:     0x6347b5b0312d - tokio::runtime::runtime::Runtime::block_on::he38173908a6cea83
[INFO] [stdout]                                at /opt/rustwide/cargo-home/registry/src/index.crates.io-1949cf8c6b5b557f/tokio-1.36.0/src/runtime/runtime.rs:348:47
[INFO] [stdout]   41:     0x6347b5bd90ec - yrs_warp::ws::test::change_introduced_by_server_reaches_subscribed_clients::h281ca5c67f2098d9
[INFO] [stdout]                                at /opt/rustwide/workdir/src/ws.rs:389:9
[INFO] [stdout]   42:     0x6347b5bd8f77 - yrs_warp::ws::test::change_introduced_by_server_reaches_subscribed_clients::{{closure}}::h8979b9ba7ed3914d
[INFO] [stdout]                                at /opt/rustwide/workdir/src/ws.rs:371:70
[INFO] [stdout]   43:     0x6347b5c7c036 - core::ops::function::FnOnce::call_once::heed3db3c59f5afb2
[INFO] [stdout]                                at /rustc/6067b36314ab5eb2eb47cecc464545ba58e1ad24/library/core/src/ops/function.rs:250:5
[INFO] [stdout]   44:     0x6347b5d10ecb - core::ops::function::FnOnce::call_once::he27718dfdd183f43
[INFO] [stdout]                                at /rustc/6067b36314ab5eb2eb47cecc464545ba58e1ad24/library/core/src/ops/function.rs:250:5
[INFO] [stdout]   45:     0x6347b5d10ecb - test::__rust_begin_short_backtrace::h4e84902998457a5d
[INFO] [stdout]                                at /rustc/6067b36314ab5eb2eb47cecc464545ba58e1ad24/library/test/src/lib.rs:632:18
[INFO] [stdout]   46:     0x6347b5d0fe03 - test::run_test_in_process::{{closure}}::h7176fd18fc1feca0
[INFO] [stdout]                                at /rustc/6067b36314ab5eb2eb47cecc464545ba58e1ad24/library/test/src/lib.rs:655:60
[INFO] [stdout]   47:     0x6347b5d0fe03 - <core::panic::unwind_safe::AssertUnwindSafe<F> as core::ops::function::FnOnce<()>>::call_once::hf79cff2a624d8cf7
[INFO] [stdout]                                at /rustc/6067b36314ab5eb2eb47cecc464545ba58e1ad24/library/core/src/panic/unwind_safe.rs:272:9
[INFO] [stdout]   48:     0x6347b5d0fe03 - std::panicking::try::do_call::h3da0561d9ab99c25
[INFO] [stdout]                                at /rustc/6067b36314ab5eb2eb47cecc464545ba58e1ad24/library/std/src/panicking.rs:587:40
[INFO] [stdout]   49:     0x6347b5d0fe03 - std::panicking::try::h41c9fa508bc61df6
[INFO] [stdout]                                at /rustc/6067b36314ab5eb2eb47cecc464545ba58e1ad24/library/std/src/panicking.rs:550:19
[INFO] [stdout]   50:     0x6347b5d0fe03 - std::panic::catch_unwind::h6b3ff07bb5afad93
[INFO] [stdout]                                at /rustc/6067b36314ab5eb2eb47cecc464545ba58e1ad24/library/std/src/panic.rs:358:14
[INFO] [stdout]   51:     0x6347b5d0fe03 - test::run_test_in_process::hc7253dd11b39b9f4
[INFO] [stdout]                                at /rustc/6067b36314ab5eb2eb47cecc464545ba58e1ad24/library/test/src/lib.rs:655:27
[INFO] [stdout]   52:     0x6347b5d0fe03 - test::run_test::{{closure}}::hfb2007f8649c30bb
[INFO] [stdout]                                at /rustc/6067b36314ab5eb2eb47cecc464545ba58e1ad24/library/test/src/lib.rs:576:43
[INFO] [stdout]   53:     0x6347b5cd2ee5 - test::run_test::{{closure}}::h56a17aa7a282a9f4
[INFO] [stdout]                                at /rustc/6067b36314ab5eb2eb47cecc464545ba58e1ad24/library/test/src/lib.rs:606:41
[INFO] [stdout]   54:     0x6347b5cd2ee5 - std::sys::backtrace::__rust_begin_short_backtrace::hd2d2d2fb8e8c6aac
[INFO] [stdout]                                at /rustc/6067b36314ab5eb2eb47cecc464545ba58e1ad24/library/std/src/sys/backtrace.rs:152:18
[INFO] [stdout]   55:     0x6347b5cd67ca - std::thread::Builder::spawn_unchecked_::{{closure}}::{{closure}}::h4faa3f9db6133423
[INFO] [stdout]                                at /rustc/6067b36314ab5eb2eb47cecc464545ba58e1ad24/library/std/src/thread/mod.rs:559:17
[INFO] [stdout]   56:     0x6347b5cd67ca - <core::panic::unwind_safe::AssertUnwindSafe<F> as core::ops::function::FnOnce<()>>::call_once::hf2e855a36a4ea846
[INFO] [stdout]                                at /rustc/6067b36314ab5eb2eb47cecc464545ba58e1ad24/library/core/src/panic/unwind_safe.rs:272:9
[INFO] [stdout]   57:     0x6347b5cd67ca - std::panicking::try::do_call::h2f73af3616c35465
[INFO] [stdout]                                at /rustc/6067b36314ab5eb2eb47cecc464545ba58e1ad24/library/std/src/panicking.rs:587:40
[INFO] [stdout]   58:     0x6347b5cd67ca - std::panicking::try::hd1660ce9efadef5a
[INFO] [stdout]                                at /rustc/6067b36314ab5eb2eb47cecc464545ba58e1ad24/library/std/src/panicking.rs:550:19
[INFO] [stdout]   59:     0x6347b5cd67ca - std::panic::catch_unwind::h5ee8d7823b8ca744
[INFO] [stdout]                                at /rustc/6067b36314ab5eb2eb47cecc464545ba58e1ad24/library/std/src/panic.rs:358:14
[INFO] [stdout]   60:     0x6347b5cd67ca - std::thread::Builder::spawn_unchecked_::{{closure}}::h53c3a1894dce8407
[INFO] [stdout]                                at /rustc/6067b36314ab5eb2eb47cecc464545ba58e1ad24/library/std/src/thread/mod.rs:557:30
[INFO] [stdout]   61:     0x6347b5cd67ca - core::ops::function::FnOnce::call_once{{vtable.shim}}::h048ce291ad4f62bf
[INFO] [stdout]                                at /rustc/6067b36314ab5eb2eb47cecc464545ba58e1ad24/library/core/src/ops/function.rs:250:5
[INFO] [stdout]   62:     0x6347b61681bb - <alloc::boxed::Box<F,A> as core::ops::function::FnOnce<Args>>::call_once::ha52bedf99a3b4981
[INFO] [stdout]                                at /rustc/6067b36314ab5eb2eb47cecc464545ba58e1ad24/library/alloc/src/boxed.rs:2013:9
[INFO] [stdout]   63:     0x6347b61681bb - <alloc::boxed::Box<F,A> as core::ops::function::FnOnce<Args>>::call_once::h567748934d80ccf8
[INFO] [stdout]                                at /rustc/6067b36314ab5eb2eb47cecc464545ba58e1ad24/library/alloc/src/boxed.rs:2013:9
[INFO] [stdout]   64:     0x6347b61681bb - std::sys::pal::unix::thread::Thread::new::thread_start::h2d970728ae887adc
[INFO] [stdout]                                at /rustc/6067b36314ab5eb2eb47cecc464545ba58e1ad24/library/std/src/sys/pal/unix/thread.rs:106:17
[INFO] [stdout]   65:     0x7969f6636ac3 - <unknown>
[INFO] [stdout]   66:     0x7969f66c7a04 - clone
[INFO] [stdout]   67:                0x0 - <unknown>
[INFO] [stdout] 
[INFO] [stdout] 
[INFO] [stdout] failures:
[INFO] [stdout]     ws::test::change_introduced_by_server_reaches_subscribed_clients
[INFO] [stdout] 
[INFO] [stdout] test result: FAILED. 8 passed; 1 failed; 0 ignored; 0 measured; 0 filtered out; finished in 5.01s
[INFO] [stdout] 
[INFO] [stderr] error: test failed, to rerun pass `--lib`
[INFO] running `Command { std: "docker" "inspect" "8db2568201cbca391b6ab9f257b96c784490759b436fccd942caf189427b283f", kill_on_drop: false }`
[INFO] running `Command { std: "docker" "rm" "-f" "8db2568201cbca391b6ab9f257b96c784490759b436fccd942caf189427b283f", kill_on_drop: false }`
[INFO] [stdout] 8db2568201cbca391b6ab9f257b96c784490759b436fccd942caf189427b283f
