[INFO] cloning repository https://github.com/xwzy/mirrost
[INFO] running `Command { std: "git" "-c" "credential.helper=" "-c" "credential.helper=/workspace/cargo-home/bin/git-credential-null" "clone" "--bare" "https://github.com/xwzy/mirrost" "/workspace/cache/git-repos/https%3A%2F%2Fgithub.com%2Fxwzy%2Fmirrost", kill_on_drop: false }`
[INFO] [stderr] Cloning into bare repository '/workspace/cache/git-repos/https%3A%2F%2Fgithub.com%2Fxwzy%2Fmirrost'...
[INFO] running `Command { std: "git" "rev-parse" "HEAD", kill_on_drop: false }`
[INFO] [stdout] 4585dd98fac5fddf37b42739508e352fc6b8c522
[INFO] testing xwzy/mirrost against nightly-2025-01-18 for randomize-layout-2
[INFO] running `Command { std: "git" "clone" "/workspace/cache/git-repos/https%3A%2F%2Fgithub.com%2Fxwzy%2Fmirrost" "/workspace/builds/worker-2-tc1/source", kill_on_drop: false }`
[INFO] [stderr] Cloning into '/workspace/builds/worker-2-tc1/source'...
[INFO] [stderr] done.
[INFO] validating manifest of git repo https://github.com/xwzy/mirrost on toolchain nightly-2025-01-18
[INFO] running `Command { std: CARGO_HOME="/workspace/cargo-home" RUSTUP_HOME="/workspace/rustup-home" "/workspace/cargo-home/bin/cargo" "+nightly-2025-01-18" "metadata" "--manifest-path" "Cargo.toml" "--no-deps", kill_on_drop: false }`
[INFO] started tweaking git repo https://github.com/xwzy/mirrost
[INFO] finished tweaking git repo https://github.com/xwzy/mirrost
[INFO] tweaked toml for git repo https://github.com/xwzy/mirrost written to /workspace/builds/worker-2-tc1/source/Cargo.toml
[INFO] crate git repo https://github.com/xwzy/mirrost already has a lockfile, it will not be regenerated
[INFO] running `Command { std: CARGO_HOME="/workspace/cargo-home" RUSTUP_HOME="/workspace/rustup-home" "/workspace/cargo-home/bin/cargo" "+nightly-2025-01-18" "fetch" "--manifest-path" "Cargo.toml", kill_on_drop: false }`
[INFO] [stderr]     Blocking waiting for file lock on package cache
[INFO] [stderr]     Blocking waiting for file lock on package cache
[INFO] running `Command { std: "docker" "create" "-v" "/var/lib/crater-agent-workspace/builds/worker-2-tc1/target:/opt/rustwide/target:rw,Z" "-v" "/var/lib/crater-agent-workspace/builds/worker-2-tc1/source:/opt/rustwide/workdir:ro,Z" "-v" "/var/lib/crater-agent-workspace/cargo-home:/opt/rustwide/cargo-home:ro,Z" "-v" "/var/lib/crater-agent-workspace/rustup-home:/opt/rustwide/rustup-home:ro,Z" "-e" "SOURCE_DIR=/opt/rustwide/workdir" "-e" "CARGO_TARGET_DIR=/opt/rustwide/target" "-e" "CARGO_HOME=/opt/rustwide/cargo-home" "-e" "RUSTUP_HOME=/opt/rustwide/rustup-home" "-w" "/opt/rustwide/workdir" "-m" "1610612736" "--user" "0:0" "--network" "none" "ghcr.io/rust-lang/crates-build-env/linux@sha256:819108c5571ea2e421544af4d832f968d213c87fbe3707a016657f43d2f853bc" "/opt/rustwide/cargo-home/bin/cargo" "+nightly-2025-01-18" "metadata" "--no-deps" "--format-version=1", kill_on_drop: false }`
[INFO] [stdout] be623f3a37c92fa208ec0c24e74c8bac9ed6ee8905b856e07aba3565650dae33
[INFO] running `Command { std: "docker" "start" "-a" "be623f3a37c92fa208ec0c24e74c8bac9ed6ee8905b856e07aba3565650dae33", kill_on_drop: false }`
[INFO] running `Command { std: "docker" "inspect" "be623f3a37c92fa208ec0c24e74c8bac9ed6ee8905b856e07aba3565650dae33", kill_on_drop: false }`
[INFO] running `Command { std: "docker" "rm" "-f" "be623f3a37c92fa208ec0c24e74c8bac9ed6ee8905b856e07aba3565650dae33", kill_on_drop: false }`
[INFO] [stdout] be623f3a37c92fa208ec0c24e74c8bac9ed6ee8905b856e07aba3565650dae33
[INFO] running `Command { std: "docker" "create" "-v" "/var/lib/crater-agent-workspace/builds/worker-2-tc1/target:/opt/rustwide/target:rw,Z" "-v" "/var/lib/crater-agent-workspace/builds/worker-2-tc1/source:/opt/rustwide/workdir:ro,Z" "-v" "/var/lib/crater-agent-workspace/cargo-home:/opt/rustwide/cargo-home:ro,Z" "-v" "/var/lib/crater-agent-workspace/rustup-home:/opt/rustwide/rustup-home:ro,Z" "-e" "SOURCE_DIR=/opt/rustwide/workdir" "-e" "CARGO_TARGET_DIR=/opt/rustwide/target" "-e" "CARGO_INCREMENTAL=0" "-e" "RUST_BACKTRACE=full" "-e" "RUSTFLAGS=--cap-lints=forbid" "-e" "RUSTDOCFLAGS=--cap-lints=forbid" "-e" "CARGO_HOME=/opt/rustwide/cargo-home" "-e" "RUSTUP_HOME=/opt/rustwide/rustup-home" "-w" "/opt/rustwide/workdir" "-m" "1610612736" "--user" "0:0" "--network" "none" "ghcr.io/rust-lang/crates-build-env/linux@sha256:819108c5571ea2e421544af4d832f968d213c87fbe3707a016657f43d2f853bc" "/opt/rustwide/cargo-home/bin/cargo" "+nightly-2025-01-18" "build" "--frozen" "--message-format=json", kill_on_drop: false }`
[INFO] [stdout] 254d19d9e7bb8752f8298eb162f2356a9a1079b16458df5add7401e80de734fe
[INFO] running `Command { std: "docker" "start" "-a" "254d19d9e7bb8752f8298eb162f2356a9a1079b16458df5add7401e80de734fe", kill_on_drop: false }`
[INFO] [stderr]    Compiling md5 v0.7.0
[INFO] [stderr]    Compiling mirrost v0.1.0 (/opt/rustwide/workdir)
[INFO] [stdout] warning: unused import: `std::fs::File`
[INFO] [stdout]  --> src/utils/file.rs:1:5
[INFO] [stdout]   |
[INFO] [stdout] 1 | use std::fs::File;
[INFO] [stdout]   |     ^^^^^^^^^^^^^
[INFO] [stdout]   |
[INFO] [stdout]   = note: `#[warn(unused_imports)]` on by default
[INFO] [stdout] 
[INFO] [stdout] 
[INFO] [stdout] warning: unused variable: `file_path`
[INFO] [stdout]  --> src/compare/compare_file.rs:3:17
[INFO] [stdout]   |
[INFO] [stdout] 3 | fn compare_file(file_path: &str) -> Result<String, Error> {
[INFO] [stdout]   |                 ^^^^^^^^^ help: if this is intentional, prefix it with an underscore: `_file_path`
[INFO] [stdout]   |
[INFO] [stdout]   = note: `#[warn(unused_variables)]` on by default
[INFO] [stdout] 
[INFO] [stdout] 
[INFO] [stdout] warning: function `compare_file` is never used
[INFO] [stdout]  --> src/compare/compare_file.rs:3:4
[INFO] [stdout]   |
[INFO] [stdout] 3 | fn compare_file(file_path: &str) -> Result<String, Error> {
[INFO] [stdout]   |    ^^^^^^^^^^^^
[INFO] [stdout]   |
[INFO] [stdout]   = note: `#[warn(dead_code)]` on by default
[INFO] [stdout] 
[INFO] [stdout] 
[INFO] [stdout] warning: associated function `new` is never used
[INFO] [stdout]   --> src/summary/node_summary.rs:16:12
[INFO] [stdout]    |
[INFO] [stdout] 15 | impl NodeSummary {
[INFO] [stdout]    | ---------------- associated function in this implementation
[INFO] [stdout] 16 |     pub fn new(full_file_path: &str, parent_dir: &str) -> NodeSummary {
[INFO] [stdout]    |            ^^^
[INFO] [stdout] 
[INFO] [stdout] 
[INFO] [stdout] warning: function `get_node_summary` is never used
[INFO] [stdout]   --> src/summary/node_summary.rs:34:8
[INFO] [stdout]    |
[INFO] [stdout] 34 | pub fn get_node_summary(full_file_path: &str, parent_dir: &str) -> Result<NodeSummary, Error> {
[INFO] [stdout]    |        ^^^^^^^^^^^^^^^^
[INFO] [stdout] 
[INFO] [stdout] 
[INFO] [stdout] warning: constant `UNINIT` is never used
[INFO] [stdout]  --> src/summary/summary.rs:3:7
[INFO] [stdout]   |
[INFO] [stdout] 3 | const UNINIT: i64 = -1;
[INFO] [stdout]   |       ^^^^^^
[INFO] [stdout] 
[INFO] [stdout] 
[INFO] [stdout] warning: constant `INIT` is never used
[INFO] [stdout]  --> src/summary/summary.rs:4:7
[INFO] [stdout]   |
[INFO] [stdout] 4 | const INIT: i64 = 0;
[INFO] [stdout]   |       ^^^^
[INFO] [stdout] 
[INFO] [stdout] 
[INFO] [stdout] warning: struct `Node` is never constructed
[INFO] [stdout]  --> src/summary/summary.rs:6:12
[INFO] [stdout]   |
[INFO] [stdout] 6 | pub struct Node {
[INFO] [stdout]   |            ^^^^
[INFO] [stdout] 
[INFO] [stdout] 
[INFO] [stdout] warning: struct `Summary` is never constructed
[INFO] [stdout]   --> src/summary/summary.rs:14:12
[INFO] [stdout]    |
[INFO] [stdout] 14 | pub struct Summary {
[INFO] [stdout]    |            ^^^^^^^
[INFO] [stdout] 
[INFO] [stdout] 
[INFO] [stdout] warning: associated items `new`, `get_file_count`, `get_dir_count`, and `get_total_size` are never used
[INFO] [stdout]   --> src/summary/summary.rs:20:12
[INFO] [stdout]    |
[INFO] [stdout] 19 | impl Summary {
[INFO] [stdout]    | ------------ associated items in this implementation
[INFO] [stdout] 20 |     pub fn new(full_dir_path: &str) -> Summary {
[INFO] [stdout]    |            ^^^
[INFO] [stdout] ...
[INFO] [stdout] 27 |     pub fn get_file_count(&mut self) -> i64 {
[INFO] [stdout]    |            ^^^^^^^^^^^^^^
[INFO] [stdout] ...
[INFO] [stdout] 31 |     pub fn get_dir_count(&mut self) -> i64 {
[INFO] [stdout]    |            ^^^^^^^^^^^^^
[INFO] [stdout] ...
[INFO] [stdout] 35 |     pub fn get_total_size(&mut self) -> i64 {
[INFO] [stdout]    |            ^^^^^^^^^^^^^^
[INFO] [stdout] 
[INFO] [stdout] 
[INFO] [stdout] warning: associated items `new`, `init_node`, `get_file_count`, `get_dir_count`, and `get_total_size` are never used
[INFO] [stdout]   --> src/summary/summary.rs:41:8
[INFO] [stdout]    |
[INFO] [stdout] 40 | impl Node {
[INFO] [stdout]    | --------- associated items in this implementation
[INFO] [stdout] 41 |     fn new(full_dir_path: &str, parent_dir: &str) -> Node {
[INFO] [stdout]    |        ^^^
[INFO] [stdout] ...
[INFO] [stdout] 51 |     fn init_node(&mut self) {
[INFO] [stdout]    |        ^^^^^^^^^
[INFO] [stdout] ...
[INFO] [stdout] 57 |     fn get_file_count(&mut self) -> i64 {
[INFO] [stdout]    |        ^^^^^^^^^^^^^^
[INFO] [stdout] ...
[INFO] [stdout] 73 |     fn get_dir_count(&mut self) -> i64 {
[INFO] [stdout]    |        ^^^^^^^^^^^^^
[INFO] [stdout] ...
[INFO] [stdout] 89 |     fn get_total_size(&mut self) -> i64 {
[INFO] [stdout]    |        ^^^^^^^^^^^^^^
[INFO] [stdout] 
[INFO] [stdout] 
[INFO] [stdout] warning: variants `Dir`, `File`, and `Other` are never constructed
[INFO] [stdout]  --> src/utils/file.rs:5:5
[INFO] [stdout]   |
[INFO] [stdout] 4 | pub enum FileType {
[INFO] [stdout]   |          -------- variants in this enum
[INFO] [stdout] 5 |     Dir,
[INFO] [stdout]   |     ^^^
[INFO] [stdout] 6 |     File,
[INFO] [stdout]   |     ^^^^
[INFO] [stdout] 7 |     Other,
[INFO] [stdout]   |     ^^^^^
[INFO] [stdout]   |
[INFO] [stdout]   = note: `FileType` has a derived impl for the trait `Debug`, but this is intentionally ignored during dead code analysis
[INFO] [stdout] 
[INFO] [stdout] 
[INFO] [stdout] warning: function `get_file_name` is never used
[INFO] [stdout]   --> src/utils/file.rs:10:8
[INFO] [stdout]    |
[INFO] [stdout] 10 | pub fn get_file_name(full_file_path: &str) -> String {
[INFO] [stdout]    |        ^^^^^^^^^^^^^
[INFO] [stdout] 
[INFO] [stdout] 
[INFO] [stdout] warning: function `get_relative_file_path` is never used
[INFO] [stdout]   --> src/utils/file.rs:18:8
[INFO] [stdout]    |
[INFO] [stdout] 18 | pub fn get_relative_file_path(full_file_path: &str, parent_dir: &str) -> String {
[INFO] [stdout]    |        ^^^^^^^^^^^^^^^^^^^^^^
[INFO] [stdout] 
[INFO] [stdout] 
[INFO] [stdout] warning: function `get_file_size` is never used
[INFO] [stdout]   --> src/utils/file.rs:26:8
[INFO] [stdout]    |
[INFO] [stdout] 26 | pub fn get_file_size(full_file_path: &str) -> u64 {
[INFO] [stdout]    |        ^^^^^^^^^^^^^
[INFO] [stdout] 
[INFO] [stdout] 
[INFO] [stdout] warning: function `get_file_type` is never used
[INFO] [stdout]   --> src/utils/file.rs:39:8
[INFO] [stdout]    |
[INFO] [stdout] 39 | pub fn get_file_type(full_file_path: &str) -> FileType {
[INFO] [stdout]    |        ^^^^^^^^^^^^^
[INFO] [stdout] 
[INFO] [stdout] 
[INFO] [stdout] warning: function `get_file_md5` is never used
[INFO] [stdout]  --> src/utils/md5.rs:5:8
[INFO] [stdout]   |
[INFO] [stdout] 5 | pub fn get_file_md5(file_path: &str) -> Result<String> {
[INFO] [stdout]   |        ^^^^^^^^^^^^
[INFO] [stdout] 
[INFO] [stdout] 
[INFO] [stderr]     Finished `dev` profile [unoptimized + debuginfo] target(s) in 0.51s
[INFO] running `Command { std: "docker" "inspect" "254d19d9e7bb8752f8298eb162f2356a9a1079b16458df5add7401e80de734fe", kill_on_drop: false }`
[INFO] running `Command { std: "docker" "rm" "-f" "254d19d9e7bb8752f8298eb162f2356a9a1079b16458df5add7401e80de734fe", kill_on_drop: false }`
[INFO] [stdout] 254d19d9e7bb8752f8298eb162f2356a9a1079b16458df5add7401e80de734fe
[INFO] running `Command { std: "docker" "create" "-v" "/var/lib/crater-agent-workspace/builds/worker-2-tc1/target:/opt/rustwide/target:rw,Z" "-v" "/var/lib/crater-agent-workspace/builds/worker-2-tc1/source:/opt/rustwide/workdir:ro,Z" "-v" "/var/lib/crater-agent-workspace/cargo-home:/opt/rustwide/cargo-home:ro,Z" "-v" "/var/lib/crater-agent-workspace/rustup-home:/opt/rustwide/rustup-home:ro,Z" "-e" "SOURCE_DIR=/opt/rustwide/workdir" "-e" "CARGO_TARGET_DIR=/opt/rustwide/target" "-e" "CARGO_INCREMENTAL=0" "-e" "RUST_BACKTRACE=full" "-e" "RUSTFLAGS=--cap-lints=forbid" "-e" "RUSTDOCFLAGS=--cap-lints=forbid" "-e" "CARGO_HOME=/opt/rustwide/cargo-home" "-e" "RUSTUP_HOME=/opt/rustwide/rustup-home" "-w" "/opt/rustwide/workdir" "-m" "1610612736" "--user" "0:0" "--network" "none" "ghcr.io/rust-lang/crates-build-env/linux@sha256:819108c5571ea2e421544af4d832f968d213c87fbe3707a016657f43d2f853bc" "/opt/rustwide/cargo-home/bin/cargo" "+nightly-2025-01-18" "test" "--frozen" "--no-run" "--message-format=json", kill_on_drop: false }`
[INFO] [stdout] 8f94dcdcf0764b6bc2299bb24b3d723e335603fe099639f505158a18da3cca7a
[INFO] running `Command { std: "docker" "start" "-a" "8f94dcdcf0764b6bc2299bb24b3d723e335603fe099639f505158a18da3cca7a", kill_on_drop: false }`
[INFO] [stderr]    Compiling mirrost v0.1.0 (/opt/rustwide/workdir)
[INFO] [stdout] warning: unused import: `std::fs::File`
[INFO] [stdout]  --> src/utils/file.rs:1:5
[INFO] [stdout]   |
[INFO] [stdout] 1 | use std::fs::File;
[INFO] [stdout]   |     ^^^^^^^^^^^^^
[INFO] [stdout]   |
[INFO] [stdout]   = note: `#[warn(unused_imports)]` on by default
[INFO] [stdout] 
[INFO] [stdout] 
[INFO] [stdout] warning: unused variable: `file_path`
[INFO] [stdout]  --> src/compare/compare_file.rs:3:17
[INFO] [stdout]   |
[INFO] [stdout] 3 | fn compare_file(file_path: &str) -> Result<String, Error> {
[INFO] [stdout]   |                 ^^^^^^^^^ help: if this is intentional, prefix it with an underscore: `_file_path`
[INFO] [stdout]   |
[INFO] [stdout]   = note: `#[warn(unused_variables)]` on by default
[INFO] [stdout] 
[INFO] [stdout] 
[INFO] [stdout] warning: function `compare_file` is never used
[INFO] [stdout]  --> src/compare/compare_file.rs:3:4
[INFO] [stdout]   |
[INFO] [stdout] 3 | fn compare_file(file_path: &str) -> Result<String, Error> {
[INFO] [stdout]   |    ^^^^^^^^^^^^
[INFO] [stdout]   |
[INFO] [stdout]   = note: `#[warn(dead_code)]` on by default
[INFO] [stdout] 
[INFO] [stdout] 
[INFO] [stdout] warning: associated function `new` is never used
[INFO] [stdout]   --> src/summary/node_summary.rs:16:12
[INFO] [stdout]    |
[INFO] [stdout] 15 | impl NodeSummary {
[INFO] [stdout]    | ---------------- associated function in this implementation
[INFO] [stdout] 16 |     pub fn new(full_file_path: &str, parent_dir: &str) -> NodeSummary {
[INFO] [stdout]    |            ^^^
[INFO] [stdout] 
[INFO] [stdout] 
[INFO] [stdout] warning: constant `UNINIT` is never used
[INFO] [stdout]  --> src/summary/summary.rs:3:7
[INFO] [stdout]   |
[INFO] [stdout] 3 | const UNINIT: i64 = -1;
[INFO] [stdout]   |       ^^^^^^
[INFO] [stdout] 
[INFO] [stdout] 
[INFO] [stdout] warning: constant `INIT` is never used
[INFO] [stdout]  --> src/summary/summary.rs:4:7
[INFO] [stdout]   |
[INFO] [stdout] 4 | const INIT: i64 = 0;
[INFO] [stdout]   |       ^^^^
[INFO] [stdout] 
[INFO] [stdout] 
[INFO] [stdout] warning: struct `Node` is never constructed
[INFO] [stdout]  --> src/summary/summary.rs:6:12
[INFO] [stdout]   |
[INFO] [stdout] 6 | pub struct Node {
[INFO] [stdout]   |            ^^^^
[INFO] [stdout] 
[INFO] [stdout] 
[INFO] [stdout] warning: struct `Summary` is never constructed
[INFO] [stdout]   --> src/summary/summary.rs:14:12
[INFO] [stdout]    |
[INFO] [stdout] 14 | pub struct Summary {
[INFO] [stdout]    |            ^^^^^^^
[INFO] [stdout] 
[INFO] [stdout] 
[INFO] [stdout] warning: associated items `new`, `get_file_count`, `get_dir_count`, and `get_total_size` are never used
[INFO] [stdout]   --> src/summary/summary.rs:20:12
[INFO] [stdout]    |
[INFO] [stdout] 19 | impl Summary {
[INFO] [stdout]    | ------------ associated items in this implementation
[INFO] [stdout] 20 |     pub fn new(full_dir_path: &str) -> Summary {
[INFO] [stdout]    |            ^^^
[INFO] [stdout] ...
[INFO] [stdout] 27 |     pub fn get_file_count(&mut self) -> i64 {
[INFO] [stdout]    |            ^^^^^^^^^^^^^^
[INFO] [stdout] ...
[INFO] [stdout] 31 |     pub fn get_dir_count(&mut self) -> i64 {
[INFO] [stdout]    |            ^^^^^^^^^^^^^
[INFO] [stdout] ...
[INFO] [stdout] 35 |     pub fn get_total_size(&mut self) -> i64 {
[INFO] [stdout]    |            ^^^^^^^^^^^^^^
[INFO] [stdout] 
[INFO] [stdout] 
[INFO] [stdout] warning: associated items `new`, `init_node`, `get_file_count`, `get_dir_count`, and `get_total_size` are never used
[INFO] [stdout]   --> src/summary/summary.rs:41:8
[INFO] [stdout]    |
[INFO] [stdout] 40 | impl Node {
[INFO] [stdout]    | --------- associated items in this implementation
[INFO] [stdout] 41 |     fn new(full_dir_path: &str, parent_dir: &str) -> Node {
[INFO] [stdout]    |        ^^^
[INFO] [stdout] ...
[INFO] [stdout] 51 |     fn init_node(&mut self) {
[INFO] [stdout]    |        ^^^^^^^^^
[INFO] [stdout] ...
[INFO] [stdout] 57 |     fn get_file_count(&mut self) -> i64 {
[INFO] [stdout]    |        ^^^^^^^^^^^^^^
[INFO] [stdout] ...
[INFO] [stdout] 73 |     fn get_dir_count(&mut self) -> i64 {
[INFO] [stdout]    |        ^^^^^^^^^^^^^
[INFO] [stdout] ...
[INFO] [stdout] 89 |     fn get_total_size(&mut self) -> i64 {
[INFO] [stdout]    |        ^^^^^^^^^^^^^^
[INFO] [stdout] 
[INFO] [stdout] 
[INFO] [stderr]     Finished `test` profile [unoptimized + debuginfo] target(s) in 0.61s
[INFO] running `Command { std: "docker" "inspect" "8f94dcdcf0764b6bc2299bb24b3d723e335603fe099639f505158a18da3cca7a", kill_on_drop: false }`
[INFO] running `Command { std: "docker" "rm" "-f" "8f94dcdcf0764b6bc2299bb24b3d723e335603fe099639f505158a18da3cca7a", kill_on_drop: false }`
[INFO] [stdout] 8f94dcdcf0764b6bc2299bb24b3d723e335603fe099639f505158a18da3cca7a
[INFO] running `Command { std: "docker" "create" "-v" "/var/lib/crater-agent-workspace/builds/worker-2-tc1/target:/opt/rustwide/target:rw,Z" "-v" "/var/lib/crater-agent-workspace/builds/worker-2-tc1/source:/opt/rustwide/workdir:ro,Z" "-v" "/var/lib/crater-agent-workspace/cargo-home:/opt/rustwide/cargo-home:ro,Z" "-v" "/var/lib/crater-agent-workspace/rustup-home:/opt/rustwide/rustup-home:ro,Z" "-e" "SOURCE_DIR=/opt/rustwide/workdir" "-e" "CARGO_TARGET_DIR=/opt/rustwide/target" "-e" "CARGO_INCREMENTAL=0" "-e" "RUST_BACKTRACE=full" "-e" "RUSTFLAGS=--cap-lints=forbid" "-e" "RUSTDOCFLAGS=--cap-lints=forbid" "-e" "CARGO_HOME=/opt/rustwide/cargo-home" "-e" "RUSTUP_HOME=/opt/rustwide/rustup-home" "-w" "/opt/rustwide/workdir" "-m" "1610612736" "--user" "0:0" "--network" "none" "ghcr.io/rust-lang/crates-build-env/linux@sha256:819108c5571ea2e421544af4d832f968d213c87fbe3707a016657f43d2f853bc" "/opt/rustwide/cargo-home/bin/cargo" "+nightly-2025-01-18" "test" "--frozen", kill_on_drop: false }`
[INFO] [stdout] d314f92c7da2b9e953f9b425180a2fb8b4166280e9445492ec3702f71b07109a
[INFO] running `Command { std: "docker" "start" "-a" "d314f92c7da2b9e953f9b425180a2fb8b4166280e9445492ec3702f71b07109a", kill_on_drop: false }`
[INFO] [stderr] warning: unused import: `std::fs::File`
[INFO] [stderr]  --> src/utils/file.rs:1:5
[INFO] [stderr]   |
[INFO] [stderr] 1 | use std::fs::File;
[INFO] [stderr]   |     ^^^^^^^^^^^^^
[INFO] [stderr]   |
[INFO] [stderr]   = note: `#[warn(unused_imports)]` on by default
[INFO] [stderr] 
[INFO] [stderr] warning: unused variable: `file_path`
[INFO] [stderr]  --> src/compare/compare_file.rs:3:17
[INFO] [stderr]   |
[INFO] [stderr] 3 | fn compare_file(file_path: &str) -> Result<String, Error> {
[INFO] [stderr]   |                 ^^^^^^^^^ help: if this is intentional, prefix it with an underscore: `_file_path`
[INFO] [stderr]   |
[INFO] [stderr]   = note: `#[warn(unused_variables)]` on by default
[INFO] [stderr] 
[INFO] [stderr] warning: function `compare_file` is never used
[INFO] [stderr]  --> src/compare/compare_file.rs:3:4
[INFO] [stderr]   |
[INFO] [stderr] 3 | fn compare_file(file_path: &str) -> Result<String, Error> {
[INFO] [stderr]   |    ^^^^^^^^^^^^
[INFO] [stderr]   |
[INFO] [stderr]   = note: `#[warn(dead_code)]` on by default
[INFO] [stderr] 
[INFO] [stderr] warning: associated function `new` is never used
[INFO] [stderr]   --> src/summary/node_summary.rs:16:12
[INFO] [stderr]    |
[INFO] [stderr] 15 | impl NodeSummary {
[INFO] [stderr]    | ---------------- associated function in this implementation
[INFO] [stderr] 16 |     pub fn new(full_file_path: &str, parent_dir: &str) -> NodeSummary {
[INFO] [stderr]    |            ^^^
[INFO] [stderr] 
[INFO] [stderr] warning: constant `UNINIT` is never used
[INFO] [stderr]  --> src/summary/summary.rs:3:7
[INFO] [stderr]   |
[INFO] [stderr] 3 | const UNINIT: i64 = -1;
[INFO] [stderr]   |       ^^^^^^
[INFO] [stderr] 
[INFO] [stderr] warning: constant `INIT` is never used
[INFO] [stderr]  --> src/summary/summary.rs:4:7
[INFO] [stderr]   |
[INFO] [stderr] 4 | const INIT: i64 = 0;
[INFO] [stderr]   |       ^^^^
[INFO] [stderr] 
[INFO] [stderr] warning: struct `Node` is never constructed
[INFO] [stderr]  --> src/summary/summary.rs:6:12
[INFO] [stderr]   |
[INFO] [stderr] 6 | pub struct Node {
[INFO] [stderr]   |            ^^^^
[INFO] [stderr] 
[INFO] [stderr] warning: struct `Summary` is never constructed
[INFO] [stderr]   --> src/summary/summary.rs:14:12
[INFO] [stderr]    |
[INFO] [stderr] 14 | pub struct Summary {
[INFO] [stderr]    |            ^^^^^^^
[INFO] [stderr] 
[INFO] [stderr] warning: associated items `new`, `get_file_count`, `get_dir_count`, and `get_total_size` are never used
[INFO] [stderr]   --> src/summary/summary.rs:20:12
[INFO] [stderr]    |
[INFO] [stderr] 19 | impl Summary {
[INFO] [stderr]    | ------------ associated items in this implementation
[INFO] [stderr] 20 |     pub fn new(full_dir_path: &str) -> Summary {
[INFO] [stderr]    |            ^^^
[INFO] [stderr] ...
[INFO] [stderr] 27 |     pub fn get_file_count(&mut self) -> i64 {
[INFO] [stderr]    |            ^^^^^^^^^^^^^^
[INFO] [stderr] ...
[INFO] [stderr] 31 |     pub fn get_dir_count(&mut self) -> i64 {
[INFO] [stderr]    |            ^^^^^^^^^^^^^
[INFO] [stderr] ...
[INFO] [stderr] 35 |     pub fn get_total_size(&mut self) -> i64 {
[INFO] [stderr]    |            ^^^^^^^^^^^^^^
[INFO] [stderr] 
[INFO] [stderr] warning: associated items `new`, `init_node`, `get_file_count`, `get_dir_count`, and `get_total_size` are never used
[INFO] [stderr]   --> src/summary/summary.rs:41:8
[INFO] [stderr]    |
[INFO] [stderr] 40 | impl Node {
[INFO] [stderr]    | --------- associated items in this implementation
[INFO] [stderr] 41 |     fn new(full_dir_path: &str, parent_dir: &str) -> Node {
[INFO] [stderr]    |        ^^^
[INFO] [stderr] ...
[INFO] [stderr] 51 |     fn init_node(&mut self) {
[INFO] [stderr]    |        ^^^^^^^^^
[INFO] [stderr] ...
[INFO] [stderr] 57 |     fn get_file_count(&mut self) -> i64 {
[INFO] [stderr]    |        ^^^^^^^^^^^^^^
[INFO] [stderr] ...
[INFO] [stderr] 73 |     fn get_dir_count(&mut self) -> i64 {
[INFO] [stderr]    |        ^^^^^^^^^^^^^
[INFO] [stderr] ...
[INFO] [stderr] 89 |     fn get_total_size(&mut self) -> i64 {
[INFO] [stderr]    |        ^^^^^^^^^^^^^^
[INFO] [stderr] 
[INFO] [stderr] warning: `mirrost` (bin "mirrost" test) generated 10 warnings (run `cargo fix --bin "mirrost" --tests` to apply 1 suggestion)
[INFO] [stderr]     Finished `test` profile [unoptimized + debuginfo] target(s) in 0.04s
[INFO] [stderr]      Running unittests src/main.rs (/opt/rustwide/target/debug/deps/mirrost-068988bac34766fd)
[INFO] [stdout] 
[INFO] [stdout] running 12 tests
[INFO] [stdout] test summary::node_summary::test::test_get_file_summary_dir ... ok
[INFO] [stdout] test utils::file::test::test_get_file_name ... ok
[INFO] [stdout] test utils::file::test::test_get_file_type_dir ... ok
[INFO] [stdout] test summary::node_summary::test::test_get_file_summary ... ok
[INFO] [stdout] test utils::file::test::test_get_file_type_file ... ok
[INFO] [stdout] test utils::file::test::test_get_file_size ... ok
[INFO] [stdout] test utils::file::test::test_get_relative_file_path_invalid_path ... ok
[INFO] [stdout] test utils::file::test::test_get_relative_file_path ... ok
[INFO] [stdout] test utils::file::test::test_get_file_type_nonexistent_path ... ok
[INFO] [stdout] test utils::file::test::test_get_file_size_nonexistent_file ... ok
[INFO] [stdout] test utils::md5::tests::test_get_file_md5 ... ok
[INFO] [stdout] test utils::md5::tests::test_get_dir_md5 ... FAILED
[INFO] [stdout] 
[INFO] [stdout] failures:
[INFO] [stdout] 
[INFO] [stdout] ---- utils::md5::tests::test_get_dir_md5 stdout ----
[INFO] [stdout] 
[INFO] [stdout] thread 'utils::md5::tests::test_get_dir_md5' panicked at src/utils/md5.rs:61:53:
[INFO] [stdout] called `Result::unwrap()` on an `Err` value: Os { code: 2, kind: NotFound, message: "No such file or directory" }
[INFO] [stdout] stack backtrace:
[INFO] [stdout]    0:     0x5858ce0b98ba - std::backtrace_rs::backtrace::libunwind::trace::hb059275cfc8d6126
[INFO] [stdout]                                at /rustc/6067b36314ab5eb2eb47cecc464545ba58e1ad24/library/std/src/../../backtrace/src/backtrace/libunwind.rs:116:5
[INFO] [stdout]    1:     0x5858ce0b98ba - std::backtrace_rs::backtrace::trace_unsynchronized::h2da071e4327ce3ee
[INFO] [stdout]                                at /rustc/6067b36314ab5eb2eb47cecc464545ba58e1ad24/library/std/src/../../backtrace/src/backtrace/mod.rs:66:5
[INFO] [stdout]    2:     0x5858ce0b98ba - std::sys::backtrace::_print_fmt::h842a1474e6f8d23f
[INFO] [stdout]                                at /rustc/6067b36314ab5eb2eb47cecc464545ba58e1ad24/library/std/src/sys/backtrace.rs:66:9
[INFO] [stdout]    3:     0x5858ce0b98ba - <std::sys::backtrace::BacktraceLock::print::DisplayBacktrace as core::fmt::Display>::fmt::h71a62eb3b9696b12
[INFO] [stdout]                                at /rustc/6067b36314ab5eb2eb47cecc464545ba58e1ad24/library/std/src/sys/backtrace.rs:39:26
[INFO] [stdout]    4:     0x5858ce0e1053 - core::fmt::rt::Argument::fmt::hdb6b616786b41dc1
[INFO] [stdout]                                at /rustc/6067b36314ab5eb2eb47cecc464545ba58e1ad24/library/core/src/fmt/rt.rs:177:76
[INFO] [stdout]    5:     0x5858ce0e1053 - core::fmt::write::h2cc1698af7e2d686
[INFO] [stdout]                                at /rustc/6067b36314ab5eb2eb47cecc464545ba58e1ad24/library/core/src/fmt/mod.rs:1440:21
[INFO] [stdout]    6:     0x5858ce0b6303 - std::io::Write::write_fmt::hab1b4cd059a79022
[INFO] [stdout]                                at /rustc/6067b36314ab5eb2eb47cecc464545ba58e1ad24/library/std/src/io/mod.rs:1887:15
[INFO] [stdout]    7:     0x5858ce0b9702 - std::sys::backtrace::BacktraceLock::print::h147fe35b4ea13b08
[INFO] [stdout]                                at /rustc/6067b36314ab5eb2eb47cecc464545ba58e1ad24/library/std/src/sys/backtrace.rs:42:9
[INFO] [stdout]    8:     0x5858ce0bacdf - std::panicking::default_hook::{{closure}}::hbd44223dbdc0d208
[INFO] [stdout]                                at /rustc/6067b36314ab5eb2eb47cecc464545ba58e1ad24/library/std/src/panicking.rs:298:22
[INFO] [stdout]    9:     0x5858ce0baaf8 - std::panicking::default_hook::h20f81eb0576efcec
[INFO] [stdout]                                at /rustc/6067b36314ab5eb2eb47cecc464545ba58e1ad24/library/std/src/panicking.rs:322:9
[INFO] [stdout]   10:     0x5858ce0832b3 - <alloc::boxed::Box<F,A> as core::ops::function::Fn<Args>>::call::hdb53814c496a4d34
[INFO] [stdout]                                at /rustc/6067b36314ab5eb2eb47cecc464545ba58e1ad24/library/alloc/src/boxed.rs:2027:9
[INFO] [stdout]   11:     0x5858ce0832b3 - test::test_main::{{closure}}::hc0a4963c59427c24
[INFO] [stdout]                                at /rustc/6067b36314ab5eb2eb47cecc464545ba58e1ad24/library/test/src/lib.rs:134:21
[INFO] [stdout]   12:     0x5858ce0bb7d3 - <alloc::boxed::Box<F,A> as core::ops::function::Fn<Args>>::call::h591b2225413a77e9
[INFO] [stdout]                                at /rustc/6067b36314ab5eb2eb47cecc464545ba58e1ad24/library/alloc/src/boxed.rs:2027:9
[INFO] [stdout]   13:     0x5858ce0bb7d3 - std::panicking::rust_panic_with_hook::h625eea43051b2edc
[INFO] [stdout]                                at /rustc/6067b36314ab5eb2eb47cecc464545ba58e1ad24/library/std/src/panicking.rs:839:13
[INFO] [stdout]   14:     0x5858ce0bb48a - std::panicking::begin_panic_handler::{{closure}}::h4f9159cfbc3f6bd3
[INFO] [stdout]                                at /rustc/6067b36314ab5eb2eb47cecc464545ba58e1ad24/library/std/src/panicking.rs:704:13
[INFO] [stdout]   15:     0x5858ce0b9db9 - std::sys::backtrace::__rust_end_short_backtrace::h0390abce48353151
[INFO] [stdout]                                at /rustc/6067b36314ab5eb2eb47cecc464545ba58e1ad24/library/std/src/sys/backtrace.rs:168:18
[INFO] [stdout]   16:     0x5858ce0bb11d - rust_begin_unwind
[INFO] [stdout]                                at /rustc/6067b36314ab5eb2eb47cecc464545ba58e1ad24/library/std/src/panicking.rs:695:5
[INFO] [stdout]   17:     0x5858ce0dfad0 - core::panicking::panic_fmt::h9e7c637e9e5f29c9
[INFO] [stdout]                                at /rustc/6067b36314ab5eb2eb47cecc464545ba58e1ad24/library/core/src/panicking.rs:75:14
[INFO] [stdout]   18:     0x5858ce0dfea6 - core::result::unwrap_failed::h7979f09313fe1849
[INFO] [stdout]                                at /rustc/6067b36314ab5eb2eb47cecc464545ba58e1ad24/library/core/src/result.rs:1704:5
[INFO] [stdout]   19:     0x5858ce0455b0 - core::result::Result<T,E>::unwrap::hd9c0601708f12e74
[INFO] [stdout]                                at /rustc/6067b36314ab5eb2eb47cecc464545ba58e1ad24/library/core/src/result.rs:1109:23
[INFO] [stdout]   20:     0x5858ce0455b0 - mirrost::utils::md5::tests::test_get_dir_md5::h0086cd321de95413
[INFO] [stdout]                                at /opt/rustwide/workdir/src/utils/md5.rs:61:24
[INFO] [stdout]   21:     0x5858ce0454e7 - mirrost::utils::md5::tests::test_get_dir_md5::{{closure}}::h5a4a1d661d8ff92c
[INFO] [stdout]                                at /opt/rustwide/workdir/src/utils/md5.rs:57:26
[INFO] [stdout]   22:     0x5858ce03fb06 - core::ops::function::FnOnce::call_once::hbfbcf9406902f6fb
[INFO] [stdout]                                at /rustc/6067b36314ab5eb2eb47cecc464545ba58e1ad24/library/core/src/ops/function.rs:250:5
[INFO] [stdout]   23:     0x5858ce088a0b - core::ops::function::FnOnce::call_once::he27718dfdd183f43
[INFO] [stdout]                                at /rustc/6067b36314ab5eb2eb47cecc464545ba58e1ad24/library/core/src/ops/function.rs:250:5
[INFO] [stdout]   24:     0x5858ce088a0b - test::__rust_begin_short_backtrace::h4e84902998457a5d
[INFO] [stdout]                                at /rustc/6067b36314ab5eb2eb47cecc464545ba58e1ad24/library/test/src/lib.rs:632:18
[INFO] [stdout]   25:     0x5858ce087943 - test::run_test_in_process::{{closure}}::h7176fd18fc1feca0
[INFO] [stdout]                                at /rustc/6067b36314ab5eb2eb47cecc464545ba58e1ad24/library/test/src/lib.rs:655:60
[INFO] [stdout]   26:     0x5858ce087943 - <core::panic::unwind_safe::AssertUnwindSafe<F> as core::ops::function::FnOnce<()>>::call_once::hf79cff2a624d8cf7
[INFO] [stdout]                                at /rustc/6067b36314ab5eb2eb47cecc464545ba58e1ad24/library/core/src/panic/unwind_safe.rs:272:9
[INFO] [stdout]   27:     0x5858ce087943 - std::panicking::try::do_call::h3da0561d9ab99c25
[INFO] [stdout]                                at /rustc/6067b36314ab5eb2eb47cecc464545ba58e1ad24/library/std/src/panicking.rs:587:40
[INFO] [stdout]   28:     0x5858ce087943 - std::panicking::try::h41c9fa508bc61df6
[INFO] [stdout]                                at /rustc/6067b36314ab5eb2eb47cecc464545ba58e1ad24/library/std/src/panicking.rs:550:19
[INFO] [stdout]   29:     0x5858ce087943 - std::panic::catch_unwind::h6b3ff07bb5afad93
[INFO] [stdout]                                at /rustc/6067b36314ab5eb2eb47cecc464545ba58e1ad24/library/std/src/panic.rs:358:14
[INFO] [stdout]   30:     0x5858ce087943 - test::run_test_in_process::hc7253dd11b39b9f4
[INFO] [stdout]                                at /rustc/6067b36314ab5eb2eb47cecc464545ba58e1ad24/library/test/src/lib.rs:655:27
[INFO] [stdout]   31:     0x5858ce087943 - test::run_test::{{closure}}::hfb2007f8649c30bb
[INFO] [stdout]                                at /rustc/6067b36314ab5eb2eb47cecc464545ba58e1ad24/library/test/src/lib.rs:576:43
[INFO] [stdout]   32:     0x5858ce04aa25 - test::run_test::{{closure}}::h56a17aa7a282a9f4
[INFO] [stdout]                                at /rustc/6067b36314ab5eb2eb47cecc464545ba58e1ad24/library/test/src/lib.rs:606:41
[INFO] [stdout]   33:     0x5858ce04aa25 - std::sys::backtrace::__rust_begin_short_backtrace::hd2d2d2fb8e8c6aac
[INFO] [stdout]                                at /rustc/6067b36314ab5eb2eb47cecc464545ba58e1ad24/library/std/src/sys/backtrace.rs:152:18
[INFO] [stdout]   34:     0x5858ce04e30a - std::thread::Builder::spawn_unchecked_::{{closure}}::{{closure}}::h4faa3f9db6133423
[INFO] [stdout]                                at /rustc/6067b36314ab5eb2eb47cecc464545ba58e1ad24/library/std/src/thread/mod.rs:559:17
[INFO] [stdout]   35:     0x5858ce04e30a - <core::panic::unwind_safe::AssertUnwindSafe<F> as core::ops::function::FnOnce<()>>::call_once::hf2e855a36a4ea846
[INFO] [stdout]                                at /rustc/6067b36314ab5eb2eb47cecc464545ba58e1ad24/library/core/src/panic/unwind_safe.rs:272:9
[INFO] [stdout]   36:     0x5858ce04e30a - std::panicking::try::do_call::h2f73af3616c35465
[INFO] [stdout]                                at /rustc/6067b36314ab5eb2eb47cecc464545ba58e1ad24/library/std/src/panicking.rs:587:40
[INFO] [stdout]   37:     0x5858ce04e30a - std::panicking::try::hd1660ce9efadef5a
[INFO] [stdout]                                at /rustc/6067b36314ab5eb2eb47cecc464545ba58e1ad24/library/std/src/panicking.rs:550:19
[INFO] [stdout]   38:     0x5858ce04e30a - std::panic::catch_unwind::h5ee8d7823b8ca744
[INFO] [stdout]                                at /rustc/6067b36314ab5eb2eb47cecc464545ba58e1ad24/library/std/src/panic.rs:358:14
[INFO] [stdout]   39:     0x5858ce04e30a - std::thread::Builder::spawn_unchecked_::{{closure}}::h53c3a1894dce8407
[INFO] [stdout]                                at /rustc/6067b36314ab5eb2eb47cecc464545ba58e1ad24/library/std/src/thread/mod.rs:557:30
[INFO] [stdout]   40:     0x5858ce04e30a - core::ops::function::FnOnce::call_once{{vtable.shim}}::h048ce291ad4f62bf
[INFO] [stdout]                                at /rustc/6067b36314ab5eb2eb47cecc464545ba58e1ad24/library/core/src/ops/function.rs:250:5
[INFO] [stdout]   41:     0x5858ce0bf90b - <alloc::boxed::Box<F,A> as core::ops::function::FnOnce<Args>>::call_once::ha52bedf99a3b4981
[INFO] [stdout]                                at /rustc/6067b36314ab5eb2eb47cecc464545ba58e1ad24/library/alloc/src/boxed.rs:2013:9
[INFO] [stdout]   42:     0x5858ce0bf90b - <alloc::boxed::Box<F,A> as core::ops::function::FnOnce<Args>>::call_once::h567748934d80ccf8
[INFO] [stdout]                                at /rustc/6067b36314ab5eb2eb47cecc464545ba58e1ad24/library/alloc/src/boxed.rs:2013:9
[INFO] [stdout]   43:     0x5858ce0bf90b - std::sys::pal::unix::thread::Thread::new::thread_start::h2d970728ae887adc
[INFO] [stdout]                                at /rustc/6067b36314ab5eb2eb47cecc464545ba58e1ad24/library/std/src/sys/pal/unix/thread.rs:106:17
[INFO] [stdout]   44:     0x7a22a3d5eac3 - <unknown>
[INFO] [stdout]   45:     0x7a22a3defa04 - clone
[INFO] [stdout]   46:                0x0 - <unknown>
[INFO] [stdout] 
[INFO] [stdout] 
[INFO] [stdout] failures:
[INFO] [stdout]     utils::md5::tests::test_get_dir_md5
[INFO] [stdout] 
[INFO] [stdout] test result: FAILED. 11 passed; 1 failed; 0 ignored; 0 measured; 0 filtered out; finished in 0.03s
[INFO] [stdout] 
[INFO] [stderr] error: test failed, to rerun pass `--bin mirrost`
[INFO] running `Command { std: "docker" "inspect" "d314f92c7da2b9e953f9b425180a2fb8b4166280e9445492ec3702f71b07109a", kill_on_drop: false }`
[INFO] running `Command { std: "docker" "rm" "-f" "d314f92c7da2b9e953f9b425180a2fb8b4166280e9445492ec3702f71b07109a", kill_on_drop: false }`
[INFO] [stdout] d314f92c7da2b9e953f9b425180a2fb8b4166280e9445492ec3702f71b07109a
