[INFO] cloning repository https://github.com/xiongdong57/aoc_rust
[INFO] running `Command { std: "git" "-c" "credential.helper=" "-c" "credential.helper=/workspace/cargo-home/bin/git-credential-null" "clone" "--bare" "https://github.com/xiongdong57/aoc_rust" "/workspace/cache/git-repos/https%3A%2F%2Fgithub.com%2Fxiongdong57%2Faoc_rust", kill_on_drop: false }`
[INFO] [stderr] Cloning into bare repository '/workspace/cache/git-repos/https%3A%2F%2Fgithub.com%2Fxiongdong57%2Faoc_rust'...
[INFO] running `Command { std: "git" "rev-parse" "HEAD", kill_on_drop: false }`
[INFO] [stdout] b3d6773ae212f458e332b2bb87b94d2bfa3eef4c
[INFO] testing xiongdong57/aoc_rust against nightly-2025-01-18+rustflags=-Zrandomize-layout for randomize-layout-2
[INFO] running `Command { std: "git" "clone" "/workspace/cache/git-repos/https%3A%2F%2Fgithub.com%2Fxiongdong57%2Faoc_rust" "/workspace/builds/worker-5-tc2/source", kill_on_drop: false }`
[INFO] [stderr] Cloning into '/workspace/builds/worker-5-tc2/source'...
[INFO] [stderr] done.
[INFO] validating manifest of git repo https://github.com/xiongdong57/aoc_rust on toolchain nightly-2025-01-18
[INFO] running `Command { std: CARGO_HOME="/workspace/cargo-home" RUSTUP_HOME="/workspace/rustup-home" "/workspace/cargo-home/bin/cargo" "+nightly-2025-01-18" "metadata" "--manifest-path" "Cargo.toml" "--no-deps", kill_on_drop: false }`
[INFO] started tweaking git repo https://github.com/xiongdong57/aoc_rust
[INFO] finished tweaking git repo https://github.com/xiongdong57/aoc_rust
[INFO] tweaked toml for git repo https://github.com/xiongdong57/aoc_rust written to /workspace/builds/worker-5-tc2/source/Cargo.toml
[INFO] crate git repo https://github.com/xiongdong57/aoc_rust already has a lockfile, it will not be regenerated
[INFO] running `Command { std: CARGO_HOME="/workspace/cargo-home" RUSTUP_HOME="/workspace/rustup-home" "/workspace/cargo-home/bin/cargo" "+nightly-2025-01-18" "fetch" "--manifest-path" "Cargo.toml", kill_on_drop: false }`
[INFO] [stderr] warning: virtual workspace defaulting to `resolver = "1"` despite one or more workspace members being on edition 2021 which implies `resolver = "2"`
[INFO] [stderr] note: to keep the current resolver, specify `workspace.resolver = "1"` in the workspace root's manifest
[INFO] [stderr] note: to use the edition 2021 resolver, specify `workspace.resolver = "2"` in the workspace root's manifest
[INFO] [stderr] note: for more details see https://doc.rust-lang.org/cargo/reference/resolver.html#resolver-versions
[INFO] running `Command { std: "docker" "create" "-v" "/var/lib/crater-agent-workspace/builds/worker-5-tc2/target:/opt/rustwide/target:rw,Z" "-v" "/var/lib/crater-agent-workspace/builds/worker-5-tc2/source:/opt/rustwide/workdir:ro,Z" "-v" "/var/lib/crater-agent-workspace/cargo-home:/opt/rustwide/cargo-home:ro,Z" "-v" "/var/lib/crater-agent-workspace/rustup-home:/opt/rustwide/rustup-home:ro,Z" "-e" "SOURCE_DIR=/opt/rustwide/workdir" "-e" "CARGO_TARGET_DIR=/opt/rustwide/target" "-e" "CARGO_HOME=/opt/rustwide/cargo-home" "-e" "RUSTUP_HOME=/opt/rustwide/rustup-home" "-w" "/opt/rustwide/workdir" "-m" "1610612736" "--user" "0:0" "--network" "none" "ghcr.io/rust-lang/crates-build-env/linux@sha256:819108c5571ea2e421544af4d832f968d213c87fbe3707a016657f43d2f853bc" "/opt/rustwide/cargo-home/bin/cargo" "+nightly-2025-01-18" "metadata" "--no-deps" "--format-version=1", kill_on_drop: false }`
[INFO] [stdout] 51833be951fa2f5d5f1ea1c364b85c2150c85bf4d20713c7c9fa9bccc2c8f3e3
[INFO] running `Command { std: "docker" "start" "-a" "51833be951fa2f5d5f1ea1c364b85c2150c85bf4d20713c7c9fa9bccc2c8f3e3", kill_on_drop: false }`
[INFO] running `Command { std: "docker" "inspect" "51833be951fa2f5d5f1ea1c364b85c2150c85bf4d20713c7c9fa9bccc2c8f3e3", kill_on_drop: false }`
[INFO] running `Command { std: "docker" "rm" "-f" "51833be951fa2f5d5f1ea1c364b85c2150c85bf4d20713c7c9fa9bccc2c8f3e3", kill_on_drop: false }`
[INFO] [stdout] 51833be951fa2f5d5f1ea1c364b85c2150c85bf4d20713c7c9fa9bccc2c8f3e3
[INFO] running `Command { std: "docker" "create" "-v" "/var/lib/crater-agent-workspace/builds/worker-5-tc2/target:/opt/rustwide/target:rw,Z" "-v" "/var/lib/crater-agent-workspace/builds/worker-5-tc2/source:/opt/rustwide/workdir:ro,Z" "-v" "/var/lib/crater-agent-workspace/cargo-home:/opt/rustwide/cargo-home:ro,Z" "-v" "/var/lib/crater-agent-workspace/rustup-home:/opt/rustwide/rustup-home:ro,Z" "-e" "SOURCE_DIR=/opt/rustwide/workdir" "-e" "CARGO_TARGET_DIR=/opt/rustwide/target" "-e" "CARGO_INCREMENTAL=0" "-e" "RUST_BACKTRACE=full" "-e" "RUSTFLAGS=--cap-lints=forbid -Zrandomize-layout" "-e" "RUSTDOCFLAGS=--cap-lints=forbid" "-e" "CARGO_HOME=/opt/rustwide/cargo-home" "-e" "RUSTUP_HOME=/opt/rustwide/rustup-home" "-w" "/opt/rustwide/workdir" "-m" "1610612736" "--user" "0:0" "--network" "none" "ghcr.io/rust-lang/crates-build-env/linux@sha256:819108c5571ea2e421544af4d832f968d213c87fbe3707a016657f43d2f853bc" "/opt/rustwide/cargo-home/bin/cargo" "+nightly-2025-01-18" "build" "--frozen" "--message-format=json", kill_on_drop: false }`
[INFO] [stdout] 072593443f93e79df225abe9595156d5046636617cd2a012b76ee588cbc76186
[INFO] running `Command { std: "docker" "start" "-a" "072593443f93e79df225abe9595156d5046636617cd2a012b76ee588cbc76186", kill_on_drop: false }`
[INFO] [stderr] warning: virtual workspace defaulting to `resolver = "1"` despite one or more workspace members being on edition 2021 which implies `resolver = "2"`
[INFO] [stderr] note: to keep the current resolver, specify `workspace.resolver = "1"` in the workspace root's manifest
[INFO] [stderr] note: to use the edition 2021 resolver, specify `workspace.resolver = "2"` in the workspace root's manifest
[INFO] [stderr] note: for more details see https://doc.rust-lang.org/cargo/reference/resolver.html#resolver-versions
[INFO] [stderr]    Compiling serde v1.0.137
[INFO] [stderr]    Compiling memchr v2.5.0
[INFO] [stderr]    Compiling either v1.6.1
[INFO] [stderr]    Compiling serde_json v1.0.81
[INFO] [stderr]    Compiling regex-syntax v0.6.26
[INFO] [stderr]    Compiling itoa v1.0.2
[INFO] [stderr]    Compiling ryu v1.0.10
[INFO] [stderr]    Compiling md5 v0.7.0
[INFO] [stderr]    Compiling p2022_11 v0.1.0 (/opt/rustwide/workdir/p2022_11)
[INFO] [stderr]    Compiling p2022_24 v0.1.0 (/opt/rustwide/workdir/p2022_24)
[INFO] [stderr]    Compiling p2022_07 v0.1.0 (/opt/rustwide/workdir/p2022_07)
[INFO] [stderr]    Compiling p2015_25 v0.1.0 (/opt/rustwide/workdir/p2015_25)
[INFO] [stderr]    Compiling p2019_17 v0.1.0 (/opt/rustwide/workdir/p2019_17)
[INFO] [stderr]    Compiling p2015_05 v0.1.0 (/opt/rustwide/workdir/p2015_05)
[INFO] [stderr]    Compiling p2022_19 v0.1.0 (/opt/rustwide/workdir/p2022_19)
[INFO] [stderr]    Compiling p2022_14 v0.1.0 (/opt/rustwide/workdir/p2022_14)
[INFO] [stderr]    Compiling p2015_01 v0.1.0 (/opt/rustwide/workdir/p2015_01)
[INFO] [stderr]    Compiling p2019_02 v0.1.0 (/opt/rustwide/workdir/p2019_02)
[INFO] [stderr]    Compiling itertools v0.10.3
[INFO] [stderr]    Compiling p2015_16 v0.1.0 (/opt/rustwide/workdir/p2015_16)
[INFO] [stderr]    Compiling p2015_04 v0.1.0 (/opt/rustwide/workdir/p2015_04)
[INFO] [stderr]    Compiling p2022_17 v0.1.0 (/opt/rustwide/workdir/p2022_17)
[INFO] [stderr]    Compiling p2015_22 v0.1.0 (/opt/rustwide/workdir/p2015_22)
[INFO] [stderr]    Compiling p2015_23 v0.1.0 (/opt/rustwide/workdir/p2015_23)
[INFO] [stderr]    Compiling p2015_08 v0.1.0 (/opt/rustwide/workdir/p2015_08)
[INFO] [stderr]    Compiling p2015_15 v0.1.0 (/opt/rustwide/workdir/p2015_15)
[INFO] [stderr]    Compiling p2015_18 v0.1.0 (/opt/rustwide/workdir/p2015_18)
[INFO] [stderr]    Compiling p2018_02 v0.1.0 (/opt/rustwide/workdir/p2018_02)
[INFO] [stderr]    Compiling p2019_01 v0.1.0 (/opt/rustwide/workdir/p2019_01)
[INFO] [stderr]    Compiling p2019_08 v0.1.0 (/opt/rustwide/workdir/p2019_08)
[INFO] [stderr]    Compiling p2019_12 v0.1.0 (/opt/rustwide/workdir/p2019_12)
[INFO] [stderr]    Compiling p2022_05 v0.1.0 (/opt/rustwide/workdir/p2022_05)
[INFO] [stderr]    Compiling p2019_09 v0.1.0 (/opt/rustwide/workdir/p2019_09)
[INFO] [stderr]    Compiling p2022_06 v0.1.0 (/opt/rustwide/workdir/p2022_06)
[INFO] [stderr]    Compiling p2022_20 v0.1.0 (/opt/rustwide/workdir/p2022_20)
[INFO] [stderr]    Compiling p2015_07 v0.1.0 (/opt/rustwide/workdir/p2015_07)
[INFO] [stderr]    Compiling p2015_17 v0.1.0 (/opt/rustwide/workdir/p2015_17)
[INFO] [stderr]    Compiling p2015_19 v0.1.0 (/opt/rustwide/workdir/p2015_19)
[INFO] [stderr]    Compiling p2015_02 v0.1.0 (/opt/rustwide/workdir/p2015_02)
[INFO] [stderr]    Compiling p2019_15 v0.1.0 (/opt/rustwide/workdir/p2019_15)
[INFO] [stderr]    Compiling p2022_01 v0.1.0 (/opt/rustwide/workdir/p2022_01)
[INFO] [stderr]    Compiling aho-corasick v0.7.18
[INFO] [stderr]    Compiling p2022_04 v0.1.0 (/opt/rustwide/workdir/p2022_04)
[INFO] [stderr]    Compiling p2022_16 v0.1.0 (/opt/rustwide/workdir/p2022_16)
[INFO] [stderr]    Compiling p2022_10 v0.1.0 (/opt/rustwide/workdir/p2022_10)
[INFO] [stderr]    Compiling p2022_12 v0.1.0 (/opt/rustwide/workdir/p2022_12)
[INFO] [stderr]    Compiling p2022_02 v0.1.0 (/opt/rustwide/workdir/p2022_02)
[INFO] [stderr]    Compiling p2019_11 v0.1.0 (/opt/rustwide/workdir/p2019_11)
[INFO] [stderr]    Compiling p2019_03 v0.1.0 (/opt/rustwide/workdir/p2019_03)
[INFO] [stderr]    Compiling p2015_11 v0.1.0 (/opt/rustwide/workdir/p2015_11)
[INFO] [stderr]    Compiling p2019_04 v0.1.0 (/opt/rustwide/workdir/p2019_04)
[INFO] [stderr]    Compiling p2015_14 v0.1.0 (/opt/rustwide/workdir/p2015_14)
[INFO] [stderr]    Compiling p2019_10 v0.1.0 (/opt/rustwide/workdir/p2019_10)
[INFO] [stderr]    Compiling p2022_09 v0.1.0 (/opt/rustwide/workdir/p2022_09)
[INFO] [stderr]    Compiling p2022_18 v0.1.0 (/opt/rustwide/workdir/p2022_18)
[INFO] [stderr]    Compiling p2022_22 v0.1.0 (/opt/rustwide/workdir/p2022_22)
[INFO] [stderr]    Compiling p2018_01 v0.1.0 (/opt/rustwide/workdir/p2018_01)
[INFO] [stderr]    Compiling p2019_06 v0.1.0 (/opt/rustwide/workdir/p2019_06)
[INFO] [stderr]    Compiling p2015_09 v0.1.0 (/opt/rustwide/workdir/p2015_09)
[INFO] [stderr]    Compiling p2019_13 v0.1.0 (/opt/rustwide/workdir/p2019_13)
[INFO] [stderr]    Compiling p2022_25 v0.1.0 (/opt/rustwide/workdir/p2022_25)
[INFO] [stdout] warning: unnecessary parentheses around index expression
[INFO] [stdout]   --> p2015_09/src/lib.rs:46:27
[INFO] [stdout]    |
[INFO] [stdout] 46 |             let to = path[(i + 1)];
[INFO] [stdout]    |                           ^     ^
[INFO] [stdout]    |
[INFO] [stdout]    = note: `#[warn(unused_parens)]` on by default
[INFO] [stdout] help: remove these parentheses
[INFO] [stdout]    |
[INFO] [stdout] 46 -             let to = path[(i + 1)];
[INFO] [stdout] 46 +             let to = path[i + 1];
[INFO] [stdout]    |
[INFO] [stdout] 
[INFO] [stdout] 
[INFO] [stdout] warning: unnecessary parentheses around index expression
[INFO] [stdout]   --> p2015_09/src/lib.rs:98:27
[INFO] [stdout]    |
[INFO] [stdout] 98 |             let to = path[(i + 1)];
[INFO] [stdout]    |                           ^     ^
[INFO] [stdout]    |
[INFO] [stdout] help: remove these parentheses
[INFO] [stdout]    |
[INFO] [stdout] 98 -             let to = path[(i + 1)];
[INFO] [stdout] 98 +             let to = path[i + 1];
[INFO] [stdout]    |
[INFO] [stdout] 
[INFO] [stdout] 
[INFO] [stderr]    Compiling regex v1.5.6
[INFO] [stderr]    Compiling p2019_07 v0.1.0 (/opt/rustwide/workdir/p2019_07)
[INFO] [stderr]    Compiling p2015_24 v0.1.0 (/opt/rustwide/workdir/p2015_24)
[INFO] [stderr]    Compiling p2015_13 v0.1.0 (/opt/rustwide/workdir/p2015_13)
[INFO] [stderr]    Compiling p2022_21 v0.1.0 (/opt/rustwide/workdir/p2022_21)
[INFO] [stderr]    Compiling p2022_22b v0.1.0 (/opt/rustwide/workdir/p2022_22b)
[INFO] [stderr]    Compiling p2015_20 v0.1.0 (/opt/rustwide/workdir/p2015_20)
[INFO] [stderr]    Compiling p2022_13 v0.1.0 (/opt/rustwide/workdir/p2022_13)
[INFO] [stderr]    Compiling p2015_21 v0.1.0 (/opt/rustwide/workdir/p2015_21)
[INFO] [stderr]    Compiling p2022_08 v0.1.0 (/opt/rustwide/workdir/p2022_08)
[INFO] [stderr]    Compiling p2019_05 v0.1.0 (/opt/rustwide/workdir/p2019_05)
[INFO] [stderr]    Compiling p2015_10 v0.1.0 (/opt/rustwide/workdir/p2015_10)
[INFO] [stderr]    Compiling p2019_16 v0.1.0 (/opt/rustwide/workdir/p2019_16)
[INFO] [stderr]    Compiling p2019_19 v0.1.0 (/opt/rustwide/workdir/p2019_19)
[INFO] [stderr]    Compiling p2022_03 v0.1.0 (/opt/rustwide/workdir/p2022_03)
[INFO] [stderr]    Compiling p2022_23 v0.1.0 (/opt/rustwide/workdir/p2022_23)
[INFO] [stderr]    Compiling p2015_03 v0.1.0 (/opt/rustwide/workdir/p2015_03)
[INFO] [stderr]    Compiling p2022_17b v0.1.0 (/opt/rustwide/workdir/p2022_17b)
[INFO] [stderr]    Compiling p2015_06 v0.1.0 (/opt/rustwide/workdir/p2015_06)
[INFO] [stderr]    Compiling p2022_15 v0.1.0 (/opt/rustwide/workdir/p2022_15)
[INFO] [stderr]    Compiling serde_scan v0.4.1
[INFO] [stderr]    Compiling p2018_03 v0.1.0 (/opt/rustwide/workdir/p2018_03)
[INFO] [stderr]    Compiling p2015_12 v0.1.0 (/opt/rustwide/workdir/p2015_12)
[INFO] [stderr]     Finished `dev` profile [unoptimized + debuginfo] target(s) in 14.75s
[INFO] running `Command { std: "docker" "inspect" "072593443f93e79df225abe9595156d5046636617cd2a012b76ee588cbc76186", kill_on_drop: false }`
[INFO] running `Command { std: "docker" "rm" "-f" "072593443f93e79df225abe9595156d5046636617cd2a012b76ee588cbc76186", kill_on_drop: false }`
[INFO] [stdout] 072593443f93e79df225abe9595156d5046636617cd2a012b76ee588cbc76186
[INFO] running `Command { std: "docker" "create" "-v" "/var/lib/crater-agent-workspace/builds/worker-5-tc2/target:/opt/rustwide/target:rw,Z" "-v" "/var/lib/crater-agent-workspace/builds/worker-5-tc2/source:/opt/rustwide/workdir:ro,Z" "-v" "/var/lib/crater-agent-workspace/cargo-home:/opt/rustwide/cargo-home:ro,Z" "-v" "/var/lib/crater-agent-workspace/rustup-home:/opt/rustwide/rustup-home:ro,Z" "-e" "SOURCE_DIR=/opt/rustwide/workdir" "-e" "CARGO_TARGET_DIR=/opt/rustwide/target" "-e" "CARGO_INCREMENTAL=0" "-e" "RUST_BACKTRACE=full" "-e" "RUSTFLAGS=--cap-lints=forbid -Zrandomize-layout" "-e" "RUSTDOCFLAGS=--cap-lints=forbid" "-e" "CARGO_HOME=/opt/rustwide/cargo-home" "-e" "RUSTUP_HOME=/opt/rustwide/rustup-home" "-w" "/opt/rustwide/workdir" "-m" "1610612736" "--user" "0:0" "--network" "none" "ghcr.io/rust-lang/crates-build-env/linux@sha256:819108c5571ea2e421544af4d832f968d213c87fbe3707a016657f43d2f853bc" "/opt/rustwide/cargo-home/bin/cargo" "+nightly-2025-01-18" "test" "--frozen" "--no-run" "--message-format=json", kill_on_drop: false }`
[INFO] [stdout] 3bc5511d97e61352d01cb2dc16d27106aa380c6c4ff2e11c34240445c5effe73
[INFO] running `Command { std: "docker" "start" "-a" "3bc5511d97e61352d01cb2dc16d27106aa380c6c4ff2e11c34240445c5effe73", kill_on_drop: false }`
[INFO] [stderr] warning: virtual workspace defaulting to `resolver = "1"` despite one or more workspace members being on edition 2021 which implies `resolver = "2"`
[INFO] [stderr] note: to keep the current resolver, specify `workspace.resolver = "1"` in the workspace root's manifest
[INFO] [stderr] note: to use the edition 2021 resolver, specify `workspace.resolver = "2"` in the workspace root's manifest
[INFO] [stderr] note: for more details see https://doc.rust-lang.org/cargo/reference/resolver.html#resolver-versions
[INFO] [stdout] warning: unnecessary parentheses around index expression
[INFO] [stdout]   --> p2015_09/src/lib.rs:46:27
[INFO] [stdout]    |
[INFO] [stdout] 46 |             let to = path[(i + 1)];
[INFO] [stdout]    |                           ^     ^
[INFO] [stdout]    |
[INFO] [stdout]    = note: `#[warn(unused_parens)]` on by default
[INFO] [stdout] help: remove these parentheses
[INFO] [stdout]    |
[INFO] [stdout] 46 -             let to = path[(i + 1)];
[INFO] [stdout] 46 +             let to = path[i + 1];
[INFO] [stdout]    |
[INFO] [stdout] 
[INFO] [stdout] 
[INFO] [stdout] warning: unnecessary parentheses around index expression
[INFO] [stdout]   --> p2015_09/src/lib.rs:98:27
[INFO] [stdout]    |
[INFO] [stdout] 98 |             let to = path[(i + 1)];
[INFO] [stdout]    |                           ^     ^
[INFO] [stdout]    |
[INFO] [stdout] help: remove these parentheses
[INFO] [stdout]    |
[INFO] [stdout] 98 -             let to = path[(i + 1)];
[INFO] [stdout] 98 +             let to = path[i + 1];
[INFO] [stdout]    |
[INFO] [stdout] 
[INFO] [stdout] 
[INFO] [stderr]    Compiling p2022_15 v0.1.0 (/opt/rustwide/workdir/p2022_15)
[INFO] [stderr]    Compiling p2018_03 v0.1.0 (/opt/rustwide/workdir/p2018_03)
[INFO] [stderr]    Compiling p2015_12 v0.1.0 (/opt/rustwide/workdir/p2015_12)
[INFO] [stderr]    Compiling p2015_06 v0.1.0 (/opt/rustwide/workdir/p2015_06)
[INFO] [stderr]    Compiling p2015_24 v0.1.0 (/opt/rustwide/workdir/p2015_24)
[INFO] [stderr]    Compiling p2019_07 v0.1.0 (/opt/rustwide/workdir/p2019_07)
[INFO] [stderr]    Compiling p2015_04 v0.1.0 (/opt/rustwide/workdir/p2015_04)
[INFO] [stderr]    Compiling p2019_05 v0.1.0 (/opt/rustwide/workdir/p2019_05)
[INFO] [stderr]    Compiling p2019_11 v0.1.0 (/opt/rustwide/workdir/p2019_11)
[INFO] [stderr]    Compiling p2022_05 v0.1.0 (/opt/rustwide/workdir/p2022_05)
[INFO] [stderr]    Compiling p2022_14 v0.1.0 (/opt/rustwide/workdir/p2022_14)
[INFO] [stderr]    Compiling p2015_15 v0.1.0 (/opt/rustwide/workdir/p2015_15)
[INFO] [stderr]    Compiling p2019_04 v0.1.0 (/opt/rustwide/workdir/p2019_04)
[INFO] [stderr]    Compiling p2022_17 v0.1.0 (/opt/rustwide/workdir/p2022_17)
[INFO] [stderr]    Compiling p2022_04 v0.1.0 (/opt/rustwide/workdir/p2022_04)
[INFO] [stderr]    Compiling p2022_21 v0.1.0 (/opt/rustwide/workdir/p2022_21)
[INFO] [stderr]    Compiling p2019_09 v0.1.0 (/opt/rustwide/workdir/p2019_09)
[INFO] [stderr]    Compiling p2019_19 v0.1.0 (/opt/rustwide/workdir/p2019_19)
[INFO] [stderr]    Compiling p2022_18 v0.1.0 (/opt/rustwide/workdir/p2022_18)
[INFO] [stderr]    Compiling p2022_09 v0.1.0 (/opt/rustwide/workdir/p2022_09)
[INFO] [stderr]    Compiling p2022_01 v0.1.0 (/opt/rustwide/workdir/p2022_01)
[INFO] [stderr]    Compiling p2019_10 v0.1.0 (/opt/rustwide/workdir/p2019_10)
[INFO] [stderr]    Compiling p2015_03 v0.1.0 (/opt/rustwide/workdir/p2015_03)
[INFO] [stderr]    Compiling p2015_05 v0.1.0 (/opt/rustwide/workdir/p2015_05)
[INFO] [stderr]    Compiling p2019_16 v0.1.0 (/opt/rustwide/workdir/p2019_16)
[INFO] [stderr]    Compiling p2022_19 v0.1.0 (/opt/rustwide/workdir/p2022_19)
[INFO] [stderr]    Compiling p2015_01 v0.1.0 (/opt/rustwide/workdir/p2015_01)
[INFO] [stderr]    Compiling p2019_15 v0.1.0 (/opt/rustwide/workdir/p2019_15)
[INFO] [stderr]    Compiling p2019_08 v0.1.0 (/opt/rustwide/workdir/p2019_08)
[INFO] [stderr]    Compiling p2022_06 v0.1.0 (/opt/rustwide/workdir/p2022_06)
[INFO] [stderr]    Compiling p2022_07 v0.1.0 (/opt/rustwide/workdir/p2022_07)
[INFO] [stderr]    Compiling p2022_16 v0.1.0 (/opt/rustwide/workdir/p2022_16)
[INFO] [stderr]    Compiling p2018_01 v0.1.0 (/opt/rustwide/workdir/p2018_01)
[INFO] [stderr]    Compiling p2022_13 v0.1.0 (/opt/rustwide/workdir/p2022_13)
[INFO] [stderr]    Compiling p2015_09 v0.1.0 (/opt/rustwide/workdir/p2015_09)
[INFO] [stderr]    Compiling p2022_11 v0.1.0 (/opt/rustwide/workdir/p2022_11)
[INFO] [stderr]    Compiling p2015_18 v0.1.0 (/opt/rustwide/workdir/p2015_18)
[INFO] [stderr]    Compiling p2015_08 v0.1.0 (/opt/rustwide/workdir/p2015_08)
[INFO] [stdout] warning: unnecessary parentheses around index expression
[INFO] [stdout]   --> p2015_09/src/lib.rs:46:27
[INFO] [stdout]    |
[INFO] [stdout] 46 |             let to = path[(i + 1)];
[INFO] [stdout]    |                           ^     ^
[INFO] [stdout]    |
[INFO] [stdout]    = note: `#[warn(unused_parens)]` on by default
[INFO] [stdout] help: remove these parentheses
[INFO] [stdout]    |
[INFO] [stdout] 46 -             let to = path[(i + 1)];
[INFO] [stdout] 46 +             let to = path[i + 1];
[INFO] [stdout]    |
[INFO] [stdout] 
[INFO] [stdout] 
[INFO] [stderr]    Compiling p2015_13 v0.1.0 (/opt/rustwide/workdir/p2015_13)
[INFO] [stdout] warning: unnecessary parentheses around index expression
[INFO] [stdout]   --> p2015_09/src/lib.rs:98:27
[INFO] [stdout]    |
[INFO] [stdout] 98 |             let to = path[(i + 1)];
[INFO] [stdout]    |                           ^     ^
[INFO] [stdout]    |
[INFO] [stdout] help: remove these parentheses
[INFO] [stdout]    |
[INFO] [stdout] 98 -             let to = path[(i + 1)];
[INFO] [stdout] 98 +             let to = path[i + 1];
[INFO] [stdout]    |
[INFO] [stdout] 
[INFO] [stdout] 
[INFO] [stderr]    Compiling p2015_19 v0.1.0 (/opt/rustwide/workdir/p2015_19)
[INFO] [stderr]    Compiling p2018_02 v0.1.0 (/opt/rustwide/workdir/p2018_02)
[INFO] [stderr]    Compiling p2019_03 v0.1.0 (/opt/rustwide/workdir/p2019_03)
[INFO] [stderr]    Compiling p2022_08 v0.1.0 (/opt/rustwide/workdir/p2022_08)
[INFO] [stderr]    Compiling p2022_25 v0.1.0 (/opt/rustwide/workdir/p2022_25)
[INFO] [stderr]    Compiling p2022_17b v0.1.0 (/opt/rustwide/workdir/p2022_17b)
[INFO] [stderr]    Compiling p2015_14 v0.1.0 (/opt/rustwide/workdir/p2015_14)
[INFO] [stderr]    Compiling p2019_12 v0.1.0 (/opt/rustwide/workdir/p2019_12)
[INFO] [stderr]    Compiling p2019_17 v0.1.0 (/opt/rustwide/workdir/p2019_17)
[INFO] [stderr]    Compiling p2015_02 v0.1.0 (/opt/rustwide/workdir/p2015_02)
[INFO] [stderr]    Compiling p2015_17 v0.1.0 (/opt/rustwide/workdir/p2015_17)
[INFO] [stderr]    Compiling p2019_02 v0.1.0 (/opt/rustwide/workdir/p2019_02)
[INFO] [stderr]    Compiling p2015_21 v0.1.0 (/opt/rustwide/workdir/p2015_21)
[INFO] [stderr]    Compiling p2022_22b v0.1.0 (/opt/rustwide/workdir/p2022_22b)
[INFO] [stderr]    Compiling p2015_22 v0.1.0 (/opt/rustwide/workdir/p2015_22)
[INFO] [stderr]    Compiling p2019_13 v0.1.0 (/opt/rustwide/workdir/p2019_13)
[INFO] [stderr]    Compiling p2022_03 v0.1.0 (/opt/rustwide/workdir/p2022_03)
[INFO] [stderr]    Compiling p2019_06 v0.1.0 (/opt/rustwide/workdir/p2019_06)
[INFO] [stderr]    Compiling p2015_16 v0.1.0 (/opt/rustwide/workdir/p2015_16)
[INFO] [stderr]    Compiling p2015_23 v0.1.0 (/opt/rustwide/workdir/p2015_23)
[INFO] [stderr]    Compiling p2015_11 v0.1.0 (/opt/rustwide/workdir/p2015_11)
[INFO] [stderr]    Compiling p2022_22 v0.1.0 (/opt/rustwide/workdir/p2022_22)
[INFO] [stderr]    Compiling p2022_12 v0.1.0 (/opt/rustwide/workdir/p2022_12)
[INFO] [stderr]    Compiling p2022_24 v0.1.0 (/opt/rustwide/workdir/p2022_24)
[INFO] [stderr]    Compiling p2015_25 v0.1.0 (/opt/rustwide/workdir/p2015_25)
[INFO] [stderr]    Compiling p2015_20 v0.1.0 (/opt/rustwide/workdir/p2015_20)
[INFO] [stderr]    Compiling p2019_01 v0.1.0 (/opt/rustwide/workdir/p2019_01)
[INFO] [stderr]    Compiling p2022_20 v0.1.0 (/opt/rustwide/workdir/p2022_20)
[INFO] [stderr]    Compiling p2022_23 v0.1.0 (/opt/rustwide/workdir/p2022_23)
[INFO] [stderr]    Compiling p2022_10 v0.1.0 (/opt/rustwide/workdir/p2022_10)
[INFO] [stderr]    Compiling p2015_10 v0.1.0 (/opt/rustwide/workdir/p2015_10)
[INFO] [stderr]    Compiling p2015_07 v0.1.0 (/opt/rustwide/workdir/p2015_07)
[INFO] [stderr]    Compiling p2022_02 v0.1.0 (/opt/rustwide/workdir/p2022_02)
[INFO] [stderr]     Finished `test` profile [unoptimized + debuginfo] target(s) in 5.24s
[INFO] running `Command { std: "docker" "inspect" "3bc5511d97e61352d01cb2dc16d27106aa380c6c4ff2e11c34240445c5effe73", kill_on_drop: false }`
[INFO] running `Command { std: "docker" "rm" "-f" "3bc5511d97e61352d01cb2dc16d27106aa380c6c4ff2e11c34240445c5effe73", kill_on_drop: false }`
[INFO] [stdout] 3bc5511d97e61352d01cb2dc16d27106aa380c6c4ff2e11c34240445c5effe73
[INFO] running `Command { std: "docker" "create" "-v" "/var/lib/crater-agent-workspace/builds/worker-5-tc2/target:/opt/rustwide/target:rw,Z" "-v" "/var/lib/crater-agent-workspace/builds/worker-5-tc2/source:/opt/rustwide/workdir:ro,Z" "-v" "/var/lib/crater-agent-workspace/cargo-home:/opt/rustwide/cargo-home:ro,Z" "-v" "/var/lib/crater-agent-workspace/rustup-home:/opt/rustwide/rustup-home:ro,Z" "-e" "SOURCE_DIR=/opt/rustwide/workdir" "-e" "CARGO_TARGET_DIR=/opt/rustwide/target" "-e" "CARGO_INCREMENTAL=0" "-e" "RUST_BACKTRACE=full" "-e" "RUSTFLAGS=--cap-lints=forbid -Zrandomize-layout" "-e" "RUSTDOCFLAGS=--cap-lints=forbid" "-e" "CARGO_HOME=/opt/rustwide/cargo-home" "-e" "RUSTUP_HOME=/opt/rustwide/rustup-home" "-w" "/opt/rustwide/workdir" "-m" "1610612736" "--user" "0:0" "--network" "none" "ghcr.io/rust-lang/crates-build-env/linux@sha256:819108c5571ea2e421544af4d832f968d213c87fbe3707a016657f43d2f853bc" "/opt/rustwide/cargo-home/bin/cargo" "+nightly-2025-01-18" "test" "--frozen", kill_on_drop: false }`
[INFO] [stdout] ab5fb88a975cdb81c3088a35d574394ebb7a58bcc1a7d74350f6d90befa8041c
[INFO] running `Command { std: "docker" "start" "-a" "ab5fb88a975cdb81c3088a35d574394ebb7a58bcc1a7d74350f6d90befa8041c", kill_on_drop: false }`
[INFO] [stderr] warning: virtual workspace defaulting to `resolver = "1"` despite one or more workspace members being on edition 2021 which implies `resolver = "2"`
[INFO] [stderr] note: to keep the current resolver, specify `workspace.resolver = "1"` in the workspace root's manifest
[INFO] [stderr] note: to use the edition 2021 resolver, specify `workspace.resolver = "2"` in the workspace root's manifest
[INFO] [stderr] note: for more details see https://doc.rust-lang.org/cargo/reference/resolver.html#resolver-versions
[INFO] [stderr] warning: unnecessary parentheses around index expression
[INFO] [stderr]   --> p2015_09/src/lib.rs:46:27
[INFO] [stderr]    |
[INFO] [stderr] 46 |             let to = path[(i + 1)];
[INFO] [stderr]    |                           ^     ^
[INFO] [stderr]    |
[INFO] [stderr]    = note: `#[warn(unused_parens)]` on by default
[INFO] [stderr] help: remove these parentheses
[INFO] [stderr]    |
[INFO] [stderr] 46 -             let to = path[(i + 1)];
[INFO] [stderr] 46 +             let to = path[i + 1];
[INFO] [stderr]    |
[INFO] [stderr] 
[INFO] [stderr] warning: unnecessary parentheses around index expression
[INFO] [stderr]   --> p2015_09/src/lib.rs:98:27
[INFO] [stderr]    |
[INFO] [stderr] 98 |             let to = path[(i + 1)];
[INFO] [stderr]    |                           ^     ^
[INFO] [stderr]    |
[INFO] [stderr] help: remove these parentheses
[INFO] [stderr]    |
[INFO] [stderr] 98 -             let to = path[(i + 1)];
[INFO] [stderr] 98 +             let to = path[i + 1];
[INFO] [stderr]    |
[INFO] [stderr] 
[INFO] [stderr] warning: `p2015_09` (lib) generated 2 warnings (run `cargo fix --lib -p p2015_09` to apply 2 suggestions)
[INFO] [stderr] warning: `p2015_09` (lib test) generated 2 warnings (2 duplicates)
[INFO] [stderr]     Finished `test` profile [unoptimized + debuginfo] target(s) in 0.05s
[INFO] [stderr]      Running unittests src/lib.rs (/opt/rustwide/target/debug/deps/p2015_01-def81f6d53db197c)
[INFO] [stdout] 
[INFO] [stdout] running 4 tests
[INFO] [stdout] test tests::part_a_works ... ok
[INFO] [stdout] test tests::part_b_works ... ok
[INFO] [stdout] test tests::part_b_result ... ok
[INFO] [stdout] test tests::part_a_result ... ok
[INFO] [stdout] 
[INFO] [stdout] test result: ok. 4 passed; 0 failed; 0 ignored; 0 measured; 0 filtered out; finished in 0.00s
[INFO] [stdout] 
[INFO] [stderr]      Running unittests src/lib.rs (/opt/rustwide/target/debug/deps/p2015_02-f0d4ee460b4b9d6b)
[INFO] [stdout] 
[INFO] [stdout] running 4 tests
[INFO] [stdout] test tests::part_a_works ... ok
[INFO] [stdout] test tests::part_b_works ... ok
[INFO] [stdout] test tests::part_a_result ... ok
[INFO] [stdout] test tests::part_b_result ... ok
[INFO] [stdout] 
[INFO] [stdout] test result: ok. 4 passed; 0 failed; 0 ignored; 0 measured; 0 filtered out; finished in 0.00s
[INFO] [stdout] 
[INFO] [stderr]      Running unittests src/lib.rs (/opt/rustwide/target/debug/deps/p2015_03-65c40d2be3d0248d)
[INFO] [stdout] 
[INFO] [stdout] running 4 tests
[INFO] [stdout] test tests::part_b_works ... ok
[INFO] [stdout] test tests::part_a_works ... ok
[INFO] [stdout] test tests::part_a_result ... ok
[INFO] [stdout] test tests::part_b_result ... ok
[INFO] [stdout] 
[INFO] [stdout] test result: ok. 4 passed; 0 failed; 0 ignored; 0 measured; 0 filtered out; finished in 0.01s
[INFO] [stdout] 
[INFO] [stderr]      Running unittests src/lib.rs (/opt/rustwide/target/debug/deps/p2015_04-b411b42a9a02033a)
[INFO] [stdout] 
[INFO] [stdout] running 3 tests
[INFO] [stdout] test tests::part_a_result ... ok
[INFO] [stdout] test tests::part_a_works ... ok
[INFO] [stdout] test tests::part_b_result ... ok
[INFO] [stdout] 
[INFO] [stdout] test result: ok. 3 passed; 0 failed; 0 ignored; 0 measured; 0 filtered out; finished in 39.15s
[INFO] [stdout] 
[INFO] [stderr]      Running unittests src/lib.rs (/opt/rustwide/target/debug/deps/p2015_05-3e0c4193c22817de)
[INFO] [stdout] 
[INFO] [stdout] running 4 tests
[INFO] [stdout] test tests::part_a_works ... ok
[INFO] [stdout] test tests::part_b_works ... ok
[INFO] [stdout] test tests::part_b_result ... ok
[INFO] [stdout] test tests::part_a_result ... ok
[INFO] [stdout] 
[INFO] [stdout] test result: ok. 4 passed; 0 failed; 0 ignored; 0 measured; 0 filtered out; finished in 0.03s
[INFO] [stdout] 
[INFO] [stderr]      Running unittests src/lib.rs (/opt/rustwide/target/debug/deps/p2015_06-b117c750205c9566)
[INFO] [stdout] 
[INFO] [stdout] running 3 tests
[INFO] [stdout] test tests::part_a_works ... ok
[INFO] [stdout] test tests::part_a_result ... ok
[INFO] [stderr]      Running unittests src/lib.rs (/opt/rustwide/target/debug/deps/p2015_07-409b972fae83f5ef)
[INFO] [stdout] test tests::part_b_result ... ok
[INFO] [stdout] 
[INFO] [stdout] test result: ok. 3 passed; 0 failed; 0 ignored; 0 measured; 0 filtered out; finished in 24.18s
[INFO] [stdout] 
[INFO] [stdout] 
[INFO] [stdout] running 2 tests
[INFO] [stdout] test tests::part_a_result ... ok
[INFO] [stdout] test tests::part_b_result ... ok
[INFO] [stdout] 
[INFO] [stdout] test result: ok. 2 passed; 0 failed; 0 ignored; 0 measured; 0 filtered out; finished in 0.03s
[INFO] [stdout] 
[INFO] [stderr]      Running unittests src/lib.rs (/opt/rustwide/target/debug/deps/p2015_08-fd01998638fe813d)
[INFO] [stdout] 
[INFO] [stdout] running 4 tests
[INFO] [stdout] test tests::part_a_works ... ok
[INFO] [stdout] test tests::part_b_works ... ok
[INFO] [stdout] test tests::part_a_result ... ok
[INFO] [stderr]      Running unittests src/lib.rs (/opt/rustwide/target/debug/deps/p2015_09-84212bdc3c489400)
[INFO] [stdout] test tests::part_b_result ... ok
[INFO] [stdout] 
[INFO] [stdout] test result: ok. 4 passed; 0 failed; 0 ignored; 0 measured; 0 filtered out; finished in 0.02s
[INFO] [stdout] 
[INFO] [stdout] 
[INFO] [stdout] running 4 tests
[INFO] [stdout] test tests::part_a_works ... ok
[INFO] [stdout] test tests::part_b_works ... ok
[INFO] [stdout] test tests::part_a_result ... ok
[INFO] [stdout] test tests::part_b_result ... ok
[INFO] [stdout] 
[INFO] [stdout] test result: ok. 4 passed; 0 failed; 0 ignored; 0 measured; 0 filtered out; finished in 0.38s
[INFO] [stdout] 
[INFO] [stderr]      Running unittests src/lib.rs (/opt/rustwide/target/debug/deps/p2015_10-65df6dc7c0997f02)
[INFO] [stdout] 
[INFO] [stdout] running 2 tests
[INFO] [stdout] test tests::part_a_result ... ok
[INFO] [stdout] test tests::part_b_result ... ok
[INFO] [stdout] 
[INFO] [stdout] test result: ok. 2 passed; 0 failed; 0 ignored; 0 measured; 0 filtered out; finished in 0.27s
[INFO] [stdout] 
[INFO] [stderr]      Running unittests src/lib.rs (/opt/rustwide/target/debug/deps/p2015_11-297c8354cba36b2e)
[INFO] [stdout] 
[INFO] [stdout] running 3 tests
[INFO] [stdout] test tests::part_a_works ... ok
[INFO] [stdout] test tests::part_a_result ... ok
[INFO] [stdout] test tests::part_b_result ... ok
[INFO] [stdout] 
[INFO] [stdout] test result: ok. 3 passed; 0 failed; 0 ignored; 0 measured; 0 filtered out; finished in 1.50s
[INFO] [stdout] 
[INFO] [stderr]      Running unittests src/lib.rs (/opt/rustwide/target/debug/deps/p2015_12-f1621fcbe324aeb2)
[INFO] [stdout] 
[INFO] [stdout] running 2 tests
[INFO] [stdout] test tests::part_b_result ... ok
[INFO] [stdout] test tests::part_a_result ... ok
[INFO] [stderr]      Running unittests src/lib.rs (/opt/rustwide/target/debug/deps/p2015_13-ec644feec976126e)
[INFO] [stdout] 
[INFO] [stdout] test result: ok. 2 passed; 0 failed; 0 ignored; 0 measured; 0 filtered out; finished in 0.00s
[INFO] [stdout] 
[INFO] [stdout] 
[INFO] [stdout] running 3 tests
[INFO] [stdout] test tests::part_a_works ... ok
[INFO] [stdout] test tests::part_a_result ... ok
[INFO] [stdout] test tests::part_b_result ... ok
[INFO] [stdout] 
[INFO] [stdout] test result: ok. 3 passed; 0 failed; 0 ignored; 0 measured; 0 filtered out; finished in 4.84s
[INFO] [stdout] 
[INFO] [stderr]      Running unittests src/lib.rs (/opt/rustwide/target/debug/deps/p2015_14-a96148e78779f897)
[INFO] [stdout] 
[INFO] [stdout] running 4 tests
[INFO] [stdout] test tests::part_a_result ... ok
[INFO] [stdout] test tests::part_a_works ... ok
[INFO] [stdout] test tests::part_b_works ... ok
[INFO] [stdout] test tests::part_b_result ... ok
[INFO] [stdout] 
[INFO] [stdout] test result: ok. 4 passed; 0 failed; 0 ignored; 0 measured; 0 filtered out; finished in 0.01s
[INFO] [stdout] 
[INFO] [stderr]      Running unittests src/lib.rs (/opt/rustwide/target/debug/deps/p2015_15-8ecfcf7ca542ea6e)
[INFO] [stdout] 
[INFO] [stdout] running 2 tests
[INFO] [stdout] test tests::part_b_result ... ok
[INFO] [stdout] test tests::part_a_result ... ok
[INFO] [stdout] 
[INFO] [stdout] test result: ok. 2 passed; 0 failed; 0 ignored; 0 measured; 0 filtered out; finished in 4.79s
[INFO] [stdout] 
[INFO] [stderr]      Running unittests src/lib.rs (/opt/rustwide/target/debug/deps/p2015_16-13ff8cf8303fc3b2)
[INFO] [stdout] 
[INFO] [stdout] running 2 tests
[INFO] [stdout] test tests::part_a_result ... ok
[INFO] [stdout] test tests::part_b_result ... ok
[INFO] [stdout] 
[INFO] [stdout] test result: ok. 2 passed; 0 failed; 0 ignored; 0 measured; 0 filtered out; finished in 0.01s
[INFO] [stdout] 
[INFO] [stderr]      Running unittests src/lib.rs (/opt/rustwide/target/debug/deps/p2015_17-8c9dca79ecf348fe)
[INFO] [stdout] 
[INFO] [stdout] running 4 tests
[INFO] [stdout] test tests::part_a_works ... ok
[INFO] [stdout] test tests::part_b_works ... ok
[INFO] [stdout] test tests::part_a_result ... ok
[INFO] [stdout] test tests::part_b_result ... ok
[INFO] [stdout] 
[INFO] [stdout] test result: ok. 4 passed; 0 failed; 0 ignored; 0 measured; 0 filtered out; finished in 0.04s
[INFO] [stdout] 
[INFO] [stderr]      Running unittests src/lib.rs (/opt/rustwide/target/debug/deps/p2015_18-41578bf12385604b)
[INFO] [stdout] 
[INFO] [stdout] running 4 tests
[INFO] [stdout] test tests::part_b_works ... ok
[INFO] [stdout] test tests::part_a_works ... ok
[INFO] [stdout] test tests::part_a_result ... ok
[INFO] [stdout] test tests::part_b_result ... ok
[INFO] [stdout] 
[INFO] [stdout] test result: ok. 4 passed; 0 failed; 0 ignored; 0 measured; 0 filtered out; finished in 11.57s
[INFO] [stdout] 
[INFO] [stderr]      Running unittests src/lib.rs (/opt/rustwide/target/debug/deps/p2015_19-573da7bfa7c1b313)
[INFO] [stdout] 
[INFO] [stdout] running 4 tests
[INFO] [stdout] test tests::part_a_works ... FAILED
[INFO] [stdout] test tests::part_a_result ... FAILED
[INFO] [stdout] test tests::part_b_works ... FAILED
[INFO] [stdout] test tests::part_b_result ... FAILED
[INFO] [stdout] 
[INFO] [stdout] failures:
[INFO] [stdout] 
[INFO] [stdout] ---- tests::part_a_works stdout ----
[INFO] [stdout] 
[INFO] [stdout] thread 'tests::part_a_works' panicked at p2015_19/src/lib.rs:16:29:
[INFO] [stdout] called `Option::unwrap()` on a `None` value
[INFO] [stdout] stack backtrace:
[INFO] [stdout]    0:     0x55de466d647a - std::backtrace_rs::backtrace::libunwind::trace::hb059275cfc8d6126
[INFO] [stdout]                                at /rustc/6067b36314ab5eb2eb47cecc464545ba58e1ad24/library/std/src/../../backtrace/src/backtrace/libunwind.rs:116:5
[INFO] [stdout]    1:     0x55de466d647a - std::backtrace_rs::backtrace::trace_unsynchronized::h2da071e4327ce3ee
[INFO] [stdout]                                at /rustc/6067b36314ab5eb2eb47cecc464545ba58e1ad24/library/std/src/../../backtrace/src/backtrace/mod.rs:66:5
[INFO] [stdout]    2:     0x55de466d647a - std::sys::backtrace::_print_fmt::h842a1474e6f8d23f
[INFO] [stdout]                                at /rustc/6067b36314ab5eb2eb47cecc464545ba58e1ad24/library/std/src/sys/backtrace.rs:66:9
[INFO] [stdout]    3:     0x55de466d647a - <std::sys::backtrace::BacktraceLock::print::DisplayBacktrace as core::fmt::Display>::fmt::h71a62eb3b9696b12
[INFO] [stdout]                                at /rustc/6067b36314ab5eb2eb47cecc464545ba58e1ad24/library/std/src/sys/backtrace.rs:39:26
[INFO] [stdout]    4:     0x55de466fda23 - core::fmt::rt::Argument::fmt::hdb6b616786b41dc1
[INFO] [stdout]                                at /rustc/6067b36314ab5eb2eb47cecc464545ba58e1ad24/library/core/src/fmt/rt.rs:177:76
[INFO] [stdout]    5:     0x55de466fda23 - core::fmt::write::h2cc1698af7e2d686
[INFO] [stdout]                                at /rustc/6067b36314ab5eb2eb47cecc464545ba58e1ad24/library/core/src/fmt/mod.rs:1440:21
[INFO] [stdout]    6:     0x55de466d2fd3 - std::io::Write::write_fmt::hab1b4cd059a79022
[INFO] [stdout]                                at /rustc/6067b36314ab5eb2eb47cecc464545ba58e1ad24/library/std/src/io/mod.rs:1887:15
[INFO] [stdout]    7:     0x55de466d62c2 - std::sys::backtrace::BacktraceLock::print::h147fe35b4ea13b08
[INFO] [stdout]                                at /rustc/6067b36314ab5eb2eb47cecc464545ba58e1ad24/library/std/src/sys/backtrace.rs:42:9
[INFO] [stdout]    8:     0x55de466d789f - std::panicking::default_hook::{{closure}}::hbd44223dbdc0d208
[INFO] [stdout]                                at /rustc/6067b36314ab5eb2eb47cecc464545ba58e1ad24/library/std/src/panicking.rs:298:22
[INFO] [stdout]    9:     0x55de466d76b8 - std::panicking::default_hook::h20f81eb0576efcec
[INFO] [stdout]                                at /rustc/6067b36314ab5eb2eb47cecc464545ba58e1ad24/library/std/src/panicking.rs:322:9
[INFO] [stdout]   10:     0x55de466a04d3 - <alloc::boxed::Box<F,A> as core::ops::function::Fn<Args>>::call::hdb53814c496a4d34
[INFO] [stdout]                                at /rustc/6067b36314ab5eb2eb47cecc464545ba58e1ad24/library/alloc/src/boxed.rs:2027:9
[INFO] [stdout]   11:     0x55de466a04d3 - test::test_main::{{closure}}::hc0a4963c59427c24
[INFO] [stdout]                                at /rustc/6067b36314ab5eb2eb47cecc464545ba58e1ad24/library/test/src/lib.rs:134:21
[INFO] [stdout]   12:     0x55de466d8393 - <alloc::boxed::Box<F,A> as core::ops::function::Fn<Args>>::call::h591b2225413a77e9
[INFO] [stdout]                                at /rustc/6067b36314ab5eb2eb47cecc464545ba58e1ad24/library/alloc/src/boxed.rs:2027:9
[INFO] [stdout]   13:     0x55de466d8393 - std::panicking::rust_panic_with_hook::h625eea43051b2edc
[INFO] [stdout]                                at /rustc/6067b36314ab5eb2eb47cecc464545ba58e1ad24/library/std/src/panicking.rs:839:13
[INFO] [stdout]   14:     0x55de466d8016 - std::panicking::begin_panic_handler::{{closure}}::h4f9159cfbc3f6bd3
[INFO] [stdout]                                at /rustc/6067b36314ab5eb2eb47cecc464545ba58e1ad24/library/std/src/panicking.rs:697:13
[INFO] [stdout]   15:     0x55de466d6979 - std::sys::backtrace::__rust_end_short_backtrace::h0390abce48353151
[INFO] [stdout]                                at /rustc/6067b36314ab5eb2eb47cecc464545ba58e1ad24/library/std/src/sys/backtrace.rs:168:18
[INFO] [stdout]   16:     0x55de466d7cdd - rust_begin_unwind
[INFO] [stdout]                                at /rustc/6067b36314ab5eb2eb47cecc464545ba58e1ad24/library/std/src/panicking.rs:695:5
[INFO] [stdout]   17:     0x55de466fc4d0 - core::panicking::panic_fmt::h9e7c637e9e5f29c9
[INFO] [stdout]                                at /rustc/6067b36314ab5eb2eb47cecc464545ba58e1ad24/library/core/src/panicking.rs:75:14
[INFO] [stdout]   18:     0x55de466fc55c - core::panicking::panic::haa3255ea20181a33
[INFO] [stdout]                                at /rustc/6067b36314ab5eb2eb47cecc464545ba58e1ad24/library/core/src/panicking.rs:145:5
[INFO] [stdout]   19:     0x55de466fc449 - core::option::unwrap_failed::h5e50c20db1c9e8f1
[INFO] [stdout]                                at /rustc/6067b36314ab5eb2eb47cecc464545ba58e1ad24/library/core/src/option.rs:2015:5
[INFO] [stdout]   20:     0x55de466592bc - core::option::Option<T>::unwrap::hb3e48a9f34b3cd51
[INFO] [stdout]                                at /rustc/6067b36314ab5eb2eb47cecc464545ba58e1ad24/library/core/src/option.rs:978:21
[INFO] [stdout]   21:     0x55de466592bc - p2015_19::parse_input::ha715221660997bd5
[INFO] [stdout]                                at /opt/rustwide/workdir/p2015_19/src/lib.rs:16:16
[INFO] [stdout]   22:     0x55de46659a67 - p2015_19::part_a::h62755fda604ac101
[INFO] [stdout]                                at /opt/rustwide/workdir/p2015_19/src/lib.rs:37:27
[INFO] [stdout]   23:     0x55de4665a5ea - p2015_19::tests::part_a_works::hf6e553000492d006
[INFO] [stdout]                                at /opt/rustwide/workdir/p2015_19/src/lib.rs:85:20
[INFO] [stdout]   24:     0x55de4665a5a7 - p2015_19::tests::part_a_works::{{closure}}::h48ec09a146f7c594
[INFO] [stdout]                                at /opt/rustwide/workdir/p2015_19/src/lib.rs:83:22
[INFO] [stdout]   25:     0x55de46663bb6 - core::ops::function::FnOnce::call_once::he46509a7815d9fbd
[INFO] [stdout]                                at /rustc/6067b36314ab5eb2eb47cecc464545ba58e1ad24/library/core/src/ops/function.rs:250:5
[INFO] [stdout]   26:     0x55de466a5c2b - core::ops::function::FnOnce::call_once::he27718dfdd183f43
[INFO] [stdout]                                at /rustc/6067b36314ab5eb2eb47cecc464545ba58e1ad24/library/core/src/ops/function.rs:250:5
[INFO] [stdout]   27:     0x55de466a5c2b - test::__rust_begin_short_backtrace::h4e84902998457a5d
[INFO] [stdout]                                at /rustc/6067b36314ab5eb2eb47cecc464545ba58e1ad24/library/test/src/lib.rs:632:18
[INFO] [stdout]   28:     0x55de466a4b63 - test::run_test_in_process::{{closure}}::h7176fd18fc1feca0
[INFO] [stdout]                                at /rustc/6067b36314ab5eb2eb47cecc464545ba58e1ad24/library/test/src/lib.rs:655:60
[INFO] [stdout]   29:     0x55de466a4b63 - <core::panic::unwind_safe::AssertUnwindSafe<F> as core::ops::function::FnOnce<()>>::call_once::hf79cff2a624d8cf7
[INFO] [stdout]                                at /rustc/6067b36314ab5eb2eb47cecc464545ba58e1ad24/library/core/src/panic/unwind_safe.rs:272:9
[INFO] [stdout]   30:     0x55de466a4b63 - std::panicking::try::do_call::h3da0561d9ab99c25
[INFO] [stdout]                                at /rustc/6067b36314ab5eb2eb47cecc464545ba58e1ad24/library/std/src/panicking.rs:587:40
[INFO] [stdout]   31:     0x55de466a4b63 - std::panicking::try::h41c9fa508bc61df6
[INFO] [stdout]                                at /rustc/6067b36314ab5eb2eb47cecc464545ba58e1ad24/library/std/src/panicking.rs:550:19
[INFO] [stdout]   32:     0x55de466a4b63 - std::panic::catch_unwind::h6b3ff07bb5afad93
[INFO] [stdout]                                at /rustc/6067b36314ab5eb2eb47cecc464545ba58e1ad24/library/std/src/panic.rs:358:14
[INFO] [stdout]   33:     0x55de466a4b63 - test::run_test_in_process::hc7253dd11b39b9f4
[INFO] [stdout]                                at /rustc/6067b36314ab5eb2eb47cecc464545ba58e1ad24/library/test/src/lib.rs:655:27
[INFO] [stdout]   34:     0x55de466a4b63 - test::run_test::{{closure}}::hfb2007f8649c30bb
[INFO] [stdout]                                at /rustc/6067b36314ab5eb2eb47cecc464545ba58e1ad24/library/test/src/lib.rs:576:43
[INFO] [stdout]   35:     0x55de46667c45 - test::run_test::{{closure}}::h56a17aa7a282a9f4
[INFO] [stdout]                                at /rustc/6067b36314ab5eb2eb47cecc464545ba58e1ad24/library/test/src/lib.rs:606:41
[INFO] [stdout]   36:     0x55de46667c45 - std::sys::backtrace::__rust_begin_short_backtrace::hd2d2d2fb8e8c6aac
[INFO] [stdout]                                at /rustc/6067b36314ab5eb2eb47cecc464545ba58e1ad24/library/std/src/sys/backtrace.rs:152:18
[INFO] [stdout]   37:     0x55de4666b52a - std::thread::Builder::spawn_unchecked_::{{closure}}::{{closure}}::h4faa3f9db6133423
[INFO] [stdout]                                at /rustc/6067b36314ab5eb2eb47cecc464545ba58e1ad24/library/std/src/thread/mod.rs:559:17
[INFO] [stdout]   38:     0x55de4666b52a - <core::panic::unwind_safe::AssertUnwindSafe<F> as core::ops::function::FnOnce<()>>::call_once::hf2e855a36a4ea846
[INFO] [stdout]                                at /rustc/6067b36314ab5eb2eb47cecc464545ba58e1ad24/library/core/src/panic/unwind_safe.rs:272:9
[INFO] [stdout]   39:     0x55de4666b52a - std::panicking::try::do_call::h2f73af3616c35465
[INFO] [stdout]                                at /rustc/6067b36314ab5eb2eb47cecc464545ba58e1ad24/library/std/src/panicking.rs:587:40
[INFO] [stdout]   40:     0x55de4666b52a - std::panicking::try::hd1660ce9efadef5a
[INFO] [stdout]                                at /rustc/6067b36314ab5eb2eb47cecc464545ba58e1ad24/library/std/src/panicking.rs:550:19
[INFO] [stdout]   41:     0x55de4666b52a - std::panic::catch_unwind::h5ee8d7823b8ca744
[INFO] [stdout]                                at /rustc/6067b36314ab5eb2eb47cecc464545ba58e1ad24/library/std/src/panic.rs:358:14
[INFO] [stdout]   42:     0x55de4666b52a - std::thread::Builder::spawn_unchecked_::{{closure}}::h53c3a1894dce8407
[INFO] [stdout]                                at /rustc/6067b36314ab5eb2eb47cecc464545ba58e1ad24/library/std/src/thread/mod.rs:557:30
[INFO] [stdout]   43:     0x55de4666b52a - core::ops::function::FnOnce::call_once{{vtable.shim}}::h048ce291ad4f62bf
[INFO] [stdout]                                at /rustc/6067b36314ab5eb2eb47cecc464545ba58e1ad24/library/core/src/ops/function.rs:250:5
[INFO] [stdout]   44:     0x55de466dc2cb - <alloc::boxed::Box<F,A> as core::ops::function::FnOnce<Args>>::call_once::ha52bedf99a3b4981
[INFO] [stdout]                                at /rustc/6067b36314ab5eb2eb47cecc464545ba58e1ad24/library/alloc/src/boxed.rs:2013:9
[INFO] [stdout]   45:     0x55de466dc2cb - <alloc::boxed::Box<F,A> as core::ops::function::FnOnce<Args>>::call_once::h567748934d80ccf8
[INFO] [stdout]                                at /rustc/6067b36314ab5eb2eb47cecc464545ba58e1ad24/library/alloc/src/boxed.rs:2013:9
[INFO] [stdout]   46:     0x55de466dc2cb - std::sys::pal::unix::thread::Thread::new::thread_start::h2d970728ae887adc
[INFO] [stdout]                                at /rustc/6067b36314ab5eb2eb47cecc464545ba58e1ad24/library/std/src/sys/pal/unix/thread.rs:106:17
[INFO] [stdout]   47:     0x7712fb438ac3 - <unknown>
[INFO] [stdout]   48:     0x7712fb4c9a04 - clone
[INFO] [stdout]   49:                0x0 - <unknown>
[INFO] [stdout] 
[INFO] [stdout] ---- tests::part_a_result stdout ----
[INFO] [stdout] 
[INFO] [stdout] thread 'tests::part_a_result' panicked at p2015_19/src/lib.rs:16:29:
[INFO] [stdout] called `Option::unwrap()` on a `None` value
[INFO] [stdout] stack backtrace:
[INFO] [stdout]    0:     0x55de466d647a - std::backtrace_rs::backtrace::libunwind::trace::hb059275cfc8d6126
[INFO] [stdout]                                at /rustc/6067b36314ab5eb2eb47cecc464545ba58e1ad24/library/std/src/../../backtrace/src/backtrace/libunwind.rs:116:5
[INFO] [stdout]    1:     0x55de466d647a - std::backtrace_rs::backtrace::trace_unsynchronized::h2da071e4327ce3ee
[INFO] [stdout]                                at /rustc/6067b36314ab5eb2eb47cecc464545ba58e1ad24/library/std/src/../../backtrace/src/backtrace/mod.rs:66:5
[INFO] [stdout]    2:     0x55de466d647a - std::sys::backtrace::_print_fmt::h842a1474e6f8d23f
[INFO] [stdout]                                at /rustc/6067b36314ab5eb2eb47cecc464545ba58e1ad24/library/std/src/sys/backtrace.rs:66:9
[INFO] [stdout]    3:     0x55de466d647a - <std::sys::backtrace::BacktraceLock::print::DisplayBacktrace as core::fmt::Display>::fmt::h71a62eb3b9696b12
[INFO] [stdout]                                at /rustc/6067b36314ab5eb2eb47cecc464545ba58e1ad24/library/std/src/sys/backtrace.rs:39:26
[INFO] [stdout]    4:     0x55de466fda23 - core::fmt::rt::Argument::fmt::hdb6b616786b41dc1
[INFO] [stdout]                                at /rustc/6067b36314ab5eb2eb47cecc464545ba58e1ad24/library/core/src/fmt/rt.rs:177:76
[INFO] [stdout]    5:     0x55de466fda23 - core::fmt::write::h2cc1698af7e2d686
[INFO] [stdout]                                at /rustc/6067b36314ab5eb2eb47cecc464545ba58e1ad24/library/core/src/fmt/mod.rs:1440:21
[INFO] [stdout]    6:     0x55de466d2fd3 - std::io::Write::write_fmt::hab1b4cd059a79022
[INFO] [stdout]                                at /rustc/6067b36314ab5eb2eb47cecc464545ba58e1ad24/library/std/src/io/mod.rs:1887:15
[INFO] [stdout]    7:     0x55de466d62c2 - std::sys::backtrace::BacktraceLock::print::h147fe35b4ea13b08
[INFO] [stdout]                                at /rustc/6067b36314ab5eb2eb47cecc464545ba58e1ad24/library/std/src/sys/backtrace.rs:42:9
[INFO] [stdout]    8:     0x55de466d789f - std::panicking::default_hook::{{closure}}::hbd44223dbdc0d208
[INFO] [stdout]                                at /rustc/6067b36314ab5eb2eb47cecc464545ba58e1ad24/library/std/src/panicking.rs:298:22
[INFO] [stdout]    9:     0x55de466d76b8 - std::panicking::default_hook::h20f81eb0576efcec
[INFO] [stdout]                                at /rustc/6067b36314ab5eb2eb47cecc464545ba58e1ad24/library/std/src/panicking.rs:322:9
[INFO] [stdout]   10:     0x55de466a04d3 - <alloc::boxed::Box<F,A> as core::ops::function::Fn<Args>>::call::hdb53814c496a4d34
[INFO] [stdout]                                at /rustc/6067b36314ab5eb2eb47cecc464545ba58e1ad24/library/alloc/src/boxed.rs:2027:9
[INFO] [stdout]   11:     0x55de466a04d3 - test::test_main::{{closure}}::hc0a4963c59427c24
[INFO] [stdout]                                at /rustc/6067b36314ab5eb2eb47cecc464545ba58e1ad24/library/test/src/lib.rs:134:21
[INFO] [stdout]   12:     0x55de466d8393 - <alloc::boxed::Box<F,A> as core::ops::function::Fn<Args>>::call::h591b2225413a77e9
[INFO] [stdout]                                at /rustc/6067b36314ab5eb2eb47cecc464545ba58e1ad24/library/alloc/src/boxed.rs:2027:9
[INFO] [stdout]   13:     0x55de466d8393 - std::panicking::rust_panic_with_hook::h625eea43051b2edc
[INFO] [stdout]                                at /rustc/6067b36314ab5eb2eb47cecc464545ba58e1ad24/library/std/src/panicking.rs:839:13
[INFO] [stdout]   14:     0x55de466d8016 - std::panicking::begin_panic_handler::{{closure}}::h4f9159cfbc3f6bd3
[INFO] [stdout]                                at /rustc/6067b36314ab5eb2eb47cecc464545ba58e1ad24/library/std/src/panicking.rs:697:13
[INFO] [stdout]   15:     0x55de466d6979 - std::sys::backtrace::__rust_end_short_backtrace::h0390abce48353151
[INFO] [stdout]                                at /rustc/6067b36314ab5eb2eb47cecc464545ba58e1ad24/library/std/src/sys/backtrace.rs:168:18
[INFO] [stdout]   16:     0x55de466d7cdd - rust_begin_unwind
[INFO] [stdout]                                at /rustc/6067b36314ab5eb2eb47cecc464545ba58e1ad24/library/std/src/panicking.rs:695:5
[INFO] [stdout]   17:     0x55de466fc4d0 - core::panicking::panic_fmt::h9e7c637e9e5f29c9
[INFO] [stdout]                                at /rustc/6067b36314ab5eb2eb47cecc464545ba58e1ad24/library/core/src/panicking.rs:75:14
[INFO] [stdout]   18:     0x55de466fc55c - core::panicking::panic::haa3255ea20181a33
[INFO] [stdout]                                at /rustc/6067b36314ab5eb2eb47cecc464545ba58e1ad24/library/core/src/panicking.rs:145:5
[INFO] [stdout]   19:     0x55de466fc449 - core::option::unwrap_failed::h5e50c20db1c9e8f1
[INFO] [stdout]                                at /rustc/6067b36314ab5eb2eb47cecc464545ba58e1ad24/library/core/src/option.rs:2015:5
[INFO] [stdout]   20:     0x55de466592bc - core::option::Option<T>::unwrap::hb3e48a9f34b3cd51
[INFO] [stdout]                                at /rustc/6067b36314ab5eb2eb47cecc464545ba58e1ad24/library/core/src/option.rs:978:21
[INFO] [stdout]   21:     0x55de466592bc - p2015_19::parse_input::ha715221660997bd5
[INFO] [stdout]                                at /opt/rustwide/workdir/p2015_19/src/lib.rs:16:16
[INFO] [stdout]   22:     0x55de46659a67 - p2015_19::part_a::h62755fda604ac101
[INFO] [stdout]                                at /opt/rustwide/workdir/p2015_19/src/lib.rs:37:27
[INFO] [stdout]   23:     0x55de4665a6aa - p2015_19::tests::part_a_result::h588be724ed51fec8
[INFO] [stdout]                                at /opt/rustwide/workdir/p2015_19/src/lib.rs:91:20
[INFO] [stdout]   24:     0x55de4665a667 - p2015_19::tests::part_a_result::{{closure}}::h4c5bac261557bc4e
[INFO] [stdout]                                at /opt/rustwide/workdir/p2015_19/src/lib.rs:89:23
[INFO] [stdout]   25:     0x55de46663926 - core::ops::function::FnOnce::call_once::h555a17df6ee1f527
[INFO] [stdout]                                at /rustc/6067b36314ab5eb2eb47cecc464545ba58e1ad24/library/core/src/ops/function.rs:250:5
[INFO] [stdout]   26:     0x55de466a5c2b - core::ops::function::FnOnce::call_once::he27718dfdd183f43
[INFO] [stdout]                                at /rustc/6067b36314ab5eb2eb47cecc464545ba58e1ad24/library/core/src/ops/function.rs:250:5
[INFO] [stdout]   27:     0x55de466a5c2b - test::__rust_begin_short_backtrace::h4e84902998457a5d
[INFO] [stdout]                                at /rustc/6067b36314ab5eb2eb47cecc464545ba58e1ad24/library/test/src/lib.rs:632:18
[INFO] [stdout]   28:     0x55de466a4b63 - test::run_test_in_process::{{closure}}::h7176fd18fc1feca0
[INFO] [stdout]                                at /rustc/6067b36314ab5eb2eb47cecc464545ba58e1ad24/library/test/src/lib.rs:655:60
[INFO] [stdout]   29:     0x55de466a4b63 - <core::panic::unwind_safe::AssertUnwindSafe<F> as core::ops::function::FnOnce<()>>::call_once::hf79cff2a624d8cf7
[INFO] [stdout]                                at /rustc/6067b36314ab5eb2eb47cecc464545ba58e1ad24/library/core/src/panic/unwind_safe.rs:272:9
[INFO] [stdout]   30:     0x55de466a4b63 - std::panicking::try::do_call::h3da0561d9ab99c25
[INFO] [stdout]                                at /rustc/6067b36314ab5eb2eb47cecc464545ba58e1ad24/library/std/src/panicking.rs:587:40
[INFO] [stdout]   31:     0x55de466a4b63 - std::panicking::try::h41c9fa508bc61df6
[INFO] [stdout]                                at /rustc/6067b36314ab5eb2eb47cecc464545ba58e1ad24/library/std/src/panicking.rs:550:19
[INFO] [stdout]   32:     0x55de466a4b63 - std::panic::catch_unwind::h6b3ff07bb5afad93
[INFO] [stdout]                                at /rustc/6067b36314ab5eb2eb47cecc464545ba58e1ad24/library/std/src/panic.rs:358:14
[INFO] [stdout]   33:     0x55de466a4b63 - test::run_test_in_process::hc7253dd11b39b9f4
[INFO] [stdout]                                at /rustc/6067b36314ab5eb2eb47cecc464545ba58e1ad24/library/test/src/lib.rs:655:27
[INFO] [stdout]   34:     0x55de466a4b63 - test::run_test::{{closure}}::hfb2007f8649c30bb
[INFO] [stdout]                                at /rustc/6067b36314ab5eb2eb47cecc464545ba58e1ad24/library/test/src/lib.rs:576:43
[INFO] [stdout]   35:     0x55de46667c45 - test::run_test::{{closure}}::h56a17aa7a282a9f4
[INFO] [stdout]                                at /rustc/6067b36314ab5eb2eb47cecc464545ba58e1ad24/library/test/src/lib.rs:606:41
[INFO] [stdout]   36:     0x55de46667c45 - std::sys::backtrace::__rust_begin_short_backtrace::hd2d2d2fb8e8c6aac
[INFO] [stdout]                                at /rustc/6067b36314ab5eb2eb47cecc464545ba58e1ad24/library/std/src/sys/backtrace.rs:152:18
[INFO] [stdout]   37:     0x55de4666b52a - std::thread::Builder::spawn_unchecked_::{{closure}}::{{closure}}::h4faa3f9db6133423
[INFO] [stdout]                                at /rustc/6067b36314ab5eb2eb47cecc464545ba58e1ad24/library/std/src/thread/mod.rs:559:17
[INFO] [stdout]   38:     0x55de4666b52a - <core::panic::unwind_safe::AssertUnwindSafe<F> as core::ops::function::FnOnce<()>>::call_once::hf2e855a36a4ea846
[INFO] [stdout]                                at /rustc/6067b36314ab5eb2eb47cecc464545ba58e1ad24/library/core/src/panic/unwind_safe.rs:272:9
[INFO] [stdout]   39:     0x55de4666b52a - std::panicking::try::do_call::h2f73af3616c35465
[INFO] [stdout]                                at /rustc/6067b36314ab5eb2eb47cecc464545ba58e1ad24/library/std/src/panicking.rs:587:40
[INFO] [stdout]   40:     0x55de4666b52a - std::panicking::try::hd1660ce9efadef5a
[INFO] [stdout]                                at /rustc/6067b36314ab5eb2eb47cecc464545ba58e1ad24/library/std/src/panicking.rs:550:19
[INFO] [stdout]   41:     0x55de4666b52a - std::panic::catch_unwind::h5ee8d7823b8ca744
[INFO] [stdout]                                at /rustc/6067b36314ab5eb2eb47cecc464545ba58e1ad24/library/std/src/panic.rs:358:14
[INFO] [stdout]   42:     0x55de4666b52a - std::thread::Builder::spawn_unchecked_::{{closure}}::h53c3a1894dce8407
[INFO] [stdout]                                at /rustc/6067b36314ab5eb2eb47cecc464545ba58e1ad24/library/std/src/thread/mod.rs:557:30
[INFO] [stderr] error: test failed, to rerun pass `-p p2015_19 --lib`
[INFO] [stdout]   43:     0x55de4666b52a - core::ops::function::FnOnce::call_once{{vtable.shim}}::h048ce291ad4f62bf
[INFO] [stdout]                                at /rustc/6067b36314ab5eb2eb47cecc464545ba58e1ad24/library/core/src/ops/function.rs:250:5
[INFO] [stdout]   44:     0x55de466dc2cb - <alloc::boxed::Box<F,A> as core::ops::function::FnOnce<Args>>::call_once::ha52bedf99a3b4981
[INFO] [stdout]                                at /rustc/6067b36314ab5eb2eb47cecc464545ba58e1ad24/library/alloc/src/boxed.rs:2013:9
[INFO] [stdout]   45:     0x55de466dc2cb - <alloc::boxed::Box<F,A> as core::ops::function::FnOnce<Args>>::call_once::h567748934d80ccf8
[INFO] [stdout]                                at /rustc/6067b36314ab5eb2eb47cecc464545ba58e1ad24/library/alloc/src/boxed.rs:2013:9
[INFO] [stdout]   46:     0x55de466dc2cb - std::sys::pal::unix::thread::Thread::new::thread_start::h2d970728ae887adc
[INFO] [stdout]                                at /rustc/6067b36314ab5eb2eb47cecc464545ba58e1ad24/library/std/src/sys/pal/unix/thread.rs:106:17
[INFO] [stdout]   47:     0x7712fb438ac3 - <unknown>
[INFO] [stdout]   48:     0x7712fb4c9a04 - clone
[INFO] [stdout]   49:                0x0 - <unknown>
[INFO] [stdout] 
[INFO] [stdout] ---- tests::part_b_works stdout ----
[INFO] [stdout] 
[INFO] [stdout] thread 'tests::part_b_works' panicked at p2015_19/src/lib.rs:53:29:
[INFO] [stdout] called `Option::unwrap()` on a `None` value
[INFO] [stdout] stack backtrace:
[INFO] [stdout]    0:     0x55de466d647a - std::backtrace_rs::backtrace::libunwind::trace::hb059275cfc8d6126
[INFO] [stdout]                                at /rustc/6067b36314ab5eb2eb47cecc464545ba58e1ad24/library/std/src/../../backtrace/src/backtrace/libunwind.rs:116:5
[INFO] [stdout]    1:     0x55de466d647a - std::backtrace_rs::backtrace::trace_unsynchronized::h2da071e4327ce3ee
[INFO] [stdout]                                at /rustc/6067b36314ab5eb2eb47cecc464545ba58e1ad24/library/std/src/../../backtrace/src/backtrace/mod.rs:66:5
[INFO] [stdout]    2:     0x55de466d647a - std::sys::backtrace::_print_fmt::h842a1474e6f8d23f
[INFO] [stdout]                                at /rustc/6067b36314ab5eb2eb47cecc464545ba58e1ad24/library/std/src/sys/backtrace.rs:66:9
[INFO] [stdout]    3:     0x55de466d647a - <std::sys::backtrace::BacktraceLock::print::DisplayBacktrace as core::fmt::Display>::fmt::h71a62eb3b9696b12
[INFO] [stdout]                                at /rustc/6067b36314ab5eb2eb47cecc464545ba58e1ad24/library/std/src/sys/backtrace.rs:39:26
[INFO] [stdout]    4:     0x55de466fda23 - core::fmt::rt::Argument::fmt::hdb6b616786b41dc1
[INFO] [stdout]                                at /rustc/6067b36314ab5eb2eb47cecc464545ba58e1ad24/library/core/src/fmt/rt.rs:177:76
[INFO] [stdout]    5:     0x55de466fda23 - core::fmt::write::h2cc1698af7e2d686
[INFO] [stdout]                                at /rustc/6067b36314ab5eb2eb47cecc464545ba58e1ad24/library/core/src/fmt/mod.rs:1440:21
[INFO] [stdout]    6:     0x55de466d2fd3 - std::io::Write::write_fmt::hab1b4cd059a79022
[INFO] [stdout]                                at /rustc/6067b36314ab5eb2eb47cecc464545ba58e1ad24/library/std/src/io/mod.rs:1887:15
[INFO] [stdout]    7:     0x55de466d62c2 - std::sys::backtrace::BacktraceLock::print::h147fe35b4ea13b08
[INFO] [stdout]                                at /rustc/6067b36314ab5eb2eb47cecc464545ba58e1ad24/library/std/src/sys/backtrace.rs:42:9
[INFO] [stdout]    8:     0x55de466d789f - std::panicking::default_hook::{{closure}}::hbd44223dbdc0d208
[INFO] [stdout]                                at /rustc/6067b36314ab5eb2eb47cecc464545ba58e1ad24/library/std/src/panicking.rs:298:22
[INFO] [stdout]    9:     0x55de466d76b8 - std::panicking::default_hook::h20f81eb0576efcec
[INFO] [stdout]                                at /rustc/6067b36314ab5eb2eb47cecc464545ba58e1ad24/library/std/src/panicking.rs:322:9
[INFO] [stdout]   10:     0x55de466a04d3 - <alloc::boxed::Box<F,A> as core::ops::function::Fn<Args>>::call::hdb53814c496a4d34
[INFO] [stdout]                                at /rustc/6067b36314ab5eb2eb47cecc464545ba58e1ad24/library/alloc/src/boxed.rs:2027:9
[INFO] [stdout]   11:     0x55de466a04d3 - test::test_main::{{closure}}::hc0a4963c59427c24
[INFO] [stdout]                                at /rustc/6067b36314ab5eb2eb47cecc464545ba58e1ad24/library/test/src/lib.rs:134:21
[INFO] [stdout]   12:     0x55de466d8393 - <alloc::boxed::Box<F,A> as core::ops::function::Fn<Args>>::call::h591b2225413a77e9
[INFO] [stdout]                                at /rustc/6067b36314ab5eb2eb47cecc464545ba58e1ad24/library/alloc/src/boxed.rs:2027:9
[INFO] [stdout]   13:     0x55de466d8393 - std::panicking::rust_panic_with_hook::h625eea43051b2edc
[INFO] [stdout]                                at /rustc/6067b36314ab5eb2eb47cecc464545ba58e1ad24/library/std/src/panicking.rs:839:13
[INFO] [stdout]   14:     0x55de466d8016 - std::panicking::begin_panic_handler::{{closure}}::h4f9159cfbc3f6bd3
[INFO] [stdout]                                at /rustc/6067b36314ab5eb2eb47cecc464545ba58e1ad24/library/std/src/panicking.rs:697:13
[INFO] [stdout]   15:     0x55de466d6979 - std::sys::backtrace::__rust_end_short_backtrace::h0390abce48353151
[INFO] [stdout]                                at /rustc/6067b36314ab5eb2eb47cecc464545ba58e1ad24/library/std/src/sys/backtrace.rs:168:18
[INFO] [stdout]   16:     0x55de466d7cdd - rust_begin_unwind
[INFO] [stdout]                                at /rustc/6067b36314ab5eb2eb47cecc464545ba58e1ad24/library/std/src/panicking.rs:695:5
[INFO] [stdout]   17:     0x55de466fc4d0 - core::panicking::panic_fmt::h9e7c637e9e5f29c9
[INFO] [stdout]                                at /rustc/6067b36314ab5eb2eb47cecc464545ba58e1ad24/library/core/src/panicking.rs:75:14
[INFO] [stdout]   18:     0x55de466fc55c - core::panicking::panic::haa3255ea20181a33
[INFO] [stdout]                                at /rustc/6067b36314ab5eb2eb47cecc464545ba58e1ad24/library/core/src/panicking.rs:145:5
[INFO] [stdout]   19:     0x55de466fc449 - core::option::unwrap_failed::h5e50c20db1c9e8f1
[INFO] [stdout]                                at /rustc/6067b36314ab5eb2eb47cecc464545ba58e1ad24/library/core/src/option.rs:2015:5
[INFO] [stdout]   20:     0x55de46659dd0 - core::option::Option<T>::unwrap::hb3e48a9f34b3cd51
[INFO] [stdout]                                at /rustc/6067b36314ab5eb2eb47cecc464545ba58e1ad24/library/core/src/option.rs:978:21
[INFO] [stdout]   21:     0x55de46659dd0 - p2015_19::parse_input_v2::hdf4602eb511b3c5e
[INFO] [stdout]                                at /opt/rustwide/workdir/p2015_19/src/lib.rs:53:16
[INFO] [stdout]   22:     0x55de4665a072 - p2015_19::part_b::h718cb696c7d77ea1
[INFO] [stdout]                                at /opt/rustwide/workdir/p2015_19/src/lib.rs:59:27
[INFO] [stdout]   23:     0x55de4665a76a - p2015_19::tests::part_b_works::hed3e92895d3a5ec7
[INFO] [stdout]                                at /opt/rustwide/workdir/p2015_19/src/lib.rs:97:20
[INFO] [stdout]   24:     0x55de4665a727 - p2015_19::tests::part_b_works::{{closure}}::hf7e52097e580577c
[INFO] [stdout]                                at /opt/rustwide/workdir/p2015_19/src/lib.rs:95:22
[INFO] [stdout]   25:     0x55de46663806 - core::ops::function::FnOnce::call_once::h26192195c1e0bd93
[INFO] [stdout]                                at /rustc/6067b36314ab5eb2eb47cecc464545ba58e1ad24/library/core/src/ops/function.rs:250:5
[INFO] [stdout]   26:     0x55de466a5c2b - core::ops::function::FnOnce::call_once::he27718dfdd183f43
[INFO] [stdout]                                at /rustc/6067b36314ab5eb2eb47cecc464545ba58e1ad24/library/core/src/ops/function.rs:250:5
[INFO] [stdout]   27:     0x55de466a5c2b - test::__rust_begin_short_backtrace::h4e84902998457a5d
[INFO] [stdout]                                at /rustc/6067b36314ab5eb2eb47cecc464545ba58e1ad24/library/test/src/lib.rs:632:18
[INFO] [stdout]   28:     0x55de466a4b63 - test::run_test_in_process::{{closure}}::h7176fd18fc1feca0
[INFO] [stdout]                                at /rustc/6067b36314ab5eb2eb47cecc464545ba58e1ad24/library/test/src/lib.rs:655:60
[INFO] [stdout]   29:     0x55de466a4b63 - <core::panic::unwind_safe::AssertUnwindSafe<F> as core::ops::function::FnOnce<()>>::call_once::hf79cff2a624d8cf7
[INFO] [stdout]                                at /rustc/6067b36314ab5eb2eb47cecc464545ba58e1ad24/library/core/src/panic/unwind_safe.rs:272:9
[INFO] [stdout]   30:     0x55de466a4b63 - std::panicking::try::do_call::h3da0561d9ab99c25
[INFO] [stdout]                                at /rustc/6067b36314ab5eb2eb47cecc464545ba58e1ad24/library/std/src/panicking.rs:587:40
[INFO] [stdout]   31:     0x55de466a4b63 - std::panicking::try::h41c9fa508bc61df6
[INFO] [stdout]                                at /rustc/6067b36314ab5eb2eb47cecc464545ba58e1ad24/library/std/src/panicking.rs:550:19
[INFO] [stdout]   32:     0x55de466a4b63 - std::panic::catch_unwind::h6b3ff07bb5afad93
[INFO] [stdout]                                at /rustc/6067b36314ab5eb2eb47cecc464545ba58e1ad24/library/std/src/panic.rs:358:14
[INFO] [stdout]   33:     0x55de466a4b63 - test::run_test_in_process::hc7253dd11b39b9f4
[INFO] [stdout]                                at /rustc/6067b36314ab5eb2eb47cecc464545ba58e1ad24/library/test/src/lib.rs:655:27
[INFO] [stdout]   34:     0x55de466a4b63 - test::run_test::{{closure}}::hfb2007f8649c30bb
[INFO] [stdout]                                at /rustc/6067b36314ab5eb2eb47cecc464545ba58e1ad24/library/test/src/lib.rs:576:43
[INFO] [stdout]   35:     0x55de46667c45 - test::run_test::{{closure}}::h56a17aa7a282a9f4
[INFO] [stdout]                                at /rustc/6067b36314ab5eb2eb47cecc464545ba58e1ad24/library/test/src/lib.rs:606:41
[INFO] [stdout]   36:     0x55de46667c45 - std::sys::backtrace::__rust_begin_short_backtrace::hd2d2d2fb8e8c6aac
[INFO] [stdout]                                at /rustc/6067b36314ab5eb2eb47cecc464545ba58e1ad24/library/std/src/sys/backtrace.rs:152:18
[INFO] [stdout]   37:     0x55de4666b52a - std::thread::Builder::spawn_unchecked_::{{closure}}::{{closure}}::h4faa3f9db6133423
[INFO] [stdout]                                at /rustc/6067b36314ab5eb2eb47cecc464545ba58e1ad24/library/std/src/thread/mod.rs:559:17
[INFO] [stdout]   38:     0x55de4666b52a - <core::panic::unwind_safe::AssertUnwindSafe<F> as core::ops::function::FnOnce<()>>::call_once::hf2e855a36a4ea846
[INFO] [stdout]                                at /rustc/6067b36314ab5eb2eb47cecc464545ba58e1ad24/library/core/src/panic/unwind_safe.rs:272:9
[INFO] [stdout]   39:     0x55de4666b52a - std::panicking::try::do_call::h2f73af3616c35465
[INFO] [stdout]                                at /rustc/6067b36314ab5eb2eb47cecc464545ba58e1ad24/library/std/src/panicking.rs:587:40
[INFO] [stdout]   40:     0x55de4666b52a - std::panicking::try::hd1660ce9efadef5a
[INFO] [stdout]                                at /rustc/6067b36314ab5eb2eb47cecc464545ba58e1ad24/library/std/src/panicking.rs:550:19
[INFO] [stdout]   41:     0x55de4666b52a - std::panic::catch_unwind::h5ee8d7823b8ca744
[INFO] [stdout]                                at /rustc/6067b36314ab5eb2eb47cecc464545ba58e1ad24/library/std/src/panic.rs:358:14
[INFO] [stdout]   42:     0x55de4666b52a - std::thread::Builder::spawn_unchecked_::{{closure}}::h53c3a1894dce8407
[INFO] [stdout]                                at /rustc/6067b36314ab5eb2eb47cecc464545ba58e1ad24/library/std/src/thread/mod.rs:557:30
[INFO] [stdout]   43:     0x55de4666b52a - core::ops::function::FnOnce::call_once{{vtable.shim}}::h048ce291ad4f62bf
[INFO] [stdout]                                at /rustc/6067b36314ab5eb2eb47cecc464545ba58e1ad24/library/core/src/ops/function.rs:250:5
[INFO] [stdout]   44:     0x55de466dc2cb - <alloc::boxed::Box<F,A> as core::ops::function::FnOnce<Args>>::call_once::ha52bedf99a3b4981
[INFO] [stdout]                                at /rustc/6067b36314ab5eb2eb47cecc464545ba58e1ad24/library/alloc/src/boxed.rs:2013:9
[INFO] [stdout]   45:     0x55de466dc2cb - <alloc::boxed::Box<F,A> as core::ops::function::FnOnce<Args>>::call_once::h567748934d80ccf8
[INFO] [stdout]                                at /rustc/6067b36314ab5eb2eb47cecc464545ba58e1ad24/library/alloc/src/boxed.rs:2013:9
[INFO] [stdout]   46:     0x55de466dc2cb - std::sys::pal::unix::thread::Thread::new::thread_start::h2d970728ae887adc
[INFO] [stdout]                                at /rustc/6067b36314ab5eb2eb47cecc464545ba58e1ad24/library/std/src/sys/pal/unix/thread.rs:106:17
[INFO] [stdout]   47:     0x7712fb438ac3 - <unknown>
[INFO] [stdout]   48:     0x7712fb4c9a04 - clone
[INFO] [stdout]   49:                0x0 - <unknown>
[INFO] [stdout] 
[INFO] [stdout] ---- tests::part_b_result stdout ----
[INFO] [stdout] 
[INFO] [stdout] thread 'tests::part_b_result' panicked at p2015_19/src/lib.rs:53:29:
[INFO] [stdout] called `Option::unwrap()` on a `None` value
[INFO] [stdout] stack backtrace:
[INFO] [stdout]    0:     0x55de466d647a - std::backtrace_rs::backtrace::libunwind::trace::hb059275cfc8d6126
[INFO] [stdout]                                at /rustc/6067b36314ab5eb2eb47cecc464545ba58e1ad24/library/std/src/../../backtrace/src/backtrace/libunwind.rs:116:5
[INFO] [stdout]    1:     0x55de466d647a - std::backtrace_rs::backtrace::trace_unsynchronized::h2da071e4327ce3ee
[INFO] [stdout]                                at /rustc/6067b36314ab5eb2eb47cecc464545ba58e1ad24/library/std/src/../../backtrace/src/backtrace/mod.rs:66:5
[INFO] [stdout]    2:     0x55de466d647a - std::sys::backtrace::_print_fmt::h842a1474e6f8d23f
[INFO] [stdout]                                at /rustc/6067b36314ab5eb2eb47cecc464545ba58e1ad24/library/std/src/sys/backtrace.rs:66:9
[INFO] [stdout]    3:     0x55de466d647a - <std::sys::backtrace::BacktraceLock::print::DisplayBacktrace as core::fmt::Display>::fmt::h71a62eb3b9696b12
[INFO] [stdout]                                at /rustc/6067b36314ab5eb2eb47cecc464545ba58e1ad24/library/std/src/sys/backtrace.rs:39:26
[INFO] [stdout]    4:     0x55de466fda23 - core::fmt::rt::Argument::fmt::hdb6b616786b41dc1
[INFO] [stdout]                                at /rustc/6067b36314ab5eb2eb47cecc464545ba58e1ad24/library/core/src/fmt/rt.rs:177:76
[INFO] [stdout]    5:     0x55de466fda23 - core::fmt::write::h2cc1698af7e2d686
[INFO] [stdout]                                at /rustc/6067b36314ab5eb2eb47cecc464545ba58e1ad24/library/core/src/fmt/mod.rs:1440:21
[INFO] [stdout]    6:     0x55de466d2fd3 - std::io::Write::write_fmt::hab1b4cd059a79022
[INFO] [stdout]                                at /rustc/6067b36314ab5eb2eb47cecc464545ba58e1ad24/library/std/src/io/mod.rs:1887:15
[INFO] [stdout]    7:     0x55de466d62c2 - std::sys::backtrace::BacktraceLock::print::h147fe35b4ea13b08
[INFO] [stdout]                                at /rustc/6067b36314ab5eb2eb47cecc464545ba58e1ad24/library/std/src/sys/backtrace.rs:42:9
[INFO] [stdout]    8:     0x55de466d789f - std::panicking::default_hook::{{closure}}::hbd44223dbdc0d208
[INFO] [stdout]                                at /rustc/6067b36314ab5eb2eb47cecc464545ba58e1ad24/library/std/src/panicking.rs:298:22
[INFO] [stdout]    9:     0x55de466d76b8 - std::panicking::default_hook::h20f81eb0576efcec
[INFO] [stdout]                                at /rustc/6067b36314ab5eb2eb47cecc464545ba58e1ad24/library/std/src/panicking.rs:322:9
[INFO] [stdout]   10:     0x55de466a04d3 - <alloc::boxed::Box<F,A> as core::ops::function::Fn<Args>>::call::hdb53814c496a4d34
[INFO] [stdout]                                at /rustc/6067b36314ab5eb2eb47cecc464545ba58e1ad24/library/alloc/src/boxed.rs:2027:9
[INFO] [stdout]   11:     0x55de466a04d3 - test::test_main::{{closure}}::hc0a4963c59427c24
[INFO] [stdout]                                at /rustc/6067b36314ab5eb2eb47cecc464545ba58e1ad24/library/test/src/lib.rs:134:21
[INFO] [stdout]   12:     0x55de466d8393 - <alloc::boxed::Box<F,A> as core::ops::function::Fn<Args>>::call::h591b2225413a77e9
[INFO] [stdout]                                at /rustc/6067b36314ab5eb2eb47cecc464545ba58e1ad24/library/alloc/src/boxed.rs:2027:9
[INFO] [stdout]   13:     0x55de466d8393 - std::panicking::rust_panic_with_hook::h625eea43051b2edc
[INFO] [stdout]                                at /rustc/6067b36314ab5eb2eb47cecc464545ba58e1ad24/library/std/src/panicking.rs:839:13
[INFO] [stdout]   14:     0x55de466d8016 - std::panicking::begin_panic_handler::{{closure}}::h4f9159cfbc3f6bd3
[INFO] [stdout]                                at /rustc/6067b36314ab5eb2eb47cecc464545ba58e1ad24/library/std/src/panicking.rs:697:13
[INFO] [stdout]   15:     0x55de466d6979 - std::sys::backtrace::__rust_end_short_backtrace::h0390abce48353151
[INFO] [stdout]                                at /rustc/6067b36314ab5eb2eb47cecc464545ba58e1ad24/library/std/src/sys/backtrace.rs:168:18
[INFO] [stdout]   16:     0x55de466d7cdd - rust_begin_unwind
[INFO] [stdout]                                at /rustc/6067b36314ab5eb2eb47cecc464545ba58e1ad24/library/std/src/panicking.rs:695:5
[INFO] [stdout]   17:     0x55de466fc4d0 - core::panicking::panic_fmt::h9e7c637e9e5f29c9
[INFO] [stdout]                                at /rustc/6067b36314ab5eb2eb47cecc464545ba58e1ad24/library/core/src/panicking.rs:75:14
[INFO] [stdout]   18:     0x55de466fc55c - core::panicking::panic::haa3255ea20181a33
[INFO] [stdout]                                at /rustc/6067b36314ab5eb2eb47cecc464545ba58e1ad24/library/core/src/panicking.rs:145:5
[INFO] [stdout]   19:     0x55de466fc449 - core::option::unwrap_failed::h5e50c20db1c9e8f1
[INFO] [stdout]                                at /rustc/6067b36314ab5eb2eb47cecc464545ba58e1ad24/library/core/src/option.rs:2015:5
[INFO] [stdout]   20:     0x55de46659dd0 - core::option::Option<T>::unwrap::hb3e48a9f34b3cd51
[INFO] [stdout]                                at /rustc/6067b36314ab5eb2eb47cecc464545ba58e1ad24/library/core/src/option.rs:978:21
[INFO] [stdout]   21:     0x55de46659dd0 - p2015_19::parse_input_v2::hdf4602eb511b3c5e
[INFO] [stdout]                                at /opt/rustwide/workdir/p2015_19/src/lib.rs:53:16
[INFO] [stdout]   22:     0x55de4665a072 - p2015_19::part_b::h718cb696c7d77ea1
[INFO] [stdout]                                at /opt/rustwide/workdir/p2015_19/src/lib.rs:59:27
[INFO] [stdout]   23:     0x55de4665a82a - p2015_19::tests::part_b_result::h0e89f459ebf3edf9
[INFO] [stdout]                                at /opt/rustwide/workdir/p2015_19/src/lib.rs:103:20
[INFO] [stdout]   24:     0x55de4665a7e7 - p2015_19::tests::part_b_result::{{closure}}::h32bff8a7bf3901ad
[INFO] [stdout]                                at /opt/rustwide/workdir/p2015_19/src/lib.rs:101:23
[INFO] [stdout]   25:     0x55de46663896 - core::ops::function::FnOnce::call_once::h3294b1d11755f496
[INFO] [stdout]                                at /rustc/6067b36314ab5eb2eb47cecc464545ba58e1ad24/library/core/src/ops/function.rs:250:5
[INFO] [stdout]   26:     0x55de466a5c2b - core::ops::function::FnOnce::call_once::he27718dfdd183f43
[INFO] [stdout]                                at /rustc/6067b36314ab5eb2eb47cecc464545ba58e1ad24/library/core/src/ops/function.rs:250:5
[INFO] [stdout]   27:     0x55de466a5c2b - test::__rust_begin_short_backtrace::h4e84902998457a5d
[INFO] [stdout]                                at /rustc/6067b36314ab5eb2eb47cecc464545ba58e1ad24/library/test/src/lib.rs:632:18
[INFO] [stdout]   28:     0x55de466a4b63 - test::run_test_in_process::{{closure}}::h7176fd18fc1feca0
[INFO] [stdout]                                at /rustc/6067b36314ab5eb2eb47cecc464545ba58e1ad24/library/test/src/lib.rs:655:60
[INFO] [stdout]   29:     0x55de466a4b63 - <core::panic::unwind_safe::AssertUnwindSafe<F> as core::ops::function::FnOnce<()>>::call_once::hf79cff2a624d8cf7
[INFO] [stdout]                                at /rustc/6067b36314ab5eb2eb47cecc464545ba58e1ad24/library/core/src/panic/unwind_safe.rs:272:9
[INFO] [stdout]   30:     0x55de466a4b63 - std::panicking::try::do_call::h3da0561d9ab99c25
[INFO] [stdout]                                at /rustc/6067b36314ab5eb2eb47cecc464545ba58e1ad24/library/std/src/panicking.rs:587:40
[INFO] [stdout]   31:     0x55de466a4b63 - std::panicking::try::h41c9fa508bc61df6
[INFO] [stdout]                                at /rustc/6067b36314ab5eb2eb47cecc464545ba58e1ad24/library/std/src/panicking.rs:550:19
[INFO] [stdout]   32:     0x55de466a4b63 - std::panic::catch_unwind::h6b3ff07bb5afad93
[INFO] [stdout]                                at /rustc/6067b36314ab5eb2eb47cecc464545ba58e1ad24/library/std/src/panic.rs:358:14
[INFO] [stdout]   33:     0x55de466a4b63 - test::run_test_in_process::hc7253dd11b39b9f4
[INFO] [stdout]                                at /rustc/6067b36314ab5eb2eb47cecc464545ba58e1ad24/library/test/src/lib.rs:655:27
[INFO] [stdout]   34:     0x55de466a4b63 - test::run_test::{{closure}}::hfb2007f8649c30bb
[INFO] [stdout]                                at /rustc/6067b36314ab5eb2eb47cecc464545ba58e1ad24/library/test/src/lib.rs:576:43
[INFO] [stdout]   35:     0x55de46667c45 - test::run_test::{{closure}}::h56a17aa7a282a9f4
[INFO] [stdout]                                at /rustc/6067b36314ab5eb2eb47cecc464545ba58e1ad24/library/test/src/lib.rs:606:41
[INFO] [stdout]   36:     0x55de46667c45 - std::sys::backtrace::__rust_begin_short_backtrace::hd2d2d2fb8e8c6aac
[INFO] [stdout]                                at /rustc/6067b36314ab5eb2eb47cecc464545ba58e1ad24/library/std/src/sys/backtrace.rs:152:18
[INFO] [stdout]   37:     0x55de4666b52a - std::thread::Builder::spawn_unchecked_::{{closure}}::{{closure}}::h4faa3f9db6133423
[INFO] [stdout]                                at /rustc/6067b36314ab5eb2eb47cecc464545ba58e1ad24/library/std/src/thread/mod.rs:559:17
[INFO] [stdout]   38:     0x55de4666b52a - <core::panic::unwind_safe::AssertUnwindSafe<F> as core::ops::function::FnOnce<()>>::call_once::hf2e855a36a4ea846
[INFO] [stdout]                                at /rustc/6067b36314ab5eb2eb47cecc464545ba58e1ad24/library/core/src/panic/unwind_safe.rs:272:9
[INFO] [stdout]   39:     0x55de4666b52a - std::panicking::try::do_call::h2f73af3616c35465
[INFO] [stdout]                                at /rustc/6067b36314ab5eb2eb47cecc464545ba58e1ad24/library/std/src/panicking.rs:587:40
[INFO] [stdout]   40:     0x55de4666b52a - std::panicking::try::hd1660ce9efadef5a
[INFO] [stdout]                                at /rustc/6067b36314ab5eb2eb47cecc464545ba58e1ad24/library/std/src/panicking.rs:550:19
[INFO] [stdout]   41:     0x55de4666b52a - std::panic::catch_unwind::h5ee8d7823b8ca744
[INFO] [stdout]                                at /rustc/6067b36314ab5eb2eb47cecc464545ba58e1ad24/library/std/src/panic.rs:358:14
[INFO] [stdout]   42:     0x55de4666b52a - std::thread::Builder::spawn_unchecked_::{{closure}}::h53c3a1894dce8407
[INFO] [stdout]                                at /rustc/6067b36314ab5eb2eb47cecc464545ba58e1ad24/library/std/src/thread/mod.rs:557:30
[INFO] [stdout]   43:     0x55de4666b52a - core::ops::function::FnOnce::call_once{{vtable.shim}}::h048ce291ad4f62bf
[INFO] [stdout]                                at /rustc/6067b36314ab5eb2eb47cecc464545ba58e1ad24/library/core/src/ops/function.rs:250:5
[INFO] [stdout]   44:     0x55de466dc2cb - <alloc::boxed::Box<F,A> as core::ops::function::FnOnce<Args>>::call_once::ha52bedf99a3b4981
[INFO] [stdout]                                at /rustc/6067b36314ab5eb2eb47cecc464545ba58e1ad24/library/alloc/src/boxed.rs:2013:9
[INFO] [stdout]   45:     0x55de466dc2cb - <alloc::boxed::Box<F,A> as core::ops::function::FnOnce<Args>>::call_once::h567748934d80ccf8
[INFO] [stdout]                                at /rustc/6067b36314ab5eb2eb47cecc464545ba58e1ad24/library/alloc/src/boxed.rs:2013:9
[INFO] [stdout]   46:     0x55de466dc2cb - std::sys::pal::unix::thread::Thread::new::thread_start::h2d970728ae887adc
[INFO] [stdout]                                at /rustc/6067b36314ab5eb2eb47cecc464545ba58e1ad24/library/std/src/sys/pal/unix/thread.rs:106:17
[INFO] [stdout]   47:     0x7712fb438ac3 - <unknown>
[INFO] [stdout]   48:     0x7712fb4c9a04 - clone
[INFO] [stdout]   49:                0x0 - <unknown>
[INFO] [stdout] 
[INFO] [stdout] 
[INFO] [stdout] failures:
[INFO] [stdout]     tests::part_a_result
[INFO] [stdout]     tests::part_a_works
[INFO] [stdout]     tests::part_b_result
[INFO] [stdout]     tests::part_b_works
[INFO] [stdout] 
[INFO] [stdout] test result: FAILED. 0 passed; 4 failed; 0 ignored; 0 measured; 0 filtered out; finished in 0.03s
[INFO] [stdout] 
[INFO] running `Command { std: "docker" "inspect" "ab5fb88a975cdb81c3088a35d574394ebb7a58bcc1a7d74350f6d90befa8041c", kill_on_drop: false }`
[INFO] running `Command { std: "docker" "rm" "-f" "ab5fb88a975cdb81c3088a35d574394ebb7a58bcc1a7d74350f6d90befa8041c", kill_on_drop: false }`
[INFO] [stdout] ab5fb88a975cdb81c3088a35d574394ebb7a58bcc1a7d74350f6d90befa8041c
