[INFO] cloning repository https://github.com/ximon18/donkey-mule-horse
[INFO] running `Command { std: "git" "-c" "credential.helper=" "-c" "credential.helper=/workspace/cargo-home/bin/git-credential-null" "clone" "--bare" "https://github.com/ximon18/donkey-mule-horse" "/workspace/cache/git-repos/https%3A%2F%2Fgithub.com%2Fximon18%2Fdonkey-mule-horse", kill_on_drop: false }`
[INFO] [stderr] Cloning into bare repository '/workspace/cache/git-repos/https%3A%2F%2Fgithub.com%2Fximon18%2Fdonkey-mule-horse'...
[INFO] running `Command { std: "git" "rev-parse" "HEAD", kill_on_drop: false }`
[INFO] [stdout] 9dd8ff5d8f438b03559ee90306bb7eae2e649134
[INFO] testing ximon18/donkey-mule-horse against nightly-2025-01-18 for randomize-layout-2
[INFO] running `Command { std: "git" "clone" "/workspace/cache/git-repos/https%3A%2F%2Fgithub.com%2Fximon18%2Fdonkey-mule-horse" "/workspace/builds/worker-0-tc1/source", kill_on_drop: false }`
[INFO] [stderr] Cloning into '/workspace/builds/worker-0-tc1/source'...
[INFO] [stderr] done.
[INFO] validating manifest of git repo https://github.com/ximon18/donkey-mule-horse on toolchain nightly-2025-01-18
[INFO] running `Command { std: CARGO_HOME="/workspace/cargo-home" RUSTUP_HOME="/workspace/rustup-home" "/workspace/cargo-home/bin/cargo" "+nightly-2025-01-18" "metadata" "--manifest-path" "Cargo.toml" "--no-deps", kill_on_drop: false }`
[INFO] started tweaking git repo https://github.com/ximon18/donkey-mule-horse
[INFO] finished tweaking git repo https://github.com/ximon18/donkey-mule-horse
[INFO] tweaked toml for git repo https://github.com/ximon18/donkey-mule-horse written to /workspace/builds/worker-0-tc1/source/Cargo.toml
[INFO] crate git repo https://github.com/ximon18/donkey-mule-horse already has a lockfile, it will not be regenerated
[INFO] running `Command { std: CARGO_HOME="/workspace/cargo-home" RUSTUP_HOME="/workspace/rustup-home" "/workspace/cargo-home/bin/cargo" "+nightly-2025-01-18" "fetch" "--manifest-path" "Cargo.toml", kill_on_drop: false }`
[INFO] [stderr]     Updating crates.io index
[INFO] [stderr]     Updating git repository `https://github.com/NLnetLabs/rotonda-store.git`
[INFO] [stderr]     Updating git repository `https://github.com/NLnetLabs/try-tries-and-trees`
[INFO] [stderr]     Blocking waiting for file lock on package cache
[INFO] [stderr]  Downloading crates ...
[INFO] [stderr]   Downloaded term-table v1.3.2
[INFO] [stderr]   Downloaded array-init v2.0.0
[INFO] [stderr]   Downloaded routecore v0.1.0
[INFO] [stderr]   Downloaded tint v1.0.1
[INFO] [stderr]   Downloaded time-graph v0.1.3
[INFO] [stderr]   Downloaded ptree v0.4.0
[INFO] [stderr]   Downloaded time-graph-macros v0.1.0
[INFO] running `Command { std: "docker" "create" "-v" "/var/lib/crater-agent-workspace/builds/worker-0-tc1/target:/opt/rustwide/target:rw,Z" "-v" "/var/lib/crater-agent-workspace/builds/worker-0-tc1/source:/opt/rustwide/workdir:ro,Z" "-v" "/var/lib/crater-agent-workspace/cargo-home:/opt/rustwide/cargo-home:ro,Z" "-v" "/var/lib/crater-agent-workspace/rustup-home:/opt/rustwide/rustup-home:ro,Z" "-e" "SOURCE_DIR=/opt/rustwide/workdir" "-e" "CARGO_TARGET_DIR=/opt/rustwide/target" "-e" "CARGO_HOME=/opt/rustwide/cargo-home" "-e" "RUSTUP_HOME=/opt/rustwide/rustup-home" "-w" "/opt/rustwide/workdir" "-m" "1610612736" "--user" "0:0" "--network" "none" "ghcr.io/rust-lang/crates-build-env/linux@sha256:819108c5571ea2e421544af4d832f968d213c87fbe3707a016657f43d2f853bc" "/opt/rustwide/cargo-home/bin/cargo" "+nightly-2025-01-18" "metadata" "--no-deps" "--format-version=1", kill_on_drop: false }`
[INFO] [stdout] d15f2edd6dd1f10ef6c235569b657ab13a36e6f6822463ebd7530ebe41ca5d98
[INFO] running `Command { std: "docker" "start" "-a" "d15f2edd6dd1f10ef6c235569b657ab13a36e6f6822463ebd7530ebe41ca5d98", kill_on_drop: false }`
[INFO] running `Command { std: "docker" "inspect" "d15f2edd6dd1f10ef6c235569b657ab13a36e6f6822463ebd7530ebe41ca5d98", kill_on_drop: false }`
[INFO] running `Command { std: "docker" "rm" "-f" "d15f2edd6dd1f10ef6c235569b657ab13a36e6f6822463ebd7530ebe41ca5d98", kill_on_drop: false }`
[INFO] [stdout] d15f2edd6dd1f10ef6c235569b657ab13a36e6f6822463ebd7530ebe41ca5d98
[INFO] running `Command { std: "docker" "create" "-v" "/var/lib/crater-agent-workspace/builds/worker-0-tc1/target:/opt/rustwide/target:rw,Z" "-v" "/var/lib/crater-agent-workspace/builds/worker-0-tc1/source:/opt/rustwide/workdir:ro,Z" "-v" "/var/lib/crater-agent-workspace/cargo-home:/opt/rustwide/cargo-home:ro,Z" "-v" "/var/lib/crater-agent-workspace/rustup-home:/opt/rustwide/rustup-home:ro,Z" "-e" "SOURCE_DIR=/opt/rustwide/workdir" "-e" "CARGO_TARGET_DIR=/opt/rustwide/target" "-e" "CARGO_INCREMENTAL=0" "-e" "RUST_BACKTRACE=full" "-e" "RUSTFLAGS=--cap-lints=forbid" "-e" "RUSTDOCFLAGS=--cap-lints=forbid" "-e" "CARGO_HOME=/opt/rustwide/cargo-home" "-e" "RUSTUP_HOME=/opt/rustwide/rustup-home" "-w" "/opt/rustwide/workdir" "-m" "1610612736" "--user" "0:0" "--network" "none" "ghcr.io/rust-lang/crates-build-env/linux@sha256:819108c5571ea2e421544af4d832f968d213c87fbe3707a016657f43d2f853bc" "/opt/rustwide/cargo-home/bin/cargo" "+nightly-2025-01-18" "build" "--frozen" "--message-format=json", kill_on_drop: false }`
[INFO] [stdout] 770c665b73f0e606029c0bce98ee20bbef8b7a448e5320ee4ff5d0f50767312f
[INFO] running `Command { std: "docker" "start" "-a" "770c665b73f0e606029c0bce98ee20bbef8b7a448e5320ee4ff5d0f50767312f", kill_on_drop: false }`
[INFO] [stderr]    Compiling autocfg v1.0.1
[INFO] [stderr]    Compiling proc-macro2 v1.0.33
[INFO] [stderr]    Compiling unicode-xid v0.2.2
[INFO] [stderr]    Compiling syn v1.0.82
[INFO] [stderr]    Compiling memchr v2.4.1
[INFO] [stderr]    Compiling serde_derive v1.0.131
[INFO] [stderr]    Compiling serde v1.0.131
[INFO] [stderr]    Compiling libc v0.2.112
[INFO] [stderr]    Compiling lazy_static v1.4.0
[INFO] [stderr]    Compiling ryu v1.0.9
[INFO] [stderr]    Compiling bitflags v1.3.2
[INFO] [stderr]    Compiling semver v1.0.4
[INFO] [stderr]    Compiling regex-syntax v0.6.25
[INFO] [stderr]    Compiling lexical-core v0.7.6
[INFO] [stderr]    Compiling unicode-width v0.1.9
[INFO] [stderr]    Compiling version_check v0.9.3
[INFO] [stderr]    Compiling itoa v0.4.8
[INFO] [stderr]    Compiling regex-automata v0.1.10
[INFO] [stderr]    Compiling static_assertions v1.1.0
[INFO] [stderr]    Compiling arrayvec v0.5.2
[INFO] [stderr]    Compiling serde_json v1.0.73
[INFO] [stderr]    Compiling crossbeam-utils v0.8.5
[INFO] [stderr]    Compiling radium v0.6.2
[INFO] [stderr]    Compiling byteorder v1.4.3
[INFO] [stderr]    Compiling hashbrown v0.11.2
[INFO] [stderr]    Compiling serde v0.8.23
[INFO] [stderr]    Compiling encode_unicode v0.3.6
[INFO] [stderr]    Compiling nom v5.1.2
[INFO] [stderr]    Compiling arrayvec v0.4.12
[INFO] [stderr]    Compiling itoa v1.0.1
[INFO] [stderr]    Compiling num-traits v0.2.14
[INFO] [stderr]    Compiling num-integer v0.1.44
[INFO] [stderr]    Compiling num-bigint v0.3.3
[INFO] [stderr]    Compiling indexmap v1.7.0
[INFO] [stderr]    Compiling num-rational v0.3.2
[INFO] [stderr]    Compiling num-iter v0.1.42
[INFO] [stderr]    Compiling rustc_version v0.4.0
[INFO] [stderr]    Compiling fixedbitset v0.4.0
[INFO] [stderr]    Compiling linked-hash-map v0.5.4
[INFO] [stderr]    Compiling aho-corasick v0.7.18
[INFO] [stderr]    Compiling csv-core v0.1.10
[INFO] [stderr]    Compiling quote v1.0.10
[INFO] [stderr]    Compiling yaml-rust v0.4.5
[INFO] [stderr]    Compiling atty v0.2.14
[INFO] [stderr]    Compiling dirs v1.0.5
[INFO] [stderr]    Compiling rotonda-store v0.3.0-dev (https://github.com/NLnetLabs/rotonda-store.git?rev=6dce6a7e6d0675bb14dc33afd962f8c429d7b6b4#6dce6a7e)
[INFO] [stderr]    Compiling dirs-sys v0.3.6
[INFO] [stderr]    Compiling raw-cpuid v10.2.0
[INFO] [stderr]    Compiling once_cell v1.8.0
[INFO] [stderr]    Compiling term v0.5.2
[INFO] [stderr]    Compiling nodrop v0.1.14
[INFO] [stderr]    Compiling ansi_term v0.12.1
[INFO] [stderr]    Compiling petgraph v0.6.0
[INFO] [stderr]    Compiling lazy_static v0.2.11
[INFO] [stderr]    Compiling funty v1.1.0
[INFO] [stderr]    Compiling wyz v0.2.0
[INFO] [stderr]    Compiling rust-ini v0.13.0
[INFO] [stderr]    Compiling tap v1.0.1
[INFO] [stderr]    Compiling tint v1.0.1
[INFO] [stderr]    Compiling directories v4.0.1
[INFO] [stderr]    Compiling ip_network v0.4.1
[INFO] [stderr]    Compiling num-traits v0.1.43
[INFO] [stderr]    Compiling num-complex v0.3.1
[INFO] [stderr]    Compiling ordered-float v2.8.0
[INFO] [stderr]    Compiling bitvec v0.20.4
[INFO] [stderr]    Compiling array-init v2.0.0
[INFO] [stderr]    Compiling ip_network_table-deps-treebitmap v0.5.0
[INFO] [stderr]    Compiling num-format v0.4.0
[INFO] [stderr]    Compiling regex v1.5.4
[INFO] [stderr]    Compiling ip_network_table v0.2.0
[INFO] [stderr]    Compiling quanta v0.9.3
[INFO] [stderr]    Compiling serde-hjson v0.9.1
[INFO] [stderr]    Compiling term-table v1.3.2
[INFO] [stderr]    Compiling num v0.3.1
[INFO] [stderr]    Compiling time-graph-macros v0.1.0
[INFO] [stderr]    Compiling time-graph v0.1.3
[INFO] [stderr]    Compiling bstr v0.2.17
[INFO] [stderr]    Compiling toml v0.5.8
[INFO] [stderr]    Compiling serde-value v0.7.0
[INFO] [stderr]    Compiling routecore v0.1.0
[INFO] [stderr]    Compiling csv v1.1.6
[INFO] [stderr]    Compiling prettytable-rs v0.8.0
[INFO] [stderr]    Compiling config v0.11.0
[INFO] [stderr]    Compiling shrust v0.0.7
[INFO] [stderr]    Compiling trie v0.1.0 (https://github.com/NLnetLabs/try-tries-and-trees#3b993a2a)
[INFO] [stderr]    Compiling ptree v0.4.0
[INFO] [stderr]    Compiling donkey-mule-horse v0.1.0 (/opt/rustwide/workdir)
[INFO] [stdout] warning: the feature `generic_const_exprs` is incomplete and may not be safe to use and/or cause compiler crashes
[INFO] [stdout]  --> src/lib.rs:2:12
[INFO] [stdout]   |
[INFO] [stdout] 2 | #![feature(generic_const_exprs)]
[INFO] [stdout]   |            ^^^^^^^^^^^^^^^^^^^
[INFO] [stdout]   |
[INFO] [stdout]   = note: see issue #76560 <https://github.com/rust-lang/rust/issues/76560> for more information
[INFO] [stdout]   = note: `#[warn(incomplete_features)]` on by default
[INFO] [stdout] 
[INFO] [stdout] 
[INFO] [stderr]     Finished `dev` profile [unoptimized + debuginfo] target(s) in 12.04s
[INFO] [stderr] warning: the following packages contain code that will be rejected by a future version of Rust: nom v5.1.2
[INFO] [stderr] note: to see what the problems were, use the option `--future-incompat-report`, or run `cargo report future-incompatibilities --id 2`
[INFO] running `Command { std: "docker" "inspect" "770c665b73f0e606029c0bce98ee20bbef8b7a448e5320ee4ff5d0f50767312f", kill_on_drop: false }`
[INFO] running `Command { std: "docker" "rm" "-f" "770c665b73f0e606029c0bce98ee20bbef8b7a448e5320ee4ff5d0f50767312f", kill_on_drop: false }`
[INFO] [stdout] 770c665b73f0e606029c0bce98ee20bbef8b7a448e5320ee4ff5d0f50767312f
[INFO] running `Command { std: "docker" "create" "-v" "/var/lib/crater-agent-workspace/builds/worker-0-tc1/target:/opt/rustwide/target:rw,Z" "-v" "/var/lib/crater-agent-workspace/builds/worker-0-tc1/source:/opt/rustwide/workdir:ro,Z" "-v" "/var/lib/crater-agent-workspace/cargo-home:/opt/rustwide/cargo-home:ro,Z" "-v" "/var/lib/crater-agent-workspace/rustup-home:/opt/rustwide/rustup-home:ro,Z" "-e" "SOURCE_DIR=/opt/rustwide/workdir" "-e" "CARGO_TARGET_DIR=/opt/rustwide/target" "-e" "CARGO_INCREMENTAL=0" "-e" "RUST_BACKTRACE=full" "-e" "RUSTFLAGS=--cap-lints=forbid" "-e" "RUSTDOCFLAGS=--cap-lints=forbid" "-e" "CARGO_HOME=/opt/rustwide/cargo-home" "-e" "RUSTUP_HOME=/opt/rustwide/rustup-home" "-w" "/opt/rustwide/workdir" "-m" "1610612736" "--user" "0:0" "--network" "none" "ghcr.io/rust-lang/crates-build-env/linux@sha256:819108c5571ea2e421544af4d832f968d213c87fbe3707a016657f43d2f853bc" "/opt/rustwide/cargo-home/bin/cargo" "+nightly-2025-01-18" "test" "--frozen" "--no-run" "--message-format=json", kill_on_drop: false }`
[INFO] [stdout] 793a125f25e7448b1619db9f175bd775e72dd299189aa2d8b3cad92255534edb
[INFO] running `Command { std: "docker" "start" "-a" "793a125f25e7448b1619db9f175bd775e72dd299189aa2d8b3cad92255534edb", kill_on_drop: false }`
[INFO] [stderr]    Compiling donkey-mule-horse v0.1.0 (/opt/rustwide/workdir)
[INFO] [stdout] warning: the feature `generic_const_exprs` is incomplete and may not be safe to use and/or cause compiler crashes
[INFO] [stdout]  --> src/lib.rs:2:12
[INFO] [stdout]   |
[INFO] [stdout] 2 | #![feature(generic_const_exprs)]
[INFO] [stdout]   |            ^^^^^^^^^^^^^^^^^^^
[INFO] [stdout]   |
[INFO] [stdout]   = note: see issue #76560 <https://github.com/rust-lang/rust/issues/76560> for more information
[INFO] [stdout]   = note: `#[warn(incomplete_features)]` on by default
[INFO] [stdout] 
[INFO] [stdout] 
[INFO] [stdout] warning: the feature `generic_const_exprs` is incomplete and may not be safe to use and/or cause compiler crashes
[INFO] [stdout]  --> src/lib.rs:2:12
[INFO] [stdout]   |
[INFO] [stdout] 2 | #![feature(generic_const_exprs)]
[INFO] [stdout]   |            ^^^^^^^^^^^^^^^^^^^
[INFO] [stdout]   |
[INFO] [stdout]   = note: see issue #76560 <https://github.com/rust-lang/rust/issues/76560> for more information
[INFO] [stdout]   = note: `#[warn(incomplete_features)]` on by default
[INFO] [stdout] 
[INFO] [stdout] 
[INFO] [stderr]     Finished `test` profile [unoptimized + debuginfo] target(s) in 1.84s
[INFO] [stderr] warning: the following packages contain code that will be rejected by a future version of Rust: nom v5.1.2
[INFO] [stderr] note: to see what the problems were, use the option `--future-incompat-report`, or run `cargo report future-incompatibilities --id 2`
[INFO] running `Command { std: "docker" "inspect" "793a125f25e7448b1619db9f175bd775e72dd299189aa2d8b3cad92255534edb", kill_on_drop: false }`
[INFO] running `Command { std: "docker" "rm" "-f" "793a125f25e7448b1619db9f175bd775e72dd299189aa2d8b3cad92255534edb", kill_on_drop: false }`
[INFO] [stdout] 793a125f25e7448b1619db9f175bd775e72dd299189aa2d8b3cad92255534edb
[INFO] running `Command { std: "docker" "create" "-v" "/var/lib/crater-agent-workspace/builds/worker-0-tc1/target:/opt/rustwide/target:rw,Z" "-v" "/var/lib/crater-agent-workspace/builds/worker-0-tc1/source:/opt/rustwide/workdir:ro,Z" "-v" "/var/lib/crater-agent-workspace/cargo-home:/opt/rustwide/cargo-home:ro,Z" "-v" "/var/lib/crater-agent-workspace/rustup-home:/opt/rustwide/rustup-home:ro,Z" "-e" "SOURCE_DIR=/opt/rustwide/workdir" "-e" "CARGO_TARGET_DIR=/opt/rustwide/target" "-e" "CARGO_INCREMENTAL=0" "-e" "RUST_BACKTRACE=full" "-e" "RUSTFLAGS=--cap-lints=forbid" "-e" "RUSTDOCFLAGS=--cap-lints=forbid" "-e" "CARGO_HOME=/opt/rustwide/cargo-home" "-e" "RUSTUP_HOME=/opt/rustwide/rustup-home" "-w" "/opt/rustwide/workdir" "-m" "1610612736" "--user" "0:0" "--network" "none" "ghcr.io/rust-lang/crates-build-env/linux@sha256:819108c5571ea2e421544af4d832f968d213c87fbe3707a016657f43d2f853bc" "/opt/rustwide/cargo-home/bin/cargo" "+nightly-2025-01-18" "test" "--frozen", kill_on_drop: false }`
[INFO] [stdout] 659e2a56043e62e1746e3357acba3cafe1a8ef54ed26cc0a7d9ae6a149d4fb1f
[INFO] running `Command { std: "docker" "start" "-a" "659e2a56043e62e1746e3357acba3cafe1a8ef54ed26cc0a7d9ae6a149d4fb1f", kill_on_drop: false }`
[INFO] [stderr] warning: the feature `generic_const_exprs` is incomplete and may not be safe to use and/or cause compiler crashes
[INFO] [stderr]  --> src/lib.rs:2:12
[INFO] [stderr]   |
[INFO] [stderr] 2 | #![feature(generic_const_exprs)]
[INFO] [stderr]   |            ^^^^^^^^^^^^^^^^^^^
[INFO] [stderr]   |
[INFO] [stderr]   = note: see issue #76560 <https://github.com/rust-lang/rust/issues/76560> for more information
[INFO] [stderr]   = note: `#[warn(incomplete_features)]` on by default
[INFO] [stderr] 
[INFO] [stderr] warning: `donkey-mule-horse` (lib) generated 1 warning
[INFO] [stderr] warning: `donkey-mule-horse` (lib test) generated 1 warning (1 duplicate)
[INFO] [stderr]     Finished `test` profile [unoptimized + debuginfo] target(s) in 0.14s
[INFO] [stderr] warning: the following packages contain code that will be rejected by a future version of Rust: nom v5.1.2
[INFO] [stderr] note: to see what the problems were, use the option `--future-incompat-report`, or run `cargo report future-incompatibilities --id 2`
[INFO] [stderr]      Running unittests src/lib.rs (/opt/rustwide/target/debug/deps/donkey_mule_horse-b81dff9884860889)
[INFO] [stdout] 
[INFO] [stdout] running 4 tests
[INFO] [stdout] test treebitmap::bitarrops::tests::double_byte ... ok
[INFO] [stdout] test treebitmap::bitarrops::tests::single_byte ... ok
[INFO] [stdout] test treebitmap::tree::tests::compare_with_blog_article_data ... ok
[INFO] [stdout] test treebitmap::variablenode::tests::indices_check ... ok
[INFO] [stdout] 
[INFO] [stdout] test result: ok. 4 passed; 0 failed; 0 ignored; 0 measured; 0 filtered out; finished in 0.01s
[INFO] [stdout] 
[INFO] [stderr]      Running unittests src/main.rs (/opt/rustwide/target/debug/deps/donkey_mule_horse-f33e3106f53d1f54)
[INFO] [stdout] 
[INFO] [stdout] running 6 tests
[INFO] [stdout] 01 
[INFO] [stdout] ├─ 01 
[INFO] [stdout] │  ├─ 0 
[INFO] [stdout] │  │  └─  [000]
[INFO] [stdout] │  └─  [01]
[INFO] [stdout] └─ 01 
[INFO] [stdout]    ├─  [10]
[INFO] [stdout]    └─ 01 
[INFO] [stdout]       ├─ 0 [110]
[INFO] [stdout]       │  └─ 1 
[INFO] [stdout]       │     └─  [11001]
[INFO] [stdout]       └─  [111]
[INFO] [stdout] 0 [origin: 174, # ris peers: 6]
[INFO] [stdout] └─ 0 
[INFO] [stdout]    └─ 0 
[INFO] [stdout]       └─ 0 
[INFO] [stdout]          └─ 0 
[INFO] [stdout]             └─ 0 
[INFO] [stdout]                └─ 0 
[INFO] [stdout]                   └─ 1 
[INFO] [stdout]                      └─ 0 
[INFO] [stdout]                         └─ 0 
[INFO] [stdout]                            └─ 0 
[INFO] [stdout]                               └─ 01 
[INFO] [stdout]                                  ├─ 0 
[INFO] [stdout]                                  │  └─ 01 
[INFO] [stdout]                                  │     ├─ 0 
[INFO] [stdout]                                  │     │  └─ 1 
[INFO] [stdout]                                  │     │     └─ 01 
[INFO] [stdout]                                  │     │        ├─ 1 
[INFO] [stdout]                                  │     │        │  └─ 1 
[INFO] [stdout]                                  │     │        │     └─ 0 
[INFO] [stdout]                                  │     │        │        └─ 0 
[INFO] [stdout]                                  │     │        │           └─ 0 
[INFO] [stdout]                                  │     │        │              └─ 0 
[INFO] [stdout]                                  │     │        │                 └─ 0 
[INFO] [stdout]                                  │     │        │                    └─  [origin: 2519, # ris peers: 347]
[INFO] [stdout]                                  │     │        └─ 1 
[INFO] [stdout]                                  │     │           └─ 0 
[INFO] [stdout]                                  │     │              └─ 1 
[INFO] [stdout]                                  │     │                 └─ 0 
[INFO] [stdout]                                  │     │                    └─  [origin: 23969, # ris peers: 406]
[INFO] [stdout]                                  │     └─ 1 
[INFO] [stdout]                                  │        └─ 0 
[INFO] [stdout]                                  │           └─ 0 
[INFO] [stdout]                                  │              └─ 1 
[INFO] [stdout]                                  │                 └─ 1 
[INFO] [stdout]                                  │                    └─ 0 
[INFO] [stdout]                                  │                       └─ 0 
[INFO] [stdout]                                  │                          └─ 01 
[INFO] [stdout]                                  │                             ├─  [origin: 9583, # ris peers: 358]
[INFO] [stdout]                                  │                             └─  [origin: 9583, # ris peers: 358]
[INFO] [stdout]                                  └─ 0 
[INFO] [stdout]                                     └─ 1 
[INFO] [stdout]                                        └─ 0 
[INFO] [stdout]                                           └─ 0 
[INFO] [stdout]                                              └─ 1 
[INFO] [stdout]                                                 └─ 0 
[INFO] [stdout]                                                    └─ 0 
[INFO] [stdout]                                                       └─ 1 
[INFO] [stdout]                                                          └─ 0 
[INFO] [stdout]                                                             └─ 1 
[INFO] [stdout]                                                                └─ 0 
[INFO] [stdout]                                                                   └─ 1 
[INFO] [stdout]                                                                      └─  [origin: 23969, # ris peers: 396]
[INFO] [stdout] test tests::test_strides ... ok
[INFO] [stdout] test tests::donkey_binary_trie_with_blog_data ... ok
[INFO] [stdout] test tests::donkey_binary_trie_with_RISwhois_IPv4_data_sample ... ok
[INFO] [stdout] 0 
[INFO] [stdout] └─ 0 
[INFO] [stdout]    └─ 0 
[INFO] [stdout]       └─ 0 
[INFO] [stdout]          └─ 1 P1
[INFO] [stdout]             └─ 1 
[INFO] [stdout]                └─ 1 
[INFO] [stdout]                   └─ 1 P2
[INFO] [stdout]                      └─ 0 
[INFO] [stdout]                         └─ 0 
[INFO] [stdout]                            └─ 0 
[INFO] [stdout]                               └─ 0 
[INFO] [stdout]                                  └─  P3
[INFO] [stdout] test tests::donkey_binary_trie_longest_prefix_match_paper_1104374552_slash_34 ... ok
[INFO] [stdout] 1 
[INFO] [stdout] └─ 1 
[INFO] [stdout]    └─ 0 
[INFO] [stdout]       └─ 0 
[INFO] [stdout]          └─ 0 
[INFO] [stdout]             └─ 0 
[INFO] [stdout]                └─ 0 
[INFO] [stdout]                   └─ 0 
[INFO] [stdout]                      └─ 1 
[INFO] [stdout]                         └─ 0 
[INFO] [stdout]                            └─ 1 
[INFO] [stdout]                               └─ 0 
[INFO] [stdout]                                  └─ 1 
[INFO] [stdout]                                     └─ 0 
[INFO] [stdout]                                        └─ 0 
[INFO] [stdout]                                           └─ 0 
[INFO] [stdout]                                              └─ 0 192.168.0.0/16
[INFO] [stdout]                                                 └─ 0 
[INFO] [stdout]                                                    └─ 0 
[INFO] [stdout]                                                       └─ 1 
[INFO] [stdout]                                                          └─ 0 
[INFO] [stdout]                                                             └─ 1 
[INFO] [stdout]                                                                └─ 0 
[INFO] [stdout]                                                                   └─ 0 
[INFO] [stdout]                                                                      └─ 0 
[INFO] [stdout]                                                                         └─ 0 
[INFO] [stdout]                                                                            └─ 0 
[INFO] [stdout]                                                                               └─ 1 
[INFO] [stdout]                                                                                  └─  192.168.20.16/28
[INFO] [stdout] test tests::donkey_binary_trie_longest_prefix_match_wikipedia ... ok
[INFO] [stdout] test tests::donkey_binary_trie_with_RISwhois_IPv4_data_full ... FAILED
[INFO] [stdout] 
[INFO] [stdout] failures:
[INFO] [stdout] 
[INFO] [stdout] ---- tests::donkey_binary_trie_with_RISwhois_IPv4_data_full stdout ----
[INFO] [stdout] Loading... 
[INFO] [stdout] 
[INFO] [stdout] thread 'tests::donkey_binary_trie_with_RISwhois_IPv4_data_full' panicked at src/main.rs:146:67:
[INFO] [stdout] called `Result::unwrap()` on an `Err` value: Os { code: 2, kind: NotFound, message: "No such file or directory" }
[INFO] [stdout] stack backtrace:
[INFO] [stdout]    0:     0x5fcf2aa65c3a - std::backtrace_rs::backtrace::libunwind::trace::hb059275cfc8d6126
[INFO] [stdout]                                at /rustc/6067b36314ab5eb2eb47cecc464545ba58e1ad24/library/std/src/../../backtrace/src/backtrace/libunwind.rs:116:5
[INFO] [stdout]    1:     0x5fcf2aa65c3a - std::backtrace_rs::backtrace::trace_unsynchronized::h2da071e4327ce3ee
[INFO] [stdout]                                at /rustc/6067b36314ab5eb2eb47cecc464545ba58e1ad24/library/std/src/../../backtrace/src/backtrace/mod.rs:66:5
[INFO] [stdout]    2:     0x5fcf2aa65c3a - std::sys::backtrace::_print_fmt::h842a1474e6f8d23f
[INFO] [stdout]                                at /rustc/6067b36314ab5eb2eb47cecc464545ba58e1ad24/library/std/src/sys/backtrace.rs:66:9
[INFO] [stdout]    3:     0x5fcf2aa65c3a - <std::sys::backtrace::BacktraceLock::print::DisplayBacktrace as core::fmt::Display>::fmt::h71a62eb3b9696b12
[INFO] [stdout]                                at /rustc/6067b36314ab5eb2eb47cecc464545ba58e1ad24/library/std/src/sys/backtrace.rs:39:26
[INFO] [stdout]    4:     0x5fcf2aa91103 - core::fmt::rt::Argument::fmt::hdb6b616786b41dc1
[INFO] [stdout]                                at /rustc/6067b36314ab5eb2eb47cecc464545ba58e1ad24/library/core/src/fmt/rt.rs:177:76
[INFO] [stdout]    5:     0x5fcf2aa91103 - core::fmt::write::h2cc1698af7e2d686
[INFO] [stdout]                                at /rustc/6067b36314ab5eb2eb47cecc464545ba58e1ad24/library/core/src/fmt/mod.rs:1440:21
[INFO] [stdout]    6:     0x5fcf2aa624e3 - std::io::Write::write_fmt::hab1b4cd059a79022
[INFO] [stdout]                                at /rustc/6067b36314ab5eb2eb47cecc464545ba58e1ad24/library/std/src/io/mod.rs:1887:15
[INFO] [stdout]    7:     0x5fcf2aa65a82 - std::sys::backtrace::BacktraceLock::print::h147fe35b4ea13b08
[INFO] [stdout]                                at /rustc/6067b36314ab5eb2eb47cecc464545ba58e1ad24/library/std/src/sys/backtrace.rs:42:9
[INFO] [stdout]    8:     0x5fcf2aa6705f - std::panicking::default_hook::{{closure}}::hbd44223dbdc0d208
[INFO] [stdout]                                at /rustc/6067b36314ab5eb2eb47cecc464545ba58e1ad24/library/std/src/panicking.rs:298:22
[INFO] [stdout]    9:     0x5fcf2aa66e78 - std::panicking::default_hook::h20f81eb0576efcec
[INFO] [stdout]                                at /rustc/6067b36314ab5eb2eb47cecc464545ba58e1ad24/library/std/src/panicking.rs:322:9
[INFO] [stdout]   10:     0x5fcf2a8af483 - <alloc::boxed::Box<F,A> as core::ops::function::Fn<Args>>::call::hdb53814c496a4d34
[INFO] [stdout]                                at /rustc/6067b36314ab5eb2eb47cecc464545ba58e1ad24/library/alloc/src/boxed.rs:2027:9
[INFO] [stdout]   11:     0x5fcf2a8af483 - test::test_main::{{closure}}::hc0a4963c59427c24
[INFO] [stdout]                                at /rustc/6067b36314ab5eb2eb47cecc464545ba58e1ad24/library/test/src/lib.rs:134:21
[INFO] [stdout]   12:     0x5fcf2aa67b53 - <alloc::boxed::Box<F,A> as core::ops::function::Fn<Args>>::call::h591b2225413a77e9
[INFO] [stdout]                                at /rustc/6067b36314ab5eb2eb47cecc464545ba58e1ad24/library/alloc/src/boxed.rs:2027:9
[INFO] [stdout]   13:     0x5fcf2aa67b53 - std::panicking::rust_panic_with_hook::h625eea43051b2edc
[INFO] [stdout]                                at /rustc/6067b36314ab5eb2eb47cecc464545ba58e1ad24/library/std/src/panicking.rs:839:13
[INFO] [stdout]   14:     0x5fcf2aa6780a - std::panicking::begin_panic_handler::{{closure}}::h4f9159cfbc3f6bd3
[INFO] [stdout]                                at /rustc/6067b36314ab5eb2eb47cecc464545ba58e1ad24/library/std/src/panicking.rs:704:13
[INFO] [stdout]   15:     0x5fcf2aa66139 - std::sys::backtrace::__rust_end_short_backtrace::h0390abce48353151
[INFO] [stdout]                                at /rustc/6067b36314ab5eb2eb47cecc464545ba58e1ad24/library/std/src/sys/backtrace.rs:168:18
[INFO] [stdout]   16:     0x5fcf2aa6749d - rust_begin_unwind
[INFO] [stdout]                                at /rustc/6067b36314ab5eb2eb47cecc464545ba58e1ad24/library/std/src/panicking.rs:695:5
[INFO] [stdout]   17:     0x5fcf2aa8f360 - core::panicking::panic_fmt::h9e7c637e9e5f29c9
[INFO] [stdout]                                at /rustc/6067b36314ab5eb2eb47cecc464545ba58e1ad24/library/core/src/panicking.rs:75:14
[INFO] [stdout]   18:     0x5fcf2aa8f7d6 - core::result::unwrap_failed::h7979f09313fe1849
[INFO] [stdout]                                at /rustc/6067b36314ab5eb2eb47cecc464545ba58e1ad24/library/core/src/result.rs:1704:5
[INFO] [stdout]   19:     0x5fcf2a860d6b - core::result::Result<T,E>::unwrap::hb57468af5e9f75bf
[INFO] [stdout]                                at /rustc/6067b36314ab5eb2eb47cecc464545ba58e1ad24/library/core/src/result.rs:1109:23
[INFO] [stdout]   20:     0x5fcf2a860d6b - donkey_mule_horse::tests::donkey_binary_trie_with_RISwhois_IPv4_data_full::hd9a0e702a45045e9
[INFO] [stdout]                                at /opt/rustwide/workdir/src/main.rs:146:20
[INFO] [stdout]   21:     0x5fcf2a860877 - donkey_mule_horse::tests::donkey_binary_trie_with_RISwhois_IPv4_data_full::{{closure}}::h39c6e1991fc5b1f2
[INFO] [stdout]                                at /opt/rustwide/workdir/src/main.rs:119:57
[INFO] [stdout]   22:     0x5fcf2a83a8c6 - core::ops::function::FnOnce::call_once::hcf363d91b8574f2b
[INFO] [stdout]                                at /rustc/6067b36314ab5eb2eb47cecc464545ba58e1ad24/library/core/src/ops/function.rs:250:5
[INFO] [stdout]   23:     0x5fcf2a8b4bdb - core::ops::function::FnOnce::call_once::he27718dfdd183f43
[INFO] [stdout]                                at /rustc/6067b36314ab5eb2eb47cecc464545ba58e1ad24/library/core/src/ops/function.rs:250:5
[INFO] [stdout]   24:     0x5fcf2a8b4bdb - test::__rust_begin_short_backtrace::h4e84902998457a5d
[INFO] [stdout]                                at /rustc/6067b36314ab5eb2eb47cecc464545ba58e1ad24/library/test/src/lib.rs:632:18
[INFO] [stdout]   25:     0x5fcf2a8b3b13 - test::run_test_in_process::{{closure}}::h7176fd18fc1feca0
[INFO] [stdout]                                at /rustc/6067b36314ab5eb2eb47cecc464545ba58e1ad24/library/test/src/lib.rs:655:60
[INFO] [stdout]   26:     0x5fcf2a8b3b13 - <core::panic::unwind_safe::AssertUnwindSafe<F> as core::ops::function::FnOnce<()>>::call_once::hf79cff2a624d8cf7
[INFO] [stdout]                                at /rustc/6067b36314ab5eb2eb47cecc464545ba58e1ad24/library/core/src/panic/unwind_safe.rs:272:9
[INFO] [stdout]   27:     0x5fcf2a8b3b13 - std::panicking::try::do_call::h3da0561d9ab99c25
[INFO] [stdout]                                at /rustc/6067b36314ab5eb2eb47cecc464545ba58e1ad24/library/std/src/panicking.rs:587:40
[INFO] [stdout]   28:     0x5fcf2a8b3b13 - std::panicking::try::h41c9fa508bc61df6
[INFO] [stdout]                                at /rustc/6067b36314ab5eb2eb47cecc464545ba58e1ad24/library/std/src/panicking.rs:550:19
[INFO] [stdout]   29:     0x5fcf2a8b3b13 - std::panic::catch_unwind::h6b3ff07bb5afad93
[INFO] [stdout]                                at /rustc/6067b36314ab5eb2eb47cecc464545ba58e1ad24/library/std/src/panic.rs:358:14
[INFO] [stdout]   30:     0x5fcf2a8b3b13 - test::run_test_in_process::hc7253dd11b39b9f4
[INFO] [stdout]                                at /rustc/6067b36314ab5eb2eb47cecc464545ba58e1ad24/library/test/src/lib.rs:655:27
[INFO] [stdout]   31:     0x5fcf2a8b3b13 - test::run_test::{{closure}}::hfb2007f8649c30bb
[INFO] [stdout]                                at /rustc/6067b36314ab5eb2eb47cecc464545ba58e1ad24/library/test/src/lib.rs:576:43
[INFO] [stdout]   32:     0x5fcf2a876bf5 - test::run_test::{{closure}}::h56a17aa7a282a9f4
[INFO] [stdout]                                at /rustc/6067b36314ab5eb2eb47cecc464545ba58e1ad24/library/test/src/lib.rs:606:41
[INFO] [stdout]   33:     0x5fcf2a876bf5 - std::sys::backtrace::__rust_begin_short_backtrace::hd2d2d2fb8e8c6aac
[INFO] [stdout]                                at /rustc/6067b36314ab5eb2eb47cecc464545ba58e1ad24/library/std/src/sys/backtrace.rs:152:18
[INFO] [stdout]   34:     0x5fcf2a87a4da - std::thread::Builder::spawn_unchecked_::{{closure}}::{{closure}}::h4faa3f9db6133423
[INFO] [stdout]                                at /rustc/6067b36314ab5eb2eb47cecc464545ba58e1ad24/library/std/src/thread/mod.rs:559:17
[INFO] [stdout]   35:     0x5fcf2a87a4da - <core::panic::unwind_safe::AssertUnwindSafe<F> as core::ops::function::FnOnce<()>>::call_once::hf2e855a36a4ea846
[INFO] [stdout]                                at /rustc/6067b36314ab5eb2eb47cecc464545ba58e1ad24/library/core/src/panic/unwind_safe.rs:272:9
[INFO] [stdout]   36:     0x5fcf2a87a4da - std::panicking::try::do_call::h2f73af3616c35465
[INFO] [stdout]                                at /rustc/6067b36314ab5eb2eb47cecc464545ba58e1ad24/library/std/src/panicking.rs:587:40
[INFO] [stdout]   37:     0x5fcf2a87a4da - std::panicking::try::hd1660ce9efadef5a
[INFO] [stdout]                                at /rustc/6067b36314ab5eb2eb47cecc464545ba58e1ad24/library/std/src/panicking.rs:550:19
[INFO] [stdout]   38:     0x5fcf2a87a4da - std::panic::catch_unwind::h5ee8d7823b8ca744
[INFO] [stdout]                                at /rustc/6067b36314ab5eb2eb47cecc464545ba58e1ad24/library/std/src/panic.rs:358:14
[INFO] [stdout]   39:     0x5fcf2a87a4da - std::thread::Builder::spawn_unchecked_::{{closure}}::h53c3a1894dce8407
[INFO] [stdout]                                at /rustc/6067b36314ab5eb2eb47cecc464545ba58e1ad24/library/std/src/thread/mod.rs:557:30
[INFO] [stdout]   40:     0x5fcf2a87a4da - core::ops::function::FnOnce::call_once{{vtable.shim}}::h048ce291ad4f62bf
[INFO] [stdout]                                at /rustc/6067b36314ab5eb2eb47cecc464545ba58e1ad24/library/core/src/ops/function.rs:250:5
[INFO] [stdout]   41:     0x5fcf2aa6ba9b - <alloc::boxed::Box<F,A> as core::ops::function::FnOnce<Args>>::call_once::ha52bedf99a3b4981
[INFO] [stdout]                                at /rustc/6067b36314ab5eb2eb47cecc464545ba58e1ad24/library/alloc/src/boxed.rs:2013:9
[INFO] [stdout]   42:     0x5fcf2aa6ba9b - <alloc::boxed::Box<F,A> as core::ops::function::FnOnce<Args>>::call_once::h567748934d80ccf8
[INFO] [stdout]                                at /rustc/6067b36314ab5eb2eb47cecc464545ba58e1ad24/library/alloc/src/boxed.rs:2013:9
[INFO] [stdout]   43:     0x5fcf2aa6ba9b - std::sys::pal::unix::thread::Thread::new::thread_start::h2d970728ae887adc
[INFO] [stdout]                                at /rustc/6067b36314ab5eb2eb47cecc464545ba58e1ad24/library/std/src/sys/pal/unix/thread.rs:106:17
[INFO] [stdout]   44:     0x7eec87d7eac3 - <unknown>
[INFO] [stdout]   45:     0x7eec87e0fa04 - clone
[INFO] [stdout]   46:                0x0 - <unknown>
[INFO] [stdout] 
[INFO] [stdout] 
[INFO] [stdout] failures:
[INFO] [stdout]     tests::donkey_binary_trie_with_RISwhois_IPv4_data_full
[INFO] [stdout] 
[INFO] [stdout] test result: FAILED. 5 passed; 1 failed; 0 ignored; 0 measured; 0 filtered out; finished in 0.07s
[INFO] [stdout] 
[INFO] [stderr] error: test failed, to rerun pass `--bin donkey-mule-horse`
[INFO] running `Command { std: "docker" "inspect" "659e2a56043e62e1746e3357acba3cafe1a8ef54ed26cc0a7d9ae6a149d4fb1f", kill_on_drop: false }`
[INFO] running `Command { std: "docker" "rm" "-f" "659e2a56043e62e1746e3357acba3cafe1a8ef54ed26cc0a7d9ae6a149d4fb1f", kill_on_drop: false }`
[INFO] [stdout] 659e2a56043e62e1746e3357acba3cafe1a8ef54ed26cc0a7d9ae6a149d4fb1f
