[INFO] cloning repository https://github.com/xiaowang7777/rust-tls3
[INFO] running `Command { std: "git" "-c" "credential.helper=" "-c" "credential.helper=/workspace/cargo-home/bin/git-credential-null" "clone" "--bare" "https://github.com/xiaowang7777/rust-tls3" "/workspace/cache/git-repos/https%3A%2F%2Fgithub.com%2Fxiaowang7777%2Frust-tls3", kill_on_drop: false }`
[INFO] [stderr] Cloning into bare repository '/workspace/cache/git-repos/https%3A%2F%2Fgithub.com%2Fxiaowang7777%2Frust-tls3'...
[INFO] running `Command { std: "git" "rev-parse" "HEAD", kill_on_drop: false }`
[INFO] [stdout] a8ce2715a86cda4b11ad2ffee57832468bfb3d6f
[INFO] testing xiaowang7777/rust-tls3 against nightly-2025-01-18+rustflags=-Zrandomize-layout for randomize-layout-2
[INFO] running `Command { std: "git" "clone" "/workspace/cache/git-repos/https%3A%2F%2Fgithub.com%2Fxiaowang7777%2Frust-tls3" "/workspace/builds/worker-6-tc2/source", kill_on_drop: false }`
[INFO] [stderr] Cloning into '/workspace/builds/worker-6-tc2/source'...
[INFO] [stderr] done.
[INFO] validating manifest of git repo https://github.com/xiaowang7777/rust-tls3 on toolchain nightly-2025-01-18
[INFO] running `Command { std: CARGO_HOME="/workspace/cargo-home" RUSTUP_HOME="/workspace/rustup-home" "/workspace/cargo-home/bin/cargo" "+nightly-2025-01-18" "metadata" "--manifest-path" "Cargo.toml" "--no-deps", kill_on_drop: false }`
[INFO] started tweaking git repo https://github.com/xiaowang7777/rust-tls3
[INFO] finished tweaking git repo https://github.com/xiaowang7777/rust-tls3
[INFO] tweaked toml for git repo https://github.com/xiaowang7777/rust-tls3 written to /workspace/builds/worker-6-tc2/source/Cargo.toml
[INFO] crate git repo https://github.com/xiaowang7777/rust-tls3 already has a lockfile, it will not be regenerated
[INFO] running `Command { std: CARGO_HOME="/workspace/cargo-home" RUSTUP_HOME="/workspace/rustup-home" "/workspace/cargo-home/bin/cargo" "+nightly-2025-01-18" "fetch" "--manifest-path" "Cargo.toml", kill_on_drop: false }`
[INFO] running `Command { std: "docker" "create" "-v" "/var/lib/crater-agent-workspace/builds/worker-6-tc2/target:/opt/rustwide/target:rw,Z" "-v" "/var/lib/crater-agent-workspace/builds/worker-6-tc2/source:/opt/rustwide/workdir:ro,Z" "-v" "/var/lib/crater-agent-workspace/cargo-home:/opt/rustwide/cargo-home:ro,Z" "-v" "/var/lib/crater-agent-workspace/rustup-home:/opt/rustwide/rustup-home:ro,Z" "-e" "SOURCE_DIR=/opt/rustwide/workdir" "-e" "CARGO_TARGET_DIR=/opt/rustwide/target" "-e" "CARGO_HOME=/opt/rustwide/cargo-home" "-e" "RUSTUP_HOME=/opt/rustwide/rustup-home" "-w" "/opt/rustwide/workdir" "-m" "1610612736" "--user" "0:0" "--network" "none" "ghcr.io/rust-lang/crates-build-env/linux@sha256:819108c5571ea2e421544af4d832f968d213c87fbe3707a016657f43d2f853bc" "/opt/rustwide/cargo-home/bin/cargo" "+nightly-2025-01-18" "metadata" "--no-deps" "--format-version=1", kill_on_drop: false }`
[INFO] [stdout] 702db78eebfdb2ebd0ea1942a387c4a74080b269210ced77996f4685f22b3e24
[INFO] running `Command { std: "docker" "start" "-a" "702db78eebfdb2ebd0ea1942a387c4a74080b269210ced77996f4685f22b3e24", kill_on_drop: false }`
[INFO] running `Command { std: "docker" "inspect" "702db78eebfdb2ebd0ea1942a387c4a74080b269210ced77996f4685f22b3e24", kill_on_drop: false }`
[INFO] running `Command { std: "docker" "rm" "-f" "702db78eebfdb2ebd0ea1942a387c4a74080b269210ced77996f4685f22b3e24", kill_on_drop: false }`
[INFO] [stdout] 702db78eebfdb2ebd0ea1942a387c4a74080b269210ced77996f4685f22b3e24
[INFO] running `Command { std: "docker" "create" "-v" "/var/lib/crater-agent-workspace/builds/worker-6-tc2/target:/opt/rustwide/target:rw,Z" "-v" "/var/lib/crater-agent-workspace/builds/worker-6-tc2/source:/opt/rustwide/workdir:ro,Z" "-v" "/var/lib/crater-agent-workspace/cargo-home:/opt/rustwide/cargo-home:ro,Z" "-v" "/var/lib/crater-agent-workspace/rustup-home:/opt/rustwide/rustup-home:ro,Z" "-e" "SOURCE_DIR=/opt/rustwide/workdir" "-e" "CARGO_TARGET_DIR=/opt/rustwide/target" "-e" "CARGO_INCREMENTAL=0" "-e" "RUST_BACKTRACE=full" "-e" "RUSTFLAGS=--cap-lints=forbid -Zrandomize-layout" "-e" "RUSTDOCFLAGS=--cap-lints=forbid" "-e" "CARGO_HOME=/opt/rustwide/cargo-home" "-e" "RUSTUP_HOME=/opt/rustwide/rustup-home" "-w" "/opt/rustwide/workdir" "-m" "1610612736" "--user" "0:0" "--network" "none" "ghcr.io/rust-lang/crates-build-env/linux@sha256:819108c5571ea2e421544af4d832f968d213c87fbe3707a016657f43d2f853bc" "/opt/rustwide/cargo-home/bin/cargo" "+nightly-2025-01-18" "build" "--frozen" "--message-format=json", kill_on_drop: false }`
[INFO] [stdout] ae7e225a4ca614274341b7e1fd769781e2e4c73884ee3cc3e5810ef50c9b95c9
[INFO] running `Command { std: "docker" "start" "-a" "ae7e225a4ca614274341b7e1fd769781e2e4c73884ee3cc3e5810ef50c9b95c9", kill_on_drop: false }`
[INFO] [stderr]    Compiling proc-macro2 v1.0.92
[INFO] [stderr]    Compiling unicode-ident v1.0.14
[INFO] [stderr]    Compiling libc v0.2.166
[INFO] [stderr]    Compiling byteorder v1.5.0
[INFO] [stderr]    Compiling quote v1.0.37
[INFO] [stderr]    Compiling syn v2.0.89
[INFO] [stderr]    Compiling getrandom v0.2.15
[INFO] [stderr]    Compiling rand_core v0.6.4
[INFO] [stderr]    Compiling zerocopy-derive v0.7.35
[INFO] [stderr]    Compiling zerocopy v0.7.35
[INFO] [stderr]    Compiling ppv-lite86 v0.2.20
[INFO] [stderr]    Compiling rand_chacha v0.3.1
[INFO] [stderr]    Compiling rand v0.8.5
[INFO] [stderr]    Compiling rust-tls3 v0.1.0 (/opt/rustwide/workdir)
[INFO] [stdout] warning: unused import: `std::ops::Deref`
[INFO] [stdout]  --> src/lib.rs:1:5
[INFO] [stdout]   |
[INFO] [stdout] 1 | use std::ops::Deref;
[INFO] [stdout]   |     ^^^^^^^^^^^^^^^
[INFO] [stdout]   |
[INFO] [stdout]   = note: `#[warn(unused_imports)]` on by default
[INFO] [stdout] 
[INFO] [stdout] 
[INFO] [stdout] warning: variant `TLS_AES_128_GCM_SHA256` should have an upper camel case name
[INFO] [stdout]  --> src/cipher_suite/cipher_suite.rs:7:5
[INFO] [stdout]   |
[INFO] [stdout] 7 |     TLS_AES_128_GCM_SHA256,
[INFO] [stdout]   |     ^^^^^^^^^^^^^^^^^^^^^^ help: convert the identifier to upper camel case: `TlsAes128GcmSha256`
[INFO] [stdout]   |
[INFO] [stdout]   = note: `#[warn(non_camel_case_types)]` on by default
[INFO] [stdout] 
[INFO] [stdout] 
[INFO] [stdout] warning: variant `TLS_AES_256_GCM_SHA384` should have an upper camel case name
[INFO] [stdout]  --> src/cipher_suite/cipher_suite.rs:8:5
[INFO] [stdout]   |
[INFO] [stdout] 8 |     TLS_AES_256_GCM_SHA384,
[INFO] [stdout]   |     ^^^^^^^^^^^^^^^^^^^^^^ help: convert the identifier to upper camel case: `TlsAes256GcmSha384`
[INFO] [stdout] 
[INFO] [stdout] 
[INFO] [stdout] warning: variant `TLS_CHACHA20_POLY1305_SHA256` should have an upper camel case name
[INFO] [stdout]  --> src/cipher_suite/cipher_suite.rs:9:5
[INFO] [stdout]   |
[INFO] [stdout] 9 |     TLS_CHACHA20_POLY1305_SHA256,
[INFO] [stdout]   |     ^^^^^^^^^^^^^^^^^^^^^^^^^^^^ help: convert the identifier to upper camel case: `TlsChacha20Poly1305Sha256`
[INFO] [stdout] 
[INFO] [stdout] 
[INFO] [stdout] warning: variant `TLS_AES_128_CCM_SHA256` should have an upper camel case name
[INFO] [stdout]   --> src/cipher_suite/cipher_suite.rs:10:5
[INFO] [stdout]    |
[INFO] [stdout] 10 |     TLS_AES_128_CCM_SHA256,
[INFO] [stdout]    |     ^^^^^^^^^^^^^^^^^^^^^^ help: convert the identifier to upper camel case: `TlsAes128CcmSha256`
[INFO] [stdout] 
[INFO] [stdout] 
[INFO] [stdout] warning: variant `TLS_AES_128_CCM_8_SHA256` should have an upper camel case name
[INFO] [stdout]   --> src/cipher_suite/cipher_suite.rs:11:5
[INFO] [stdout]    |
[INFO] [stdout] 11 |     TLS_AES_128_CCM_8_SHA256,
[INFO] [stdout]    |     ^^^^^^^^^^^^^^^^^^^^^^^^ help: convert the identifier to upper camel case: `TlsAes128Ccm8Sha256`
[INFO] [stdout] 
[INFO] [stdout] 
[INFO] [stdout] warning: unused import: `cipher_suite::*`
[INFO] [stdout]   --> src/cipher_suite.rs:24:9
[INFO] [stdout]    |
[INFO] [stdout] 24 | pub use cipher_suite::*;
[INFO] [stdout]    |         ^^^^^^^^^^^^^^^
[INFO] [stdout] 
[INFO] [stdout] 
[INFO] [stdout] warning: unused import: `client_hello::ClientHello`
[INFO] [stdout]  --> src/handshake/data.rs:3:9
[INFO] [stdout]   |
[INFO] [stdout] 3 | pub use client_hello::ClientHello;
[INFO] [stdout]   |         ^^^^^^^^^^^^^^^^^^^^^^^^^
[INFO] [stdout] 
[INFO] [stdout] 
[INFO] [stdout] warning: unused variable: `value`
[INFO] [stdout]   --> src/cipher_suite/cipher_suite.rs:15:16
[INFO] [stdout]    |
[INFO] [stdout] 15 |     fn get_vec(value:Vec<u8>)->Self{
[INFO] [stdout]    |                ^^^^^ help: if this is intentional, prefix it with an underscore: `_value`
[INFO] [stdout]    |
[INFO] [stdout]    = note: `#[warn(unused_variables)]` on by default
[INFO] [stdout] 
[INFO] [stdout] 
[INFO] [stdout] warning: unused variable: `value`
[INFO] [stdout]   --> src/handshake/data/client_hello.rs:87:13
[INFO] [stdout]    |
[INFO] [stdout] 87 |     fn from(value: Vec<u8>) -> Self {
[INFO] [stdout]    |             ^^^^^ help: if this is intentional, prefix it with an underscore: `_value`
[INFO] [stdout] 
[INFO] [stdout] 
[INFO] [stdout] warning: trait `ParentType` is more private than the item `VectorData`
[INFO] [stdout]   --> src/lib.rs:10:1
[INFO] [stdout]    |
[INFO] [stdout] 10 | pub struct VectorData<T>(Vec<Box<T>>)
[INFO] [stdout]    | ^^^^^^^^^^^^^^^^^^^^^^^^ struct `VectorData` is reachable at visibility `pub`
[INFO] [stdout]    |
[INFO] [stdout] note: but trait `ParentType` is only usable at visibility `pub(crate)`
[INFO] [stdout]   --> src/lib.rs:8:1
[INFO] [stdout]    |
[INFO] [stdout] 8  | trait ParentType: From<Vec<u8>> + Into<Vec<u8>> + Sized + Clone {}
[INFO] [stdout]    | ^^^^^^^^^^^^^^^^^^^^^^^^^^^^^^^^^^^^^^^^^^^^^^^^^^^^^^^^^^^^^^^
[INFO] [stdout]    = note: `#[warn(private_bounds)]` on by default
[INFO] [stdout] 
[INFO] [stdout] 
[INFO] [stdout] warning: trait `ParentType` is more private than the item `VectorData<T>`
[INFO] [stdout]   --> src/lib.rs:14:1
[INFO] [stdout]    |
[INFO] [stdout] 14 | / impl<T> VectorData<T>
[INFO] [stdout] 15 | | where
[INFO] [stdout] 16 | |     T: ParentType,
[INFO] [stdout]    | |__________________^ implementation `VectorData<T>` is reachable at visibility `pub`
[INFO] [stdout]    |
[INFO] [stdout] note: but trait `ParentType` is only usable at visibility `pub(crate)`
[INFO] [stdout]   --> src/lib.rs:8:1
[INFO] [stdout]    |
[INFO] [stdout] 8  | trait ParentType: From<Vec<u8>> + Into<Vec<u8>> + Sized + Clone {}
[INFO] [stdout]    | ^^^^^^^^^^^^^^^^^^^^^^^^^^^^^^^^^^^^^^^^^^^^^^^^^^^^^^^^^^^^^^^
[INFO] [stdout] 
[INFO] [stdout] 
[INFO] [stdout] warning: associated function `new` is never used
[INFO] [stdout]   --> src/lib.rs:33:19
[INFO] [stdout]    |
[INFO] [stdout] 14 | / impl<T> VectorData<T>
[INFO] [stdout] 15 | | where
[INFO] [stdout] 16 | |     T: ParentType,
[INFO] [stdout]    | |__________________- associated function in this implementation
[INFO] [stdout] ...
[INFO] [stdout] 33 |       pub(crate) fn new(data: Vec<Box<T>>) -> VectorData<T> {
[INFO] [stdout]    |                     ^^^
[INFO] [stdout]    |
[INFO] [stdout]    = note: `#[warn(dead_code)]` on by default
[INFO] [stdout] 
[INFO] [stdout] 
[INFO] [stdout] warning: function `u162u8array` is never used
[INFO] [stdout]   --> src/lib.rs:44:4
[INFO] [stdout]    |
[INFO] [stdout] 44 | fn u162u8array(data: u16) -> [u8; 2] {
[INFO] [stdout]    |    ^^^^^^^^^^^
[INFO] [stdout] 
[INFO] [stdout] 
[INFO] [stdout] warning: associated items `from_vec` and `to_vec` are never used
[INFO] [stdout]   --> src/cipher_suite.rs:14:8
[INFO] [stdout]    |
[INFO] [stdout] 12 | pub(crate) trait CipherSuite {
[INFO] [stdout]    |                  ----------- associated items in this trait
[INFO] [stdout] 13 |     type SelfFrom: Sized + From<Vec<u8>>;
[INFO] [stdout] 14 |     fn from_vec(vec: Vec<u8>) -> Self::SelfFrom
[INFO] [stdout]    |        ^^^^^^^^
[INFO] [stdout] ...
[INFO] [stdout] 20 |     fn to_vec(self) -> Vec<u8>;
[INFO] [stdout]    |        ^^^^^^
[INFO] [stdout] 
[INFO] [stdout] 
[INFO] [stdout] warning: variants `TLS_AES_128_GCM_SHA256`, `TLS_AES_256_GCM_SHA384`, `TLS_CHACHA20_POLY1305_SHA256`, and `TLS_AES_128_CCM_SHA256` are never constructed
[INFO] [stdout]   --> src/cipher_suite/cipher_suite.rs:7:5
[INFO] [stdout]    |
[INFO] [stdout] 6  | pub enum CipherSuiteType {
[INFO] [stdout]    |          --------------- variants in this enum
[INFO] [stdout] 7  |     TLS_AES_128_GCM_SHA256,
[INFO] [stdout]    |     ^^^^^^^^^^^^^^^^^^^^^^
[INFO] [stdout] 8  |     TLS_AES_256_GCM_SHA384,
[INFO] [stdout]    |     ^^^^^^^^^^^^^^^^^^^^^^
[INFO] [stdout] 9  |     TLS_CHACHA20_POLY1305_SHA256,
[INFO] [stdout]    |     ^^^^^^^^^^^^^^^^^^^^^^^^^^^^
[INFO] [stdout] 10 |     TLS_AES_128_CCM_SHA256,
[INFO] [stdout]    |     ^^^^^^^^^^^^^^^^^^^^^^
[INFO] [stdout]    |
[INFO] [stdout]    = note: `CipherSuiteType` has a derived impl for the trait `Debug`, but this is intentionally ignored during dead code analysis
[INFO] [stdout] 
[INFO] [stdout] 
[INFO] [stdout] warning: trait `CompressionMethod` is never used
[INFO] [stdout]  --> src/compression_methods.rs:1:18
[INFO] [stdout]   |
[INFO] [stdout] 1 | pub(crate) trait CompressionMethod {
[INFO] [stdout]   |                  ^^^^^^^^^^^^^^^^^
[INFO] [stdout] 
[INFO] [stdout] 
[INFO] [stdout] warning: trait `Extension` is never used
[INFO] [stdout]  --> src/extension.rs:1:18
[INFO] [stdout]   |
[INFO] [stdout] 1 | pub(crate) trait Extension {
[INFO] [stdout]   |                  ^^^^^^^^^
[INFO] [stdout] 
[INFO] [stdout] 
[INFO] [stdout] warning: associated functions `new` and `new_from_extensions_with_cipher_suites` are never used
[INFO] [stdout]   --> src/handshake/data/client_hello.rs:28:12
[INFO] [stdout]    |
[INFO] [stdout] 22 | / impl<C, D, E> ClientHello<C, D, E>
[INFO] [stdout] 23 | | where
[INFO] [stdout] 24 | |     C: ParentType,
[INFO] [stdout] 25 | |     D: ParentType,
[INFO] [stdout] 26 | |     E: ParentType,
[INFO] [stdout]    | |__________________- associated functions in this implementation
[INFO] [stdout] 27 |   {
[INFO] [stdout] 28 |       pub fn new(
[INFO] [stdout]    |              ^^^
[INFO] [stdout] ...
[INFO] [stdout] 53 |       pub fn new_from_extensions_with_cipher_suites(
[INFO] [stdout]    |              ^^^^^^^^^^^^^^^^^^^^^^^^^^^^^^^^^^^^^^
[INFO] [stdout] 
[INFO] [stdout] 
[INFO] [stderr]     Finished `dev` profile [unoptimized + debuginfo] target(s) in 7.12s
[INFO] running `Command { std: "docker" "inspect" "ae7e225a4ca614274341b7e1fd769781e2e4c73884ee3cc3e5810ef50c9b95c9", kill_on_drop: false }`
[INFO] running `Command { std: "docker" "rm" "-f" "ae7e225a4ca614274341b7e1fd769781e2e4c73884ee3cc3e5810ef50c9b95c9", kill_on_drop: false }`
[INFO] [stdout] ae7e225a4ca614274341b7e1fd769781e2e4c73884ee3cc3e5810ef50c9b95c9
[INFO] running `Command { std: "docker" "create" "-v" "/var/lib/crater-agent-workspace/builds/worker-6-tc2/target:/opt/rustwide/target:rw,Z" "-v" "/var/lib/crater-agent-workspace/builds/worker-6-tc2/source:/opt/rustwide/workdir:ro,Z" "-v" "/var/lib/crater-agent-workspace/cargo-home:/opt/rustwide/cargo-home:ro,Z" "-v" "/var/lib/crater-agent-workspace/rustup-home:/opt/rustwide/rustup-home:ro,Z" "-e" "SOURCE_DIR=/opt/rustwide/workdir" "-e" "CARGO_TARGET_DIR=/opt/rustwide/target" "-e" "CARGO_INCREMENTAL=0" "-e" "RUST_BACKTRACE=full" "-e" "RUSTFLAGS=--cap-lints=forbid -Zrandomize-layout" "-e" "RUSTDOCFLAGS=--cap-lints=forbid" "-e" "CARGO_HOME=/opt/rustwide/cargo-home" "-e" "RUSTUP_HOME=/opt/rustwide/rustup-home" "-w" "/opt/rustwide/workdir" "-m" "1610612736" "--user" "0:0" "--network" "none" "ghcr.io/rust-lang/crates-build-env/linux@sha256:819108c5571ea2e421544af4d832f968d213c87fbe3707a016657f43d2f853bc" "/opt/rustwide/cargo-home/bin/cargo" "+nightly-2025-01-18" "test" "--frozen" "--no-run" "--message-format=json", kill_on_drop: false }`
[INFO] [stdout] d2e8f44cfb402013a024ecb27084cecd0d78627235526d91d417c377b9254d15
[INFO] running `Command { std: "docker" "start" "-a" "d2e8f44cfb402013a024ecb27084cecd0d78627235526d91d417c377b9254d15", kill_on_drop: false }`
[INFO] [stderr]    Compiling rust-tls3 v0.1.0 (/opt/rustwide/workdir)
[INFO] [stdout] warning: unused import: `std::ops::Deref`
[INFO] [stdout]  --> src/lib.rs:1:5
[INFO] [stdout]   |
[INFO] [stdout] 1 | use std::ops::Deref;
[INFO] [stdout]   |     ^^^^^^^^^^^^^^^
[INFO] [stdout]   |
[INFO] [stdout]   = note: `#[warn(unused_imports)]` on by default
[INFO] [stdout] 
[INFO] [stdout] 
[INFO] [stdout] warning: variant `TLS_AES_128_GCM_SHA256` should have an upper camel case name
[INFO] [stdout]  --> src/cipher_suite/cipher_suite.rs:7:5
[INFO] [stdout]   |
[INFO] [stdout] 7 |     TLS_AES_128_GCM_SHA256,
[INFO] [stdout]   |     ^^^^^^^^^^^^^^^^^^^^^^ help: convert the identifier to upper camel case: `TlsAes128GcmSha256`
[INFO] [stdout]   |
[INFO] [stdout]   = note: `#[warn(non_camel_case_types)]` on by default
[INFO] [stdout] 
[INFO] [stdout] 
[INFO] [stdout] warning: variant `TLS_AES_256_GCM_SHA384` should have an upper camel case name
[INFO] [stdout]  --> src/cipher_suite/cipher_suite.rs:8:5
[INFO] [stdout]   |
[INFO] [stdout] 8 |     TLS_AES_256_GCM_SHA384,
[INFO] [stdout]   |     ^^^^^^^^^^^^^^^^^^^^^^ help: convert the identifier to upper camel case: `TlsAes256GcmSha384`
[INFO] [stdout] 
[INFO] [stdout] 
[INFO] [stdout] warning: variant `TLS_CHACHA20_POLY1305_SHA256` should have an upper camel case name
[INFO] [stdout]  --> src/cipher_suite/cipher_suite.rs:9:5
[INFO] [stdout]   |
[INFO] [stdout] 9 |     TLS_CHACHA20_POLY1305_SHA256,
[INFO] [stdout]   |     ^^^^^^^^^^^^^^^^^^^^^^^^^^^^ help: convert the identifier to upper camel case: `TlsChacha20Poly1305Sha256`
[INFO] [stdout] 
[INFO] [stdout] 
[INFO] [stdout] warning: variant `TLS_AES_128_CCM_SHA256` should have an upper camel case name
[INFO] [stdout]   --> src/cipher_suite/cipher_suite.rs:10:5
[INFO] [stdout]    |
[INFO] [stdout] 10 |     TLS_AES_128_CCM_SHA256,
[INFO] [stdout]    |     ^^^^^^^^^^^^^^^^^^^^^^ help: convert the identifier to upper camel case: `TlsAes128CcmSha256`
[INFO] [stdout] 
[INFO] [stdout] 
[INFO] [stdout] warning: variant `TLS_AES_128_CCM_8_SHA256` should have an upper camel case name
[INFO] [stdout]   --> src/cipher_suite/cipher_suite.rs:11:5
[INFO] [stdout]    |
[INFO] [stdout] 11 |     TLS_AES_128_CCM_8_SHA256,
[INFO] [stdout]    |     ^^^^^^^^^^^^^^^^^^^^^^^^ help: convert the identifier to upper camel case: `TlsAes128Ccm8Sha256`
[INFO] [stdout] 
[INFO] [stdout] 
[INFO] [stdout] warning: unused import: `cipher_suite::*`
[INFO] [stdout]   --> src/cipher_suite.rs:24:9
[INFO] [stdout]    |
[INFO] [stdout] 24 | pub use cipher_suite::*;
[INFO] [stdout]    |         ^^^^^^^^^^^^^^^
[INFO] [stdout] 
[INFO] [stdout] 
[INFO] [stdout] warning: unused import: `client_hello::ClientHello`
[INFO] [stdout]  --> src/handshake/data.rs:3:9
[INFO] [stdout]   |
[INFO] [stdout] 3 | pub use client_hello::ClientHello;
[INFO] [stdout]   |         ^^^^^^^^^^^^^^^^^^^^^^^^^
[INFO] [stdout] 
[INFO] [stdout] 
[INFO] [stdout] warning: unused variable: `value`
[INFO] [stdout]   --> src/cipher_suite/cipher_suite.rs:15:16
[INFO] [stdout]    |
[INFO] [stdout] 15 |     fn get_vec(value:Vec<u8>)->Self{
[INFO] [stdout]    |                ^^^^^ help: if this is intentional, prefix it with an underscore: `_value`
[INFO] [stdout]    |
[INFO] [stdout]    = note: `#[warn(unused_variables)]` on by default
[INFO] [stdout] 
[INFO] [stdout] 
[INFO] [stdout] warning: unused variable: `value`
[INFO] [stdout]   --> src/handshake/data/client_hello.rs:87:13
[INFO] [stdout]    |
[INFO] [stdout] 87 |     fn from(value: Vec<u8>) -> Self {
[INFO] [stdout]    |             ^^^^^ help: if this is intentional, prefix it with an underscore: `_value`
[INFO] [stdout] 
[INFO] [stdout] 
[INFO] [stdout] warning: trait `ParentType` is more private than the item `VectorData`
[INFO] [stdout]   --> src/lib.rs:10:1
[INFO] [stdout]    |
[INFO] [stdout] 10 | pub struct VectorData<T>(Vec<Box<T>>)
[INFO] [stdout]    | ^^^^^^^^^^^^^^^^^^^^^^^^ struct `VectorData` is reachable at visibility `pub`
[INFO] [stdout]    |
[INFO] [stdout] note: but trait `ParentType` is only usable at visibility `pub(crate)`
[INFO] [stdout]   --> src/lib.rs:8:1
[INFO] [stdout]    |
[INFO] [stdout] 8  | trait ParentType: From<Vec<u8>> + Into<Vec<u8>> + Sized + Clone {}
[INFO] [stdout]    | ^^^^^^^^^^^^^^^^^^^^^^^^^^^^^^^^^^^^^^^^^^^^^^^^^^^^^^^^^^^^^^^
[INFO] [stdout]    = note: `#[warn(private_bounds)]` on by default
[INFO] [stdout] 
[INFO] [stdout] 
[INFO] [stdout] warning: trait `ParentType` is more private than the item `VectorData<T>`
[INFO] [stdout]   --> src/lib.rs:14:1
[INFO] [stdout]    |
[INFO] [stdout] 14 | / impl<T> VectorData<T>
[INFO] [stdout] 15 | | where
[INFO] [stdout] 16 | |     T: ParentType,
[INFO] [stdout]    | |__________________^ implementation `VectorData<T>` is reachable at visibility `pub`
[INFO] [stdout]    |
[INFO] [stdout] note: but trait `ParentType` is only usable at visibility `pub(crate)`
[INFO] [stdout]   --> src/lib.rs:8:1
[INFO] [stdout]    |
[INFO] [stdout] 8  | trait ParentType: From<Vec<u8>> + Into<Vec<u8>> + Sized + Clone {}
[INFO] [stdout]    | ^^^^^^^^^^^^^^^^^^^^^^^^^^^^^^^^^^^^^^^^^^^^^^^^^^^^^^^^^^^^^^^
[INFO] [stdout] 
[INFO] [stdout] 
[INFO] [stdout] warning: associated function `new` is never used
[INFO] [stdout]   --> src/lib.rs:33:19
[INFO] [stdout]    |
[INFO] [stdout] 14 | / impl<T> VectorData<T>
[INFO] [stdout] 15 | | where
[INFO] [stdout] 16 | |     T: ParentType,
[INFO] [stdout]    | |__________________- associated function in this implementation
[INFO] [stdout] ...
[INFO] [stdout] 33 |       pub(crate) fn new(data: Vec<Box<T>>) -> VectorData<T> {
[INFO] [stdout]    |                     ^^^
[INFO] [stdout]    |
[INFO] [stdout]    = note: `#[warn(dead_code)]` on by default
[INFO] [stdout] 
[INFO] [stdout] 
[INFO] [stdout] warning: function `u162u8array` is never used
[INFO] [stdout]   --> src/lib.rs:44:4
[INFO] [stdout]    |
[INFO] [stdout] 44 | fn u162u8array(data: u16) -> [u8; 2] {
[INFO] [stdout]    |    ^^^^^^^^^^^
[INFO] [stdout] 
[INFO] [stdout] 
[INFO] [stdout] warning: associated items `from_vec` and `to_vec` are never used
[INFO] [stdout]   --> src/cipher_suite.rs:14:8
[INFO] [stdout]    |
[INFO] [stdout] 12 | pub(crate) trait CipherSuite {
[INFO] [stdout]    |                  ----------- associated items in this trait
[INFO] [stdout] 13 |     type SelfFrom: Sized + From<Vec<u8>>;
[INFO] [stdout] 14 |     fn from_vec(vec: Vec<u8>) -> Self::SelfFrom
[INFO] [stdout]    |        ^^^^^^^^
[INFO] [stdout] ...
[INFO] [stdout] 20 |     fn to_vec(self) -> Vec<u8>;
[INFO] [stdout]    |        ^^^^^^
[INFO] [stdout] 
[INFO] [stdout] 
[INFO] [stdout] warning: variants `TLS_AES_128_GCM_SHA256`, `TLS_AES_256_GCM_SHA384`, `TLS_CHACHA20_POLY1305_SHA256`, and `TLS_AES_128_CCM_SHA256` are never constructed
[INFO] [stdout]   --> src/cipher_suite/cipher_suite.rs:7:5
[INFO] [stdout]    |
[INFO] [stdout] 6  | pub enum CipherSuiteType {
[INFO] [stdout]    |          --------------- variants in this enum
[INFO] [stdout] 7  |     TLS_AES_128_GCM_SHA256,
[INFO] [stdout]    |     ^^^^^^^^^^^^^^^^^^^^^^
[INFO] [stdout] 8  |     TLS_AES_256_GCM_SHA384,
[INFO] [stdout]    |     ^^^^^^^^^^^^^^^^^^^^^^
[INFO] [stdout] 9  |     TLS_CHACHA20_POLY1305_SHA256,
[INFO] [stdout]    |     ^^^^^^^^^^^^^^^^^^^^^^^^^^^^
[INFO] [stdout] 10 |     TLS_AES_128_CCM_SHA256,
[INFO] [stdout]    |     ^^^^^^^^^^^^^^^^^^^^^^
[INFO] [stdout]    |
[INFO] [stdout]    = note: `CipherSuiteType` has a derived impl for the trait `Debug`, but this is intentionally ignored during dead code analysis
[INFO] [stdout] 
[INFO] [stdout] 
[INFO] [stdout] warning: trait `CompressionMethod` is never used
[INFO] [stdout]  --> src/compression_methods.rs:1:18
[INFO] [stdout]   |
[INFO] [stdout] 1 | pub(crate) trait CompressionMethod {
[INFO] [stdout]   |                  ^^^^^^^^^^^^^^^^^
[INFO] [stdout] 
[INFO] [stdout] 
[INFO] [stdout] warning: trait `Extension` is never used
[INFO] [stdout]  --> src/extension.rs:1:18
[INFO] [stdout]   |
[INFO] [stdout] 1 | pub(crate) trait Extension {
[INFO] [stdout]   |                  ^^^^^^^^^
[INFO] [stdout] 
[INFO] [stdout] 
[INFO] [stdout] warning: associated functions `new` and `new_from_extensions_with_cipher_suites` are never used
[INFO] [stdout]   --> src/handshake/data/client_hello.rs:28:12
[INFO] [stdout]    |
[INFO] [stdout] 22 | / impl<C, D, E> ClientHello<C, D, E>
[INFO] [stdout] 23 | | where
[INFO] [stdout] 24 | |     C: ParentType,
[INFO] [stdout] 25 | |     D: ParentType,
[INFO] [stdout] 26 | |     E: ParentType,
[INFO] [stdout]    | |__________________- associated functions in this implementation
[INFO] [stdout] 27 |   {
[INFO] [stdout] 28 |       pub fn new(
[INFO] [stdout]    |              ^^^
[INFO] [stdout] ...
[INFO] [stdout] 53 |       pub fn new_from_extensions_with_cipher_suites(
[INFO] [stdout]    |              ^^^^^^^^^^^^^^^^^^^^^^^^^^^^^^^^^^^^^^
[INFO] [stdout] 
[INFO] [stdout] 
[INFO] [stdout] warning: unused import: `std::ops::Deref`
[INFO] [stdout]  --> src/lib.rs:1:5
[INFO] [stdout]   |
[INFO] [stdout] 1 | use std::ops::Deref;
[INFO] [stdout]   |     ^^^^^^^^^^^^^^^
[INFO] [stdout]   |
[INFO] [stdout]   = note: `#[warn(unused_imports)]` on by default
[INFO] [stdout] 
[INFO] [stdout] 
[INFO] [stdout] warning: variant `TLS_AES_128_GCM_SHA256` should have an upper camel case name
[INFO] [stdout]  --> src/cipher_suite/cipher_suite.rs:7:5
[INFO] [stdout]   |
[INFO] [stdout] 7 |     TLS_AES_128_GCM_SHA256,
[INFO] [stdout]   |     ^^^^^^^^^^^^^^^^^^^^^^ help: convert the identifier to upper camel case: `TlsAes128GcmSha256`
[INFO] [stdout]   |
[INFO] [stdout]   = note: `#[warn(non_camel_case_types)]` on by default
[INFO] [stdout] 
[INFO] [stdout] 
[INFO] [stdout] warning: variant `TLS_AES_256_GCM_SHA384` should have an upper camel case name
[INFO] [stdout]  --> src/cipher_suite/cipher_suite.rs:8:5
[INFO] [stdout]   |
[INFO] [stdout] 8 |     TLS_AES_256_GCM_SHA384,
[INFO] [stdout]   |     ^^^^^^^^^^^^^^^^^^^^^^ help: convert the identifier to upper camel case: `TlsAes256GcmSha384`
[INFO] [stdout] 
[INFO] [stdout] 
[INFO] [stdout] warning: variant `TLS_CHACHA20_POLY1305_SHA256` should have an upper camel case name
[INFO] [stdout]  --> src/cipher_suite/cipher_suite.rs:9:5
[INFO] [stdout]   |
[INFO] [stdout] 9 |     TLS_CHACHA20_POLY1305_SHA256,
[INFO] [stdout]   |     ^^^^^^^^^^^^^^^^^^^^^^^^^^^^ help: convert the identifier to upper camel case: `TlsChacha20Poly1305Sha256`
[INFO] [stdout] 
[INFO] [stdout] 
[INFO] [stdout] warning: variant `TLS_AES_128_CCM_SHA256` should have an upper camel case name
[INFO] [stdout]   --> src/cipher_suite/cipher_suite.rs:10:5
[INFO] [stdout]    |
[INFO] [stdout] 10 |     TLS_AES_128_CCM_SHA256,
[INFO] [stdout]    |     ^^^^^^^^^^^^^^^^^^^^^^ help: convert the identifier to upper camel case: `TlsAes128CcmSha256`
[INFO] [stdout] 
[INFO] [stdout] 
[INFO] [stdout] warning: variant `TLS_AES_128_CCM_8_SHA256` should have an upper camel case name
[INFO] [stdout]   --> src/cipher_suite/cipher_suite.rs:11:5
[INFO] [stdout]    |
[INFO] [stdout] 11 |     TLS_AES_128_CCM_8_SHA256,
[INFO] [stdout]    |     ^^^^^^^^^^^^^^^^^^^^^^^^ help: convert the identifier to upper camel case: `TlsAes128Ccm8Sha256`
[INFO] [stdout] 
[INFO] [stdout] 
[INFO] [stdout] warning: unused import: `cipher_suite::*`
[INFO] [stdout]   --> src/cipher_suite.rs:24:9
[INFO] [stdout]    |
[INFO] [stdout] 24 | pub use cipher_suite::*;
[INFO] [stdout]    |         ^^^^^^^^^^^^^^^
[INFO] [stdout] 
[INFO] [stdout] 
[INFO] [stdout] warning: unused import: `client_hello::ClientHello`
[INFO] [stdout]  --> src/handshake/data.rs:3:9
[INFO] [stdout]   |
[INFO] [stdout] 3 | pub use client_hello::ClientHello;
[INFO] [stdout]   |         ^^^^^^^^^^^^^^^^^^^^^^^^^
[INFO] [stdout] 
[INFO] [stdout] 
[INFO] [stdout] warning: unused variable: `value`
[INFO] [stdout]   --> src/cipher_suite/cipher_suite.rs:15:16
[INFO] [stdout]    |
[INFO] [stdout] 15 |     fn get_vec(value:Vec<u8>)->Self{
[INFO] [stdout]    |                ^^^^^ help: if this is intentional, prefix it with an underscore: `_value`
[INFO] [stdout]    |
[INFO] [stdout]    = note: `#[warn(unused_variables)]` on by default
[INFO] [stdout] 
[INFO] [stdout] 
[INFO] [stdout] warning: unused variable: `value`
[INFO] [stdout]   --> src/handshake/data/client_hello.rs:87:13
[INFO] [stdout]    |
[INFO] [stdout] 87 |     fn from(value: Vec<u8>) -> Self {
[INFO] [stdout]    |             ^^^^^ help: if this is intentional, prefix it with an underscore: `_value`
[INFO] [stdout] 
[INFO] [stdout] 
[INFO] [stdout] warning: trait `ParentType` is more private than the item `VectorData`
[INFO] [stdout]   --> src/lib.rs:10:1
[INFO] [stdout]    |
[INFO] [stdout] 10 | pub struct VectorData<T>(Vec<Box<T>>)
[INFO] [stdout]    | ^^^^^^^^^^^^^^^^^^^^^^^^ struct `VectorData` is reachable at visibility `pub`
[INFO] [stdout]    |
[INFO] [stdout] note: but trait `ParentType` is only usable at visibility `pub(crate)`
[INFO] [stdout]   --> src/lib.rs:8:1
[INFO] [stdout]    |
[INFO] [stdout] 8  | trait ParentType: From<Vec<u8>> + Into<Vec<u8>> + Sized + Clone {}
[INFO] [stdout]    | ^^^^^^^^^^^^^^^^^^^^^^^^^^^^^^^^^^^^^^^^^^^^^^^^^^^^^^^^^^^^^^^
[INFO] [stdout]    = note: `#[warn(private_bounds)]` on by default
[INFO] [stdout] 
[INFO] [stdout] 
[INFO] [stdout] warning: trait `ParentType` is more private than the item `VectorData<T>`
[INFO] [stdout]   --> src/lib.rs:14:1
[INFO] [stdout]    |
[INFO] [stdout] 14 | / impl<T> VectorData<T>
[INFO] [stdout] 15 | | where
[INFO] [stdout] 16 | |     T: ParentType,
[INFO] [stdout]    | |__________________^ implementation `VectorData<T>` is reachable at visibility `pub`
[INFO] [stdout]    |
[INFO] [stdout] note: but trait `ParentType` is only usable at visibility `pub(crate)`
[INFO] [stdout]   --> src/lib.rs:8:1
[INFO] [stdout]    |
[INFO] [stdout] 8  | trait ParentType: From<Vec<u8>> + Into<Vec<u8>> + Sized + Clone {}
[INFO] [stdout]    | ^^^^^^^^^^^^^^^^^^^^^^^^^^^^^^^^^^^^^^^^^^^^^^^^^^^^^^^^^^^^^^^
[INFO] [stdout] 
[INFO] [stdout] 
[INFO] [stdout] warning: associated function `new` is never used
[INFO] [stdout]   --> src/lib.rs:33:19
[INFO] [stdout]    |
[INFO] [stdout] 14 | / impl<T> VectorData<T>
[INFO] [stdout] 15 | | where
[INFO] [stdout] 16 | |     T: ParentType,
[INFO] [stdout]    | |__________________- associated function in this implementation
[INFO] [stdout] ...
[INFO] [stdout] 33 |       pub(crate) fn new(data: Vec<Box<T>>) -> VectorData<T> {
[INFO] [stdout]    |                     ^^^
[INFO] [stdout]    |
[INFO] [stdout]    = note: `#[warn(dead_code)]` on by default
[INFO] [stdout] 
[INFO] [stdout] 
[INFO] [stdout] warning: function `u162u8array` is never used
[INFO] [stdout]   --> src/lib.rs:44:4
[INFO] [stdout]    |
[INFO] [stdout] 44 | fn u162u8array(data: u16) -> [u8; 2] {
[INFO] [stdout]    |    ^^^^^^^^^^^
[INFO] [stdout] 
[INFO] [stdout] 
[INFO] [stdout] warning: associated items `from_vec` and `to_vec` are never used
[INFO] [stdout]   --> src/cipher_suite.rs:14:8
[INFO] [stdout]    |
[INFO] [stdout] 12 | pub(crate) trait CipherSuite {
[INFO] [stdout]    |                  ----------- associated items in this trait
[INFO] [stdout] 13 |     type SelfFrom: Sized + From<Vec<u8>>;
[INFO] [stdout] 14 |     fn from_vec(vec: Vec<u8>) -> Self::SelfFrom
[INFO] [stdout]    |        ^^^^^^^^
[INFO] [stdout] ...
[INFO] [stdout] 20 |     fn to_vec(self) -> Vec<u8>;
[INFO] [stdout]    |        ^^^^^^
[INFO] [stdout] 
[INFO] [stdout] 
[INFO] [stdout] warning: variants `TLS_AES_128_GCM_SHA256`, `TLS_CHACHA20_POLY1305_SHA256`, and `TLS_AES_128_CCM_SHA256` are never constructed
[INFO] [stdout]   --> src/cipher_suite/cipher_suite.rs:7:5
[INFO] [stdout]    |
[INFO] [stdout] 6  | pub enum CipherSuiteType {
[INFO] [stdout]    |          --------------- variants in this enum
[INFO] [stdout] 7  |     TLS_AES_128_GCM_SHA256,
[INFO] [stdout]    |     ^^^^^^^^^^^^^^^^^^^^^^
[INFO] [stdout] 8  |     TLS_AES_256_GCM_SHA384,
[INFO] [stdout] 9  |     TLS_CHACHA20_POLY1305_SHA256,
[INFO] [stdout]    |     ^^^^^^^^^^^^^^^^^^^^^^^^^^^^
[INFO] [stdout] 10 |     TLS_AES_128_CCM_SHA256,
[INFO] [stdout]    |     ^^^^^^^^^^^^^^^^^^^^^^
[INFO] [stdout]    |
[INFO] [stdout]    = note: `CipherSuiteType` has a derived impl for the trait `Debug`, but this is intentionally ignored during dead code analysis
[INFO] [stdout] 
[INFO] [stdout] 
[INFO] [stdout] warning: trait `CompressionMethod` is never used
[INFO] [stdout]  --> src/compression_methods.rs:1:18
[INFO] [stdout]   |
[INFO] [stdout] 1 | pub(crate) trait CompressionMethod {
[INFO] [stdout]   |                  ^^^^^^^^^^^^^^^^^
[INFO] [stdout] 
[INFO] [stdout] 
[INFO] [stdout] warning: trait `Extension` is never used
[INFO] [stdout]  --> src/extension.rs:1:18
[INFO] [stdout]   |
[INFO] [stdout] 1 | pub(crate) trait Extension {
[INFO] [stdout]   |                  ^^^^^^^^^
[INFO] [stdout] 
[INFO] [stdout] 
[INFO] [stdout] warning: associated functions `new` and `new_from_extensions_with_cipher_suites` are never used
[INFO] [stdout]   --> src/handshake/data/client_hello.rs:28:12
[INFO] [stdout]    |
[INFO] [stdout] 22 | / impl<C, D, E> ClientHello<C, D, E>
[INFO] [stdout] 23 | | where
[INFO] [stdout] 24 | |     C: ParentType,
[INFO] [stdout] 25 | |     D: ParentType,
[INFO] [stdout] 26 | |     E: ParentType,
[INFO] [stdout]    | |__________________- associated functions in this implementation
[INFO] [stdout] 27 |   {
[INFO] [stdout] 28 |       pub fn new(
[INFO] [stdout]    |              ^^^
[INFO] [stdout] ...
[INFO] [stdout] 53 |       pub fn new_from_extensions_with_cipher_suites(
[INFO] [stdout]    |              ^^^^^^^^^^^^^^^^^^^^^^^^^^^^^^^^^^^^^^
[INFO] [stdout] 
[INFO] [stdout] 
[INFO] [stderr]     Finished `test` profile [unoptimized + debuginfo] target(s) in 0.34s
[INFO] running `Command { std: "docker" "inspect" "d2e8f44cfb402013a024ecb27084cecd0d78627235526d91d417c377b9254d15", kill_on_drop: false }`
[INFO] running `Command { std: "docker" "rm" "-f" "d2e8f44cfb402013a024ecb27084cecd0d78627235526d91d417c377b9254d15", kill_on_drop: false }`
[INFO] [stdout] d2e8f44cfb402013a024ecb27084cecd0d78627235526d91d417c377b9254d15
[INFO] running `Command { std: "docker" "create" "-v" "/var/lib/crater-agent-workspace/builds/worker-6-tc2/target:/opt/rustwide/target:rw,Z" "-v" "/var/lib/crater-agent-workspace/builds/worker-6-tc2/source:/opt/rustwide/workdir:ro,Z" "-v" "/var/lib/crater-agent-workspace/cargo-home:/opt/rustwide/cargo-home:ro,Z" "-v" "/var/lib/crater-agent-workspace/rustup-home:/opt/rustwide/rustup-home:ro,Z" "-e" "SOURCE_DIR=/opt/rustwide/workdir" "-e" "CARGO_TARGET_DIR=/opt/rustwide/target" "-e" "CARGO_INCREMENTAL=0" "-e" "RUST_BACKTRACE=full" "-e" "RUSTFLAGS=--cap-lints=forbid -Zrandomize-layout" "-e" "RUSTDOCFLAGS=--cap-lints=forbid" "-e" "CARGO_HOME=/opt/rustwide/cargo-home" "-e" "RUSTUP_HOME=/opt/rustwide/rustup-home" "-w" "/opt/rustwide/workdir" "-m" "1610612736" "--user" "0:0" "--network" "none" "ghcr.io/rust-lang/crates-build-env/linux@sha256:819108c5571ea2e421544af4d832f968d213c87fbe3707a016657f43d2f853bc" "/opt/rustwide/cargo-home/bin/cargo" "+nightly-2025-01-18" "test" "--frozen", kill_on_drop: false }`
[INFO] [stdout] bf14d212bc4ce54e8afadb769de4f2803ad00d901b3c7a042e09f5cd6f23bdc8
[INFO] running `Command { std: "docker" "start" "-a" "bf14d212bc4ce54e8afadb769de4f2803ad00d901b3c7a042e09f5cd6f23bdc8", kill_on_drop: false }`
[INFO] [stderr] warning: unused import: `std::ops::Deref`
[INFO] [stderr]  --> src/lib.rs:1:5
[INFO] [stderr]   |
[INFO] [stderr] 1 | use std::ops::Deref;
[INFO] [stderr]   |     ^^^^^^^^^^^^^^^
[INFO] [stderr]   |
[INFO] [stderr]   = note: `#[warn(unused_imports)]` on by default
[INFO] [stderr] 
[INFO] [stderr] warning: variant `TLS_AES_128_GCM_SHA256` should have an upper camel case name
[INFO] [stderr]  --> src/cipher_suite/cipher_suite.rs:7:5
[INFO] [stderr]   |
[INFO] [stderr] 7 |     TLS_AES_128_GCM_SHA256,
[INFO] [stderr]   |     ^^^^^^^^^^^^^^^^^^^^^^ help: convert the identifier to upper camel case: `TlsAes128GcmSha256`
[INFO] [stderr]   |
[INFO] [stderr]   = note: `#[warn(non_camel_case_types)]` on by default
[INFO] [stderr] 
[INFO] [stderr] warning: variant `TLS_AES_256_GCM_SHA384` should have an upper camel case name
[INFO] [stderr]  --> src/cipher_suite/cipher_suite.rs:8:5
[INFO] [stderr]   |
[INFO] [stderr] 8 |     TLS_AES_256_GCM_SHA384,
[INFO] [stderr]   |     ^^^^^^^^^^^^^^^^^^^^^^ help: convert the identifier to upper camel case: `TlsAes256GcmSha384`
[INFO] [stderr] 
[INFO] [stderr] warning: variant `TLS_CHACHA20_POLY1305_SHA256` should have an upper camel case name
[INFO] [stderr]  --> src/cipher_suite/cipher_suite.rs:9:5
[INFO] [stderr]   |
[INFO] [stderr] 9 |     TLS_CHACHA20_POLY1305_SHA256,
[INFO] [stderr]   |     ^^^^^^^^^^^^^^^^^^^^^^^^^^^^ help: convert the identifier to upper camel case: `TlsChacha20Poly1305Sha256`
[INFO] [stderr] 
[INFO] [stderr] warning: variant `TLS_AES_128_CCM_SHA256` should have an upper camel case name
[INFO] [stderr]   --> src/cipher_suite/cipher_suite.rs:10:5
[INFO] [stderr]    |
[INFO] [stderr] 10 |     TLS_AES_128_CCM_SHA256,
[INFO] [stderr]    |     ^^^^^^^^^^^^^^^^^^^^^^ help: convert the identifier to upper camel case: `TlsAes128CcmSha256`
[INFO] [stderr] 
[INFO] [stderr] warning: variant `TLS_AES_128_CCM_8_SHA256` should have an upper camel case name
[INFO] [stderr]   --> src/cipher_suite/cipher_suite.rs:11:5
[INFO] [stderr]    |
[INFO] [stderr] 11 |     TLS_AES_128_CCM_8_SHA256,
[INFO] [stderr]    |     ^^^^^^^^^^^^^^^^^^^^^^^^ help: convert the identifier to upper camel case: `TlsAes128Ccm8Sha256`
[INFO] [stderr] 
[INFO] [stderr] warning: unused import: `cipher_suite::*`
[INFO] [stderr]   --> src/cipher_suite.rs:24:9
[INFO] [stderr]    |
[INFO] [stderr] 24 | pub use cipher_suite::*;
[INFO] [stderr]    |         ^^^^^^^^^^^^^^^
[INFO] [stderr] 
[INFO] [stderr] warning: unused import: `client_hello::ClientHello`
[INFO] [stderr]  --> src/handshake/data.rs:3:9
[INFO] [stderr]   |
[INFO] [stderr] 3 | pub use client_hello::ClientHello;
[INFO] [stderr]   |         ^^^^^^^^^^^^^^^^^^^^^^^^^
[INFO] [stderr] 
[INFO] [stderr] warning: unused variable: `value`
[INFO] [stderr]   --> src/cipher_suite/cipher_suite.rs:15:16
[INFO] [stderr]    |
[INFO] [stderr] 15 |     fn get_vec(value:Vec<u8>)->Self{
[INFO] [stderr]    |                ^^^^^ help: if this is intentional, prefix it with an underscore: `_value`
[INFO] [stderr]    |
[INFO] [stderr]    = note: `#[warn(unused_variables)]` on by default
[INFO] [stderr] 
[INFO] [stderr] warning: unused variable: `value`
[INFO] [stderr]   --> src/handshake/data/client_hello.rs:87:13
[INFO] [stderr]    |
[INFO] [stderr] 87 |     fn from(value: Vec<u8>) -> Self {
[INFO] [stderr]    |             ^^^^^ help: if this is intentional, prefix it with an underscore: `_value`
[INFO] [stderr] 
[INFO] [stderr] warning: trait `ParentType` is more private than the item `VectorData`
[INFO] [stderr]   --> src/lib.rs:10:1
[INFO] [stderr]    |
[INFO] [stderr] 10 | pub struct VectorData<T>(Vec<Box<T>>)
[INFO] [stderr]    | ^^^^^^^^^^^^^^^^^^^^^^^^ struct `VectorData` is reachable at visibility `pub`
[INFO] [stderr]    |
[INFO] [stderr] note: but trait `ParentType` is only usable at visibility `pub(crate)`
[INFO] [stderr]   --> src/lib.rs:8:1
[INFO] [stderr]    |
[INFO] [stderr] 8  | trait ParentType: From<Vec<u8>> + Into<Vec<u8>> + Sized + Clone {}
[INFO] [stderr]    | ^^^^^^^^^^^^^^^^^^^^^^^^^^^^^^^^^^^^^^^^^^^^^^^^^^^^^^^^^^^^^^^
[INFO] [stderr]    = note: `#[warn(private_bounds)]` on by default
[INFO] [stderr] 
[INFO] [stderr] warning: trait `ParentType` is more private than the item `VectorData<T>`
[INFO] [stderr]   --> src/lib.rs:14:1
[INFO] [stderr]    |
[INFO] [stderr] 14 | / impl<T> VectorData<T>
[INFO] [stderr] 15 | | where
[INFO] [stderr] 16 | |     T: ParentType,
[INFO] [stderr]    | |__________________^ implementation `VectorData<T>` is reachable at visibility `pub`
[INFO] [stderr]    |
[INFO] [stderr] note: but trait `ParentType` is only usable at visibility `pub(crate)`
[INFO] [stderr]   --> src/lib.rs:8:1
[INFO] [stderr]    |
[INFO] [stderr] 8  | trait ParentType: From<Vec<u8>> + Into<Vec<u8>> + Sized + Clone {}
[INFO] [stderr]    | ^^^^^^^^^^^^^^^^^^^^^^^^^^^^^^^^^^^^^^^^^^^^^^^^^^^^^^^^^^^^^^^
[INFO] [stderr] 
[INFO] [stderr] warning: associated function `new` is never used
[INFO] [stderr]   --> src/lib.rs:33:19
[INFO] [stderr]    |
[INFO] [stderr] 14 | / impl<T> VectorData<T>
[INFO] [stderr] 15 | | where
[INFO] [stderr] 16 | |     T: ParentType,
[INFO] [stderr]    | |__________________- associated function in this implementation
[INFO] [stderr] ...
[INFO] [stderr] 33 |       pub(crate) fn new(data: Vec<Box<T>>) -> VectorData<T> {
[INFO] [stderr]    |                     ^^^
[INFO] [stderr]    |
[INFO] [stderr]    = note: `#[warn(dead_code)]` on by default
[INFO] [stderr] 
[INFO] [stderr] warning: function `u162u8array` is never used
[INFO] [stderr]   --> src/lib.rs:44:4
[INFO] [stderr]    |
[INFO] [stderr] 44 | fn u162u8array(data: u16) -> [u8; 2] {
[INFO] [stderr]    |    ^^^^^^^^^^^
[INFO] [stderr] 
[INFO] [stderr] warning: associated items `from_vec` and `to_vec` are never used
[INFO] [stderr]   --> src/cipher_suite.rs:14:8
[INFO] [stderr]    |
[INFO] [stderr] 12 | pub(crate) trait CipherSuite {
[INFO] [stderr]    |                  ----------- associated items in this trait
[INFO] [stderr] 13 |     type SelfFrom: Sized + From<Vec<u8>>;
[INFO] [stderr] 14 |     fn from_vec(vec: Vec<u8>) -> Self::SelfFrom
[INFO] [stderr]    |        ^^^^^^^^
[INFO] [stderr] ...
[INFO] [stderr] 20 |     fn to_vec(self) -> Vec<u8>;
[INFO] [stderr]    |        ^^^^^^
[INFO] [stderr] 
[INFO] [stderr] warning: variants `TLS_AES_128_GCM_SHA256`, `TLS_AES_256_GCM_SHA384`, `TLS_CHACHA20_POLY1305_SHA256`, and `TLS_AES_128_CCM_SHA256` are never constructed
[INFO] [stderr]   --> src/cipher_suite/cipher_suite.rs:7:5
[INFO] [stderr]    |
[INFO] [stderr] 6  | pub enum CipherSuiteType {
[INFO] [stderr]    |          --------------- variants in this enum
[INFO] [stderr] 7  |     TLS_AES_128_GCM_SHA256,
[INFO] [stderr]    |     ^^^^^^^^^^^^^^^^^^^^^^
[INFO] [stderr] 8  |     TLS_AES_256_GCM_SHA384,
[INFO] [stderr]    |     ^^^^^^^^^^^^^^^^^^^^^^
[INFO] [stderr] 9  |     TLS_CHACHA20_POLY1305_SHA256,
[INFO] [stderr]    |     ^^^^^^^^^^^^^^^^^^^^^^^^^^^^
[INFO] [stderr] 10 |     TLS_AES_128_CCM_SHA256,
[INFO] [stderr]    |     ^^^^^^^^^^^^^^^^^^^^^^
[INFO] [stderr]    |
[INFO] [stderr]    = note: `CipherSuiteType` has a derived impl for the trait `Debug`, but this is intentionally ignored during dead code analysis
[INFO] [stderr] 
[INFO] [stderr] warning: trait `CompressionMethod` is never used
[INFO] [stderr]  --> src/compression_methods.rs:1:18
[INFO] [stderr]   |
[INFO] [stderr] 1 | pub(crate) trait CompressionMethod {
[INFO] [stderr]   |                  ^^^^^^^^^^^^^^^^^
[INFO] [stderr] 
[INFO] [stderr] warning: trait `Extension` is never used
[INFO] [stderr]  --> src/extension.rs:1:18
[INFO] [stderr]   |
[INFO] [stderr] 1 | pub(crate) trait Extension {
[INFO] [stderr]   |                  ^^^^^^^^^
[INFO] [stderr] 
[INFO] [stderr] warning: associated functions `new` and `new_from_extensions_with_cipher_suites` are never used
[INFO] [stderr]   --> src/handshake/data/client_hello.rs:28:12
[INFO] [stderr]    |
[INFO] [stderr] 22 | / impl<C, D, E> ClientHello<C, D, E>
[INFO] [stderr] 23 | | where
[INFO] [stderr] 24 | |     C: ParentType,
[INFO] [stderr] 25 | |     D: ParentType,
[INFO] [stderr] 26 | |     E: ParentType,
[INFO] [stderr]    | |__________________- associated functions in this implementation
[INFO] [stderr] 27 |   {
[INFO] [stderr] 28 |       pub fn new(
[INFO] [stderr]    |              ^^^
[INFO] [stderr] ...
[INFO] [stderr] 53 |       pub fn new_from_extensions_with_cipher_suites(
[INFO] [stderr]    |              ^^^^^^^^^^^^^^^^^^^^^^^^^^^^^^^^^^^^^^
[INFO] [stderr] 
[INFO] [stderr] warning: variants `TLS_AES_128_GCM_SHA256`, `TLS_CHACHA20_POLY1305_SHA256`, and `TLS_AES_128_CCM_SHA256` are never constructed
[INFO] [stderr]   --> src/cipher_suite/cipher_suite.rs:7:5
[INFO] [stderr]    |
[INFO] [stderr] 6  | pub enum CipherSuiteType {
[INFO] [stderr]    |          --------------- variants in this enum
[INFO] [stderr] 7  |     TLS_AES_128_GCM_SHA256,
[INFO] [stderr]    |     ^^^^^^^^^^^^^^^^^^^^^^
[INFO] [stderr] 8  |     TLS_AES_256_GCM_SHA384,
[INFO] [stderr] 9  |     TLS_CHACHA20_POLY1305_SHA256,
[INFO] [stderr]    |     ^^^^^^^^^^^^^^^^^^^^^^^^^^^^
[INFO] [stderr] 10 |     TLS_AES_128_CCM_SHA256,
[INFO] [stderr]    |     ^^^^^^^^^^^^^^^^^^^^^^
[INFO] [stderr]    |
[INFO] [stderr]    = note: `CipherSuiteType` has a derived impl for the trait `Debug`, but this is intentionally ignored during dead code analysis
[INFO] [stderr] 
[INFO] [stderr] warning: `rust-tls3` (lib) generated 19 warnings (run `cargo fix --lib -p rust-tls3` to apply 3 suggestions)
[INFO] [stderr] warning: `rust-tls3` (lib test) generated 19 warnings (18 duplicates)
[INFO] [stderr]     Finished `test` profile [unoptimized + debuginfo] target(s) in 0.03s
[INFO] [stderr]      Running unittests src/lib.rs (/opt/rustwide/target/debug/deps/rust_tls3-b397895199f2e434)
[INFO] [stdout] 
[INFO] [stdout] running 1 test
[INFO] [stdout] test cipher_suite::cipher_suite::test::test_cipher_suite ... FAILED
[INFO] [stdout] 
[INFO] [stdout] failures:
[INFO] [stdout] 
[INFO] [stdout] ---- cipher_suite::cipher_suite::test::test_cipher_suite stdout ----
[INFO] [stdout] 
[INFO] [stdout] thread 'cipher_suite::cipher_suite::test::test_cipher_suite' panicked at src/cipher_suite/cipher_suite.rs:96:9:
[INFO] [stdout] assertion `left == right` failed
[INFO] [stdout]   left: TLS_AES_128_CCM_8_SHA256
[INFO] [stdout]  right: TLS_AES_256_GCM_SHA384
[INFO] [stdout] stack backtrace:
[INFO] [stdout]    0:     0x561b9e037d3a - std::backtrace_rs::backtrace::libunwind::trace::hb059275cfc8d6126
[INFO] [stdout]                                at /rustc/6067b36314ab5eb2eb47cecc464545ba58e1ad24/library/std/src/../../backtrace/src/backtrace/libunwind.rs:116:5
[INFO] [stdout]    1:     0x561b9e037d3a - std::backtrace_rs::backtrace::trace_unsynchronized::h2da071e4327ce3ee
[INFO] [stdout]                                at /rustc/6067b36314ab5eb2eb47cecc464545ba58e1ad24/library/std/src/../../backtrace/src/backtrace/mod.rs:66:5
[INFO] [stdout]    2:     0x561b9e037d3a - std::sys::backtrace::_print_fmt::h842a1474e6f8d23f
[INFO] [stdout]                                at /rustc/6067b36314ab5eb2eb47cecc464545ba58e1ad24/library/std/src/sys/backtrace.rs:66:9
[INFO] [stdout]    3:     0x561b9e037d3a - <std::sys::backtrace::BacktraceLock::print::DisplayBacktrace as core::fmt::Display>::fmt::h71a62eb3b9696b12
[INFO] [stdout]                                at /rustc/6067b36314ab5eb2eb47cecc464545ba58e1ad24/library/std/src/sys/backtrace.rs:39:26
[INFO] [stdout]    4:     0x561b9e05f2a3 - core::fmt::rt::Argument::fmt::hdb6b616786b41dc1
[INFO] [stdout]                                at /rustc/6067b36314ab5eb2eb47cecc464545ba58e1ad24/library/core/src/fmt/rt.rs:177:76
[INFO] [stdout]    5:     0x561b9e05f2a3 - core::fmt::write::h2cc1698af7e2d686
[INFO] [stdout]                                at /rustc/6067b36314ab5eb2eb47cecc464545ba58e1ad24/library/core/src/fmt/mod.rs:1440:21
[INFO] [stdout]    6:     0x561b9e034893 - std::io::Write::write_fmt::hab1b4cd059a79022
[INFO] [stdout]                                at /rustc/6067b36314ab5eb2eb47cecc464545ba58e1ad24/library/std/src/io/mod.rs:1887:15
[INFO] [stdout]    7:     0x561b9e037b82 - std::sys::backtrace::BacktraceLock::print::h147fe35b4ea13b08
[INFO] [stdout]                                at /rustc/6067b36314ab5eb2eb47cecc464545ba58e1ad24/library/std/src/sys/backtrace.rs:42:9
[INFO] [stdout]    8:     0x561b9e03915f - std::panicking::default_hook::{{closure}}::hbd44223dbdc0d208
[INFO] [stdout]                                at /rustc/6067b36314ab5eb2eb47cecc464545ba58e1ad24/library/std/src/panicking.rs:298:22
[INFO] [stdout]    9:     0x561b9e038f78 - std::panicking::default_hook::h20f81eb0576efcec
[INFO] [stdout]                                at /rustc/6067b36314ab5eb2eb47cecc464545ba58e1ad24/library/std/src/panicking.rs:322:9
[INFO] [stdout]   10:     0x561b9e001d93 - <alloc::boxed::Box<F,A> as core::ops::function::Fn<Args>>::call::hdb53814c496a4d34
[INFO] [stdout]                                at /rustc/6067b36314ab5eb2eb47cecc464545ba58e1ad24/library/alloc/src/boxed.rs:2027:9
[INFO] [stdout]   11:     0x561b9e001d93 - test::test_main::{{closure}}::hc0a4963c59427c24
[INFO] [stdout]                                at /rustc/6067b36314ab5eb2eb47cecc464545ba58e1ad24/library/test/src/lib.rs:134:21
[INFO] [stdout]   12:     0x561b9e039c53 - <alloc::boxed::Box<F,A> as core::ops::function::Fn<Args>>::call::h591b2225413a77e9
[INFO] [stdout]                                at /rustc/6067b36314ab5eb2eb47cecc464545ba58e1ad24/library/alloc/src/boxed.rs:2027:9
[INFO] [stdout]   13:     0x561b9e039c53 - std::panicking::rust_panic_with_hook::h625eea43051b2edc
[INFO] [stdout]                                at /rustc/6067b36314ab5eb2eb47cecc464545ba58e1ad24/library/std/src/panicking.rs:839:13
[INFO] [stdout]   14:     0x561b9e03990a - std::panicking::begin_panic_handler::{{closure}}::h4f9159cfbc3f6bd3
[INFO] [stdout]                                at /rustc/6067b36314ab5eb2eb47cecc464545ba58e1ad24/library/std/src/panicking.rs:704:13
[INFO] [stdout]   15:     0x561b9e038239 - std::sys::backtrace::__rust_end_short_backtrace::h0390abce48353151
[INFO] [stdout]                                at /rustc/6067b36314ab5eb2eb47cecc464545ba58e1ad24/library/std/src/sys/backtrace.rs:168:18
[INFO] [stdout]   16:     0x561b9e03959d - rust_begin_unwind
[INFO] [stdout]                                at /rustc/6067b36314ab5eb2eb47cecc464545ba58e1ad24/library/std/src/panicking.rs:695:5
[INFO] [stdout]   17:     0x561b9e05dd50 - core::panicking::panic_fmt::h9e7c637e9e5f29c9
[INFO] [stdout]                                at /rustc/6067b36314ab5eb2eb47cecc464545ba58e1ad24/library/core/src/panicking.rs:75:14
[INFO] [stdout]   18:     0x561b9e05e072 - core::panicking::assert_failed_inner::h538bec7c1374cd9c
[INFO] [stdout]   19:     0x561b9dfc7124 - core::panicking::assert_failed::h12a36b019d818fcf
[INFO] [stdout]                                at /rustc/6067b36314ab5eb2eb47cecc464545ba58e1ad24/library/core/src/panicking.rs:364:5
[INFO] [stdout]   20:     0x561b9dfc7c85 - rust_tls3::cipher_suite::cipher_suite::test::test_cipher_suite::h5cbaa11a99cabf27
[INFO] [stdout]                                at /opt/rustwide/workdir/src/cipher_suite/cipher_suite.rs:96:9
[INFO] [stdout]   21:     0x561b9dfc7bd7 - rust_tls3::cipher_suite::cipher_suite::test::test_cipher_suite::{{closure}}::h5ba9ee1d6ea2dc57
[INFO] [stderr] error: test failed, to rerun pass `--lib`
[INFO] [stdout]                                at /opt/rustwide/workdir/src/cipher_suite/cipher_suite.rs:94:27
[INFO] [stdout]   22:     0x561b9dfc6d46 - core::ops::function::FnOnce::call_once::h617938b8b17f1308
[INFO] [stdout]                                at /rustc/6067b36314ab5eb2eb47cecc464545ba58e1ad24/library/core/src/ops/function.rs:250:5
[INFO] [stdout]   23:     0x561b9e0074eb - core::ops::function::FnOnce::call_once::he27718dfdd183f43
[INFO] [stdout]                                at /rustc/6067b36314ab5eb2eb47cecc464545ba58e1ad24/library/core/src/ops/function.rs:250:5
[INFO] [stdout]   24:     0x561b9e0074eb - test::__rust_begin_short_backtrace::h4e84902998457a5d
[INFO] [stdout]                                at /rustc/6067b36314ab5eb2eb47cecc464545ba58e1ad24/library/test/src/lib.rs:632:18
[INFO] [stdout]   25:     0x561b9e006423 - test::run_test_in_process::{{closure}}::h7176fd18fc1feca0
[INFO] [stdout]                                at /rustc/6067b36314ab5eb2eb47cecc464545ba58e1ad24/library/test/src/lib.rs:655:60
[INFO] [stdout]   26:     0x561b9e006423 - <core::panic::unwind_safe::AssertUnwindSafe<F> as core::ops::function::FnOnce<()>>::call_once::hf79cff2a624d8cf7
[INFO] [stdout]                                at /rustc/6067b36314ab5eb2eb47cecc464545ba58e1ad24/library/core/src/panic/unwind_safe.rs:272:9
[INFO] [stdout]   27:     0x561b9e006423 - std::panicking::try::do_call::h3da0561d9ab99c25
[INFO] [stdout]                                at /rustc/6067b36314ab5eb2eb47cecc464545ba58e1ad24/library/std/src/panicking.rs:587:40
[INFO] [stdout]   28:     0x561b9e006423 - std::panicking::try::h41c9fa508bc61df6
[INFO] [stdout]                                at /rustc/6067b36314ab5eb2eb47cecc464545ba58e1ad24/library/std/src/panicking.rs:550:19
[INFO] [stdout]   29:     0x561b9e006423 - std::panic::catch_unwind::h6b3ff07bb5afad93
[INFO] [stdout]                                at /rustc/6067b36314ab5eb2eb47cecc464545ba58e1ad24/library/std/src/panic.rs:358:14
[INFO] [stdout]   30:     0x561b9e006423 - test::run_test_in_process::hc7253dd11b39b9f4
[INFO] [stdout]                                at /rustc/6067b36314ab5eb2eb47cecc464545ba58e1ad24/library/test/src/lib.rs:655:27
[INFO] [stdout]   31:     0x561b9e006423 - test::run_test::{{closure}}::hfb2007f8649c30bb
[INFO] [stdout]                                at /rustc/6067b36314ab5eb2eb47cecc464545ba58e1ad24/library/test/src/lib.rs:576:43
[INFO] [stdout]   32:     0x561b9dfc9505 - test::run_test::{{closure}}::h56a17aa7a282a9f4
[INFO] [stdout]                                at /rustc/6067b36314ab5eb2eb47cecc464545ba58e1ad24/library/test/src/lib.rs:606:41
[INFO] [stdout]   33:     0x561b9dfc9505 - std::sys::backtrace::__rust_begin_short_backtrace::hd2d2d2fb8e8c6aac
[INFO] [stdout]                                at /rustc/6067b36314ab5eb2eb47cecc464545ba58e1ad24/library/std/src/sys/backtrace.rs:152:18
[INFO] [stdout]   34:     0x561b9dfccdea - std::thread::Builder::spawn_unchecked_::{{closure}}::{{closure}}::h4faa3f9db6133423
[INFO] [stdout]                                at /rustc/6067b36314ab5eb2eb47cecc464545ba58e1ad24/library/std/src/thread/mod.rs:559:17
[INFO] [stdout]   35:     0x561b9dfccdea - <core::panic::unwind_safe::AssertUnwindSafe<F> as core::ops::function::FnOnce<()>>::call_once::hf2e855a36a4ea846
[INFO] [stdout]                                at /rustc/6067b36314ab5eb2eb47cecc464545ba58e1ad24/library/core/src/panic/unwind_safe.rs:272:9
[INFO] [stdout]   36:     0x561b9dfccdea - std::panicking::try::do_call::h2f73af3616c35465
[INFO] [stdout]                                at /rustc/6067b36314ab5eb2eb47cecc464545ba58e1ad24/library/std/src/panicking.rs:587:40
[INFO] [stdout]   37:     0x561b9dfccdea - std::panicking::try::hd1660ce9efadef5a
[INFO] [stdout]                                at /rustc/6067b36314ab5eb2eb47cecc464545ba58e1ad24/library/std/src/panicking.rs:550:19
[INFO] [stdout]   38:     0x561b9dfccdea - std::panic::catch_unwind::h5ee8d7823b8ca744
[INFO] [stdout]                                at /rustc/6067b36314ab5eb2eb47cecc464545ba58e1ad24/library/std/src/panic.rs:358:14
[INFO] [stdout]   39:     0x561b9dfccdea - std::thread::Builder::spawn_unchecked_::{{closure}}::h53c3a1894dce8407
[INFO] [stdout]                                at /rustc/6067b36314ab5eb2eb47cecc464545ba58e1ad24/library/std/src/thread/mod.rs:557:30
[INFO] [stdout]   40:     0x561b9dfccdea - core::ops::function::FnOnce::call_once{{vtable.shim}}::h048ce291ad4f62bf
[INFO] [stdout]                                at /rustc/6067b36314ab5eb2eb47cecc464545ba58e1ad24/library/core/src/ops/function.rs:250:5
[INFO] [stdout]   41:     0x561b9e03db8b - <alloc::boxed::Box<F,A> as core::ops::function::FnOnce<Args>>::call_once::ha52bedf99a3b4981
[INFO] [stdout]                                at /rustc/6067b36314ab5eb2eb47cecc464545ba58e1ad24/library/alloc/src/boxed.rs:2013:9
[INFO] [stdout]   42:     0x561b9e03db8b - <alloc::boxed::Box<F,A> as core::ops::function::FnOnce<Args>>::call_once::h567748934d80ccf8
[INFO] [stdout]                                at /rustc/6067b36314ab5eb2eb47cecc464545ba58e1ad24/library/alloc/src/boxed.rs:2013:9
[INFO] [stdout]   43:     0x561b9e03db8b - std::sys::pal::unix::thread::Thread::new::thread_start::h2d970728ae887adc
[INFO] [stdout]                                at /rustc/6067b36314ab5eb2eb47cecc464545ba58e1ad24/library/std/src/sys/pal/unix/thread.rs:106:17
[INFO] [stdout]   44:     0x71bad6368ac3 - <unknown>
[INFO] [stdout]   45:     0x71bad63f9a04 - clone
[INFO] [stdout]   46:                0x0 - <unknown>
[INFO] [stdout] 
[INFO] [stdout] 
[INFO] [stdout] failures:
[INFO] [stdout]     cipher_suite::cipher_suite::test::test_cipher_suite
[INFO] [stdout] 
[INFO] [stdout] test result: FAILED. 0 passed; 1 failed; 0 ignored; 0 measured; 0 filtered out; finished in 0.03s
[INFO] [stdout] 
[INFO] running `Command { std: "docker" "inspect" "bf14d212bc4ce54e8afadb769de4f2803ad00d901b3c7a042e09f5cd6f23bdc8", kill_on_drop: false }`
[INFO] running `Command { std: "docker" "rm" "-f" "bf14d212bc4ce54e8afadb769de4f2803ad00d901b3c7a042e09f5cd6f23bdc8", kill_on_drop: false }`
[INFO] [stdout] bf14d212bc4ce54e8afadb769de4f2803ad00d901b3c7a042e09f5cd6f23bdc8
