[INFO] cloning repository https://github.com/xgillard/bitset-fixed-utils
[INFO] running `Command { std: "git" "-c" "credential.helper=" "-c" "credential.helper=/workspace/cargo-home/bin/git-credential-null" "clone" "--bare" "https://github.com/xgillard/bitset-fixed-utils" "/workspace/cache/git-repos/https%3A%2F%2Fgithub.com%2Fxgillard%2Fbitset-fixed-utils", kill_on_drop: false }`
[INFO] [stderr] Cloning into bare repository '/workspace/cache/git-repos/https%3A%2F%2Fgithub.com%2Fxgillard%2Fbitset-fixed-utils'...
[INFO] running `Command { std: "git" "rev-parse" "HEAD", kill_on_drop: false }`
[INFO] [stdout] d03e89c8c46f13fa50495c74cbdc3754aea5dd15
[INFO] testing xgillard/bitset-fixed-utils against nightly-2025-01-18+rustflags=-Zrandomize-layout for randomize-layout-2
[INFO] running `Command { std: "git" "clone" "/workspace/cache/git-repos/https%3A%2F%2Fgithub.com%2Fxgillard%2Fbitset-fixed-utils" "/workspace/builds/worker-2-tc2/source", kill_on_drop: false }`
[INFO] [stderr] Cloning into '/workspace/builds/worker-2-tc2/source'...
[INFO] [stderr] done.
[INFO] validating manifest of git repo https://github.com/xgillard/bitset-fixed-utils on toolchain nightly-2025-01-18
[INFO] running `Command { std: CARGO_HOME="/workspace/cargo-home" RUSTUP_HOME="/workspace/rustup-home" "/workspace/cargo-home/bin/cargo" "+nightly-2025-01-18" "metadata" "--manifest-path" "Cargo.toml" "--no-deps", kill_on_drop: false }`
[INFO] started tweaking git repo https://github.com/xgillard/bitset-fixed-utils
[INFO] finished tweaking git repo https://github.com/xgillard/bitset-fixed-utils
[INFO] tweaked toml for git repo https://github.com/xgillard/bitset-fixed-utils written to /workspace/builds/worker-2-tc2/source/Cargo.toml
[INFO] crate git repo https://github.com/xgillard/bitset-fixed-utils already has a lockfile, it will not be regenerated
[INFO] running `Command { std: CARGO_HOME="/workspace/cargo-home" RUSTUP_HOME="/workspace/rustup-home" "/workspace/cargo-home/bin/cargo" "+nightly-2025-01-18" "fetch" "--manifest-path" "Cargo.toml", kill_on_drop: false }`
[INFO] [stderr]     Updating crates.io index
[INFO] [stderr]      Locking 1 package to latest compatible version
[INFO] [stderr]     Updating fixedbitset v0.1.9 -> v0.4.2 (available: v0.5.7)
[INFO] running `Command { std: "docker" "create" "-v" "/var/lib/crater-agent-workspace/builds/worker-2-tc2/target:/opt/rustwide/target:rw,Z" "-v" "/var/lib/crater-agent-workspace/builds/worker-2-tc2/source:/opt/rustwide/workdir:ro,Z" "-v" "/var/lib/crater-agent-workspace/cargo-home:/opt/rustwide/cargo-home:ro,Z" "-v" "/var/lib/crater-agent-workspace/rustup-home:/opt/rustwide/rustup-home:ro,Z" "-e" "SOURCE_DIR=/opt/rustwide/workdir" "-e" "CARGO_TARGET_DIR=/opt/rustwide/target" "-e" "CARGO_HOME=/opt/rustwide/cargo-home" "-e" "RUSTUP_HOME=/opt/rustwide/rustup-home" "-w" "/opt/rustwide/workdir" "-m" "1610612736" "--user" "0:0" "--network" "none" "ghcr.io/rust-lang/crates-build-env/linux@sha256:819108c5571ea2e421544af4d832f968d213c87fbe3707a016657f43d2f853bc" "/opt/rustwide/cargo-home/bin/cargo" "+nightly-2025-01-18" "metadata" "--no-deps" "--format-version=1", kill_on_drop: false }`
[INFO] [stdout] 5084d8f32c5783f956d86691d8797f4f9f608450c3e1223a7fbc6eaf3ad8abe3
[INFO] running `Command { std: "docker" "start" "-a" "5084d8f32c5783f956d86691d8797f4f9f608450c3e1223a7fbc6eaf3ad8abe3", kill_on_drop: false }`
[INFO] running `Command { std: "docker" "inspect" "5084d8f32c5783f956d86691d8797f4f9f608450c3e1223a7fbc6eaf3ad8abe3", kill_on_drop: false }`
[INFO] running `Command { std: "docker" "rm" "-f" "5084d8f32c5783f956d86691d8797f4f9f608450c3e1223a7fbc6eaf3ad8abe3", kill_on_drop: false }`
[INFO] [stdout] 5084d8f32c5783f956d86691d8797f4f9f608450c3e1223a7fbc6eaf3ad8abe3
[INFO] running `Command { std: "docker" "create" "-v" "/var/lib/crater-agent-workspace/builds/worker-2-tc2/target:/opt/rustwide/target:rw,Z" "-v" "/var/lib/crater-agent-workspace/builds/worker-2-tc2/source:/opt/rustwide/workdir:ro,Z" "-v" "/var/lib/crater-agent-workspace/cargo-home:/opt/rustwide/cargo-home:ro,Z" "-v" "/var/lib/crater-agent-workspace/rustup-home:/opt/rustwide/rustup-home:ro,Z" "-e" "SOURCE_DIR=/opt/rustwide/workdir" "-e" "CARGO_TARGET_DIR=/opt/rustwide/target" "-e" "CARGO_INCREMENTAL=0" "-e" "RUST_BACKTRACE=full" "-e" "RUSTFLAGS=--cap-lints=forbid -Zrandomize-layout" "-e" "RUSTDOCFLAGS=--cap-lints=forbid" "-e" "CARGO_HOME=/opt/rustwide/cargo-home" "-e" "RUSTUP_HOME=/opt/rustwide/rustup-home" "-w" "/opt/rustwide/workdir" "-m" "1610612736" "--user" "0:0" "--network" "none" "ghcr.io/rust-lang/crates-build-env/linux@sha256:819108c5571ea2e421544af4d832f968d213c87fbe3707a016657f43d2f853bc" "/opt/rustwide/cargo-home/bin/cargo" "+nightly-2025-01-18" "build" "--frozen" "--message-format=json", kill_on_drop: false }`
[INFO] [stdout] 47884754a7e1c5f10a561f298f990d37e33ed229caf417aaba070436cc33519e
[INFO] running `Command { std: "docker" "start" "-a" "47884754a7e1c5f10a561f298f990d37e33ed229caf417aaba070436cc33519e", kill_on_drop: false }`
[INFO] [stderr]    Compiling fixedbitset v0.4.2
[INFO] [stderr]    Compiling fixedbitset-utils v0.2.1 (/opt/rustwide/workdir)
[INFO] [stderr]     Finished `dev` profile [unoptimized + debuginfo] target(s) in 0.55s
[INFO] running `Command { std: "docker" "inspect" "47884754a7e1c5f10a561f298f990d37e33ed229caf417aaba070436cc33519e", kill_on_drop: false }`
[INFO] running `Command { std: "docker" "rm" "-f" "47884754a7e1c5f10a561f298f990d37e33ed229caf417aaba070436cc33519e", kill_on_drop: false }`
[INFO] [stdout] 47884754a7e1c5f10a561f298f990d37e33ed229caf417aaba070436cc33519e
[INFO] running `Command { std: "docker" "create" "-v" "/var/lib/crater-agent-workspace/builds/worker-2-tc2/target:/opt/rustwide/target:rw,Z" "-v" "/var/lib/crater-agent-workspace/builds/worker-2-tc2/source:/opt/rustwide/workdir:ro,Z" "-v" "/var/lib/crater-agent-workspace/cargo-home:/opt/rustwide/cargo-home:ro,Z" "-v" "/var/lib/crater-agent-workspace/rustup-home:/opt/rustwide/rustup-home:ro,Z" "-e" "SOURCE_DIR=/opt/rustwide/workdir" "-e" "CARGO_TARGET_DIR=/opt/rustwide/target" "-e" "CARGO_INCREMENTAL=0" "-e" "RUST_BACKTRACE=full" "-e" "RUSTFLAGS=--cap-lints=forbid -Zrandomize-layout" "-e" "RUSTDOCFLAGS=--cap-lints=forbid" "-e" "CARGO_HOME=/opt/rustwide/cargo-home" "-e" "RUSTUP_HOME=/opt/rustwide/rustup-home" "-w" "/opt/rustwide/workdir" "-m" "1610612736" "--user" "0:0" "--network" "none" "ghcr.io/rust-lang/crates-build-env/linux@sha256:819108c5571ea2e421544af4d832f968d213c87fbe3707a016657f43d2f853bc" "/opt/rustwide/cargo-home/bin/cargo" "+nightly-2025-01-18" "test" "--frozen" "--no-run" "--message-format=json", kill_on_drop: false }`
[INFO] [stdout] e55387733c7362118c6848093183d4f2c59c1d7d878d5e33d7ecbf8597d28d75
[INFO] running `Command { std: "docker" "start" "-a" "e55387733c7362118c6848093183d4f2c59c1d7d878d5e33d7ecbf8597d28d75", kill_on_drop: false }`
[INFO] [stderr]    Compiling fixedbitset-utils v0.2.1 (/opt/rustwide/workdir)
[INFO] [stderr]     Finished `test` profile [unoptimized + debuginfo] target(s) in 0.56s
[INFO] running `Command { std: "docker" "inspect" "e55387733c7362118c6848093183d4f2c59c1d7d878d5e33d7ecbf8597d28d75", kill_on_drop: false }`
[INFO] running `Command { std: "docker" "rm" "-f" "e55387733c7362118c6848093183d4f2c59c1d7d878d5e33d7ecbf8597d28d75", kill_on_drop: false }`
[INFO] [stdout] e55387733c7362118c6848093183d4f2c59c1d7d878d5e33d7ecbf8597d28d75
[INFO] running `Command { std: "docker" "create" "-v" "/var/lib/crater-agent-workspace/builds/worker-2-tc2/target:/opt/rustwide/target:rw,Z" "-v" "/var/lib/crater-agent-workspace/builds/worker-2-tc2/source:/opt/rustwide/workdir:ro,Z" "-v" "/var/lib/crater-agent-workspace/cargo-home:/opt/rustwide/cargo-home:ro,Z" "-v" "/var/lib/crater-agent-workspace/rustup-home:/opt/rustwide/rustup-home:ro,Z" "-e" "SOURCE_DIR=/opt/rustwide/workdir" "-e" "CARGO_TARGET_DIR=/opt/rustwide/target" "-e" "CARGO_INCREMENTAL=0" "-e" "RUST_BACKTRACE=full" "-e" "RUSTFLAGS=--cap-lints=forbid -Zrandomize-layout" "-e" "RUSTDOCFLAGS=--cap-lints=forbid" "-e" "CARGO_HOME=/opt/rustwide/cargo-home" "-e" "RUSTUP_HOME=/opt/rustwide/rustup-home" "-w" "/opt/rustwide/workdir" "-m" "1610612736" "--user" "0:0" "--network" "none" "ghcr.io/rust-lang/crates-build-env/linux@sha256:819108c5571ea2e421544af4d832f968d213c87fbe3707a016657f43d2f853bc" "/opt/rustwide/cargo-home/bin/cargo" "+nightly-2025-01-18" "test" "--frozen", kill_on_drop: false }`
[INFO] [stdout] 0154f5daaff09c2a8132fa80867b9377ae65c66c7e0da0b0b61b6e923f327b69
[INFO] running `Command { std: "docker" "start" "-a" "0154f5daaff09c2a8132fa80867b9377ae65c66c7e0da0b0b61b6e923f327b69", kill_on_drop: false }`
[INFO] [stderr]     Finished `test` profile [unoptimized + debuginfo] target(s) in 0.01s
[INFO] [stderr]      Running unittests src/lib.rs (/opt/rustwide/target/debug/deps/fixedbitset_utils-28238e1f5e9ae9cd)
[INFO] [stdout] 
[INFO] [stdout] running 8 tests
[INFO] [stdout] test tests_bitset_iter::bsiter_next_normal_case ... ok
[INFO] [stdout] test tests_bitset_iter::bsiter_no_items ... ok
[INFO] [stdout] test tests_lexbitset::different_sizes_considered_padded_with_zeroes ... ok
[INFO] [stdout] test tests_lexbitset::same_size_equal ... ok
[INFO] [stdout] test tests_lexbitset::same_size_less_than ... ok
[INFO] [stdout] test tests_bitset_iter::bsiter_mutiple_words ... ok
[INFO] [stdout] test tests_bitset_iter::bsiter_collect ... ok
[INFO] [stdout] test tests_lexbitset::same_size_greater_than ... ok
[INFO] [stdout] 
[INFO] [stdout] test result: ok. 8 passed; 0 failed; 0 ignored; 0 measured; 0 filtered out; finished in 0.03s
[INFO] [stdout] 
[INFO] [stderr]    Doc-tests fixedbitset_utils
[INFO] [stdout] 
[INFO] [stdout] running 2 tests
[INFO] [stdout] test src/lib.rs - LexBitSet (line 90) ... FAILED
[INFO] [stdout] test src/lib.rs - BitSetIter (line 15) ... FAILED
[INFO] [stdout] 
[INFO] [stdout] failures:
[INFO] [stdout] 
[INFO] [stdout] ---- src/lib.rs - LexBitSet (line 90) stdout ----
[INFO] [stdout] error[E0432]: unresolved import `bitset_fixed_utils`
[INFO] [stdout]  --> src/lib.rs:92:5
[INFO] [stdout]   |
[INFO] [stdout] 4 | use bitset_fixed_utils::LexBitSet;
[INFO] [stdout]   |     ^^^^^^^^^^^^^^^^^^ use of undeclared crate or module `bitset_fixed_utils`
[INFO] [stdout] 
[INFO] [stdout] error: aborting due to 1 previous error
[INFO] [stdout] 
[INFO] [stdout] For more information about this error, try `rustc --explain E0432`.
[INFO] [stdout] Couldn't compile the test.
[INFO] [stdout] ---- src/lib.rs - BitSetIter (line 15) stdout ----
[INFO] [stdout] error[E0432]: unresolved import `bitset_fixed_utils`
[INFO] [stdout]  --> src/lib.rs:17:5
[INFO] [stdout]   |
[INFO] [stdout] 4 | use bitset_fixed_utils::BitSetIter;
[INFO] [stdout]   |     ^^^^^^^^^^^^^^^^^^ use of undeclared crate or module `bitset_fixed_utils`
[INFO] [stdout] 
[INFO] [stdout] error: aborting due to 1 previous error
[INFO] [stdout] 
[INFO] [stdout] For more information about this error, try `rustc --explain E0432`.
[INFO] [stdout] Couldn't compile the test.
[INFO] [stdout] 
[INFO] [stdout] failures:
[INFO] [stdout]     src/lib.rs - BitSetIter (line 15)
[INFO] [stdout]     src/lib.rs - LexBitSet (line 90)
[INFO] [stdout] 
[INFO] [stdout] test result: FAILED. 0 passed; 2 failed; 0 ignored; 0 measured; 0 filtered out; finished in 0.08s
[INFO] [stdout] 
[INFO] [stderr] error: doctest failed, to rerun pass `--doc`
[INFO] running `Command { std: "docker" "inspect" "0154f5daaff09c2a8132fa80867b9377ae65c66c7e0da0b0b61b6e923f327b69", kill_on_drop: false }`
[INFO] running `Command { std: "docker" "rm" "-f" "0154f5daaff09c2a8132fa80867b9377ae65c66c7e0da0b0b61b6e923f327b69", kill_on_drop: false }`
[INFO] [stdout] 0154f5daaff09c2a8132fa80867b9377ae65c66c7e0da0b0b61b6e923f327b69
