[INFO] cloning repository https://github.com/wtrh/weralt
[INFO] running `Command { std: "git" "-c" "credential.helper=" "-c" "credential.helper=/workspace/cargo-home/bin/git-credential-null" "clone" "--bare" "https://github.com/wtrh/weralt" "/workspace/cache/git-repos/https%3A%2F%2Fgithub.com%2Fwtrh%2Fweralt", kill_on_drop: false }`
[INFO] [stderr] Cloning into bare repository '/workspace/cache/git-repos/https%3A%2F%2Fgithub.com%2Fwtrh%2Fweralt'...
[INFO] running `Command { std: "git" "rev-parse" "HEAD", kill_on_drop: false }`
[INFO] [stdout] c56fbc0c1cca34370964aeb80f0230d13c0a89c8
[INFO] testing wtrh/weralt against nightly-2025-01-18+rustflags=-Zrandomize-layout for randomize-layout-2
[INFO] running `Command { std: "git" "clone" "/workspace/cache/git-repos/https%3A%2F%2Fgithub.com%2Fwtrh%2Fweralt" "/workspace/builds/worker-0-tc2/source", kill_on_drop: false }`
[INFO] [stderr] Cloning into '/workspace/builds/worker-0-tc2/source'...
[INFO] [stderr] done.
[INFO] validating manifest of git repo https://github.com/wtrh/weralt on toolchain nightly-2025-01-18
[INFO] running `Command { std: CARGO_HOME="/workspace/cargo-home" RUSTUP_HOME="/workspace/rustup-home" "/workspace/cargo-home/bin/cargo" "+nightly-2025-01-18" "metadata" "--manifest-path" "Cargo.toml" "--no-deps", kill_on_drop: false }`
[INFO] started tweaking git repo https://github.com/wtrh/weralt
[INFO] finished tweaking git repo https://github.com/wtrh/weralt
[INFO] tweaked toml for git repo https://github.com/wtrh/weralt written to /workspace/builds/worker-0-tc2/source/Cargo.toml
[INFO] crate git repo https://github.com/wtrh/weralt already has a lockfile, it will not be regenerated
[INFO] running `Command { std: CARGO_HOME="/workspace/cargo-home" RUSTUP_HOME="/workspace/rustup-home" "/workspace/cargo-home/bin/cargo" "+nightly-2025-01-18" "fetch" "--manifest-path" "Cargo.toml", kill_on_drop: false }`
[INFO] running `Command { std: "docker" "create" "-v" "/var/lib/crater-agent-workspace/builds/worker-0-tc2/target:/opt/rustwide/target:rw,Z" "-v" "/var/lib/crater-agent-workspace/builds/worker-0-tc2/source:/opt/rustwide/workdir:ro,Z" "-v" "/var/lib/crater-agent-workspace/cargo-home:/opt/rustwide/cargo-home:ro,Z" "-v" "/var/lib/crater-agent-workspace/rustup-home:/opt/rustwide/rustup-home:ro,Z" "-e" "SOURCE_DIR=/opt/rustwide/workdir" "-e" "CARGO_TARGET_DIR=/opt/rustwide/target" "-e" "CARGO_HOME=/opt/rustwide/cargo-home" "-e" "RUSTUP_HOME=/opt/rustwide/rustup-home" "-w" "/opt/rustwide/workdir" "-m" "1610612736" "--user" "0:0" "--network" "none" "ghcr.io/rust-lang/crates-build-env/linux@sha256:819108c5571ea2e421544af4d832f968d213c87fbe3707a016657f43d2f853bc" "/opt/rustwide/cargo-home/bin/cargo" "+nightly-2025-01-18" "metadata" "--no-deps" "--format-version=1", kill_on_drop: false }`
[INFO] [stdout] 576bdc5995fa6eacc2a322174c3b20c512e77262944f45e6c196076951526aff
[INFO] running `Command { std: "docker" "start" "-a" "576bdc5995fa6eacc2a322174c3b20c512e77262944f45e6c196076951526aff", kill_on_drop: false }`
[INFO] running `Command { std: "docker" "inspect" "576bdc5995fa6eacc2a322174c3b20c512e77262944f45e6c196076951526aff", kill_on_drop: false }`
[INFO] running `Command { std: "docker" "rm" "-f" "576bdc5995fa6eacc2a322174c3b20c512e77262944f45e6c196076951526aff", kill_on_drop: false }`
[INFO] [stdout] 576bdc5995fa6eacc2a322174c3b20c512e77262944f45e6c196076951526aff
[INFO] running `Command { std: "docker" "create" "-v" "/var/lib/crater-agent-workspace/builds/worker-0-tc2/target:/opt/rustwide/target:rw,Z" "-v" "/var/lib/crater-agent-workspace/builds/worker-0-tc2/source:/opt/rustwide/workdir:ro,Z" "-v" "/var/lib/crater-agent-workspace/cargo-home:/opt/rustwide/cargo-home:ro,Z" "-v" "/var/lib/crater-agent-workspace/rustup-home:/opt/rustwide/rustup-home:ro,Z" "-e" "SOURCE_DIR=/opt/rustwide/workdir" "-e" "CARGO_TARGET_DIR=/opt/rustwide/target" "-e" "CARGO_INCREMENTAL=0" "-e" "RUST_BACKTRACE=full" "-e" "RUSTFLAGS=--cap-lints=forbid -Zrandomize-layout" "-e" "RUSTDOCFLAGS=--cap-lints=forbid" "-e" "CARGO_HOME=/opt/rustwide/cargo-home" "-e" "RUSTUP_HOME=/opt/rustwide/rustup-home" "-w" "/opt/rustwide/workdir" "-m" "1610612736" "--user" "0:0" "--network" "none" "ghcr.io/rust-lang/crates-build-env/linux@sha256:819108c5571ea2e421544af4d832f968d213c87fbe3707a016657f43d2f853bc" "/opt/rustwide/cargo-home/bin/cargo" "+nightly-2025-01-18" "build" "--frozen" "--message-format=json", kill_on_drop: false }`
[INFO] [stdout] b63bf53aaf2915cbaf7b354fb5f6d2b13e94c7f13c880cff3d872c4cb106d435
[INFO] running `Command { std: "docker" "start" "-a" "b63bf53aaf2915cbaf7b354fb5f6d2b13e94c7f13c880cff3d872c4cb106d435", kill_on_drop: false }`
[INFO] [stderr]    Compiling weralt v0.1.0 (/opt/rustwide/workdir)
[INFO] [stdout] warning: unnecessary parentheses around index expression
[INFO] [stdout]   --> src/fft.rs:45:33
[INFO] [stdout]    |
[INFO] [stdout] 45 |             p.input[1] = p_c_in[(p.n / 2)][0];
[INFO] [stdout]    |                                 ^       ^
[INFO] [stdout]    |
[INFO] [stdout]    = note: `#[warn(unused_parens)]` on by default
[INFO] [stdout] help: remove these parentheses
[INFO] [stdout]    |
[INFO] [stdout] 45 -             p.input[1] = p_c_in[(p.n / 2)][0];
[INFO] [stdout] 45 +             p.input[1] = p_c_in[p.n / 2][0];
[INFO] [stdout]    |
[INFO] [stdout] 
[INFO] [stdout] 
[INFO] [stdout] warning: unnecessary parentheses around index expression
[INFO] [stdout]   --> src/fft.rs:86:21
[INFO] [stdout]    |
[INFO] [stdout] 86 |             p_c_out[(p.n / 2)][0] = p.input[1];
[INFO] [stdout]    |                     ^       ^
[INFO] [stdout]    |
[INFO] [stdout] help: remove these parentheses
[INFO] [stdout]    |
[INFO] [stdout] 86 -             p_c_out[(p.n / 2)][0] = p.input[1];
[INFO] [stdout] 86 +             p_c_out[p.n / 2][0] = p.input[1];
[INFO] [stdout]    |
[INFO] [stdout] 
[INFO] [stdout] 
[INFO] [stdout] warning: unnecessary parentheses around index expression
[INFO] [stdout]   --> src/fft.rs:87:21
[INFO] [stdout]    |
[INFO] [stdout] 87 |             p_c_out[(p.n / 2)][1] = 0.0;
[INFO] [stdout]    |                     ^       ^
[INFO] [stdout]    |
[INFO] [stdout] help: remove these parentheses
[INFO] [stdout]    |
[INFO] [stdout] 87 -             p_c_out[(p.n / 2)][1] = 0.0;
[INFO] [stdout] 87 +             p_c_out[p.n / 2][1] = 0.0;
[INFO] [stdout]    |
[INFO] [stdout] 
[INFO] [stdout] 
[INFO] [stderr]     Finished `dev` profile [unoptimized + debuginfo] target(s) in 1.79s
[INFO] running `Command { std: "docker" "inspect" "b63bf53aaf2915cbaf7b354fb5f6d2b13e94c7f13c880cff3d872c4cb106d435", kill_on_drop: false }`
[INFO] running `Command { std: "docker" "rm" "-f" "b63bf53aaf2915cbaf7b354fb5f6d2b13e94c7f13c880cff3d872c4cb106d435", kill_on_drop: false }`
[INFO] [stdout] b63bf53aaf2915cbaf7b354fb5f6d2b13e94c7f13c880cff3d872c4cb106d435
[INFO] running `Command { std: "docker" "create" "-v" "/var/lib/crater-agent-workspace/builds/worker-0-tc2/target:/opt/rustwide/target:rw,Z" "-v" "/var/lib/crater-agent-workspace/builds/worker-0-tc2/source:/opt/rustwide/workdir:ro,Z" "-v" "/var/lib/crater-agent-workspace/cargo-home:/opt/rustwide/cargo-home:ro,Z" "-v" "/var/lib/crater-agent-workspace/rustup-home:/opt/rustwide/rustup-home:ro,Z" "-e" "SOURCE_DIR=/opt/rustwide/workdir" "-e" "CARGO_TARGET_DIR=/opt/rustwide/target" "-e" "CARGO_INCREMENTAL=0" "-e" "RUST_BACKTRACE=full" "-e" "RUSTFLAGS=--cap-lints=forbid -Zrandomize-layout" "-e" "RUSTDOCFLAGS=--cap-lints=forbid" "-e" "CARGO_HOME=/opt/rustwide/cargo-home" "-e" "RUSTUP_HOME=/opt/rustwide/rustup-home" "-w" "/opt/rustwide/workdir" "-m" "1610612736" "--user" "0:0" "--network" "none" "ghcr.io/rust-lang/crates-build-env/linux@sha256:819108c5571ea2e421544af4d832f968d213c87fbe3707a016657f43d2f853bc" "/opt/rustwide/cargo-home/bin/cargo" "+nightly-2025-01-18" "test" "--frozen" "--no-run" "--message-format=json", kill_on_drop: false }`
[INFO] [stdout] 77a4b72a7c1a45dd56d3b634d412f1d2160944e6c1a4e89cbbe783bdfca01bed
[INFO] running `Command { std: "docker" "start" "-a" "77a4b72a7c1a45dd56d3b634d412f1d2160944e6c1a4e89cbbe783bdfca01bed", kill_on_drop: false }`
[INFO] [stderr]    Compiling hound v3.5.1
[INFO] [stdout] warning: unnecessary parentheses around index expression
[INFO] [stdout]   --> src/fft.rs:45:33
[INFO] [stdout]    |
[INFO] [stdout] 45 |             p.input[1] = p_c_in[(p.n / 2)][0];
[INFO] [stdout]    |                                 ^       ^
[INFO] [stdout]    |
[INFO] [stdout]    = note: `#[warn(unused_parens)]` on by default
[INFO] [stdout] help: remove these parentheses
[INFO] [stdout]    |
[INFO] [stdout] 45 -             p.input[1] = p_c_in[(p.n / 2)][0];
[INFO] [stdout] 45 +             p.input[1] = p_c_in[p.n / 2][0];
[INFO] [stdout]    |
[INFO] [stdout] 
[INFO] [stdout] 
[INFO] [stdout] warning: unnecessary parentheses around index expression
[INFO] [stdout]   --> src/fft.rs:86:21
[INFO] [stdout]    |
[INFO] [stdout] 86 |             p_c_out[(p.n / 2)][0] = p.input[1];
[INFO] [stdout]    |                     ^       ^
[INFO] [stdout]    |
[INFO] [stdout] help: remove these parentheses
[INFO] [stdout]    |
[INFO] [stdout] 86 -             p_c_out[(p.n / 2)][0] = p.input[1];
[INFO] [stdout] 86 +             p_c_out[p.n / 2][0] = p.input[1];
[INFO] [stdout]    |
[INFO] [stdout] 
[INFO] [stdout] 
[INFO] [stdout] warning: unnecessary parentheses around index expression
[INFO] [stdout]   --> src/fft.rs:87:21
[INFO] [stdout]    |
[INFO] [stdout] 87 |             p_c_out[(p.n / 2)][1] = 0.0;
[INFO] [stdout]    |                     ^       ^
[INFO] [stdout]    |
[INFO] [stdout] help: remove these parentheses
[INFO] [stdout]    |
[INFO] [stdout] 87 -             p_c_out[(p.n / 2)][1] = 0.0;
[INFO] [stdout] 87 +             p_c_out[p.n / 2][1] = 0.0;
[INFO] [stdout]    |
[INFO] [stdout] 
[INFO] [stdout] 
[INFO] [stderr]    Compiling weralt v0.1.0 (/opt/rustwide/workdir)
[INFO] [stdout] warning: unnecessary parentheses around index expression
[INFO] [stdout]   --> src/fft.rs:45:33
[INFO] [stdout]    |
[INFO] [stdout] 45 |             p.input[1] = p_c_in[(p.n / 2)][0];
[INFO] [stdout]    |                                 ^       ^
[INFO] [stdout]    |
[INFO] [stdout]    = note: `#[warn(unused_parens)]` on by default
[INFO] [stdout] help: remove these parentheses
[INFO] [stdout]    |
[INFO] [stdout] 45 -             p.input[1] = p_c_in[(p.n / 2)][0];
[INFO] [stdout] 45 +             p.input[1] = p_c_in[p.n / 2][0];
[INFO] [stdout]    |
[INFO] [stdout] 
[INFO] [stdout] 
[INFO] [stdout] warning: unnecessary parentheses around index expression
[INFO] [stdout]   --> src/fft.rs:86:21
[INFO] [stdout]    |
[INFO] [stdout] 86 |             p_c_out[(p.n / 2)][0] = p.input[1];
[INFO] [stdout]    |                     ^       ^
[INFO] [stdout]    |
[INFO] [stdout] help: remove these parentheses
[INFO] [stdout]    |
[INFO] [stdout] 86 -             p_c_out[(p.n / 2)][0] = p.input[1];
[INFO] [stdout] 86 +             p_c_out[p.n / 2][0] = p.input[1];
[INFO] [stdout]    |
[INFO] [stdout] 
[INFO] [stdout] 
[INFO] [stdout] warning: unnecessary parentheses around index expression
[INFO] [stdout]   --> src/fft.rs:87:21
[INFO] [stdout]    |
[INFO] [stdout] 87 |             p_c_out[(p.n / 2)][1] = 0.0;
[INFO] [stdout]    |                     ^       ^
[INFO] [stdout]    |
[INFO] [stdout] help: remove these parentheses
[INFO] [stdout]    |
[INFO] [stdout] 87 -             p_c_out[(p.n / 2)][1] = 0.0;
[INFO] [stdout] 87 +             p_c_out[p.n / 2][1] = 0.0;
[INFO] [stdout]    |
[INFO] [stdout] 
[INFO] [stdout] 
[INFO] [stderr]     Finished `test` profile [unoptimized + debuginfo] target(s) in 2.01s
[INFO] running `Command { std: "docker" "inspect" "77a4b72a7c1a45dd56d3b634d412f1d2160944e6c1a4e89cbbe783bdfca01bed", kill_on_drop: false }`
[INFO] running `Command { std: "docker" "rm" "-f" "77a4b72a7c1a45dd56d3b634d412f1d2160944e6c1a4e89cbbe783bdfca01bed", kill_on_drop: false }`
[INFO] [stdout] 77a4b72a7c1a45dd56d3b634d412f1d2160944e6c1a4e89cbbe783bdfca01bed
[INFO] running `Command { std: "docker" "create" "-v" "/var/lib/crater-agent-workspace/builds/worker-0-tc2/target:/opt/rustwide/target:rw,Z" "-v" "/var/lib/crater-agent-workspace/builds/worker-0-tc2/source:/opt/rustwide/workdir:ro,Z" "-v" "/var/lib/crater-agent-workspace/cargo-home:/opt/rustwide/cargo-home:ro,Z" "-v" "/var/lib/crater-agent-workspace/rustup-home:/opt/rustwide/rustup-home:ro,Z" "-e" "SOURCE_DIR=/opt/rustwide/workdir" "-e" "CARGO_TARGET_DIR=/opt/rustwide/target" "-e" "CARGO_INCREMENTAL=0" "-e" "RUST_BACKTRACE=full" "-e" "RUSTFLAGS=--cap-lints=forbid -Zrandomize-layout" "-e" "RUSTDOCFLAGS=--cap-lints=forbid" "-e" "CARGO_HOME=/opt/rustwide/cargo-home" "-e" "RUSTUP_HOME=/opt/rustwide/rustup-home" "-w" "/opt/rustwide/workdir" "-m" "1610612736" "--user" "0:0" "--network" "none" "ghcr.io/rust-lang/crates-build-env/linux@sha256:819108c5571ea2e421544af4d832f968d213c87fbe3707a016657f43d2f853bc" "/opt/rustwide/cargo-home/bin/cargo" "+nightly-2025-01-18" "test" "--frozen", kill_on_drop: false }`
[INFO] [stdout] aeb76b222cd348e686ab13211a41d4da92c5d79dd2ff62ebedc4c9bc78a2aa23
[INFO] running `Command { std: "docker" "start" "-a" "aeb76b222cd348e686ab13211a41d4da92c5d79dd2ff62ebedc4c9bc78a2aa23", kill_on_drop: false }`
[INFO] [stderr] warning: unnecessary parentheses around index expression
[INFO] [stderr]   --> src/fft.rs:45:33
[INFO] [stderr]    |
[INFO] [stderr] 45 |             p.input[1] = p_c_in[(p.n / 2)][0];
[INFO] [stderr]    |                                 ^       ^
[INFO] [stderr]    |
[INFO] [stderr]    = note: `#[warn(unused_parens)]` on by default
[INFO] [stderr] help: remove these parentheses
[INFO] [stderr]    |
[INFO] [stderr] 45 -             p.input[1] = p_c_in[(p.n / 2)][0];
[INFO] [stderr] 45 +             p.input[1] = p_c_in[p.n / 2][0];
[INFO] [stderr]    |
[INFO] [stderr] 
[INFO] [stderr] warning: unnecessary parentheses around index expression
[INFO] [stderr]   --> src/fft.rs:86:21
[INFO] [stderr]    |
[INFO] [stderr] 86 |             p_c_out[(p.n / 2)][0] = p.input[1];
[INFO] [stderr]    |                     ^       ^
[INFO] [stderr]    |
[INFO] [stderr] help: remove these parentheses
[INFO] [stderr]    |
[INFO] [stderr] 86 -             p_c_out[(p.n / 2)][0] = p.input[1];
[INFO] [stderr] 86 +             p_c_out[p.n / 2][0] = p.input[1];
[INFO] [stderr]    |
[INFO] [stderr] 
[INFO] [stderr] warning: unnecessary parentheses around index expression
[INFO] [stderr]   --> src/fft.rs:87:21
[INFO] [stderr]    |
[INFO] [stderr] 87 |             p_c_out[(p.n / 2)][1] = 0.0;
[INFO] [stderr]    |                     ^       ^
[INFO] [stderr]    |
[INFO] [stderr] help: remove these parentheses
[INFO] [stderr]    |
[INFO] [stderr] 87 -             p_c_out[(p.n / 2)][1] = 0.0;
[INFO] [stderr] 87 +             p_c_out[p.n / 2][1] = 0.0;
[INFO] [stderr]    |
[INFO] [stderr] 
[INFO] [stderr] warning: `weralt` (lib) generated 3 warnings (run `cargo fix --lib -p weralt` to apply 3 suggestions)
[INFO] [stderr] warning: `weralt` (lib test) generated 3 warnings (3 duplicates)
[INFO] [stderr]     Finished `test` profile [unoptimized + debuginfo] target(s) in 0.02s
[INFO] [stderr]      Running unittests src/lib.rs (/opt/rustwide/target/debug/deps/weralt-bcd3d113aa380da2)
[INFO] [stdout] 
[INFO] [stdout] running 1 test
[INFO] [stdout] test matlabfunctions::tests::rand_num_trait ... ok
[INFO] [stdout] 
[INFO] [stdout] test result: ok. 1 passed; 0 failed; 0 ignored; 0 measured; 0 filtered out; finished in 0.01s
[INFO] [stdout] 
[INFO] [stderr]      Running tests/weralt-test.rs (/opt/rustwide/target/debug/deps/weralt_test-6dbe911e72051012)
[INFO] [stdout] 
[INFO] [stdout] running 1 test
[INFO] [stdout] test test_resynthesis ... FAILED
[INFO] [stderr] error: test failed, to rerun pass `--test weralt-test`
[INFO] [stdout] 
[INFO] [stdout] failures:
[INFO] [stdout] 
[INFO] [stdout] ---- test_resynthesis stdout ----
[INFO] [stdout] 
[INFO] [stdout] thread 'test_resynthesis' panicked at tests/weralt-test.rs:78:54:
[INFO] [stdout] Failed to load audio file.: IoError(Os { code: 2, kind: NotFound, message: "No such file or directory" })
[INFO] [stdout] stack backtrace:
[INFO] [stdout]    0:     0x5d090be8c8aa - std::backtrace_rs::backtrace::libunwind::trace::hb059275cfc8d6126
[INFO] [stdout]                                at /rustc/6067b36314ab5eb2eb47cecc464545ba58e1ad24/library/std/src/../../backtrace/src/backtrace/libunwind.rs:116:5
[INFO] [stdout]    1:     0x5d090be8c8aa - std::backtrace_rs::backtrace::trace_unsynchronized::h2da071e4327ce3ee
[INFO] [stdout]                                at /rustc/6067b36314ab5eb2eb47cecc464545ba58e1ad24/library/std/src/../../backtrace/src/backtrace/mod.rs:66:5
[INFO] [stdout]    2:     0x5d090be8c8aa - std::sys::backtrace::_print_fmt::h842a1474e6f8d23f
[INFO] [stdout]                                at /rustc/6067b36314ab5eb2eb47cecc464545ba58e1ad24/library/std/src/sys/backtrace.rs:66:9
[INFO] [stdout]    3:     0x5d090be8c8aa - <std::sys::backtrace::BacktraceLock::print::DisplayBacktrace as core::fmt::Display>::fmt::h71a62eb3b9696b12
[INFO] [stdout]                                at /rustc/6067b36314ab5eb2eb47cecc464545ba58e1ad24/library/std/src/sys/backtrace.rs:39:26
[INFO] [stdout]    4:     0x5d090beb3e63 - core::fmt::rt::Argument::fmt::hdb6b616786b41dc1
[INFO] [stdout]                                at /rustc/6067b36314ab5eb2eb47cecc464545ba58e1ad24/library/core/src/fmt/rt.rs:177:76
[INFO] [stdout]    5:     0x5d090beb3e63 - core::fmt::write::h2cc1698af7e2d686
[INFO] [stdout]                                at /rustc/6067b36314ab5eb2eb47cecc464545ba58e1ad24/library/core/src/fmt/mod.rs:1440:21
[INFO] [stdout]    6:     0x5d090be89403 - std::io::Write::write_fmt::hab1b4cd059a79022
[INFO] [stdout]                                at /rustc/6067b36314ab5eb2eb47cecc464545ba58e1ad24/library/std/src/io/mod.rs:1887:15
[INFO] [stdout]    7:     0x5d090be8c6f2 - std::sys::backtrace::BacktraceLock::print::h147fe35b4ea13b08
[INFO] [stdout]                                at /rustc/6067b36314ab5eb2eb47cecc464545ba58e1ad24/library/std/src/sys/backtrace.rs:42:9
[INFO] [stdout]    8:     0x5d090be8dccf - std::panicking::default_hook::{{closure}}::hbd44223dbdc0d208
[INFO] [stdout]                                at /rustc/6067b36314ab5eb2eb47cecc464545ba58e1ad24/library/std/src/panicking.rs:298:22
[INFO] [stdout]    9:     0x5d090be8dae8 - std::panicking::default_hook::h20f81eb0576efcec
[INFO] [stdout]                                at /rustc/6067b36314ab5eb2eb47cecc464545ba58e1ad24/library/std/src/panicking.rs:322:9
[INFO] [stdout]   10:     0x5d090bde9703 - <alloc::boxed::Box<F,A> as core::ops::function::Fn<Args>>::call::hdb53814c496a4d34
[INFO] [stdout]                                at /rustc/6067b36314ab5eb2eb47cecc464545ba58e1ad24/library/alloc/src/boxed.rs:2027:9
[INFO] [stdout]   11:     0x5d090bde9703 - test::test_main::{{closure}}::hc0a4963c59427c24
[INFO] [stdout]                                at /rustc/6067b36314ab5eb2eb47cecc464545ba58e1ad24/library/test/src/lib.rs:134:21
[INFO] [stdout]   12:     0x5d090be8e7c3 - <alloc::boxed::Box<F,A> as core::ops::function::Fn<Args>>::call::h591b2225413a77e9
[INFO] [stdout]                                at /rustc/6067b36314ab5eb2eb47cecc464545ba58e1ad24/library/alloc/src/boxed.rs:2027:9
[INFO] [stdout]   13:     0x5d090be8e7c3 - std::panicking::rust_panic_with_hook::h625eea43051b2edc
[INFO] [stdout]                                at /rustc/6067b36314ab5eb2eb47cecc464545ba58e1ad24/library/std/src/panicking.rs:839:13
[INFO] [stdout]   14:     0x5d090be8e47a - std::panicking::begin_panic_handler::{{closure}}::h4f9159cfbc3f6bd3
[INFO] [stdout]                                at /rustc/6067b36314ab5eb2eb47cecc464545ba58e1ad24/library/std/src/panicking.rs:704:13
[INFO] [stdout]   15:     0x5d090be8cda9 - std::sys::backtrace::__rust_end_short_backtrace::h0390abce48353151
[INFO] [stdout]                                at /rustc/6067b36314ab5eb2eb47cecc464545ba58e1ad24/library/std/src/sys/backtrace.rs:168:18
[INFO] [stdout]   16:     0x5d090be8e10d - rust_begin_unwind
[INFO] [stdout]                                at /rustc/6067b36314ab5eb2eb47cecc464545ba58e1ad24/library/std/src/panicking.rs:695:5
[INFO] [stdout]   17:     0x5d090beb2910 - core::panicking::panic_fmt::h9e7c637e9e5f29c9
[INFO] [stdout]                                at /rustc/6067b36314ab5eb2eb47cecc464545ba58e1ad24/library/core/src/panicking.rs:75:14
[INFO] [stdout]   18:     0x5d090beb2cb6 - core::result::unwrap_failed::h7979f09313fe1849
[INFO] [stdout]                                at /rustc/6067b36314ab5eb2eb47cecc464545ba58e1ad24/library/core/src/result.rs:1704:5
[INFO] [stdout]   19:     0x5d090bda30e7 - core::result::Result<T,E>::expect::h3faa0d894d9022ec
[INFO] [stdout]                                at /rustc/6067b36314ab5eb2eb47cecc464545ba58e1ad24/library/core/src/result.rs:1061:23
[INFO] [stdout]   20:     0x5d090bda0a41 - weralt_test::test_resynthesis::hbb42c473190c63e1
[INFO] [stdout]                                at /opt/rustwide/workdir/tests/weralt-test.rs:78:22
[INFO] [stdout]   21:     0x5d090bda09a7 - weralt_test::test_resynthesis::{{closure}}::h862aefc606f45987
[INFO] [stdout]                                at /opt/rustwide/workdir/tests/weralt-test.rs:74:22
[INFO] [stdout]   22:     0x5d090bda2676 - core::ops::function::FnOnce::call_once::h9411c59e2ff19f77
[INFO] [stdout]                                at /rustc/6067b36314ab5eb2eb47cecc464545ba58e1ad24/library/core/src/ops/function.rs:250:5
[INFO] [stdout]   23:     0x5d090bdeee5b - core::ops::function::FnOnce::call_once::he27718dfdd183f43
[INFO] [stdout]                                at /rustc/6067b36314ab5eb2eb47cecc464545ba58e1ad24/library/core/src/ops/function.rs:250:5
[INFO] [stdout]   24:     0x5d090bdeee5b - test::__rust_begin_short_backtrace::h4e84902998457a5d
[INFO] [stdout]                                at /rustc/6067b36314ab5eb2eb47cecc464545ba58e1ad24/library/test/src/lib.rs:632:18
[INFO] [stdout]   25:     0x5d090bdedd93 - test::run_test_in_process::{{closure}}::h7176fd18fc1feca0
[INFO] [stdout]                                at /rustc/6067b36314ab5eb2eb47cecc464545ba58e1ad24/library/test/src/lib.rs:655:60
[INFO] [stdout]   26:     0x5d090bdedd93 - <core::panic::unwind_safe::AssertUnwindSafe<F> as core::ops::function::FnOnce<()>>::call_once::hf79cff2a624d8cf7
[INFO] [stdout]                                at /rustc/6067b36314ab5eb2eb47cecc464545ba58e1ad24/library/core/src/panic/unwind_safe.rs:272:9
[INFO] [stdout]   27:     0x5d090bdedd93 - std::panicking::try::do_call::h3da0561d9ab99c25
[INFO] [stdout]                                at /rustc/6067b36314ab5eb2eb47cecc464545ba58e1ad24/library/std/src/panicking.rs:587:40
[INFO] [stdout]   28:     0x5d090bdedd93 - std::panicking::try::h41c9fa508bc61df6
[INFO] [stdout]                                at /rustc/6067b36314ab5eb2eb47cecc464545ba58e1ad24/library/std/src/panicking.rs:550:19
[INFO] [stdout]   29:     0x5d090bdedd93 - std::panic::catch_unwind::h6b3ff07bb5afad93
[INFO] [stdout]                                at /rustc/6067b36314ab5eb2eb47cecc464545ba58e1ad24/library/std/src/panic.rs:358:14
[INFO] [stdout]   30:     0x5d090bdedd93 - test::run_test_in_process::hc7253dd11b39b9f4
[INFO] [stdout]                                at /rustc/6067b36314ab5eb2eb47cecc464545ba58e1ad24/library/test/src/lib.rs:655:27
[INFO] [stdout]   31:     0x5d090bdedd93 - test::run_test::{{closure}}::hfb2007f8649c30bb
[INFO] [stdout]                                at /rustc/6067b36314ab5eb2eb47cecc464545ba58e1ad24/library/test/src/lib.rs:576:43
[INFO] [stdout]   32:     0x5d090bdb0e75 - test::run_test::{{closure}}::h56a17aa7a282a9f4
[INFO] [stdout]                                at /rustc/6067b36314ab5eb2eb47cecc464545ba58e1ad24/library/test/src/lib.rs:606:41
[INFO] [stdout]   33:     0x5d090bdb0e75 - std::sys::backtrace::__rust_begin_short_backtrace::hd2d2d2fb8e8c6aac
[INFO] [stdout]                                at /rustc/6067b36314ab5eb2eb47cecc464545ba58e1ad24/library/std/src/sys/backtrace.rs:152:18
[INFO] [stdout]   34:     0x5d090bdb475a - std::thread::Builder::spawn_unchecked_::{{closure}}::{{closure}}::h4faa3f9db6133423
[INFO] [stdout]                                at /rustc/6067b36314ab5eb2eb47cecc464545ba58e1ad24/library/std/src/thread/mod.rs:559:17
[INFO] [stdout]   35:     0x5d090bdb475a - <core::panic::unwind_safe::AssertUnwindSafe<F> as core::ops::function::FnOnce<()>>::call_once::hf2e855a36a4ea846
[INFO] [stdout]                                at /rustc/6067b36314ab5eb2eb47cecc464545ba58e1ad24/library/core/src/panic/unwind_safe.rs:272:9
[INFO] [stdout]   36:     0x5d090bdb475a - std::panicking::try::do_call::h2f73af3616c35465
[INFO] [stdout]                                at /rustc/6067b36314ab5eb2eb47cecc464545ba58e1ad24/library/std/src/panicking.rs:587:40
[INFO] [stdout]   37:     0x5d090bdb475a - std::panicking::try::hd1660ce9efadef5a
[INFO] [stdout]                                at /rustc/6067b36314ab5eb2eb47cecc464545ba58e1ad24/library/std/src/panicking.rs:550:19
[INFO] [stdout]   38:     0x5d090bdb475a - std::panic::catch_unwind::h5ee8d7823b8ca744
[INFO] [stdout]                                at /rustc/6067b36314ab5eb2eb47cecc464545ba58e1ad24/library/std/src/panic.rs:358:14
[INFO] [stdout]   39:     0x5d090bdb475a - std::thread::Builder::spawn_unchecked_::{{closure}}::h53c3a1894dce8407
[INFO] [stdout]                                at /rustc/6067b36314ab5eb2eb47cecc464545ba58e1ad24/library/std/src/thread/mod.rs:557:30
[INFO] [stdout]   40:     0x5d090bdb475a - core::ops::function::FnOnce::call_once{{vtable.shim}}::h048ce291ad4f62bf
[INFO] [stdout]                                at /rustc/6067b36314ab5eb2eb47cecc464545ba58e1ad24/library/core/src/ops/function.rs:250:5
[INFO] [stdout]   41:     0x5d090be9270b - <alloc::boxed::Box<F,A> as core::ops::function::FnOnce<Args>>::call_once::ha52bedf99a3b4981
[INFO] [stdout]                                at /rustc/6067b36314ab5eb2eb47cecc464545ba58e1ad24/library/alloc/src/boxed.rs:2013:9
[INFO] [stdout]   42:     0x5d090be9270b - <alloc::boxed::Box<F,A> as core::ops::function::FnOnce<Args>>::call_once::h567748934d80ccf8
[INFO] [stdout]                                at /rustc/6067b36314ab5eb2eb47cecc464545ba58e1ad24/library/alloc/src/boxed.rs:2013:9
[INFO] [stdout]   43:     0x5d090be9270b - std::sys::pal::unix::thread::Thread::new::thread_start::h2d970728ae887adc
[INFO] [stdout]                                at /rustc/6067b36314ab5eb2eb47cecc464545ba58e1ad24/library/std/src/sys/pal/unix/thread.rs:106:17
[INFO] [stdout]   44:     0x740064400ac3 - <unknown>
[INFO] [stdout]   45:     0x740064491a04 - clone
[INFO] [stdout]   46:                0x0 - <unknown>
[INFO] [stdout] 
[INFO] [stdout] 
[INFO] [stdout] failures:
[INFO] [stdout]     test_resynthesis
[INFO] [stdout] 
[INFO] [stdout] test result: FAILED. 0 passed; 1 failed; 0 ignored; 0 measured; 0 filtered out; finished in 0.04s
[INFO] [stdout] 
[INFO] running `Command { std: "docker" "inspect" "aeb76b222cd348e686ab13211a41d4da92c5d79dd2ff62ebedc4c9bc78a2aa23", kill_on_drop: false }`
[INFO] running `Command { std: "docker" "rm" "-f" "aeb76b222cd348e686ab13211a41d4da92c5d79dd2ff62ebedc4c9bc78a2aa23", kill_on_drop: false }`
[INFO] [stdout] aeb76b222cd348e686ab13211a41d4da92c5d79dd2ff62ebedc4c9bc78a2aa23
