[INFO] cloning repository https://github.com/wrp801/sanity-client
[INFO] running `Command { std: "git" "-c" "credential.helper=" "-c" "credential.helper=/workspace/cargo-home/bin/git-credential-null" "clone" "--bare" "https://github.com/wrp801/sanity-client" "/workspace/cache/git-repos/https%3A%2F%2Fgithub.com%2Fwrp801%2Fsanity-client", kill_on_drop: false }`
[INFO] [stderr] Cloning into bare repository '/workspace/cache/git-repos/https%3A%2F%2Fgithub.com%2Fwrp801%2Fsanity-client'...
[INFO] running `Command { std: "git" "rev-parse" "HEAD", kill_on_drop: false }`
[INFO] [stdout] 7d7ffc19afe373dff9dcf037c8f04fc39582cd79
[INFO] testing wrp801/sanity-client against nightly-2025-01-18 for randomize-layout-2
[INFO] running `Command { std: "git" "clone" "/workspace/cache/git-repos/https%3A%2F%2Fgithub.com%2Fwrp801%2Fsanity-client" "/workspace/builds/worker-3-tc1/source", kill_on_drop: false }`
[INFO] [stderr] Cloning into '/workspace/builds/worker-3-tc1/source'...
[INFO] [stderr] done.
[INFO] validating manifest of git repo https://github.com/wrp801/sanity-client on toolchain nightly-2025-01-18
[INFO] running `Command { std: CARGO_HOME="/workspace/cargo-home" RUSTUP_HOME="/workspace/rustup-home" "/workspace/cargo-home/bin/cargo" "+nightly-2025-01-18" "metadata" "--manifest-path" "Cargo.toml" "--no-deps", kill_on_drop: false }`
[INFO] started tweaking git repo https://github.com/wrp801/sanity-client
[INFO] finished tweaking git repo https://github.com/wrp801/sanity-client
[INFO] tweaked toml for git repo https://github.com/wrp801/sanity-client written to /workspace/builds/worker-3-tc1/source/Cargo.toml
[INFO] crate git repo https://github.com/wrp801/sanity-client already has a lockfile, it will not be regenerated
[INFO] running `Command { std: CARGO_HOME="/workspace/cargo-home" RUSTUP_HOME="/workspace/rustup-home" "/workspace/cargo-home/bin/cargo" "+nightly-2025-01-18" "fetch" "--manifest-path" "Cargo.toml", kill_on_drop: false }`
[INFO] [stderr]  Downloading crates ...
[INFO] [stderr]   Downloaded cc v1.1.1
[INFO] running `Command { std: "docker" "create" "-v" "/var/lib/crater-agent-workspace/builds/worker-3-tc1/target:/opt/rustwide/target:rw,Z" "-v" "/var/lib/crater-agent-workspace/builds/worker-3-tc1/source:/opt/rustwide/workdir:ro,Z" "-v" "/var/lib/crater-agent-workspace/cargo-home:/opt/rustwide/cargo-home:ro,Z" "-v" "/var/lib/crater-agent-workspace/rustup-home:/opt/rustwide/rustup-home:ro,Z" "-e" "SOURCE_DIR=/opt/rustwide/workdir" "-e" "CARGO_TARGET_DIR=/opt/rustwide/target" "-e" "CARGO_HOME=/opt/rustwide/cargo-home" "-e" "RUSTUP_HOME=/opt/rustwide/rustup-home" "-w" "/opt/rustwide/workdir" "-m" "1610612736" "--user" "0:0" "--network" "none" "ghcr.io/rust-lang/crates-build-env/linux@sha256:819108c5571ea2e421544af4d832f968d213c87fbe3707a016657f43d2f853bc" "/opt/rustwide/cargo-home/bin/cargo" "+nightly-2025-01-18" "metadata" "--no-deps" "--format-version=1", kill_on_drop: false }`
[INFO] [stdout] 32229f72bfecc1970be00fca2cd67927cfeba626bf6723bd78b385fe7f9f8b49
[INFO] running `Command { std: "docker" "start" "-a" "32229f72bfecc1970be00fca2cd67927cfeba626bf6723bd78b385fe7f9f8b49", kill_on_drop: false }`
[INFO] running `Command { std: "docker" "inspect" "32229f72bfecc1970be00fca2cd67927cfeba626bf6723bd78b385fe7f9f8b49", kill_on_drop: false }`
[INFO] running `Command { std: "docker" "rm" "-f" "32229f72bfecc1970be00fca2cd67927cfeba626bf6723bd78b385fe7f9f8b49", kill_on_drop: false }`
[INFO] [stdout] 32229f72bfecc1970be00fca2cd67927cfeba626bf6723bd78b385fe7f9f8b49
[INFO] running `Command { std: "docker" "create" "-v" "/var/lib/crater-agent-workspace/builds/worker-3-tc1/target:/opt/rustwide/target:rw,Z" "-v" "/var/lib/crater-agent-workspace/builds/worker-3-tc1/source:/opt/rustwide/workdir:ro,Z" "-v" "/var/lib/crater-agent-workspace/cargo-home:/opt/rustwide/cargo-home:ro,Z" "-v" "/var/lib/crater-agent-workspace/rustup-home:/opt/rustwide/rustup-home:ro,Z" "-e" "SOURCE_DIR=/opt/rustwide/workdir" "-e" "CARGO_TARGET_DIR=/opt/rustwide/target" "-e" "CARGO_INCREMENTAL=0" "-e" "RUST_BACKTRACE=full" "-e" "RUSTFLAGS=--cap-lints=forbid" "-e" "RUSTDOCFLAGS=--cap-lints=forbid" "-e" "CARGO_HOME=/opt/rustwide/cargo-home" "-e" "RUSTUP_HOME=/opt/rustwide/rustup-home" "-w" "/opt/rustwide/workdir" "-m" "1610612736" "--user" "0:0" "--network" "none" "ghcr.io/rust-lang/crates-build-env/linux@sha256:819108c5571ea2e421544af4d832f968d213c87fbe3707a016657f43d2f853bc" "/opt/rustwide/cargo-home/bin/cargo" "+nightly-2025-01-18" "build" "--frozen" "--message-format=json", kill_on_drop: false }`
[INFO] [stdout] e51a692bc90760a57e57b4163a8d821c5a47a6d5c23541b5a8465da55da7b19b
[INFO] running `Command { std: "docker" "start" "-a" "e51a692bc90760a57e57b4163a8d821c5a47a6d5c23541b5a8465da55da7b19b", kill_on_drop: false }`
[INFO] [stderr]    Compiling proc-macro2 v1.0.86
[INFO] [stderr]    Compiling unicode-ident v1.0.12
[INFO] [stderr]    Compiling libc v0.2.155
[INFO] [stderr]    Compiling autocfg v1.3.0
[INFO] [stderr]    Compiling cfg-if v1.0.0
[INFO] [stderr]    Compiling pin-project-lite v0.2.14
[INFO] [stderr]    Compiling bytes v1.6.0
[INFO] [stderr]    Compiling parking_lot_core v0.9.10
[INFO] [stderr]    Compiling smallvec v1.13.2
[INFO] [stderr]    Compiling scopeguard v1.2.0
[INFO] [stderr]    Compiling pkg-config v0.3.30
[INFO] [stderr]    Compiling once_cell v1.19.0
[INFO] [stderr]    Compiling vcpkg v0.2.15
[INFO] [stderr]    Compiling cc v1.1.1
[INFO] [stderr]    Compiling futures-core v0.3.30
[INFO] [stderr]    Compiling itoa v1.0.11
[INFO] [stderr]    Compiling fnv v1.0.7
[INFO] [stderr]    Compiling version_check v0.9.4
[INFO] [stderr]    Compiling pin-utils v0.1.0
[INFO] [stderr]    Compiling futures-task v0.3.30
[INFO] [stderr]    Compiling hashbrown v0.14.5
[INFO] [stderr]    Compiling tracing-core v0.1.32
[INFO] [stderr]    Compiling httparse v1.9.4
[INFO] [stderr]    Compiling log v0.4.22
[INFO] [stderr]    Compiling openssl v0.10.64
[INFO] [stderr]    Compiling futures-util v0.3.30
[INFO] [stderr]    Compiling futures-sink v0.3.30
[INFO] [stderr]    Compiling foreign-types-shared v0.1.1
[INFO] [stderr]    Compiling equivalent v1.0.1
[INFO] [stderr]    Compiling foreign-types v0.3.2
[INFO] [stderr]    Compiling lock_api v0.4.12
[INFO] [stderr]    Compiling slab v0.4.9
[INFO] [stderr]    Compiling atomic-waker v1.1.2
[INFO] [stderr]    Compiling try-lock v0.2.5
[INFO] [stderr]    Compiling tinyvec_macros v0.1.1
[INFO] [stderr]    Compiling unicase v2.7.0
[INFO] [stderr]    Compiling bitflags v2.6.0
[INFO] [stderr]    Compiling native-tls v0.2.12
[INFO] [stderr]    Compiling memchr v2.7.4
[INFO] [stderr]    Compiling http v1.1.0
[INFO] [stderr]    Compiling tracing v0.1.40
[INFO] [stderr]    Compiling quote v1.0.36
[INFO] [stderr]    Compiling indexmap v2.2.6
[INFO] [stderr]    Compiling serde v1.0.204
[INFO] [stderr]    Compiling tinyvec v1.8.0
[INFO] [stderr]    Compiling syn v2.0.71
[INFO] [stderr]    Compiling signal-hook-registry v1.4.2
[INFO] [stderr]    Compiling num_cpus v1.16.0
[INFO] [stderr]    Compiling mio v0.8.11
[INFO] [stderr]    Compiling socket2 v0.5.7
[INFO] [stderr]    Compiling aho-corasick v1.1.3
[INFO] [stderr]    Compiling want v0.3.1
[INFO] [stderr]    Compiling parking_lot v0.12.3
[INFO] [stderr]    Compiling futures-channel v0.3.30
[INFO] [stderr]    Compiling percent-encoding v2.3.1
[INFO] [stderr]    Compiling openssl-probe v0.1.5
[INFO] [stderr]    Compiling http-body v1.0.1
[INFO] [stderr]    Compiling regex-syntax v0.8.4
[INFO] [stderr]    Compiling tower-service v0.3.2
[INFO] [stderr]    Compiling tower-layer v0.3.2
[INFO] [stderr]    Compiling form_urlencoded v1.2.1
[INFO] [stderr]    Compiling mime_guess v2.0.5
[INFO] [stderr]    Compiling num-traits v0.2.19
[INFO] [stderr]    Compiling serde_json v1.0.120
[INFO] [stderr]    Compiling openssl-sys v0.9.102
[INFO] [stderr]    Compiling unicode-bidi v0.3.15
[INFO] [stderr]    Compiling ryu v1.0.18
[INFO] [stderr]    Compiling utf8parse v0.2.2
[INFO] [stderr]    Compiling unicode-normalization v0.1.23
[INFO] [stderr]    Compiling rustls-pki-types v1.7.0
[INFO] [stderr]    Compiling anstyle-parse v0.2.4
[INFO] [stderr]    Compiling is_terminal_polyfill v1.70.0
[INFO] [stderr]    Compiling colorchoice v1.0.1
[INFO] [stderr]    Compiling mime v0.3.17
[INFO] [stderr]    Compiling anstyle v1.0.7
[INFO] [stderr]    Compiling anstyle-query v1.1.0
[INFO] [stderr]    Compiling base64 v0.22.1
[INFO] [stderr]    Compiling encoding_rs v0.8.34
[INFO] [stderr]    Compiling humantime v2.1.0
[INFO] [stderr]    Compiling sync_wrapper v1.0.1
[INFO] [stderr]    Compiling ipnet v2.9.0
[INFO] [stderr]    Compiling iana-time-zone v0.1.60
[INFO] [stderr]    Compiling anstream v0.6.14
[INFO] [stderr]    Compiling dotenv v0.15.0
[INFO] [stderr]    Compiling idna v0.5.0
[INFO] [stderr]    Compiling rustls-pemfile v2.1.2
[INFO] [stderr]    Compiling http-body-util v0.1.2
[INFO] [stderr]    Compiling regex-automata v0.4.7
[INFO] [stderr]    Compiling url v2.5.2
[INFO] [stderr]    Compiling chrono v0.4.38
[INFO] [stderr]    Compiling tokio-macros v2.3.0
[INFO] [stderr]    Compiling pin-project-internal v1.1.5
[INFO] [stderr]    Compiling openssl-macros v0.1.1
[INFO] [stderr]    Compiling serde_derive v1.0.204
[INFO] [stderr]    Compiling tokio v1.38.0
[INFO] [stderr]    Compiling regex v1.10.5
[INFO] [stderr]    Compiling env_filter v0.1.0
[INFO] [stderr]    Compiling pin-project v1.1.5
[INFO] [stderr]    Compiling env_logger v0.11.3
[INFO] [stderr]    Compiling tokio-util v0.7.11
[INFO] [stderr]    Compiling tower v0.4.13
[INFO] [stderr]    Compiling tokio-native-tls v0.3.1
[INFO] [stderr]    Compiling serde_urlencoded v0.7.1
[INFO] [stderr]    Compiling h2 v0.4.5
[INFO] [stderr]    Compiling hyper v1.4.1
[INFO] [stderr]    Compiling hyper-util v0.1.6
[INFO] [stderr]    Compiling hyper-tls v0.6.0
[INFO] [stderr]    Compiling reqwest v0.12.5
[INFO] [stderr]    Compiling sanity-client v0.1.0 (/opt/rustwide/workdir)
[INFO] [stdout] warning: unused imports: `Map` and `json`
[INFO] [stdout]  --> src/sanity/client.rs:4:25
[INFO] [stdout]   |
[INFO] [stdout] 4 | use serde_json::{Value, Map, json};
[INFO] [stdout]   |                         ^^^  ^^^^
[INFO] [stdout]   |
[INFO] [stdout]   = note: `#[warn(unused_imports)]` on by default
[INFO] [stdout] 
[INFO] [stdout] 
[INFO] [stdout] warning: unused import: `serde_json::Value`
[INFO] [stdout]  --> src/sanity/errs.rs:1:5
[INFO] [stdout]   |
[INFO] [stdout] 1 | use serde_json::Value;
[INFO] [stdout]   |     ^^^^^^^^^^^^^^^^^
[INFO] [stdout] 
[INFO] [stdout] 
[INFO] [stdout] warning: unused import: `Map`
[INFO] [stdout]  --> src/sanity/endpoints/mutate.rs:5:25
[INFO] [stdout]   |
[INFO] [stdout] 5 | use serde_json::{Value, Map, json};
[INFO] [stdout]   |                         ^^^
[INFO] [stdout] 
[INFO] [stdout] 
[INFO] [stdout] warning: unused imports: `debug`, `info`, and `warn`
[INFO] [stdout]  --> src/sanity/endpoints/mutate.rs:7:11
[INFO] [stdout]   |
[INFO] [stdout] 7 | use log::{info, debug, error, warn};
[INFO] [stdout]   |           ^^^^  ^^^^^         ^^^^
[INFO] [stdout] 
[INFO] [stdout] 
[INFO] [stdout] warning: unused imports: `debug`, `error`, `info`, and `warn`
[INFO] [stdout]  --> src/sanity/endpoints/query.rs:7:11
[INFO] [stdout]   |
[INFO] [stdout] 7 | use log::{info, debug, error, warn};
[INFO] [stdout]   |           ^^^^  ^^^^^  ^^^^^  ^^^^
[INFO] [stdout] 
[INFO] [stdout] 
[INFO] [stdout] warning: unused import: `Deserializer`
[INFO] [stdout]  --> src/sanity/endpoints/projects.rs:4:25
[INFO] [stdout]   |
[INFO] [stdout] 4 | use serde_json::{Value, Deserializer};
[INFO] [stdout]   |                         ^^^^^^^^^^^^
[INFO] [stdout] 
[INFO] [stdout] 
[INFO] [stdout] warning: unused import: `sanity::client::SanityClient`
[INFO] [stdout]  --> src/lib.rs:2:5
[INFO] [stdout]   |
[INFO] [stdout] 2 | use sanity::client::SanityClient;
[INFO] [stdout]   |     ^^^^^^^^^^^^^^^^^^^^^^^^^^^^
[INFO] [stdout] 
[INFO] [stdout] 
[INFO] [stdout] warning: unused import: `sanity::client::QueryResult`
[INFO] [stdout]  --> src/lib.rs:3:5
[INFO] [stdout]   |
[INFO] [stdout] 3 | use sanity::client::QueryResult;
[INFO] [stdout]   |     ^^^^^^^^^^^^^^^^^^^^^^^^^^^
[INFO] [stdout] 
[INFO] [stdout] 
[INFO] [stdout] warning: unused variable: `client`
[INFO] [stdout]   --> src/sanity/client.rs:44:13
[INFO] [stdout]    |
[INFO] [stdout] 44 |         let client = Client::new();
[INFO] [stdout]    |             ^^^^^^ help: if this is intentional, prefix it with an underscore: `_client`
[INFO] [stdout]    |
[INFO] [stdout]    = note: `#[warn(unused_variables)]` on by default
[INFO] [stdout] 
[INFO] [stdout] 
[INFO] [stdout] warning: variant `Actions` is never constructed
[INFO] [stdout]  --> src/sanity/endpoints/endpoint.rs:5:5
[INFO] [stdout]   |
[INFO] [stdout] 4 | pub enum Endpoint {
[INFO] [stdout]   |          -------- variant in this enum
[INFO] [stdout] 5 |     Actions,
[INFO] [stdout]   |     ^^^^^^^
[INFO] [stdout]   |
[INFO] [stdout]   = note: `#[warn(dead_code)]` on by default
[INFO] [stdout] 
[INFO] [stdout] 
[INFO] [stdout] warning: fields `token`, `dataset`, and `project` are never read
[INFO] [stdout]   --> src/sanity/endpoints/query.rs:15:5
[INFO] [stdout]    |
[INFO] [stdout] 14 | pub struct QueryEndpoint<'a> {
[INFO] [stdout]    |            ------------- fields in this struct
[INFO] [stdout] 15 |     token: &'a String,
[INFO] [stdout]    |     ^^^^^
[INFO] [stdout] 16 |     dataset: &'a String, 
[INFO] [stdout]    |     ^^^^^^^
[INFO] [stdout] 17 |     project: &'a String,
[INFO] [stdout]    |     ^^^^^^^
[INFO] [stdout] 
[INFO] [stdout] 
[INFO] [stdout] warning: fields `token`, `dataset`, `project`, and `client` are never read
[INFO] [stdout]    --> src/sanity/endpoints/export.rs:104:5
[INFO] [stdout]     |
[INFO] [stdout] 103 | pub struct ExportEndpoint {
[INFO] [stdout]     |            -------------- fields in this struct
[INFO] [stdout] 104 |     token: String,
[INFO] [stdout]     |     ^^^^^
[INFO] [stdout] 105 |     dataset: String,
[INFO] [stdout]     |     ^^^^^^^
[INFO] [stdout] 106 |     project: String,
[INFO] [stdout]     |     ^^^^^^^
[INFO] [stdout] 107 |     client: reqwest::Client,
[INFO] [stdout]     |     ^^^^^^
[INFO] [stdout] 
[INFO] [stdout] 
[INFO] [stdout] warning: fields `token`, `dataset`, and `project` are never read
[INFO] [stdout]   --> src/sanity/endpoints/projects.rs:13:5
[INFO] [stdout]    |
[INFO] [stdout] 12 | pub struct ProjectEndpoint {
[INFO] [stdout]    |            --------------- fields in this struct
[INFO] [stdout] 13 |     token: String,
[INFO] [stdout]    |     ^^^^^
[INFO] [stdout] 14 |     dataset: String,
[INFO] [stdout]    |     ^^^^^^^
[INFO] [stdout] 15 |     project: String,
[INFO] [stdout]    |     ^^^^^^^
[INFO] [stdout] 
[INFO] [stdout] 
[INFO] [stdout] warning: unused import: `std::env`
[INFO] [stdout]  --> src/main.rs:3:5
[INFO] [stdout]   |
[INFO] [stdout] 3 | use std::env;
[INFO] [stdout]   |     ^^^^^^^^
[INFO] [stdout]   |
[INFO] [stdout]   = note: `#[warn(unused_imports)]` on by default
[INFO] [stdout] 
[INFO] [stdout] 
[INFO] [stdout] warning: unused import: `serde_json::json`
[INFO] [stdout]  --> src/main.rs:4:5
[INFO] [stdout]   |
[INFO] [stdout] 4 | use serde_json::json;
[INFO] [stdout]   |     ^^^^^^^^^^^^^^^^
[INFO] [stdout] 
[INFO] [stdout] 
[INFO] [stdout] warning: unused import: `std::path::PathBuf`
[INFO] [stdout]  --> src/main.rs:5:5
[INFO] [stdout]   |
[INFO] [stdout] 5 | use std::path::PathBuf;
[INFO] [stdout]   |     ^^^^^^^^^^^^^^^^^^
[INFO] [stdout] 
[INFO] [stdout] 
[INFO] [stderr]     Finished `dev` profile [unoptimized + debuginfo] target(s) in 20.04s
[INFO] running `Command { std: "docker" "inspect" "e51a692bc90760a57e57b4163a8d821c5a47a6d5c23541b5a8465da55da7b19b", kill_on_drop: false }`
[INFO] running `Command { std: "docker" "rm" "-f" "e51a692bc90760a57e57b4163a8d821c5a47a6d5c23541b5a8465da55da7b19b", kill_on_drop: false }`
[INFO] [stdout] e51a692bc90760a57e57b4163a8d821c5a47a6d5c23541b5a8465da55da7b19b
[INFO] running `Command { std: "docker" "create" "-v" "/var/lib/crater-agent-workspace/builds/worker-3-tc1/target:/opt/rustwide/target:rw,Z" "-v" "/var/lib/crater-agent-workspace/builds/worker-3-tc1/source:/opt/rustwide/workdir:ro,Z" "-v" "/var/lib/crater-agent-workspace/cargo-home:/opt/rustwide/cargo-home:ro,Z" "-v" "/var/lib/crater-agent-workspace/rustup-home:/opt/rustwide/rustup-home:ro,Z" "-e" "SOURCE_DIR=/opt/rustwide/workdir" "-e" "CARGO_TARGET_DIR=/opt/rustwide/target" "-e" "CARGO_INCREMENTAL=0" "-e" "RUST_BACKTRACE=full" "-e" "RUSTFLAGS=--cap-lints=forbid" "-e" "RUSTDOCFLAGS=--cap-lints=forbid" "-e" "CARGO_HOME=/opt/rustwide/cargo-home" "-e" "RUSTUP_HOME=/opt/rustwide/rustup-home" "-w" "/opt/rustwide/workdir" "-m" "1610612736" "--user" "0:0" "--network" "none" "ghcr.io/rust-lang/crates-build-env/linux@sha256:819108c5571ea2e421544af4d832f968d213c87fbe3707a016657f43d2f853bc" "/opt/rustwide/cargo-home/bin/cargo" "+nightly-2025-01-18" "test" "--frozen" "--no-run" "--message-format=json", kill_on_drop: false }`
[INFO] [stdout] ccf3207d449091304d96c2c11f03c25c896228ffbf4bb61b29ced4f68308872d
[INFO] running `Command { std: "docker" "start" "-a" "ccf3207d449091304d96c2c11f03c25c896228ffbf4bb61b29ced4f68308872d", kill_on_drop: false }`
[INFO] [stdout] warning: unused imports: `Map` and `json`
[INFO] [stdout]  --> src/sanity/client.rs:4:25
[INFO] [stdout]   |
[INFO] [stdout] 4 | use serde_json::{Value, Map, json};
[INFO] [stdout]   |                         ^^^  ^^^^
[INFO] [stdout]   |
[INFO] [stdout]   = note: `#[warn(unused_imports)]` on by default
[INFO] [stdout] 
[INFO] [stdout] 
[INFO] [stdout] warning: unused import: `serde_json::Value`
[INFO] [stdout]  --> src/sanity/errs.rs:1:5
[INFO] [stdout]   |
[INFO] [stdout] 1 | use serde_json::Value;
[INFO] [stdout]   |     ^^^^^^^^^^^^^^^^^
[INFO] [stdout] 
[INFO] [stdout] 
[INFO] [stdout] warning: unused import: `Map`
[INFO] [stdout]  --> src/sanity/endpoints/mutate.rs:5:25
[INFO] [stdout]   |
[INFO] [stdout] 5 | use serde_json::{Value, Map, json};
[INFO] [stdout]   |                         ^^^
[INFO] [stdout] 
[INFO] [stdout] 
[INFO] [stdout] warning: unused imports: `debug`, `info`, and `warn`
[INFO] [stdout]  --> src/sanity/endpoints/mutate.rs:7:11
[INFO] [stdout]   |
[INFO] [stdout] 7 | use log::{info, debug, error, warn};
[INFO] [stdout]   |           ^^^^  ^^^^^         ^^^^
[INFO] [stdout] 
[INFO] [stdout] 
[INFO] [stdout] warning: unused imports: `debug`, `error`, `info`, and `warn`
[INFO] [stdout]  --> src/sanity/endpoints/query.rs:7:11
[INFO] [stdout]   |
[INFO] [stdout] 7 | use log::{info, debug, error, warn};
[INFO] [stdout]   |           ^^^^  ^^^^^  ^^^^^  ^^^^
[INFO] [stdout] 
[INFO] [stdout] 
[INFO] [stdout] warning: unused import: `Deserializer`
[INFO] [stdout]  --> src/sanity/endpoints/projects.rs:4:25
[INFO] [stdout]   |
[INFO] [stdout] 4 | use serde_json::{Value, Deserializer};
[INFO] [stdout]   |                         ^^^^^^^^^^^^
[INFO] [stdout] 
[INFO] [stdout] 
[INFO] [stdout] warning: unused import: `sanity::client::SanityClient`
[INFO] [stdout]  --> src/lib.rs:2:5
[INFO] [stdout]   |
[INFO] [stdout] 2 | use sanity::client::SanityClient;
[INFO] [stdout]   |     ^^^^^^^^^^^^^^^^^^^^^^^^^^^^
[INFO] [stdout] 
[INFO] [stdout] 
[INFO] [stdout] warning: unused import: `sanity::client::QueryResult`
[INFO] [stdout]  --> src/lib.rs:3:5
[INFO] [stdout]   |
[INFO] [stdout] 3 | use sanity::client::QueryResult;
[INFO] [stdout]   |     ^^^^^^^^^^^^^^^^^^^^^^^^^^^
[INFO] [stdout] 
[INFO] [stdout] 
[INFO] [stdout] warning: unused variable: `client`
[INFO] [stdout]   --> src/sanity/client.rs:44:13
[INFO] [stdout]    |
[INFO] [stdout] 44 |         let client = Client::new();
[INFO] [stdout]    |             ^^^^^^ help: if this is intentional, prefix it with an underscore: `_client`
[INFO] [stdout]    |
[INFO] [stdout]    = note: `#[warn(unused_variables)]` on by default
[INFO] [stdout] 
[INFO] [stdout] 
[INFO] [stdout] warning: variant `Actions` is never constructed
[INFO] [stdout]  --> src/sanity/endpoints/endpoint.rs:5:5
[INFO] [stdout]   |
[INFO] [stdout] 4 | pub enum Endpoint {
[INFO] [stdout]   |          -------- variant in this enum
[INFO] [stdout] 5 |     Actions,
[INFO] [stdout]   |     ^^^^^^^
[INFO] [stdout]   |
[INFO] [stdout]   = note: `#[warn(dead_code)]` on by default
[INFO] [stdout] 
[INFO] [stdout] 
[INFO] [stdout] warning: fields `token`, `dataset`, and `project` are never read
[INFO] [stdout]   --> src/sanity/endpoints/query.rs:15:5
[INFO] [stdout]    |
[INFO] [stdout] 14 | pub struct QueryEndpoint<'a> {
[INFO] [stdout]    |            ------------- fields in this struct
[INFO] [stdout] 15 |     token: &'a String,
[INFO] [stdout]    |     ^^^^^
[INFO] [stdout] 16 |     dataset: &'a String, 
[INFO] [stdout]    |     ^^^^^^^
[INFO] [stdout] 17 |     project: &'a String,
[INFO] [stdout]    |     ^^^^^^^
[INFO] [stdout] 
[INFO] [stdout] 
[INFO] [stderr]    Compiling sanity-client v0.1.0 (/opt/rustwide/workdir)
[INFO] [stdout] warning: fields `token`, `dataset`, `project`, and `client` are never read
[INFO] [stdout]    --> src/sanity/endpoints/export.rs:104:5
[INFO] [stdout]     |
[INFO] [stdout] 103 | pub struct ExportEndpoint {
[INFO] [stdout]     |            -------------- fields in this struct
[INFO] [stdout] 104 |     token: String,
[INFO] [stdout]     |     ^^^^^
[INFO] [stdout] 105 |     dataset: String,
[INFO] [stdout]     |     ^^^^^^^
[INFO] [stdout] 106 |     project: String,
[INFO] [stdout]     |     ^^^^^^^
[INFO] [stdout] 107 |     client: reqwest::Client,
[INFO] [stdout]     |     ^^^^^^
[INFO] [stdout] 
[INFO] [stdout] 
[INFO] [stdout] warning: fields `token`, `dataset`, and `project` are never read
[INFO] [stdout]   --> src/sanity/endpoints/projects.rs:13:5
[INFO] [stdout]    |
[INFO] [stdout] 12 | pub struct ProjectEndpoint {
[INFO] [stdout]    |            --------------- fields in this struct
[INFO] [stdout] 13 |     token: String,
[INFO] [stdout]    |     ^^^^^
[INFO] [stdout] 14 |     dataset: String,
[INFO] [stdout]    |     ^^^^^^^
[INFO] [stdout] 15 |     project: String,
[INFO] [stdout]    |     ^^^^^^^
[INFO] [stdout] 
[INFO] [stdout] 
[INFO] [stdout] warning: unused import: `std::env`
[INFO] [stdout]  --> src/main.rs:3:5
[INFO] [stdout]   |
[INFO] [stdout] 3 | use std::env;
[INFO] [stdout]   |     ^^^^^^^^
[INFO] [stdout]   |
[INFO] [stdout]   = note: `#[warn(unused_imports)]` on by default
[INFO] [stdout] 
[INFO] [stdout] 
[INFO] [stdout] warning: unused import: `serde_json::json`
[INFO] [stdout]  --> src/main.rs:4:5
[INFO] [stdout]   |
[INFO] [stdout] 4 | use serde_json::json;
[INFO] [stdout]   |     ^^^^^^^^^^^^^^^^
[INFO] [stdout] 
[INFO] [stdout] 
[INFO] [stdout] warning: unused import: `std::path::PathBuf`
[INFO] [stdout]  --> src/main.rs:5:5
[INFO] [stdout]   |
[INFO] [stdout] 5 | use std::path::PathBuf;
[INFO] [stdout]   |     ^^^^^^^^^^^^^^^^^^
[INFO] [stdout] 
[INFO] [stdout] 
[INFO] [stdout] warning: unused import: `std::env`
[INFO] [stdout]  --> src/main.rs:3:5
[INFO] [stdout]   |
[INFO] [stdout] 3 | use std::env;
[INFO] [stdout]   |     ^^^^^^^^
[INFO] [stdout]   |
[INFO] [stdout]   = note: `#[warn(unused_imports)]` on by default
[INFO] [stdout] 
[INFO] [stdout] 
[INFO] [stdout] warning: unused import: `serde_json::json`
[INFO] [stdout]  --> src/main.rs:4:5
[INFO] [stdout]   |
[INFO] [stdout] 4 | use serde_json::json;
[INFO] [stdout]   |     ^^^^^^^^^^^^^^^^
[INFO] [stdout] 
[INFO] [stdout] 
[INFO] [stdout] warning: unused import: `std::path::PathBuf`
[INFO] [stdout]  --> src/main.rs:5:5
[INFO] [stdout]   |
[INFO] [stdout] 5 | use std::path::PathBuf;
[INFO] [stdout]   |     ^^^^^^^^^^^^^^^^^^
[INFO] [stdout] 
[INFO] [stdout] 
[INFO] [stdout] warning: unused imports: `Map` and `json`
[INFO] [stdout]  --> src/sanity/client.rs:4:25
[INFO] [stdout]   |
[INFO] [stdout] 4 | use serde_json::{Value, Map, json};
[INFO] [stdout]   |                         ^^^  ^^^^
[INFO] [stdout]   |
[INFO] [stdout]   = note: `#[warn(unused_imports)]` on by default
[INFO] [stdout] 
[INFO] [stdout] 
[INFO] [stdout] warning: unused import: `serde_json::Value`
[INFO] [stdout]  --> src/sanity/errs.rs:1:5
[INFO] [stdout]   |
[INFO] [stdout] 1 | use serde_json::Value;
[INFO] [stdout]   |     ^^^^^^^^^^^^^^^^^
[INFO] [stdout] 
[INFO] [stdout] 
[INFO] [stdout] warning: unused import: `Map`
[INFO] [stdout]  --> src/sanity/endpoints/mutate.rs:5:25
[INFO] [stdout]   |
[INFO] [stdout] 5 | use serde_json::{Value, Map, json};
[INFO] [stdout]   |                         ^^^
[INFO] [stdout] 
[INFO] [stdout] 
[INFO] [stdout] warning: unused imports: `debug`, `info`, and `warn`
[INFO] [stdout]  --> src/sanity/endpoints/mutate.rs:7:11
[INFO] [stdout]   |
[INFO] [stdout] 7 | use log::{info, debug, error, warn};
[INFO] [stdout]   |           ^^^^  ^^^^^         ^^^^
[INFO] [stdout] 
[INFO] [stdout] 
[INFO] [stdout] warning: unused imports: `debug`, `error`, `info`, and `warn`
[INFO] [stdout]  --> src/sanity/endpoints/query.rs:7:11
[INFO] [stdout]   |
[INFO] [stdout] 7 | use log::{info, debug, error, warn};
[INFO] [stdout]   |           ^^^^  ^^^^^  ^^^^^  ^^^^
[INFO] [stdout] 
[INFO] [stdout] 
[INFO] [stdout] warning: unused import: `Deserializer`
[INFO] [stdout]  --> src/sanity/endpoints/projects.rs:4:25
[INFO] [stdout]   |
[INFO] [stdout] 4 | use serde_json::{Value, Deserializer};
[INFO] [stdout]   |                         ^^^^^^^^^^^^
[INFO] [stdout] 
[INFO] [stdout] 
[INFO] [stdout] warning: unused import: `serde_json::json`
[INFO] [stdout]  --> tests/test_export.rs:4:5
[INFO] [stdout]   |
[INFO] [stdout] 4 | use serde_json::json;
[INFO] [stdout]   |     ^^^^^^^^^^^^^^^^
[INFO] [stdout]   |
[INFO] [stdout]   = note: `#[warn(unused_imports)]` on by default
[INFO] [stdout] 
[INFO] [stdout] 
[INFO] [stdout] warning: unused import: `sanity::client::SanityClient`
[INFO] [stdout]  --> src/lib.rs:2:5
[INFO] [stdout]   |
[INFO] [stdout] 2 | use sanity::client::SanityClient;
[INFO] [stdout]   |     ^^^^^^^^^^^^^^^^^^^^^^^^^^^^
[INFO] [stdout] 
[INFO] [stdout] 
[INFO] [stdout] warning: unused import: `sanity::client::QueryResult`
[INFO] [stdout]  --> src/lib.rs:3:5
[INFO] [stdout]   |
[INFO] [stdout] 3 | use sanity::client::QueryResult;
[INFO] [stdout]   |     ^^^^^^^^^^^^^^^^^^^^^^^^^^^
[INFO] [stdout] 
[INFO] [stdout] 
[INFO] [stdout] warning: unused import: `std::any::type_name`
[INFO] [stdout]  --> tests/test_query.rs:4:5
[INFO] [stdout]   |
[INFO] [stdout] 4 | use std::any::type_name;
[INFO] [stdout]   |     ^^^^^^^^^^^^^^^^^^^
[INFO] [stdout]   |
[INFO] [stdout]   = note: `#[warn(unused_imports)]` on by default
[INFO] [stdout] 
[INFO] [stdout] 
[INFO] [stdout] warning: unused variable: `client`
[INFO] [stdout]   --> src/sanity/client.rs:44:13
[INFO] [stdout]    |
[INFO] [stdout] 44 |         let client = Client::new();
[INFO] [stdout]    |             ^^^^^^ help: if this is intentional, prefix it with an underscore: `_client`
[INFO] [stdout]    |
[INFO] [stdout]    = note: `#[warn(unused_variables)]` on by default
[INFO] [stdout] 
[INFO] [stdout] 
[INFO] [stdout] warning: variant `Actions` is never constructed
[INFO] [stdout]  --> src/sanity/endpoints/endpoint.rs:5:5
[INFO] [stdout]   |
[INFO] [stdout] 4 | pub enum Endpoint {
[INFO] [stdout]   |          -------- variant in this enum
[INFO] [stdout] 5 |     Actions,
[INFO] [stdout]   |     ^^^^^^^
[INFO] [stdout]   |
[INFO] [stdout]   = note: `#[warn(dead_code)]` on by default
[INFO] [stdout] 
[INFO] [stdout] 
[INFO] [stdout] warning: fields `token`, `dataset`, and `project` are never read
[INFO] [stdout]   --> src/sanity/endpoints/query.rs:15:5
[INFO] [stdout]    |
[INFO] [stdout] 14 | pub struct QueryEndpoint<'a> {
[INFO] [stdout]    |            ------------- fields in this struct
[INFO] [stdout] 15 |     token: &'a String,
[INFO] [stdout]    |     ^^^^^
[INFO] [stdout] 16 |     dataset: &'a String, 
[INFO] [stdout]    |     ^^^^^^^
[INFO] [stdout] 17 |     project: &'a String,
[INFO] [stdout]    |     ^^^^^^^
[INFO] [stdout] 
[INFO] [stdout] 
[INFO] [stdout] warning: fields `token`, `dataset`, `project`, and `client` are never read
[INFO] [stdout]    --> src/sanity/endpoints/export.rs:104:5
[INFO] [stdout]     |
[INFO] [stdout] 103 | pub struct ExportEndpoint {
[INFO] [stdout]     |            -------------- fields in this struct
[INFO] [stdout] 104 |     token: String,
[INFO] [stdout]     |     ^^^^^
[INFO] [stdout] 105 |     dataset: String,
[INFO] [stdout]     |     ^^^^^^^
[INFO] [stdout] 106 |     project: String,
[INFO] [stdout]     |     ^^^^^^^
[INFO] [stdout] 107 |     client: reqwest::Client,
[INFO] [stdout]     |     ^^^^^^
[INFO] [stdout] 
[INFO] [stdout] 
[INFO] [stdout] warning: fields `token`, `dataset`, and `project` are never read
[INFO] [stdout]   --> src/sanity/endpoints/projects.rs:13:5
[INFO] [stdout]    |
[INFO] [stdout] 12 | pub struct ProjectEndpoint {
[INFO] [stdout]    |            --------------- fields in this struct
[INFO] [stdout] 13 |     token: String,
[INFO] [stdout]    |     ^^^^^
[INFO] [stdout] 14 |     dataset: String,
[INFO] [stdout]    |     ^^^^^^^
[INFO] [stdout] 15 |     project: String,
[INFO] [stdout]    |     ^^^^^^^
[INFO] [stdout] 
[INFO] [stdout] 
[INFO] [stderr]     Finished `test` profile [unoptimized + debuginfo] target(s) in 1.25s
[INFO] running `Command { std: "docker" "inspect" "ccf3207d449091304d96c2c11f03c25c896228ffbf4bb61b29ced4f68308872d", kill_on_drop: false }`
[INFO] running `Command { std: "docker" "rm" "-f" "ccf3207d449091304d96c2c11f03c25c896228ffbf4bb61b29ced4f68308872d", kill_on_drop: false }`
[INFO] [stdout] ccf3207d449091304d96c2c11f03c25c896228ffbf4bb61b29ced4f68308872d
[INFO] running `Command { std: "docker" "create" "-v" "/var/lib/crater-agent-workspace/builds/worker-3-tc1/target:/opt/rustwide/target:rw,Z" "-v" "/var/lib/crater-agent-workspace/builds/worker-3-tc1/source:/opt/rustwide/workdir:ro,Z" "-v" "/var/lib/crater-agent-workspace/cargo-home:/opt/rustwide/cargo-home:ro,Z" "-v" "/var/lib/crater-agent-workspace/rustup-home:/opt/rustwide/rustup-home:ro,Z" "-e" "SOURCE_DIR=/opt/rustwide/workdir" "-e" "CARGO_TARGET_DIR=/opt/rustwide/target" "-e" "CARGO_INCREMENTAL=0" "-e" "RUST_BACKTRACE=full" "-e" "RUSTFLAGS=--cap-lints=forbid" "-e" "RUSTDOCFLAGS=--cap-lints=forbid" "-e" "CARGO_HOME=/opt/rustwide/cargo-home" "-e" "RUSTUP_HOME=/opt/rustwide/rustup-home" "-w" "/opt/rustwide/workdir" "-m" "1610612736" "--user" "0:0" "--network" "none" "ghcr.io/rust-lang/crates-build-env/linux@sha256:819108c5571ea2e421544af4d832f968d213c87fbe3707a016657f43d2f853bc" "/opt/rustwide/cargo-home/bin/cargo" "+nightly-2025-01-18" "test" "--frozen", kill_on_drop: false }`
[INFO] [stdout] 4211ab3cacc0571b0b972f51f7f33f4f9a88acb56075afb0e3c36101bd4aa23a
[INFO] running `Command { std: "docker" "start" "-a" "4211ab3cacc0571b0b972f51f7f33f4f9a88acb56075afb0e3c36101bd4aa23a", kill_on_drop: false }`
[INFO] [stderr] warning: unused imports: `Map` and `json`
[INFO] [stderr]  --> src/sanity/client.rs:4:25
[INFO] [stderr]   |
[INFO] [stderr] 4 | use serde_json::{Value, Map, json};
[INFO] [stderr]   |                         ^^^  ^^^^
[INFO] [stderr]   |
[INFO] [stderr]   = note: `#[warn(unused_imports)]` on by default
[INFO] [stderr] 
[INFO] [stderr] warning: unused import: `serde_json::Value`
[INFO] [stderr]  --> src/sanity/errs.rs:1:5
[INFO] [stderr]   |
[INFO] [stderr] 1 | use serde_json::Value;
[INFO] [stderr]   |     ^^^^^^^^^^^^^^^^^
[INFO] [stderr] 
[INFO] [stderr] warning: unused import: `Map`
[INFO] [stderr]  --> src/sanity/endpoints/mutate.rs:5:25
[INFO] [stderr]   |
[INFO] [stderr] 5 | use serde_json::{Value, Map, json};
[INFO] [stderr]   |                         ^^^
[INFO] [stderr] 
[INFO] [stderr] warning: unused imports: `debug`, `info`, and `warn`
[INFO] [stderr]  --> src/sanity/endpoints/mutate.rs:7:11
[INFO] [stderr]   |
[INFO] [stderr] 7 | use log::{info, debug, error, warn};
[INFO] [stderr]   |           ^^^^  ^^^^^         ^^^^
[INFO] [stderr] 
[INFO] [stderr] warning: unused imports: `debug`, `error`, `info`, and `warn`
[INFO] [stderr]  --> src/sanity/endpoints/query.rs:7:11
[INFO] [stderr]   |
[INFO] [stderr] 7 | use log::{info, debug, error, warn};
[INFO] [stderr]   |           ^^^^  ^^^^^  ^^^^^  ^^^^
[INFO] [stderr] 
[INFO] [stderr] warning: unused import: `Deserializer`
[INFO] [stderr]  --> src/sanity/endpoints/projects.rs:4:25
[INFO] [stderr]   |
[INFO] [stderr] 4 | use serde_json::{Value, Deserializer};
[INFO] [stderr]   |                         ^^^^^^^^^^^^
[INFO] [stderr] 
[INFO] [stderr] warning: unused import: `sanity::client::SanityClient`
[INFO] [stderr]  --> src/lib.rs:2:5
[INFO] [stderr]   |
[INFO] [stderr] 2 | use sanity::client::SanityClient;
[INFO] [stderr]   |     ^^^^^^^^^^^^^^^^^^^^^^^^^^^^
[INFO] [stderr] 
[INFO] [stderr] warning: unused import: `sanity::client::QueryResult`
[INFO] [stderr]  --> src/lib.rs:3:5
[INFO] [stderr]   |
[INFO] [stderr] 3 | use sanity::client::QueryResult;
[INFO] [stderr]   |     ^^^^^^^^^^^^^^^^^^^^^^^^^^^
[INFO] [stderr] 
[INFO] [stderr] warning: unused variable: `client`
[INFO] [stderr]   --> src/sanity/client.rs:44:13
[INFO] [stderr]    |
[INFO] [stderr] 44 |         let client = Client::new();
[INFO] [stderr]    |             ^^^^^^ help: if this is intentional, prefix it with an underscore: `_client`
[INFO] [stderr]    |
[INFO] [stderr]    = note: `#[warn(unused_variables)]` on by default
[INFO] [stderr] 
[INFO] [stderr] warning: variant `Actions` is never constructed
[INFO] [stderr]  --> src/sanity/endpoints/endpoint.rs:5:5
[INFO] [stderr]   |
[INFO] [stderr] 4 | pub enum Endpoint {
[INFO] [stderr]   |          -------- variant in this enum
[INFO] [stderr] 5 |     Actions,
[INFO] [stderr]   |     ^^^^^^^
[INFO] [stderr]   |
[INFO] [stderr]   = note: `#[warn(dead_code)]` on by default
[INFO] [stderr] 
[INFO] [stderr] warning: fields `token`, `dataset`, and `project` are never read
[INFO] [stderr]   --> src/sanity/endpoints/query.rs:15:5
[INFO] [stderr]    |
[INFO] [stderr] 14 | pub struct QueryEndpoint<'a> {
[INFO] [stderr]    |            ------------- fields in this struct
[INFO] [stderr] 15 |     token: &'a String,
[INFO] [stderr]    |     ^^^^^
[INFO] [stderr] 16 |     dataset: &'a String, 
[INFO] [stderr]    |     ^^^^^^^
[INFO] [stderr] 17 |     project: &'a String,
[INFO] [stderr]    |     ^^^^^^^
[INFO] [stderr] 
[INFO] [stderr] warning: fields `token`, `dataset`, `project`, and `client` are never read
[INFO] [stderr]    --> src/sanity/endpoints/export.rs:104:5
[INFO] [stderr]     |
[INFO] [stderr] 103 | pub struct ExportEndpoint {
[INFO] [stderr]     |            -------------- fields in this struct
[INFO] [stderr] 104 |     token: String,
[INFO] [stderr]     |     ^^^^^
[INFO] [stderr] 105 |     dataset: String,
[INFO] [stderr]     |     ^^^^^^^
[INFO] [stderr] 106 |     project: String,
[INFO] [stderr]     |     ^^^^^^^
[INFO] [stderr] 107 |     client: reqwest::Client,
[INFO] [stderr]     |     ^^^^^^
[INFO] [stderr] 
[INFO] [stderr] warning: fields `token`, `dataset`, and `project` are never read
[INFO] [stderr]   --> src/sanity/endpoints/projects.rs:13:5
[INFO] [stderr]    |
[INFO] [stderr] 12 | pub struct ProjectEndpoint {
[INFO] [stderr]    |            --------------- fields in this struct
[INFO] [stderr] 13 |     token: String,
[INFO] [stderr]    |     ^^^^^
[INFO] [stderr] 14 |     dataset: String,
[INFO] [stderr]    |     ^^^^^^^
[INFO] [stderr] 15 |     project: String,
[INFO] [stderr]    |     ^^^^^^^
[INFO] [stderr] 
[INFO] [stderr] warning: `sanity-client` (lib) generated 13 warnings (run `cargo fix --lib -p sanity-client` to apply 8 suggestions)
[INFO] [stderr] warning: `sanity-client` (lib test) generated 13 warnings (13 duplicates)
[INFO] [stderr] warning: unused import: `std::any::type_name`
[INFO] [stderr]  --> tests/test_query.rs:4:5
[INFO] [stderr]   |
[INFO] [stderr] 4 | use std::any::type_name;
[INFO] [stderr]   |     ^^^^^^^^^^^^^^^^^^^
[INFO] [stderr]   |
[INFO] [stderr]   = note: `#[warn(unused_imports)]` on by default
[INFO] [stderr] 
[INFO] [stderr] warning: unused import: `std::env`
[INFO] [stderr]  --> src/main.rs:3:5
[INFO] [stderr]   |
[INFO] [stderr] 3 | use std::env;
[INFO] [stderr]   |     ^^^^^^^^
[INFO] [stderr]   |
[INFO] [stderr]   = note: `#[warn(unused_imports)]` on by default
[INFO] [stderr] 
[INFO] [stderr] warning: unused import: `serde_json::json`
[INFO] [stderr]  --> src/main.rs:4:5
[INFO] [stderr]   |
[INFO] [stderr] 4 | use serde_json::json;
[INFO] [stderr]   |     ^^^^^^^^^^^^^^^^
[INFO] [stderr] 
[INFO] [stderr] warning: unused import: `std::path::PathBuf`
[INFO] [stderr]  --> src/main.rs:5:5
[INFO] [stderr]   |
[INFO] [stderr] 5 | use std::path::PathBuf;
[INFO] [stderr]   |     ^^^^^^^^^^^^^^^^^^
[INFO] [stderr] 
[INFO] [stderr] warning: unused import: `serde_json::json`
[INFO] [stderr]  --> tests/test_export.rs:4:5
[INFO] [stderr]   |
[INFO] [stderr] 4 | use serde_json::json;
[INFO] [stderr]   |     ^^^^^^^^^^^^^^^^
[INFO] [stderr]   |
[INFO] [stderr]   = note: `#[warn(unused_imports)]` on by default
[INFO] [stderr] 
[INFO] [stderr] warning: `sanity-client` (test "test_query") generated 1 warning (run `cargo fix --test "test_query"` to apply 1 suggestion)
[INFO] [stderr] warning: `sanity-client` (bin "sanity-client") generated 3 warnings (run `cargo fix --bin "sanity-client"` to apply 3 suggestions)
[INFO] [stderr] warning: `sanity-client` (bin "sanity-client" test) generated 3 warnings (3 duplicates)
[INFO] [stderr] warning: `sanity-client` (test "test_export") generated 1 warning (run `cargo fix --test "test_export"` to apply 1 suggestion)
[INFO] [stderr]     Finished `test` profile [unoptimized + debuginfo] target(s) in 0.15s
[INFO] [stderr]      Running unittests src/lib.rs (/opt/rustwide/target/debug/deps/sanity_client-5a31d99ecc5e4338)
[INFO] [stdout] 
[INFO] [stdout] running 0 tests
[INFO] [stdout] 
[INFO] [stdout] test result: ok. 0 passed; 0 failed; 0 ignored; 0 measured; 0 filtered out; finished in 0.00s
[INFO] [stdout] 
[INFO] [stderr]      Running unittests src/main.rs (/opt/rustwide/target/debug/deps/sanity_client-0572bfe95465d0d6)
[INFO] [stdout] 
[INFO] [stdout] running 0 tests
[INFO] [stdout] 
[INFO] [stdout] test result: ok. 0 passed; 0 failed; 0 ignored; 0 measured; 0 filtered out; finished in 0.00s
[INFO] [stdout] 
[INFO] [stderr]      Running tests/test_create.rs (/opt/rustwide/target/debug/deps/test_create-8fdd3bf1c9d39c1e)
[INFO] [stdout] 
[INFO] [stdout] running 1 test
[INFO] [stdout] test test_successful_create ... FAILED
[INFO] [stdout] 
[INFO] [stdout] failures:
[INFO] [stdout] 
[INFO] [stdout] ---- test_successful_create stdout ----
[INFO] [stdout] 
[INFO] [stdout] thread 'test_successful_create' panicked at tests/test_create.rs:8:42:
[INFO] [stdout] called `Result::unwrap()` on an `Err` value: NotPresent
[INFO] [stdout] stack backtrace:
[INFO] [stdout]    0:     0x6393ecbfcb5a - std::backtrace_rs::backtrace::libunwind::trace::hb059275cfc8d6126
[INFO] [stdout]                                at /rustc/6067b36314ab5eb2eb47cecc464545ba58e1ad24/library/std/src/../../backtrace/src/backtrace/libunwind.rs:116:5
[INFO] [stdout]    1:     0x6393ecbfcb5a - std::backtrace_rs::backtrace::trace_unsynchronized::h2da071e4327ce3ee
[INFO] [stdout]                                at /rustc/6067b36314ab5eb2eb47cecc464545ba58e1ad24/library/std/src/../../backtrace/src/backtrace/mod.rs:66:5
[INFO] [stdout]    2:     0x6393ecbfcb5a - std::sys::backtrace::_print_fmt::h842a1474e6f8d23f
[INFO] [stdout]                                at /rustc/6067b36314ab5eb2eb47cecc464545ba58e1ad24/library/std/src/sys/backtrace.rs:66:9
[INFO] [stdout]    3:     0x6393ecbfcb5a - <std::sys::backtrace::BacktraceLock::print::DisplayBacktrace as core::fmt::Display>::fmt::h71a62eb3b9696b12
[INFO] [stdout]                                at /rustc/6067b36314ab5eb2eb47cecc464545ba58e1ad24/library/std/src/sys/backtrace.rs:39:26
[INFO] [stdout]    4:     0x6393ecc277d3 - core::fmt::rt::Argument::fmt::hdb6b616786b41dc1
[INFO] [stdout]                                at /rustc/6067b36314ab5eb2eb47cecc464545ba58e1ad24/library/core/src/fmt/rt.rs:177:76
[INFO] [stdout]    5:     0x6393ecc277d3 - core::fmt::write::h2cc1698af7e2d686
[INFO] [stdout]                                at /rustc/6067b36314ab5eb2eb47cecc464545ba58e1ad24/library/core/src/fmt/mod.rs:1440:21
[INFO] [stdout]    6:     0x6393ecbf8973 - std::io::Write::write_fmt::hab1b4cd059a79022
[INFO] [stdout]                                at /rustc/6067b36314ab5eb2eb47cecc464545ba58e1ad24/library/std/src/io/mod.rs:1887:15
[INFO] [stdout]    7:     0x6393ecbfc9a2 - std::sys::backtrace::BacktraceLock::print::h147fe35b4ea13b08
[INFO] [stdout]                                at /rustc/6067b36314ab5eb2eb47cecc464545ba58e1ad24/library/std/src/sys/backtrace.rs:42:9
[INFO] [stdout]    8:     0x6393ecbfdf7f - std::panicking::default_hook::{{closure}}::hbd44223dbdc0d208
[INFO] [stdout]                                at /rustc/6067b36314ab5eb2eb47cecc464545ba58e1ad24/library/std/src/panicking.rs:298:22
[INFO] [stdout]    9:     0x6393ecbfdd98 - std::panicking::default_hook::h20f81eb0576efcec
[INFO] [stdout]                                at /rustc/6067b36314ab5eb2eb47cecc464545ba58e1ad24/library/std/src/panicking.rs:322:9
[INFO] [stdout]   10:     0x6393ec82c7e3 - <alloc::boxed::Box<F,A> as core::ops::function::Fn<Args>>::call::hdb53814c496a4d34
[INFO] [stdout]                                at /rustc/6067b36314ab5eb2eb47cecc464545ba58e1ad24/library/alloc/src/boxed.rs:2027:9
[INFO] [stdout]   11:     0x6393ec82c7e3 - test::test_main::{{closure}}::hc0a4963c59427c24
[INFO] [stdout]                                at /rustc/6067b36314ab5eb2eb47cecc464545ba58e1ad24/library/test/src/lib.rs:134:21
[INFO] [stdout]   12:     0x6393ecbfea73 - <alloc::boxed::Box<F,A> as core::ops::function::Fn<Args>>::call::h591b2225413a77e9
[INFO] [stdout]                                at /rustc/6067b36314ab5eb2eb47cecc464545ba58e1ad24/library/alloc/src/boxed.rs:2027:9
[INFO] [stdout]   13:     0x6393ecbfea73 - std::panicking::rust_panic_with_hook::h625eea43051b2edc
[INFO] [stdout]                                at /rustc/6067b36314ab5eb2eb47cecc464545ba58e1ad24/library/std/src/panicking.rs:839:13
[INFO] [stdout]   14:     0x6393ecbfe72a - std::panicking::begin_panic_handler::{{closure}}::h4f9159cfbc3f6bd3
[INFO] [stdout]                                at /rustc/6067b36314ab5eb2eb47cecc464545ba58e1ad24/library/std/src/panicking.rs:704:13
[INFO] [stdout]   15:     0x6393ecbfd059 - std::sys::backtrace::__rust_end_short_backtrace::h0390abce48353151
[INFO] [stdout]                                at /rustc/6067b36314ab5eb2eb47cecc464545ba58e1ad24/library/std/src/sys/backtrace.rs:168:18
[INFO] [stdout]   16:     0x6393ecbfe3bd - rust_begin_unwind
[INFO] [stdout]                                at /rustc/6067b36314ab5eb2eb47cecc464545ba58e1ad24/library/std/src/panicking.rs:695:5
[INFO] [stdout]   17:     0x6393ecc25cf0 - core::panicking::panic_fmt::h9e7c637e9e5f29c9
[INFO] [stdout]                                at /rustc/6067b36314ab5eb2eb47cecc464545ba58e1ad24/library/core/src/panicking.rs:75:14
[INFO] [stdout]   18:     0x6393ecc261c6 - core::result::unwrap_failed::h7979f09313fe1849
[INFO] [stdout]                                at /rustc/6067b36314ab5eb2eb47cecc464545ba58e1ad24/library/core/src/result.rs:1704:5
[INFO] [stdout]   19:     0x6393ec7e3d8b - core::result::Result<T,E>::unwrap::h0d43251051e25330
[INFO] [stdout]                                at /rustc/6067b36314ab5eb2eb47cecc464545ba58e1ad24/library/core/src/result.rs:1109:23
[INFO] [stdout]   20:     0x6393ec7e3d8b - test_create::setup::h48f5ea6379bd42e7
[INFO] [stdout]                                at /opt/rustwide/workdir/tests/test_create.rs:8:17
[INFO] [stdout]   21:     0x6393ec7e43b6 - test_create::test_successful_create::{{closure}}::hf1c59e89ff796bc3
[INFO] [stdout]                                at /opt/rustwide/workdir/tests/test_create.rs:17:18
[INFO] [stdout]   22:     0x6393ec7e17a2 - <core::pin::Pin<P> as core::future::future::Future>::poll::he87d4b0d795ccbec
[INFO] [stdout]                                at /rustc/6067b36314ab5eb2eb47cecc464545ba58e1ad24/library/core/src/future/future.rs:124:9
[INFO] [stdout]   23:     0x6393ec7e175d - <core::pin::Pin<P> as core::future::future::Future>::poll::h44642d8508e1078a
[INFO] [stdout]                                at /rustc/6067b36314ab5eb2eb47cecc464545ba58e1ad24/library/core/src/future/future.rs:124:9
[INFO] [stdout]   24:     0x6393ec7f1d4f - tokio::runtime::scheduler::current_thread::CoreGuard::block_on::{{closure}}::{{closure}}::{{closure}}::h8dd34d6e70b0c664
[INFO] [stdout]                                at /opt/rustwide/cargo-home/registry/src/index.crates.io-1949cf8c6b5b557f/tokio-1.38.0/src/runtime/scheduler/current_thread/mod.rs:659:57
[INFO] [stdout]   25:     0x6393ec7f1c85 - tokio::runtime::coop::with_budget::h13d6a90aede39888
[INFO] [stdout]                                at /opt/rustwide/cargo-home/registry/src/index.crates.io-1949cf8c6b5b557f/tokio-1.38.0/src/runtime/coop.rs:107:5
[INFO] [stdout]   26:     0x6393ec7f1c85 - tokio::runtime::coop::budget::h8b4e59c28b6609e0
[INFO] [stdout]                                at /opt/rustwide/cargo-home/registry/src/index.crates.io-1949cf8c6b5b557f/tokio-1.38.0/src/runtime/coop.rs:73:5
[INFO] [stdout]   27:     0x6393ec7f1c85 - tokio::runtime::scheduler::current_thread::CoreGuard::block_on::{{closure}}::{{closure}}::hf10133b2dc571e50
[INFO] [stdout]                                at /opt/rustwide/cargo-home/registry/src/index.crates.io-1949cf8c6b5b557f/tokio-1.38.0/src/runtime/scheduler/current_thread/mod.rs:659:25
[INFO] [stdout]   28:     0x6393ec7f0a30 - tokio::runtime::scheduler::current_thread::Context::enter::hbaaa4e18083e0632
[INFO] [stdout]                                at /opt/rustwide/cargo-home/registry/src/index.crates.io-1949cf8c6b5b557f/tokio-1.38.0/src/runtime/scheduler/current_thread/mod.rs:404:19
[INFO] [stdout]   29:     0x6393ec7f14ee - tokio::runtime::scheduler::current_thread::CoreGuard::block_on::{{closure}}::h2f57cedfbeb19fab
[INFO] [stdout]                                at /opt/rustwide/cargo-home/registry/src/index.crates.io-1949cf8c6b5b557f/tokio-1.38.0/src/runtime/scheduler/current_thread/mod.rs:658:36
[INFO] [stdout]   30:     0x6393ec7f1264 - tokio::runtime::scheduler::current_thread::CoreGuard::enter::{{closure}}::h486710285c5806cc
[INFO] [stdout]                                at /opt/rustwide/cargo-home/registry/src/index.crates.io-1949cf8c6b5b557f/tokio-1.38.0/src/runtime/scheduler/current_thread/mod.rs:737:68
[INFO] [stdout]   31:     0x6393ec7e110b - tokio::runtime::context::scoped::Scoped<T>::set::h6d6c39032c7cf069
[INFO] [stdout]                                at /opt/rustwide/cargo-home/registry/src/index.crates.io-1949cf8c6b5b557f/tokio-1.38.0/src/runtime/context/scoped.rs:40:9
[INFO] [stdout]   32:     0x6393ec7eb579 - tokio::runtime::context::set_scheduler::{{closure}}::h78ffa29415d1392c
[INFO] [stdout]                                at /opt/rustwide/cargo-home/registry/src/index.crates.io-1949cf8c6b5b557f/tokio-1.38.0/src/runtime/context.rs:180:26
[INFO] [stdout]   33:     0x6393ec7dddd2 - std::thread::local::LocalKey<T>::try_with::h6d83f5174ba9dc22
[INFO] [stdout]                                at /rustc/6067b36314ab5eb2eb47cecc464545ba58e1ad24/library/std/src/thread/local.rs:308:12
[INFO] [stdout]   34:     0x6393ec7dda2a - std::thread::local::LocalKey<T>::with::h6a2d0f155d132a42
[INFO] [stdout]                                at /rustc/6067b36314ab5eb2eb47cecc464545ba58e1ad24/library/std/src/thread/local.rs:272:9
[INFO] [stdout]   35:     0x6393ec7eb52d - tokio::runtime::context::set_scheduler::ha00fa1fb22f1f8d4
[INFO] [stdout]                                at /opt/rustwide/cargo-home/registry/src/index.crates.io-1949cf8c6b5b557f/tokio-1.38.0/src/runtime/context.rs:180:9
[INFO] [stdout]   36:     0x6393ec7f1010 - tokio::runtime::scheduler::current_thread::CoreGuard::enter::h0baa5ab256c04d33
[INFO] [stdout]                                at /opt/rustwide/cargo-home/registry/src/index.crates.io-1949cf8c6b5b557f/tokio-1.38.0/src/runtime/scheduler/current_thread/mod.rs:737:27
[INFO] [stdout]   37:     0x6393ec7f1283 - tokio::runtime::scheduler::current_thread::CoreGuard::block_on::h498aca3278be2e19
[INFO] [stdout]                                at /opt/rustwide/cargo-home/registry/src/index.crates.io-1949cf8c6b5b557f/tokio-1.38.0/src/runtime/scheduler/current_thread/mod.rs:646:19
[INFO] [stdout]   38:     0x6393ec7f027d - tokio::runtime::scheduler::current_thread::CurrentThread::block_on::{{closure}}::h44fcb424c56717bd
[INFO] [stdout]                                at /opt/rustwide/cargo-home/registry/src/index.crates.io-1949cf8c6b5b557f/tokio-1.38.0/src/runtime/scheduler/current_thread/mod.rs:175:28
[INFO] [stdout]   39:     0x6393ec7eb936 - tokio::runtime::context::runtime::enter_runtime::hda1b3d93b06a03e5
[INFO] [stdout]                                at /opt/rustwide/cargo-home/registry/src/index.crates.io-1949cf8c6b5b557f/tokio-1.38.0/src/runtime/context/runtime.rs:65:16
[INFO] [stdout]   40:     0x6393ec7f0191 - tokio::runtime::scheduler::current_thread::CurrentThread::block_on::he76d2e5926a729cc
[INFO] [stdout]                                at /opt/rustwide/cargo-home/registry/src/index.crates.io-1949cf8c6b5b557f/tokio-1.38.0/src/runtime/scheduler/current_thread/mod.rs:167:9
[INFO] [stdout]   41:     0x6393ec7e123d - tokio::runtime::runtime::Runtime::block_on::h6db9ef7f2dc95ae0
[INFO] [stdout]                                at /opt/rustwide/cargo-home/registry/src/index.crates.io-1949cf8c6b5b557f/tokio-1.38.0/src/runtime/runtime.rs:347:47
[INFO] [stdout]   42:     0x6393ec7e42be - test_create::test_successful_create::ha5fc0f3120e13df2
[INFO] [stdout]                                at /opt/rustwide/workdir/tests/test_create.rs:42:5
[INFO] [stdout]   43:     0x6393ec7e4167 - test_create::test_successful_create::{{closure}}::h3738edfc6edaadc2
[INFO] [stdout]                                at /opt/rustwide/workdir/tests/test_create.rs:16:34
[INFO] [stdout]   44:     0x6393ec7de316 - core::ops::function::FnOnce::call_once::h142b44505b2a6007
[INFO] [stdout]                                at /rustc/6067b36314ab5eb2eb47cecc464545ba58e1ad24/library/core/src/ops/function.rs:250:5
[INFO] [stdout]   45:     0x6393ec831f3b - core::ops::function::FnOnce::call_once::he27718dfdd183f43
[INFO] [stdout]                                at /rustc/6067b36314ab5eb2eb47cecc464545ba58e1ad24/library/core/src/ops/function.rs:250:5
[INFO] [stdout]   46:     0x6393ec831f3b - test::__rust_begin_short_backtrace::h4e84902998457a5d
[INFO] [stdout]                                at /rustc/6067b36314ab5eb2eb47cecc464545ba58e1ad24/library/test/src/lib.rs:632:18
[INFO] [stdout]   47:     0x6393ec830e73 - test::run_test_in_process::{{closure}}::h7176fd18fc1feca0
[INFO] [stdout]                                at /rustc/6067b36314ab5eb2eb47cecc464545ba58e1ad24/library/test/src/lib.rs:655:60
[INFO] [stdout]   48:     0x6393ec830e73 - <core::panic::unwind_safe::AssertUnwindSafe<F> as core::ops::function::FnOnce<()>>::call_once::hf79cff2a624d8cf7
[INFO] [stdout]                                at /rustc/6067b36314ab5eb2eb47cecc464545ba58e1ad24/library/core/src/panic/unwind_safe.rs:272:9
[INFO] [stdout]   49:     0x6393ec830e73 - std::panicking::try::do_call::h3da0561d9ab99c25
[INFO] [stdout]                                at /rustc/6067b36314ab5eb2eb47cecc464545ba58e1ad24/library/std/src/panicking.rs:587:40
[INFO] [stdout]   50:     0x6393ec830e73 - std::panicking::try::h41c9fa508bc61df6
[INFO] [stdout]                                at /rustc/6067b36314ab5eb2eb47cecc464545ba58e1ad24/library/std/src/panicking.rs:550:19
[INFO] [stdout]   51:     0x6393ec830e73 - std::panic::catch_unwind::h6b3ff07bb5afad93
[INFO] [stdout]                                at /rustc/6067b36314ab5eb2eb47cecc464545ba58e1ad24/library/std/src/panic.rs:358:14
[INFO] [stdout]   52:     0x6393ec830e73 - test::run_test_in_process::hc7253dd11b39b9f4
[INFO] [stdout]                                at /rustc/6067b36314ab5eb2eb47cecc464545ba58e1ad24/library/test/src/lib.rs:655:27
[INFO] [stdout]   53:     0x6393ec830e73 - test::run_test::{{closure}}::hfb2007f8649c30bb
[INFO] [stdout]                                at /rustc/6067b36314ab5eb2eb47cecc464545ba58e1ad24/library/test/src/lib.rs:576:43
[INFO] [stdout]   54:     0x6393ec7f3f55 - test::run_test::{{closure}}::h56a17aa7a282a9f4
[INFO] [stdout]                                at /rustc/6067b36314ab5eb2eb47cecc464545ba58e1ad24/library/test/src/lib.rs:606:41
[INFO] [stdout]   55:     0x6393ec7f3f55 - std::sys::backtrace::__rust_begin_short_backtrace::hd2d2d2fb8e8c6aac
[INFO] [stdout]                                at /rustc/6067b36314ab5eb2eb47cecc464545ba58e1ad24/library/std/src/sys/backtrace.rs:152:18
[INFO] [stdout]   56:     0x6393ec7f783a - std::thread::Builder::spawn_unchecked_::{{closure}}::{{closure}}::h4faa3f9db6133423
[INFO] [stdout]                                at /rustc/6067b36314ab5eb2eb47cecc464545ba58e1ad24/library/std/src/thread/mod.rs:559:17
[INFO] [stdout]   57:     0x6393ec7f783a - <core::panic::unwind_safe::AssertUnwindSafe<F> as core::ops::function::FnOnce<()>>::call_once::hf2e855a36a4ea846
[INFO] [stdout]                                at /rustc/6067b36314ab5eb2eb47cecc464545ba58e1ad24/library/core/src/panic/unwind_safe.rs:272:9
[INFO] [stdout]   58:     0x6393ec7f783a - std::panicking::try::do_call::h2f73af3616c35465
[INFO] [stdout]                                at /rustc/6067b36314ab5eb2eb47cecc464545ba58e1ad24/library/std/src/panicking.rs:587:40
[INFO] [stdout]   59:     0x6393ec7f783a - std::panicking::try::hd1660ce9efadef5a
[INFO] [stdout]                                at /rustc/6067b36314ab5eb2eb47cecc464545ba58e1ad24/library/std/src/panicking.rs:550:19
[INFO] [stdout]   60:     0x6393ec7f783a - std::panic::catch_unwind::h5ee8d7823b8ca744
[INFO] [stdout]                                at /rustc/6067b36314ab5eb2eb47cecc464545ba58e1ad24/library/std/src/panic.rs:358:14
[INFO] [stdout]   61:     0x6393ec7f783a - std::thread::Builder::spawn_unchecked_::{{closure}}::h53c3a1894dce8407
[INFO] [stdout]                                at /rustc/6067b36314ab5eb2eb47cecc464545ba58e1ad24/library/std/src/thread/mod.rs:557:30
[INFO] [stdout]   62:     0x6393ec7f783a - core::ops::function::FnOnce::call_once{{vtable.shim}}::h048ce291ad4f62bf
[INFO] [stdout]                                at /rustc/6067b36314ab5eb2eb47cecc464545ba58e1ad24/library/core/src/ops/function.rs:250:5
[INFO] [stdout]   63:     0x6393ecc02f1b - <alloc::boxed::Box<F,A> as core::ops::function::FnOnce<Args>>::call_once::ha52bedf99a3b4981
[INFO] [stdout]                                at /rustc/6067b36314ab5eb2eb47cecc464545ba58e1ad24/library/alloc/src/boxed.rs:2013:9
[INFO] [stdout]   64:     0x6393ecc02f1b - <alloc::boxed::Box<F,A> as core::ops::function::FnOnce<Args>>::call_once::h567748934d80ccf8
[INFO] [stdout]                                at /rustc/6067b36314ab5eb2eb47cecc464545ba58e1ad24/library/alloc/src/boxed.rs:2013:9
[INFO] [stdout]   65:     0x6393ecc02f1b - std::sys::pal::unix::thread::Thread::new::thread_start::h2d970728ae887adc
[INFO] [stdout]                                at /rustc/6067b36314ab5eb2eb47cecc464545ba58e1ad24/library/std/src/sys/pal/unix/thread.rs:106:17
[INFO] [stdout]   66:     0x74ee9610cac3 - <unknown>
[INFO] [stdout]   67:     0x74ee9619da04 - clone
[INFO] [stdout]   68:                0x0 - <unknown>
[INFO] [stdout] 
[INFO] [stdout] 
[INFO] [stdout] failures:
[INFO] [stdout]     test_successful_create
[INFO] [stdout] 
[INFO] [stdout] test result: FAILED. 0 passed; 1 failed; 0 ignored; 0 measured; 0 filtered out; finished in 0.03s
[INFO] [stdout] 
[INFO] [stderr] error: test failed, to rerun pass `--test test_create`
[INFO] running `Command { std: "docker" "inspect" "4211ab3cacc0571b0b972f51f7f33f4f9a88acb56075afb0e3c36101bd4aa23a", kill_on_drop: false }`
[INFO] running `Command { std: "docker" "rm" "-f" "4211ab3cacc0571b0b972f51f7f33f4f9a88acb56075afb0e3c36101bd4aa23a", kill_on_drop: false }`
[INFO] [stdout] 4211ab3cacc0571b0b972f51f7f33f4f9a88acb56075afb0e3c36101bd4aa23a
