[INFO] cloning repository https://github.com/wismer/advent-2024
[INFO] running `Command { std: "git" "-c" "credential.helper=" "-c" "credential.helper=/workspace/cargo-home/bin/git-credential-null" "clone" "--bare" "https://github.com/wismer/advent-2024" "/workspace/cache/git-repos/https%3A%2F%2Fgithub.com%2Fwismer%2Fadvent-2024", kill_on_drop: false }`
[INFO] [stderr] Cloning into bare repository '/workspace/cache/git-repos/https%3A%2F%2Fgithub.com%2Fwismer%2Fadvent-2024'...
[INFO] running `Command { std: "git" "rev-parse" "HEAD", kill_on_drop: false }`
[INFO] [stdout] 022bcdaa5e0a81939fb7b37af82beeddb5f4555d
[INFO] testing wismer/advent-2024 against nightly-2025-01-18 for randomize-layout-2
[INFO] running `Command { std: "git" "clone" "/workspace/cache/git-repos/https%3A%2F%2Fgithub.com%2Fwismer%2Fadvent-2024" "/workspace/builds/worker-6-tc1/source", kill_on_drop: false }`
[INFO] [stderr] Cloning into '/workspace/builds/worker-6-tc1/source'...
[INFO] [stderr] done.
[INFO] validating manifest of git repo https://github.com/wismer/advent-2024 on toolchain nightly-2025-01-18
[INFO] running `Command { std: CARGO_HOME="/workspace/cargo-home" RUSTUP_HOME="/workspace/rustup-home" "/workspace/cargo-home/bin/cargo" "+nightly-2025-01-18" "metadata" "--manifest-path" "Cargo.toml" "--no-deps", kill_on_drop: false }`
[INFO] started tweaking git repo https://github.com/wismer/advent-2024
[INFO] finished tweaking git repo https://github.com/wismer/advent-2024
[INFO] tweaked toml for git repo https://github.com/wismer/advent-2024 written to /workspace/builds/worker-6-tc1/source/Cargo.toml
[INFO] crate git repo https://github.com/wismer/advent-2024 already has a lockfile, it will not be regenerated
[INFO] running `Command { std: CARGO_HOME="/workspace/cargo-home" RUSTUP_HOME="/workspace/rustup-home" "/workspace/cargo-home/bin/cargo" "+nightly-2025-01-18" "fetch" "--manifest-path" "Cargo.toml", kill_on_drop: false }`
[INFO] [stderr]  Downloading crates ...
[INFO] [stderr]   Downloaded grid v0.15.0
[INFO] running `Command { std: "docker" "create" "-v" "/var/lib/crater-agent-workspace/builds/worker-6-tc1/target:/opt/rustwide/target:rw,Z" "-v" "/var/lib/crater-agent-workspace/builds/worker-6-tc1/source:/opt/rustwide/workdir:ro,Z" "-v" "/var/lib/crater-agent-workspace/cargo-home:/opt/rustwide/cargo-home:ro,Z" "-v" "/var/lib/crater-agent-workspace/rustup-home:/opt/rustwide/rustup-home:ro,Z" "-e" "SOURCE_DIR=/opt/rustwide/workdir" "-e" "CARGO_TARGET_DIR=/opt/rustwide/target" "-e" "CARGO_HOME=/opt/rustwide/cargo-home" "-e" "RUSTUP_HOME=/opt/rustwide/rustup-home" "-w" "/opt/rustwide/workdir" "-m" "1610612736" "--user" "0:0" "--network" "none" "ghcr.io/rust-lang/crates-build-env/linux@sha256:819108c5571ea2e421544af4d832f968d213c87fbe3707a016657f43d2f853bc" "/opt/rustwide/cargo-home/bin/cargo" "+nightly-2025-01-18" "metadata" "--no-deps" "--format-version=1", kill_on_drop: false }`
[INFO] [stdout] 2a18e525b9641e8db4eba17c1a0e05e98ca8daec8a654f32ca75ab41ecbd2d58
[INFO] running `Command { std: "docker" "start" "-a" "2a18e525b9641e8db4eba17c1a0e05e98ca8daec8a654f32ca75ab41ecbd2d58", kill_on_drop: false }`
[INFO] running `Command { std: "docker" "inspect" "2a18e525b9641e8db4eba17c1a0e05e98ca8daec8a654f32ca75ab41ecbd2d58", kill_on_drop: false }`
[INFO] running `Command { std: "docker" "rm" "-f" "2a18e525b9641e8db4eba17c1a0e05e98ca8daec8a654f32ca75ab41ecbd2d58", kill_on_drop: false }`
[INFO] [stdout] 2a18e525b9641e8db4eba17c1a0e05e98ca8daec8a654f32ca75ab41ecbd2d58
[INFO] running `Command { std: "docker" "create" "-v" "/var/lib/crater-agent-workspace/builds/worker-6-tc1/target:/opt/rustwide/target:rw,Z" "-v" "/var/lib/crater-agent-workspace/builds/worker-6-tc1/source:/opt/rustwide/workdir:ro,Z" "-v" "/var/lib/crater-agent-workspace/cargo-home:/opt/rustwide/cargo-home:ro,Z" "-v" "/var/lib/crater-agent-workspace/rustup-home:/opt/rustwide/rustup-home:ro,Z" "-e" "SOURCE_DIR=/opt/rustwide/workdir" "-e" "CARGO_TARGET_DIR=/opt/rustwide/target" "-e" "CARGO_INCREMENTAL=0" "-e" "RUST_BACKTRACE=full" "-e" "RUSTFLAGS=--cap-lints=forbid" "-e" "RUSTDOCFLAGS=--cap-lints=forbid" "-e" "CARGO_HOME=/opt/rustwide/cargo-home" "-e" "RUSTUP_HOME=/opt/rustwide/rustup-home" "-w" "/opt/rustwide/workdir" "-m" "1610612736" "--user" "0:0" "--network" "none" "ghcr.io/rust-lang/crates-build-env/linux@sha256:819108c5571ea2e421544af4d832f968d213c87fbe3707a016657f43d2f853bc" "/opt/rustwide/cargo-home/bin/cargo" "+nightly-2025-01-18" "build" "--frozen" "--message-format=json", kill_on_drop: false }`
[INFO] [stdout] 9c527078f9a6b5523be941d0b345ca2853f1ce8745f738b23a71232a2c453ca3
[INFO] running `Command { std: "docker" "start" "-a" "9c527078f9a6b5523be941d0b345ca2853f1ce8745f738b23a71232a2c453ca3", kill_on_drop: false }`
[INFO] [stderr]    Compiling proc-macro2 v1.0.92
[INFO] [stderr]    Compiling unicode-ident v1.0.14
[INFO] [stderr]    Compiling libc v0.2.169
[INFO] [stderr]    Compiling byteorder v1.5.0
[INFO] [stderr]    Compiling grid v0.15.0
[INFO] [stderr]    Compiling colored v2.2.0
[INFO] [stderr]    Compiling quote v1.0.37
[INFO] [stderr]    Compiling syn v2.0.90
[INFO] [stderr]    Compiling getrandom v0.2.15
[INFO] [stderr]    Compiling rand_core v0.6.4
[INFO] [stderr]    Compiling zerocopy-derive v0.7.35
[INFO] [stderr]    Compiling zerocopy v0.7.35
[INFO] [stderr]    Compiling ppv-lite86 v0.2.20
[INFO] [stderr]    Compiling rand_chacha v0.3.1
[INFO] [stderr]    Compiling rand v0.8.5
[INFO] [stderr]    Compiling advent-2024 v0.1.0 (/opt/rustwide/workdir)
[INFO] [stdout] warning: unused import: `thread::yield_now`
[INFO] [stdout]  --> src/days/day6.rs:1:44
[INFO] [stdout]   |
[INFO] [stdout] 1 | use std::{collections::{HashMap, HashSet}, thread::yield_now};
[INFO] [stdout]   |                                            ^^^^^^^^^^^^^^^^^
[INFO] [stdout]   |
[INFO] [stdout]   = note: `#[warn(unused_imports)]` on by default
[INFO] [stdout] 
[INFO] [stdout] 
[INFO] [stdout] warning: variable does not need to be mutable
[INFO] [stdout]   --> src/days/day2.rs:87:13
[INFO] [stdout]    |
[INFO] [stdout] 87 |         let mut result = 0;
[INFO] [stdout]    |             ----^^^^^^
[INFO] [stdout]    |             |
[INFO] [stdout]    |             help: remove this `mut`
[INFO] [stdout]    |
[INFO] [stdout]    = note: `#[warn(unused_mut)]` on by default
[INFO] [stdout] 
[INFO] [stdout] 
[INFO] [stdout] warning: unused variable: `directions`
[INFO] [stdout]   --> src/days/day4.rs:69:13
[INFO] [stdout]    |
[INFO] [stdout] 69 |         let directions = [
[INFO] [stdout]    |             ^^^^^^^^^^ help: if this is intentional, prefix it with an underscore: `_directions`
[INFO] [stdout]    |
[INFO] [stdout]    = note: `#[warn(unused_variables)]` on by default
[INFO] [stdout] 
[INFO] [stdout] 
[INFO] [stdout] warning: unused variable: `target`
[INFO] [stdout]   --> src/days/day4.rs:84:13
[INFO] [stdout]    |
[INFO] [stdout] 84 |         let target = ['M', 'A', 'S'];
[INFO] [stdout]    |             ^^^^^^ help: if this is intentional, prefix it with an underscore: `_target`
[INFO] [stdout] 
[INFO] [stdout] 
[INFO] [stdout] warning: unused variable: `origin`
[INFO] [stdout]   --> src/days/day4.rs:68:21
[INFO] [stdout]    |
[INFO] [stdout] 68 |     fn check(&self, origin: Point, chars: &Vec<Vec<char>>) -> Vec<char> {
[INFO] [stdout]    |                     ^^^^^^ help: if this is intentional, prefix it with an underscore: `_origin`
[INFO] [stdout] 
[INFO] [stdout] 
[INFO] [stdout] warning: unused variable: `chars`
[INFO] [stdout]   --> src/days/day4.rs:68:36
[INFO] [stdout]    |
[INFO] [stdout] 68 |     fn check(&self, origin: Point, chars: &Vec<Vec<char>>) -> Vec<char> {
[INFO] [stdout]    |                                    ^^^^^ help: if this is intentional, prefix it with an underscore: `_chars`
[INFO] [stdout] 
[INFO] [stdout] 
[INFO] [stdout] warning: variable does not need to be mutable
[INFO] [stdout]   --> src/days/day4.rs:85:13
[INFO] [stdout]    |
[INFO] [stdout] 85 |         let mut pts: Vec<char> = vec![];
[INFO] [stdout]    |             ----^^^
[INFO] [stdout]    |             |
[INFO] [stdout]    |             help: remove this `mut`
[INFO] [stdout] 
[INFO] [stdout] 
[INFO] [stdout] warning: unused variable: `x`
[INFO] [stdout]   --> src/days/day4.rs:95:18
[INFO] [stdout]    |
[INFO] [stdout] 95 |         let (mut x, mut y) = (0usize, 0usize);
[INFO] [stdout]    |                  ^ help: if this is intentional, prefix it with an underscore: `_x`
[INFO] [stdout] 
[INFO] [stdout] 
[INFO] [stdout] warning: unused variable: `y`
[INFO] [stdout]   --> src/days/day4.rs:95:25
[INFO] [stdout]    |
[INFO] [stdout] 95 |         let (mut x, mut y) = (0usize, 0usize);
[INFO] [stdout]    |                         ^ help: if this is intentional, prefix it with an underscore: `_y`
[INFO] [stdout] 
[INFO] [stdout] 
[INFO] [stdout] warning: variable does not need to be mutable
[INFO] [stdout]   --> src/days/day4.rs:95:14
[INFO] [stdout]    |
[INFO] [stdout] 95 |         let (mut x, mut y) = (0usize, 0usize);
[INFO] [stdout]    |              ----^
[INFO] [stdout]    |              |
[INFO] [stdout]    |              help: remove this `mut`
[INFO] [stdout] 
[INFO] [stdout] 
[INFO] [stdout] warning: variable does not need to be mutable
[INFO] [stdout]   --> src/days/day4.rs:95:21
[INFO] [stdout]    |
[INFO] [stdout] 95 |         let (mut x, mut y) = (0usize, 0usize);
[INFO] [stdout]    |                     ----^
[INFO] [stdout]    |                     |
[INFO] [stdout]    |                     help: remove this `mut`
[INFO] [stdout] 
[INFO] [stdout] 
[INFO] [stdout] warning: variable does not need to be mutable
[INFO] [stdout]    --> src/days/day6.rs:263:13
[INFO] [stdout]     |
[INFO] [stdout] 263 |         let mut result = 0;
[INFO] [stdout]     |             ----^^^^^^
[INFO] [stdout]     |             |
[INFO] [stdout]     |             help: remove this `mut`
[INFO] [stdout] 
[INFO] [stdout] 
[INFO] [stdout] warning: unused variable: `size`
[INFO] [stdout]    --> src/days/day8.rs:149:17
[INFO] [stdout]     |
[INFO] [stdout] 149 |             let size = self.grid.len() as isize;
[INFO] [stdout]     |                 ^^^^ help: if this is intentional, prefix it with an underscore: `_size`
[INFO] [stdout] 
[INFO] [stdout] 
[INFO] [stdout] warning: unused variable: `appeared`
[INFO] [stdout]    --> src/days/day8.rs:152:21
[INFO] [stdout]     |
[INFO] [stdout] 152 |             let mut appeared = 0;
[INFO] [stdout]     |                     ^^^^^^^^ help: if this is intentional, prefix it with an underscore: `_appeared`
[INFO] [stdout] 
[INFO] [stdout] 
[INFO] [stdout] warning: unused variable: `distances`
[INFO] [stdout]    --> src/days/day8.rs:153:21
[INFO] [stdout]     |
[INFO] [stdout] 153 |             let mut distances: HashSet<(isize, isize)> = HashSet::new();
[INFO] [stdout]     |                     ^^^^^^^^^ help: if this is intentional, prefix it with an underscore: `_distances`
[INFO] [stdout] 
[INFO] [stdout] 
[INFO] [stdout] warning: unused variable: `diff`
[INFO] [stdout]    --> src/days/day8.rs:156:25
[INFO] [stdout]     |
[INFO] [stdout] 156 |                     let diff = self.get_distance_diff(loc, node);
[INFO] [stdout]     |                         ^^^^ help: if this is intentional, prefix it with an underscore: `_diff`
[INFO] [stdout] 
[INFO] [stdout] 
[INFO] [stdout] warning: variable does not need to be mutable
[INFO] [stdout]    --> src/days/day8.rs:152:17
[INFO] [stdout]     |
[INFO] [stdout] 152 |             let mut appeared = 0;
[INFO] [stdout]     |                 ----^^^^^^^^
[INFO] [stdout]     |                 |
[INFO] [stdout]     |                 help: remove this `mut`
[INFO] [stdout] 
[INFO] [stdout] 
[INFO] [stdout] warning: variable does not need to be mutable
[INFO] [stdout]    --> src/days/day8.rs:153:17
[INFO] [stdout]     |
[INFO] [stdout] 153 |             let mut distances: HashSet<(isize, isize)> = HashSet::new();
[INFO] [stdout]     |                 ----^^^^^^^^^
[INFO] [stdout]     |                 |
[INFO] [stdout]     |                 help: remove this `mut`
[INFO] [stdout] 
[INFO] [stdout] 
[INFO] [stdout] warning: method `state` is never used
[INFO] [stdout]  --> src/days/day2.rs:8:8
[INFO] [stdout]   |
[INFO] [stdout] 4 | trait Day2 {
[INFO] [stdout]   |       ---- method in this trait
[INFO] [stdout] ...
[INFO] [stdout] 8 |     fn state(&self, x: &i32, y: &i32) -> i32;
[INFO] [stdout]   |        ^^^^^
[INFO] [stdout]   |
[INFO] [stdout]   = note: `#[warn(dead_code)]` on by default
[INFO] [stdout] 
[INFO] [stdout] 
[INFO] [stdout] warning: field `vals` is never read
[INFO] [stdout]   --> src/days/day2.rs:21:5
[INFO] [stdout]    |
[INFO] [stdout] 18 | struct LevelSegment {
[INFO] [stdout]    |        ------------ field in this struct
[INFO] [stdout] ...
[INFO] [stdout] 21 |     vals: (i32, i32)
[INFO] [stdout]    |     ^^^^
[INFO] [stdout]    |
[INFO] [stdout]    = note: `LevelSegment` has a derived impl for the trait `Debug`, but this is intentionally ignored during dead code analysis
[INFO] [stdout] 
[INFO] [stdout] 
[INFO] [stdout] warning: type alias `Chars` is never used
[INFO] [stdout]  --> src/days/day4.rs:4:6
[INFO] [stdout]   |
[INFO] [stdout] 4 | type Chars = Vec<Vec<char>>;
[INFO] [stdout]   |      ^^^^^
[INFO] [stdout] 
[INFO] [stdout] 
[INFO] [stdout] warning: method `check` is never used
[INFO] [stdout]   --> src/days/day4.rs:64:8
[INFO] [stdout]    |
[INFO] [stdout] 61 | trait Day4 {
[INFO] [stdout]    |       ---- method in this trait
[INFO] [stdout] ...
[INFO] [stdout] 64 |     fn check(&self, origin: Point, chars: &Vec<Vec<char>>) -> Vec<char>;
[INFO] [stdout]    |        ^^^^^
[INFO] [stdout] 
[INFO] [stdout] 
[INFO] [stdout] warning: methods `reset` and `structure_in_path` are never used
[INFO] [stdout]    --> src/days/day6.rs:101:8
[INFO] [stdout]     |
[INFO] [stdout] 36  | impl GuardMap {
[INFO] [stdout]     | ------------- methods in this implementation
[INFO] [stdout] ...
[INFO] [stdout] 101 |     fn reset(&mut self, original_map: Vec<Vec<PlotPoint>>, original_start: (Point, Direction)) {
[INFO] [stdout]     |        ^^^^^
[INFO] [stdout] ...
[INFO] [stdout] 111 |     fn structure_in_path(&self, origin: (usize, usize), direction: &Direction) -> bool {
[INFO] [stdout]     |        ^^^^^^^^^^^^^^^^^
[INFO] [stdout] 
[INFO] [stdout] 
[INFO] [stdout] warning: method `concatenate` is never used
[INFO] [stdout]   --> src/days/day7.rs:56:8
[INFO] [stdout]    |
[INFO] [stdout] 36 | impl Equation {
[INFO] [stdout]    | ------------- method in this implementation
[INFO] [stdout] ...
[INFO] [stdout] 56 |     fn concatenate(&self, x: usize, y: usize) -> usize {
[INFO] [stdout]    |        ^^^^^^^^^^^
[INFO] [stdout] 
[INFO] [stdout] 
[INFO] [stdout] warning: struct `ConstructionCrew` is never constructed
[INFO] [stdout]   --> src/days/day8.rs:18:8
[INFO] [stdout]    |
[INFO] [stdout] 18 | struct ConstructionCrew;
[INFO] [stdout]    |        ^^^^^^^^^^^^^^^^
[INFO] [stdout] 
[INFO] [stdout] 
[INFO] [stdout] warning: associated function `measure_distance` is never used
[INFO] [stdout]   --> src/days/day8.rs:22:8
[INFO] [stdout]    |
[INFO] [stdout] 21 | impl ConstructionCrew {
[INFO] [stdout]    | --------------------- associated function in this implementation
[INFO] [stdout] 22 |     fn measure_distance(node_a: (usize, usize), node_b: (usize, usize)) -> usize {
[INFO] [stdout]    |        ^^^^^^^^^^^^^^^^
[INFO] [stdout] 
[INFO] [stdout] 
[INFO] [stderr]     Finished `dev` profile [unoptimized + debuginfo] target(s) in 7.85s
[INFO] running `Command { std: "docker" "inspect" "9c527078f9a6b5523be941d0b345ca2853f1ce8745f738b23a71232a2c453ca3", kill_on_drop: false }`
[INFO] running `Command { std: "docker" "rm" "-f" "9c527078f9a6b5523be941d0b345ca2853f1ce8745f738b23a71232a2c453ca3", kill_on_drop: false }`
[INFO] [stdout] 9c527078f9a6b5523be941d0b345ca2853f1ce8745f738b23a71232a2c453ca3
[INFO] running `Command { std: "docker" "create" "-v" "/var/lib/crater-agent-workspace/builds/worker-6-tc1/target:/opt/rustwide/target:rw,Z" "-v" "/var/lib/crater-agent-workspace/builds/worker-6-tc1/source:/opt/rustwide/workdir:ro,Z" "-v" "/var/lib/crater-agent-workspace/cargo-home:/opt/rustwide/cargo-home:ro,Z" "-v" "/var/lib/crater-agent-workspace/rustup-home:/opt/rustwide/rustup-home:ro,Z" "-e" "SOURCE_DIR=/opt/rustwide/workdir" "-e" "CARGO_TARGET_DIR=/opt/rustwide/target" "-e" "CARGO_INCREMENTAL=0" "-e" "RUST_BACKTRACE=full" "-e" "RUSTFLAGS=--cap-lints=forbid" "-e" "RUSTDOCFLAGS=--cap-lints=forbid" "-e" "CARGO_HOME=/opt/rustwide/cargo-home" "-e" "RUSTUP_HOME=/opt/rustwide/rustup-home" "-w" "/opt/rustwide/workdir" "-m" "1610612736" "--user" "0:0" "--network" "none" "ghcr.io/rust-lang/crates-build-env/linux@sha256:819108c5571ea2e421544af4d832f968d213c87fbe3707a016657f43d2f853bc" "/opt/rustwide/cargo-home/bin/cargo" "+nightly-2025-01-18" "test" "--frozen" "--no-run" "--message-format=json", kill_on_drop: false }`
[INFO] [stdout] ea35f99229d68a839329247a11f772a88bf514f166f29161d85583b4da149e5b
[INFO] running `Command { std: "docker" "start" "-a" "ea35f99229d68a839329247a11f772a88bf514f166f29161d85583b4da149e5b", kill_on_drop: false }`
[INFO] [stderr]    Compiling advent-2024 v0.1.0 (/opt/rustwide/workdir)
[INFO] [stdout] warning: unused import: `thread::yield_now`
[INFO] [stdout]  --> src/days/day6.rs:1:44
[INFO] [stdout]   |
[INFO] [stdout] 1 | use std::{collections::{HashMap, HashSet}, thread::yield_now};
[INFO] [stdout]   |                                            ^^^^^^^^^^^^^^^^^
[INFO] [stdout]   |
[INFO] [stdout]   = note: `#[warn(unused_imports)]` on by default
[INFO] [stdout] 
[INFO] [stdout] 
[INFO] [stdout] warning: variable does not need to be mutable
[INFO] [stdout]   --> src/days/day2.rs:87:13
[INFO] [stdout]    |
[INFO] [stdout] 87 |         let mut result = 0;
[INFO] [stdout]    |             ----^^^^^^
[INFO] [stdout]    |             |
[INFO] [stdout]    |             help: remove this `mut`
[INFO] [stdout]    |
[INFO] [stdout]    = note: `#[warn(unused_mut)]` on by default
[INFO] [stdout] 
[INFO] [stdout] 
[INFO] [stdout] warning: unused variable: `directions`
[INFO] [stdout]   --> src/days/day4.rs:69:13
[INFO] [stdout]    |
[INFO] [stdout] 69 |         let directions = [
[INFO] [stdout]    |             ^^^^^^^^^^ help: if this is intentional, prefix it with an underscore: `_directions`
[INFO] [stdout]    |
[INFO] [stdout]    = note: `#[warn(unused_variables)]` on by default
[INFO] [stdout] 
[INFO] [stdout] 
[INFO] [stdout] warning: unused variable: `target`
[INFO] [stdout]   --> src/days/day4.rs:84:13
[INFO] [stdout]    |
[INFO] [stdout] 84 |         let target = ['M', 'A', 'S'];
[INFO] [stdout]    |             ^^^^^^ help: if this is intentional, prefix it with an underscore: `_target`
[INFO] [stdout] 
[INFO] [stdout] 
[INFO] [stdout] warning: unused variable: `origin`
[INFO] [stdout]   --> src/days/day4.rs:68:21
[INFO] [stdout]    |
[INFO] [stdout] 68 |     fn check(&self, origin: Point, chars: &Vec<Vec<char>>) -> Vec<char> {
[INFO] [stdout]    |                     ^^^^^^ help: if this is intentional, prefix it with an underscore: `_origin`
[INFO] [stdout] 
[INFO] [stdout] 
[INFO] [stdout] warning: unused variable: `chars`
[INFO] [stdout]   --> src/days/day4.rs:68:36
[INFO] [stdout]    |
[INFO] [stdout] 68 |     fn check(&self, origin: Point, chars: &Vec<Vec<char>>) -> Vec<char> {
[INFO] [stdout]    |                                    ^^^^^ help: if this is intentional, prefix it with an underscore: `_chars`
[INFO] [stdout] 
[INFO] [stdout] 
[INFO] [stdout] warning: variable does not need to be mutable
[INFO] [stdout]   --> src/days/day4.rs:85:13
[INFO] [stdout]    |
[INFO] [stdout] 85 |         let mut pts: Vec<char> = vec![];
[INFO] [stdout]    |             ----^^^
[INFO] [stdout]    |             |
[INFO] [stdout]    |             help: remove this `mut`
[INFO] [stdout] 
[INFO] [stdout] 
[INFO] [stdout] warning: unused variable: `x`
[INFO] [stdout]   --> src/days/day4.rs:95:18
[INFO] [stdout]    |
[INFO] [stdout] 95 |         let (mut x, mut y) = (0usize, 0usize);
[INFO] [stdout]    |                  ^ help: if this is intentional, prefix it with an underscore: `_x`
[INFO] [stdout] 
[INFO] [stdout] 
[INFO] [stdout] warning: unused variable: `y`
[INFO] [stdout]   --> src/days/day4.rs:95:25
[INFO] [stdout]    |
[INFO] [stdout] 95 |         let (mut x, mut y) = (0usize, 0usize);
[INFO] [stdout]    |                         ^ help: if this is intentional, prefix it with an underscore: `_y`
[INFO] [stdout] 
[INFO] [stdout] 
[INFO] [stdout] warning: variable does not need to be mutable
[INFO] [stdout]   --> src/days/day4.rs:95:14
[INFO] [stdout]    |
[INFO] [stdout] 95 |         let (mut x, mut y) = (0usize, 0usize);
[INFO] [stdout]    |              ----^
[INFO] [stdout]    |              |
[INFO] [stdout]    |              help: remove this `mut`
[INFO] [stdout] 
[INFO] [stdout] 
[INFO] [stdout] warning: variable does not need to be mutable
[INFO] [stdout]   --> src/days/day4.rs:95:21
[INFO] [stdout]    |
[INFO] [stdout] 95 |         let (mut x, mut y) = (0usize, 0usize);
[INFO] [stdout]    |                     ----^
[INFO] [stdout]    |                     |
[INFO] [stdout]    |                     help: remove this `mut`
[INFO] [stdout] 
[INFO] [stdout] 
[INFO] [stdout] warning: variable does not need to be mutable
[INFO] [stdout]    --> src/days/day6.rs:263:13
[INFO] [stdout]     |
[INFO] [stdout] 263 |         let mut result = 0;
[INFO] [stdout]     |             ----^^^^^^
[INFO] [stdout]     |             |
[INFO] [stdout]     |             help: remove this `mut`
[INFO] [stdout] 
[INFO] [stdout] 
[INFO] [stdout] warning: unused variable: `size`
[INFO] [stdout]    --> src/days/day8.rs:149:17
[INFO] [stdout]     |
[INFO] [stdout] 149 |             let size = self.grid.len() as isize;
[INFO] [stdout]     |                 ^^^^ help: if this is intentional, prefix it with an underscore: `_size`
[INFO] [stdout] 
[INFO] [stdout] 
[INFO] [stdout] warning: unused variable: `appeared`
[INFO] [stdout]    --> src/days/day8.rs:152:21
[INFO] [stdout]     |
[INFO] [stdout] 152 |             let mut appeared = 0;
[INFO] [stdout]     |                     ^^^^^^^^ help: if this is intentional, prefix it with an underscore: `_appeared`
[INFO] [stdout] 
[INFO] [stdout] 
[INFO] [stdout] warning: unused variable: `distances`
[INFO] [stdout]    --> src/days/day8.rs:153:21
[INFO] [stdout]     |
[INFO] [stdout] 153 |             let mut distances: HashSet<(isize, isize)> = HashSet::new();
[INFO] [stdout]     |                     ^^^^^^^^^ help: if this is intentional, prefix it with an underscore: `_distances`
[INFO] [stdout] 
[INFO] [stdout] 
[INFO] [stdout] warning: unused variable: `diff`
[INFO] [stdout]    --> src/days/day8.rs:156:25
[INFO] [stdout]     |
[INFO] [stdout] 156 |                     let diff = self.get_distance_diff(loc, node);
[INFO] [stdout]     |                         ^^^^ help: if this is intentional, prefix it with an underscore: `_diff`
[INFO] [stdout] 
[INFO] [stdout] 
[INFO] [stdout] warning: variable does not need to be mutable
[INFO] [stdout]    --> src/days/day8.rs:152:17
[INFO] [stdout]     |
[INFO] [stdout] 152 |             let mut appeared = 0;
[INFO] [stdout]     |                 ----^^^^^^^^
[INFO] [stdout]     |                 |
[INFO] [stdout]     |                 help: remove this `mut`
[INFO] [stdout] 
[INFO] [stdout] 
[INFO] [stdout] warning: variable does not need to be mutable
[INFO] [stdout]    --> src/days/day8.rs:153:17
[INFO] [stdout]     |
[INFO] [stdout] 153 |             let mut distances: HashSet<(isize, isize)> = HashSet::new();
[INFO] [stdout]     |                 ----^^^^^^^^^
[INFO] [stdout]     |                 |
[INFO] [stdout]     |                 help: remove this `mut`
[INFO] [stdout] 
[INFO] [stdout] 
[INFO] [stdout] warning: method `state` is never used
[INFO] [stdout]  --> src/days/day2.rs:8:8
[INFO] [stdout]   |
[INFO] [stdout] 4 | trait Day2 {
[INFO] [stdout]   |       ---- method in this trait
[INFO] [stdout] ...
[INFO] [stdout] 8 |     fn state(&self, x: &i32, y: &i32) -> i32;
[INFO] [stdout]   |        ^^^^^
[INFO] [stdout]   |
[INFO] [stdout]   = note: `#[warn(dead_code)]` on by default
[INFO] [stdout] 
[INFO] [stdout] 
[INFO] [stdout] warning: field `vals` is never read
[INFO] [stdout]   --> src/days/day2.rs:21:5
[INFO] [stdout]    |
[INFO] [stdout] 18 | struct LevelSegment {
[INFO] [stdout]    |        ------------ field in this struct
[INFO] [stdout] ...
[INFO] [stdout] 21 |     vals: (i32, i32)
[INFO] [stdout]    |     ^^^^
[INFO] [stdout]    |
[INFO] [stdout]    = note: `LevelSegment` has a derived impl for the trait `Debug`, but this is intentionally ignored during dead code analysis
[INFO] [stdout] 
[INFO] [stdout] 
[INFO] [stdout] warning: type alias `Chars` is never used
[INFO] [stdout]  --> src/days/day4.rs:4:6
[INFO] [stdout]   |
[INFO] [stdout] 4 | type Chars = Vec<Vec<char>>;
[INFO] [stdout]   |      ^^^^^
[INFO] [stdout] 
[INFO] [stdout] 
[INFO] [stdout] warning: method `check` is never used
[INFO] [stdout]   --> src/days/day4.rs:64:8
[INFO] [stdout]    |
[INFO] [stdout] 61 | trait Day4 {
[INFO] [stdout]    |       ---- method in this trait
[INFO] [stdout] ...
[INFO] [stdout] 64 |     fn check(&self, origin: Point, chars: &Vec<Vec<char>>) -> Vec<char>;
[INFO] [stdout]    |        ^^^^^
[INFO] [stdout] 
[INFO] [stdout] 
[INFO] [stdout] warning: methods `reset` and `structure_in_path` are never used
[INFO] [stdout]    --> src/days/day6.rs:101:8
[INFO] [stdout]     |
[INFO] [stdout] 36  | impl GuardMap {
[INFO] [stdout]     | ------------- methods in this implementation
[INFO] [stdout] ...
[INFO] [stdout] 101 |     fn reset(&mut self, original_map: Vec<Vec<PlotPoint>>, original_start: (Point, Direction)) {
[INFO] [stdout]     |        ^^^^^
[INFO] [stdout] ...
[INFO] [stdout] 111 |     fn structure_in_path(&self, origin: (usize, usize), direction: &Direction) -> bool {
[INFO] [stdout]     |        ^^^^^^^^^^^^^^^^^
[INFO] [stdout] 
[INFO] [stdout] 
[INFO] [stdout] warning: struct `ConstructionCrew` is never constructed
[INFO] [stdout]   --> src/days/day8.rs:18:8
[INFO] [stdout]    |
[INFO] [stdout] 18 | struct ConstructionCrew;
[INFO] [stdout]    |        ^^^^^^^^^^^^^^^^
[INFO] [stdout] 
[INFO] [stdout] 
[INFO] [stdout] warning: associated function `measure_distance` is never used
[INFO] [stdout]   --> src/days/day8.rs:22:8
[INFO] [stdout]    |
[INFO] [stdout] 21 | impl ConstructionCrew {
[INFO] [stdout]    | --------------------- associated function in this implementation
[INFO] [stdout] 22 |     fn measure_distance(node_a: (usize, usize), node_b: (usize, usize)) -> usize {
[INFO] [stdout]    |        ^^^^^^^^^^^^^^^^
[INFO] [stdout] 
[INFO] [stdout] 
[INFO] [stderr]     Finished `test` profile [unoptimized + debuginfo] target(s) in 0.77s
[INFO] running `Command { std: "docker" "inspect" "ea35f99229d68a839329247a11f772a88bf514f166f29161d85583b4da149e5b", kill_on_drop: false }`
[INFO] running `Command { std: "docker" "rm" "-f" "ea35f99229d68a839329247a11f772a88bf514f166f29161d85583b4da149e5b", kill_on_drop: false }`
[INFO] [stdout] ea35f99229d68a839329247a11f772a88bf514f166f29161d85583b4da149e5b
[INFO] running `Command { std: "docker" "create" "-v" "/var/lib/crater-agent-workspace/builds/worker-6-tc1/target:/opt/rustwide/target:rw,Z" "-v" "/var/lib/crater-agent-workspace/builds/worker-6-tc1/source:/opt/rustwide/workdir:ro,Z" "-v" "/var/lib/crater-agent-workspace/cargo-home:/opt/rustwide/cargo-home:ro,Z" "-v" "/var/lib/crater-agent-workspace/rustup-home:/opt/rustwide/rustup-home:ro,Z" "-e" "SOURCE_DIR=/opt/rustwide/workdir" "-e" "CARGO_TARGET_DIR=/opt/rustwide/target" "-e" "CARGO_INCREMENTAL=0" "-e" "RUST_BACKTRACE=full" "-e" "RUSTFLAGS=--cap-lints=forbid" "-e" "RUSTDOCFLAGS=--cap-lints=forbid" "-e" "CARGO_HOME=/opt/rustwide/cargo-home" "-e" "RUSTUP_HOME=/opt/rustwide/rustup-home" "-w" "/opt/rustwide/workdir" "-m" "1610612736" "--user" "0:0" "--network" "none" "ghcr.io/rust-lang/crates-build-env/linux@sha256:819108c5571ea2e421544af4d832f968d213c87fbe3707a016657f43d2f853bc" "/opt/rustwide/cargo-home/bin/cargo" "+nightly-2025-01-18" "test" "--frozen", kill_on_drop: false }`
[INFO] [stdout] c9d0c3a8cb8c6b947751a111957cd4d27d2696d085a9faf276f2d52a30f61007
[INFO] running `Command { std: "docker" "start" "-a" "c9d0c3a8cb8c6b947751a111957cd4d27d2696d085a9faf276f2d52a30f61007", kill_on_drop: false }`
[INFO] [stderr] warning: unused import: `thread::yield_now`
[INFO] [stderr]  --> src/days/day6.rs:1:44
[INFO] [stderr]   |
[INFO] [stderr] 1 | use std::{collections::{HashMap, HashSet}, thread::yield_now};
[INFO] [stderr]   |                                            ^^^^^^^^^^^^^^^^^
[INFO] [stderr]   |
[INFO] [stderr]   = note: `#[warn(unused_imports)]` on by default
[INFO] [stderr] 
[INFO] [stderr] warning: variable does not need to be mutable
[INFO] [stderr]   --> src/days/day2.rs:87:13
[INFO] [stderr]    |
[INFO] [stderr] 87 |         let mut result = 0;
[INFO] [stderr]    |             ----^^^^^^
[INFO] [stderr]    |             |
[INFO] [stderr]    |             help: remove this `mut`
[INFO] [stderr]    |
[INFO] [stderr]    = note: `#[warn(unused_mut)]` on by default
[INFO] [stderr] 
[INFO] [stderr] warning: unused variable: `directions`
[INFO] [stderr]   --> src/days/day4.rs:69:13
[INFO] [stderr]    |
[INFO] [stderr] 69 |         let directions = [
[INFO] [stderr]    |             ^^^^^^^^^^ help: if this is intentional, prefix it with an underscore: `_directions`
[INFO] [stderr]    |
[INFO] [stderr]    = note: `#[warn(unused_variables)]` on by default
[INFO] [stderr] 
[INFO] [stderr] warning: unused variable: `target`
[INFO] [stderr]   --> src/days/day4.rs:84:13
[INFO] [stderr]    |
[INFO] [stderr] 84 |         let target = ['M', 'A', 'S'];
[INFO] [stderr]    |             ^^^^^^ help: if this is intentional, prefix it with an underscore: `_target`
[INFO] [stderr] 
[INFO] [stderr] warning: unused variable: `origin`
[INFO] [stderr]   --> src/days/day4.rs:68:21
[INFO] [stderr]    |
[INFO] [stderr] 68 |     fn check(&self, origin: Point, chars: &Vec<Vec<char>>) -> Vec<char> {
[INFO] [stderr]    |                     ^^^^^^ help: if this is intentional, prefix it with an underscore: `_origin`
[INFO] [stderr] 
[INFO] [stderr] warning: unused variable: `chars`
[INFO] [stderr]   --> src/days/day4.rs:68:36
[INFO] [stderr]    |
[INFO] [stderr] 68 |     fn check(&self, origin: Point, chars: &Vec<Vec<char>>) -> Vec<char> {
[INFO] [stderr]    |                                    ^^^^^ help: if this is intentional, prefix it with an underscore: `_chars`
[INFO] [stderr] 
[INFO] [stderr] warning: variable does not need to be mutable
[INFO] [stderr]   --> src/days/day4.rs:85:13
[INFO] [stderr]    |
[INFO] [stderr] 85 |         let mut pts: Vec<char> = vec![];
[INFO] [stderr]    |             ----^^^
[INFO] [stderr]    |             |
[INFO] [stderr]    |             help: remove this `mut`
[INFO] [stderr] 
[INFO] [stderr] warning: unused variable: `x`
[INFO] [stderr]   --> src/days/day4.rs:95:18
[INFO] [stderr]    |
[INFO] [stderr] 95 |         let (mut x, mut y) = (0usize, 0usize);
[INFO] [stderr]    |                  ^ help: if this is intentional, prefix it with an underscore: `_x`
[INFO] [stderr] 
[INFO] [stderr] warning: unused variable: `y`
[INFO] [stderr]   --> src/days/day4.rs:95:25
[INFO] [stderr]    |
[INFO] [stderr] 95 |         let (mut x, mut y) = (0usize, 0usize);
[INFO] [stderr]    |                         ^ help: if this is intentional, prefix it with an underscore: `_y`
[INFO] [stderr] 
[INFO] [stderr] warning: variable does not need to be mutable
[INFO] [stderr]   --> src/days/day4.rs:95:14
[INFO] [stderr]    |
[INFO] [stderr] 95 |         let (mut x, mut y) = (0usize, 0usize);
[INFO] [stderr]    |              ----^
[INFO] [stderr]    |              |
[INFO] [stderr]    |              help: remove this `mut`
[INFO] [stderr] 
[INFO] [stderr] warning: variable does not need to be mutable
[INFO] [stderr]   --> src/days/day4.rs:95:21
[INFO] [stderr]    |
[INFO] [stderr] 95 |         let (mut x, mut y) = (0usize, 0usize);
[INFO] [stderr]    |                     ----^
[INFO] [stderr]    |                     |
[INFO] [stderr]    |                     help: remove this `mut`
[INFO] [stderr] 
[INFO] [stderr] warning: variable does not need to be mutable
[INFO] [stderr]    --> src/days/day6.rs:263:13
[INFO] [stderr]     |
[INFO] [stderr] 263 |         let mut result = 0;
[INFO] [stderr]     |             ----^^^^^^
[INFO] [stderr]     |             |
[INFO] [stderr]     |             help: remove this `mut`
[INFO] [stderr] 
[INFO] [stderr] warning: unused variable: `size`
[INFO] [stderr]    --> src/days/day8.rs:149:17
[INFO] [stderr]     |
[INFO] [stderr] 149 |             let size = self.grid.len() as isize;
[INFO] [stderr]     |                 ^^^^ help: if this is intentional, prefix it with an underscore: `_size`
[INFO] [stderr] 
[INFO] [stderr] warning: unused variable: `appeared`
[INFO] [stderr]    --> src/days/day8.rs:152:21
[INFO] [stderr]     |
[INFO] [stderr] 152 |             let mut appeared = 0;
[INFO] [stderr]     |                     ^^^^^^^^ help: if this is intentional, prefix it with an underscore: `_appeared`
[INFO] [stderr] 
[INFO] [stderr] warning: unused variable: `distances`
[INFO] [stderr]    --> src/days/day8.rs:153:21
[INFO] [stderr]     |
[INFO] [stderr] 153 |             let mut distances: HashSet<(isize, isize)> = HashSet::new();
[INFO] [stderr]     |                     ^^^^^^^^^ help: if this is intentional, prefix it with an underscore: `_distances`
[INFO] [stderr] 
[INFO] [stderr] warning: unused variable: `diff`
[INFO] [stderr]    --> src/days/day8.rs:156:25
[INFO] [stderr]     |
[INFO] [stderr] 156 |                     let diff = self.get_distance_diff(loc, node);
[INFO] [stderr]     |                         ^^^^ help: if this is intentional, prefix it with an underscore: `_diff`
[INFO] [stderr] 
[INFO] [stderr] warning: variable does not need to be mutable
[INFO] [stderr]    --> src/days/day8.rs:152:17
[INFO] [stderr]     |
[INFO] [stderr] 152 |             let mut appeared = 0;
[INFO] [stderr]     |                 ----^^^^^^^^
[INFO] [stderr]     |                 |
[INFO] [stderr]     |                 help: remove this `mut`
[INFO] [stderr] 
[INFO] [stderr] warning: variable does not need to be mutable
[INFO] [stderr]    --> src/days/day8.rs:153:17
[INFO] [stderr]     |
[INFO] [stderr] 153 |             let mut distances: HashSet<(isize, isize)> = HashSet::new();
[INFO] [stderr]     |                 ----^^^^^^^^^
[INFO] [stderr]     |                 |
[INFO] [stderr]     |                 help: remove this `mut`
[INFO] [stderr] 
[INFO] [stderr] warning: method `state` is never used
[INFO] [stderr]  --> src/days/day2.rs:8:8
[INFO] [stderr]   |
[INFO] [stderr] 4 | trait Day2 {
[INFO] [stderr]   |       ---- method in this trait
[INFO] [stderr] ...
[INFO] [stderr] 8 |     fn state(&self, x: &i32, y: &i32) -> i32;
[INFO] [stderr]   |        ^^^^^
[INFO] [stderr]   |
[INFO] [stderr]   = note: `#[warn(dead_code)]` on by default
[INFO] [stderr] 
[INFO] [stderr] warning: field `vals` is never read
[INFO] [stderr]   --> src/days/day2.rs:21:5
[INFO] [stderr]    |
[INFO] [stderr] 18 | struct LevelSegment {
[INFO] [stderr]    |        ------------ field in this struct
[INFO] [stderr] ...
[INFO] [stderr] 21 |     vals: (i32, i32)
[INFO] [stderr]    |     ^^^^
[INFO] [stderr]    |
[INFO] [stderr]    = note: `LevelSegment` has a derived impl for the trait `Debug`, but this is intentionally ignored during dead code analysis
[INFO] [stderr] 
[INFO] [stderr] warning: type alias `Chars` is never used
[INFO] [stderr]  --> src/days/day4.rs:4:6
[INFO] [stderr]   |
[INFO] [stderr] 4 | type Chars = Vec<Vec<char>>;
[INFO] [stderr]   |      ^^^^^
[INFO] [stderr] 
[INFO] [stderr] warning: method `check` is never used
[INFO] [stderr]   --> src/days/day4.rs:64:8
[INFO] [stderr]    |
[INFO] [stderr] 61 | trait Day4 {
[INFO] [stderr]    |       ---- method in this trait
[INFO] [stderr] ...
[INFO] [stderr] 64 |     fn check(&self, origin: Point, chars: &Vec<Vec<char>>) -> Vec<char>;
[INFO] [stderr]    |        ^^^^^
[INFO] [stderr] 
[INFO] [stderr] warning: methods `reset` and `structure_in_path` are never used
[INFO] [stderr]    --> src/days/day6.rs:101:8
[INFO] [stderr]     |
[INFO] [stderr] 36  | impl GuardMap {
[INFO] [stderr]     | ------------- methods in this implementation
[INFO] [stderr] ...
[INFO] [stderr] 101 |     fn reset(&mut self, original_map: Vec<Vec<PlotPoint>>, original_start: (Point, Direction)) {
[INFO] [stderr]     |        ^^^^^
[INFO] [stderr] ...
[INFO] [stderr] 111 |     fn structure_in_path(&self, origin: (usize, usize), direction: &Direction) -> bool {
[INFO] [stderr]     |        ^^^^^^^^^^^^^^^^^
[INFO] [stderr] 
[INFO] [stderr] warning: struct `ConstructionCrew` is never constructed
[INFO] [stderr]   --> src/days/day8.rs:18:8
[INFO] [stderr]    |
[INFO] [stderr] 18 | struct ConstructionCrew;
[INFO] [stderr]    |        ^^^^^^^^^^^^^^^^
[INFO] [stderr] 
[INFO] [stderr] warning: associated function `measure_distance` is never used
[INFO] [stderr]   --> src/days/day8.rs:22:8
[INFO] [stderr]    |
[INFO] [stderr] 21 | impl ConstructionCrew {
[INFO] [stderr]    | --------------------- associated function in this implementation
[INFO] [stderr] 22 |     fn measure_distance(node_a: (usize, usize), node_b: (usize, usize)) -> usize {
[INFO] [stderr]    |        ^^^^^^^^^^^^^^^^
[INFO] [stderr] 
[INFO] [stderr] warning: `advent-2024` (bin "advent-2024" test) generated 25 warnings (run `cargo fix --bin "advent-2024" --tests` to apply 8 suggestions)
[INFO] [stderr]     Finished `test` profile [unoptimized + debuginfo] target(s) in 0.04s
[INFO] [stderr]      Running unittests src/lib.rs (/opt/rustwide/target/debug/deps/advent_2024-dee4a6e2aa2d4b43)
[INFO] [stdout] 
[INFO] [stdout] running 0 tests
[INFO] [stdout] 
[INFO] [stdout] test result: ok. 0 passed; 0 failed; 0 ignored; 0 measured; 0 filtered out; finished in 0.00s
[INFO] [stdout] 
[INFO] [stderr]      Running unittests src/main.rs (/opt/rustwide/target/debug/deps/advent_2024-315f60d871351209)
[INFO] [stdout] 
[INFO] [stdout] running 2 tests
[INFO] [stdout] test days::day7::test_concatenate ... ok
[INFO] [stdout] test days::day7::test_part_one ... FAILED
[INFO] [stdout] 
[INFO] [stdout] failures:
[INFO] [stdout] 
[INFO] [stdout] ---- days::day7::test_part_one stdout ----
[INFO] [stdout] 
[INFO] [stdout] thread 'days::day7::test_part_one' panicked at src/days/solver.rs:38:42:
[INFO] [stdout] called `Result::unwrap()` on an `Err` value: Os { code: 2, kind: NotFound, message: "No such file or directory" }
[INFO] [stdout] stack backtrace:
[INFO] [stdout]    0:     0x60d41ea95a2a - std::backtrace_rs::backtrace::libunwind::trace::hb059275cfc8d6126
[INFO] [stdout]                                at /rustc/6067b36314ab5eb2eb47cecc464545ba58e1ad24/library/std/src/../../backtrace/src/backtrace/libunwind.rs:116:5
[INFO] [stdout]    1:     0x60d41ea95a2a - std::backtrace_rs::backtrace::trace_unsynchronized::h2da071e4327ce3ee
[INFO] [stdout]                                at /rustc/6067b36314ab5eb2eb47cecc464545ba58e1ad24/library/std/src/../../backtrace/src/backtrace/mod.rs:66:5
[INFO] [stdout]    2:     0x60d41ea95a2a - std::sys::backtrace::_print_fmt::h842a1474e6f8d23f
[INFO] [stdout]                                at /rustc/6067b36314ab5eb2eb47cecc464545ba58e1ad24/library/std/src/sys/backtrace.rs:66:9
[INFO] [stdout]    3:     0x60d41ea95a2a - <std::sys::backtrace::BacktraceLock::print::DisplayBacktrace as core::fmt::Display>::fmt::h71a62eb3b9696b12
[INFO] [stdout]                                at /rustc/6067b36314ab5eb2eb47cecc464545ba58e1ad24/library/std/src/sys/backtrace.rs:39:26
[INFO] [stdout]    4:     0x60d41eabd0f3 - core::fmt::rt::Argument::fmt::hdb6b616786b41dc1
[INFO] [stdout]                                at /rustc/6067b36314ab5eb2eb47cecc464545ba58e1ad24/library/core/src/fmt/rt.rs:177:76
[INFO] [stdout]    5:     0x60d41eabd0f3 - core::fmt::write::h2cc1698af7e2d686
[INFO] [stdout]                                at /rustc/6067b36314ab5eb2eb47cecc464545ba58e1ad24/library/core/src/fmt/mod.rs:1440:21
[INFO] [stdout]    6:     0x60d41ea92583 - std::io::Write::write_fmt::hab1b4cd059a79022
[INFO] [stdout]                                at /rustc/6067b36314ab5eb2eb47cecc464545ba58e1ad24/library/std/src/io/mod.rs:1887:15
[INFO] [stdout]    7:     0x60d41ea95872 - std::sys::backtrace::BacktraceLock::print::h147fe35b4ea13b08
[INFO] [stdout]                                at /rustc/6067b36314ab5eb2eb47cecc464545ba58e1ad24/library/std/src/sys/backtrace.rs:42:9
[INFO] [stdout]    8:     0x60d41ea96e4f - std::panicking::default_hook::{{closure}}::hbd44223dbdc0d208
[INFO] [stdout]                                at /rustc/6067b36314ab5eb2eb47cecc464545ba58e1ad24/library/std/src/panicking.rs:298:22
[INFO] [stdout]    9:     0x60d41ea96c68 - std::panicking::default_hook::h20f81eb0576efcec
[INFO] [stdout]                                at /rustc/6067b36314ab5eb2eb47cecc464545ba58e1ad24/library/std/src/panicking.rs:322:9
[INFO] [stdout]   10:     0x60d41ea589f3 - <alloc::boxed::Box<F,A> as core::ops::function::Fn<Args>>::call::hdb53814c496a4d34
[INFO] [stdout]                                at /rustc/6067b36314ab5eb2eb47cecc464545ba58e1ad24/library/alloc/src/boxed.rs:2027:9
[INFO] [stdout]   11:     0x60d41ea589f3 - test::test_main::{{closure}}::hc0a4963c59427c24
[INFO] [stdout]                                at /rustc/6067b36314ab5eb2eb47cecc464545ba58e1ad24/library/test/src/lib.rs:134:21
[INFO] [stdout]   12:     0x60d41ea97943 - <alloc::boxed::Box<F,A> as core::ops::function::Fn<Args>>::call::h591b2225413a77e9
[INFO] [stdout]                                at /rustc/6067b36314ab5eb2eb47cecc464545ba58e1ad24/library/alloc/src/boxed.rs:2027:9
[INFO] [stdout]   13:     0x60d41ea97943 - std::panicking::rust_panic_with_hook::h625eea43051b2edc
[INFO] [stdout]                                at /rustc/6067b36314ab5eb2eb47cecc464545ba58e1ad24/library/std/src/panicking.rs:839:13
[INFO] [stdout]   14:     0x60d41ea975fa - std::panicking::begin_panic_handler::{{closure}}::h4f9159cfbc3f6bd3
[INFO] [stdout]                                at /rustc/6067b36314ab5eb2eb47cecc464545ba58e1ad24/library/std/src/panicking.rs:704:13
[INFO] [stdout]   15:     0x60d41ea95f29 - std::sys::backtrace::__rust_end_short_backtrace::h0390abce48353151
[INFO] [stdout]                                at /rustc/6067b36314ab5eb2eb47cecc464545ba58e1ad24/library/std/src/sys/backtrace.rs:168:18
[INFO] [stdout]   16:     0x60d41ea9728d - rust_begin_unwind
[INFO] [stdout]                                at /rustc/6067b36314ab5eb2eb47cecc464545ba58e1ad24/library/std/src/panicking.rs:695:5
[INFO] [stdout]   17:     0x60d41eabbb70 - core::panicking::panic_fmt::h9e7c637e9e5f29c9
[INFO] [stdout]                                at /rustc/6067b36314ab5eb2eb47cecc464545ba58e1ad24/library/core/src/panicking.rs:75:14
[INFO] [stdout]   18:     0x60d41eabbf46 - core::result::unwrap_failed::h7979f09313fe1849
[INFO] [stdout]                                at /rustc/6067b36314ab5eb2eb47cecc464545ba58e1ad24/library/core/src/result.rs:1704:5
[INFO] [stdout]   19:     0x60d41ea1e487 - core::result::Result<T,E>::unwrap::h6380de6fc828281e
[INFO] [stdout]                                at /rustc/6067b36314ab5eb2eb47cecc464545ba58e1ad24/library/core/src/result.rs:1109:23
[INFO] [stdout]   20:     0x60d41ea1e487 - advent_2024::days::solver::AdventSolver::new::h46d4f136d044f3ca
[INFO] [stdout]                                at /opt/rustwide/workdir/src/days/solver.rs:38:24
[INFO] [stdout]   21:     0x60d41ea1e6f1 - advent_2024::days::day7::test_part_one::h8f7140f797118aed
[INFO] [stdout]                                at /opt/rustwide/workdir/src/days/day7.rs:128:18
[INFO] [stdout]   22:     0x60d41ea1e6b7 - advent_2024::days::day7::test_part_one::{{closure}}::hb14655c6b5f596d2
[INFO] [stdout]                                at /opt/rustwide/workdir/src/days/day7.rs:127:19
[INFO] [stdout]   23:     0x60d41ea1b136 - core::ops::function::FnOnce::call_once::h8827c5422541b21d
[INFO] [stdout]                                at /rustc/6067b36314ab5eb2eb47cecc464545ba58e1ad24/library/core/src/ops/function.rs:250:5
[INFO] [stdout]   24:     0x60d41ea5e14b - core::ops::function::FnOnce::call_once::he27718dfdd183f43
[INFO] [stdout]                                at /rustc/6067b36314ab5eb2eb47cecc464545ba58e1ad24/library/core/src/ops/function.rs:250:5
[INFO] [stdout]   25:     0x60d41ea5e14b - test::__rust_begin_short_backtrace::h4e84902998457a5d
[INFO] [stdout]                                at /rustc/6067b36314ab5eb2eb47cecc464545ba58e1ad24/library/test/src/lib.rs:632:18
[INFO] [stdout]   26:     0x60d41ea5d083 - test::run_test_in_process::{{closure}}::h7176fd18fc1feca0
[INFO] [stdout]                                at /rustc/6067b36314ab5eb2eb47cecc464545ba58e1ad24/library/test/src/lib.rs:655:60
[INFO] [stdout]   27:     0x60d41ea5d083 - <core::panic::unwind_safe::AssertUnwindSafe<F> as core::ops::function::FnOnce<()>>::call_once::hf79cff2a624d8cf7
[INFO] [stdout]                                at /rustc/6067b36314ab5eb2eb47cecc464545ba58e1ad24/library/core/src/panic/unwind_safe.rs:272:9
[INFO] [stdout]   28:     0x60d41ea5d083 - std::panicking::try::do_call::h3da0561d9ab99c25
[INFO] [stdout]                                at /rustc/6067b36314ab5eb2eb47cecc464545ba58e1ad24/library/std/src/panicking.rs:587:40
[INFO] [stdout]   29:     0x60d41ea5d083 - std::panicking::try::h41c9fa508bc61df6
[INFO] [stdout]                                at /rustc/6067b36314ab5eb2eb47cecc464545ba58e1ad24/library/std/src/panicking.rs:550:19
[INFO] [stdout]   30:     0x60d41ea5d083 - std::panic::catch_unwind::h6b3ff07bb5afad93
[INFO] [stdout]                                at /rustc/6067b36314ab5eb2eb47cecc464545ba58e1ad24/library/std/src/panic.rs:358:14
[INFO] [stdout]   31:     0x60d41ea5d083 - test::run_test_in_process::hc7253dd11b39b9f4
[INFO] [stdout]                                at /rustc/6067b36314ab5eb2eb47cecc464545ba58e1ad24/library/test/src/lib.rs:655:27
[INFO] [stdout]   32:     0x60d41ea5d083 - test::run_test::{{closure}}::hfb2007f8649c30bb
[INFO] [stdout]                                at /rustc/6067b36314ab5eb2eb47cecc464545ba58e1ad24/library/test/src/lib.rs:576:43
[INFO] [stdout]   33:     0x60d41ea20165 - test::run_test::{{closure}}::h56a17aa7a282a9f4
[INFO] [stdout]                                at /rustc/6067b36314ab5eb2eb47cecc464545ba58e1ad24/library/test/src/lib.rs:606:41
[INFO] [stdout]   34:     0x60d41ea20165 - std::sys::backtrace::__rust_begin_short_backtrace::hd2d2d2fb8e8c6aac
[INFO] [stdout]                                at /rustc/6067b36314ab5eb2eb47cecc464545ba58e1ad24/library/std/src/sys/backtrace.rs:152:18
[INFO] [stdout]   35:     0x60d41ea23a4a - std::thread::Builder::spawn_unchecked_::{{closure}}::{{closure}}::h4faa3f9db6133423
[INFO] [stdout]                                at /rustc/6067b36314ab5eb2eb47cecc464545ba58e1ad24/library/std/src/thread/mod.rs:559:17
[INFO] [stdout]   36:     0x60d41ea23a4a - <core::panic::unwind_safe::AssertUnwindSafe<F> as core::ops::function::FnOnce<()>>::call_once::hf2e855a36a4ea846
[INFO] [stdout]                                at /rustc/6067b36314ab5eb2eb47cecc464545ba58e1ad24/library/core/src/panic/unwind_safe.rs:272:9
[INFO] [stdout]   37:     0x60d41ea23a4a - std::panicking::try::do_call::h2f73af3616c35465
[INFO] [stdout]                                at /rustc/6067b36314ab5eb2eb47cecc464545ba58e1ad24/library/std/src/panicking.rs:587:40
[INFO] [stdout]   38:     0x60d41ea23a4a - std::panicking::try::hd1660ce9efadef5a
[INFO] [stdout]                                at /rustc/6067b36314ab5eb2eb47cecc464545ba58e1ad24/library/std/src/panicking.rs:550:19
[INFO] [stdout]   39:     0x60d41ea23a4a - std::panic::catch_unwind::h5ee8d7823b8ca744
[INFO] [stdout]                                at /rustc/6067b36314ab5eb2eb47cecc464545ba58e1ad24/library/std/src/panic.rs:358:14
[INFO] [stdout]   40:     0x60d41ea23a4a - std::thread::Builder::spawn_unchecked_::{{closure}}::h53c3a1894dce8407
[INFO] [stdout]                                at /rustc/6067b36314ab5eb2eb47cecc464545ba58e1ad24/library/std/src/thread/mod.rs:557:30
[INFO] [stdout]   41:     0x60d41ea23a4a - core::ops::function::FnOnce::call_once{{vtable.shim}}::h048ce291ad4f62bf
[INFO] [stdout]                                at /rustc/6067b36314ab5eb2eb47cecc464545ba58e1ad24/library/core/src/ops/function.rs:250:5
[INFO] [stdout]   42:     0x60d41ea9b88b - <alloc::boxed::Box<F,A> as core::ops::function::FnOnce<Args>>::call_once::ha52bedf99a3b4981
[INFO] [stdout]                                at /rustc/6067b36314ab5eb2eb47cecc464545ba58e1ad24/library/alloc/src/boxed.rs:2013:9
[INFO] [stdout]   43:     0x60d41ea9b88b - <alloc::boxed::Box<F,A> as core::ops::function::FnOnce<Args>>::call_once::h567748934d80ccf8
[INFO] [stdout]                                at /rustc/6067b36314ab5eb2eb47cecc464545ba58e1ad24/library/alloc/src/boxed.rs:2013:9
[INFO] [stdout]   44:     0x60d41ea9b88b - std::sys::pal::unix::thread::Thread::new::thread_start::h2d970728ae887adc
[INFO] [stdout]                                at /rustc/6067b36314ab5eb2eb47cecc464545ba58e1ad24/library/std/src/sys/pal/unix/thread.rs:106:17
[INFO] [stdout]   45:     0x70935557fac3 - <unknown>
[INFO] [stdout]   46:     0x709355610a04 - clone
[INFO] [stdout]   47:                0x0 - <unknown>
[INFO] [stdout] 
[INFO] [stdout] 
[INFO] [stdout] failures:
[INFO] [stdout]     days::day7::test_part_one
[INFO] [stdout] 
[INFO] [stdout] test result: FAILED. 1 passed; 1 failed; 0 ignored; 0 measured; 0 filtered out; finished in 0.07s
[INFO] [stdout] 
[INFO] [stderr] error: test failed, to rerun pass `--bin advent-2024`
[INFO] running `Command { std: "docker" "inspect" "c9d0c3a8cb8c6b947751a111957cd4d27d2696d085a9faf276f2d52a30f61007", kill_on_drop: false }`
[INFO] running `Command { std: "docker" "rm" "-f" "c9d0c3a8cb8c6b947751a111957cd4d27d2696d085a9faf276f2d52a30f61007", kill_on_drop: false }`
[INFO] [stdout] c9d0c3a8cb8c6b947751a111957cd4d27d2696d085a9faf276f2d52a30f61007
