[INFO] cloning repository https://github.com/willglynn/pdb
[INFO] running `Command { std: "git" "-c" "credential.helper=" "-c" "credential.helper=/workspace/cargo-home/bin/git-credential-null" "clone" "--bare" "https://github.com/willglynn/pdb" "/workspace/cache/git-repos/https%3A%2F%2Fgithub.com%2Fwillglynn%2Fpdb", kill_on_drop: false }`
[INFO] [stderr] Cloning into bare repository '/workspace/cache/git-repos/https%3A%2F%2Fgithub.com%2Fwillglynn%2Fpdb'...
[INFO] running `Command { std: "git" "rev-parse" "HEAD", kill_on_drop: false }`
[INFO] [stdout] 5869b1ec4d9f2580bc64131cea6efa3eef54d50b
[INFO] testing willglynn/pdb against nightly-2025-01-18 for randomize-layout-2
[INFO] running `Command { std: "git" "clone" "/workspace/cache/git-repos/https%3A%2F%2Fgithub.com%2Fwillglynn%2Fpdb" "/workspace/builds/worker-7-tc1/source", kill_on_drop: false }`
[INFO] [stderr] Cloning into '/workspace/builds/worker-7-tc1/source'...
[INFO] [stderr] done.
[INFO] validating manifest of git repo https://github.com/willglynn/pdb on toolchain nightly-2025-01-18
[INFO] running `Command { std: CARGO_HOME="/workspace/cargo-home" RUSTUP_HOME="/workspace/rustup-home" "/workspace/cargo-home/bin/cargo" "+nightly-2025-01-18" "metadata" "--manifest-path" "Cargo.toml" "--no-deps", kill_on_drop: false }`
[INFO] started tweaking git repo https://github.com/willglynn/pdb
[INFO] finished tweaking git repo https://github.com/willglynn/pdb
[INFO] tweaked toml for git repo https://github.com/willglynn/pdb written to /workspace/builds/worker-7-tc1/source/Cargo.toml
[INFO] crate git repo https://github.com/willglynn/pdb already has a lockfile, it will not be regenerated
[INFO] running `Command { std: CARGO_HOME="/workspace/cargo-home" RUSTUP_HOME="/workspace/rustup-home" "/workspace/cargo-home/bin/cargo" "+nightly-2025-01-18" "fetch" "--manifest-path" "Cargo.toml", kill_on_drop: false }`
[INFO] running `Command { std: "docker" "create" "-v" "/var/lib/crater-agent-workspace/builds/worker-7-tc1/target:/opt/rustwide/target:rw,Z" "-v" "/var/lib/crater-agent-workspace/builds/worker-7-tc1/source:/opt/rustwide/workdir:ro,Z" "-v" "/var/lib/crater-agent-workspace/cargo-home:/opt/rustwide/cargo-home:ro,Z" "-v" "/var/lib/crater-agent-workspace/rustup-home:/opt/rustwide/rustup-home:ro,Z" "-e" "SOURCE_DIR=/opt/rustwide/workdir" "-e" "CARGO_TARGET_DIR=/opt/rustwide/target" "-e" "CARGO_HOME=/opt/rustwide/cargo-home" "-e" "RUSTUP_HOME=/opt/rustwide/rustup-home" "-w" "/opt/rustwide/workdir" "-m" "1610612736" "--user" "0:0" "--network" "none" "ghcr.io/rust-lang/crates-build-env/linux@sha256:819108c5571ea2e421544af4d832f968d213c87fbe3707a016657f43d2f853bc" "/opt/rustwide/cargo-home/bin/cargo" "+nightly-2025-01-18" "metadata" "--no-deps" "--format-version=1", kill_on_drop: false }`
[INFO] [stdout] a7ac3512849ed0a6f3b3be5d3bd876fcc4aefec401181b2c786ca0af7e11739d
[INFO] running `Command { std: "docker" "start" "-a" "a7ac3512849ed0a6f3b3be5d3bd876fcc4aefec401181b2c786ca0af7e11739d", kill_on_drop: false }`
[INFO] running `Command { std: "docker" "inspect" "a7ac3512849ed0a6f3b3be5d3bd876fcc4aefec401181b2c786ca0af7e11739d", kill_on_drop: false }`
[INFO] running `Command { std: "docker" "rm" "-f" "a7ac3512849ed0a6f3b3be5d3bd876fcc4aefec401181b2c786ca0af7e11739d", kill_on_drop: false }`
[INFO] [stdout] a7ac3512849ed0a6f3b3be5d3bd876fcc4aefec401181b2c786ca0af7e11739d
[INFO] running `Command { std: "docker" "create" "-v" "/var/lib/crater-agent-workspace/builds/worker-7-tc1/target:/opt/rustwide/target:rw,Z" "-v" "/var/lib/crater-agent-workspace/builds/worker-7-tc1/source:/opt/rustwide/workdir:ro,Z" "-v" "/var/lib/crater-agent-workspace/cargo-home:/opt/rustwide/cargo-home:ro,Z" "-v" "/var/lib/crater-agent-workspace/rustup-home:/opt/rustwide/rustup-home:ro,Z" "-e" "SOURCE_DIR=/opt/rustwide/workdir" "-e" "CARGO_TARGET_DIR=/opt/rustwide/target" "-e" "CARGO_INCREMENTAL=0" "-e" "RUST_BACKTRACE=full" "-e" "RUSTFLAGS=--cap-lints=forbid" "-e" "RUSTDOCFLAGS=--cap-lints=forbid" "-e" "CARGO_HOME=/opt/rustwide/cargo-home" "-e" "RUSTUP_HOME=/opt/rustwide/rustup-home" "-w" "/opt/rustwide/workdir" "-m" "1610612736" "--user" "0:0" "--network" "none" "ghcr.io/rust-lang/crates-build-env/linux@sha256:819108c5571ea2e421544af4d832f968d213c87fbe3707a016657f43d2f853bc" "/opt/rustwide/cargo-home/bin/cargo" "+nightly-2025-01-18" "build" "--frozen" "--message-format=json", kill_on_drop: false }`
[INFO] [stdout] 3a87c79ebf957b6c412d01e607e6ed785940b4ce853db184ec5f85555389a52f
[INFO] running `Command { std: "docker" "start" "-a" "3a87c79ebf957b6c412d01e607e6ed785940b4ce853db184ec5f85555389a52f", kill_on_drop: false }`
[INFO] [stderr]    Compiling uuid v1.0.0
[INFO] [stderr]    Compiling scroll v0.11.0
[INFO] [stderr]    Compiling fallible-iterator v0.2.0
[INFO] [stderr]    Compiling pdb v0.8.0 (/opt/rustwide/workdir)
[INFO] [stderr]     Finished `dev` profile [unoptimized + debuginfo] target(s) in 2.87s
[INFO] running `Command { std: "docker" "inspect" "3a87c79ebf957b6c412d01e607e6ed785940b4ce853db184ec5f85555389a52f", kill_on_drop: false }`
[INFO] running `Command { std: "docker" "rm" "-f" "3a87c79ebf957b6c412d01e607e6ed785940b4ce853db184ec5f85555389a52f", kill_on_drop: false }`
[INFO] [stdout] 3a87c79ebf957b6c412d01e607e6ed785940b4ce853db184ec5f85555389a52f
[INFO] running `Command { std: "docker" "create" "-v" "/var/lib/crater-agent-workspace/builds/worker-7-tc1/target:/opt/rustwide/target:rw,Z" "-v" "/var/lib/crater-agent-workspace/builds/worker-7-tc1/source:/opt/rustwide/workdir:ro,Z" "-v" "/var/lib/crater-agent-workspace/cargo-home:/opt/rustwide/cargo-home:ro,Z" "-v" "/var/lib/crater-agent-workspace/rustup-home:/opt/rustwide/rustup-home:ro,Z" "-e" "SOURCE_DIR=/opt/rustwide/workdir" "-e" "CARGO_TARGET_DIR=/opt/rustwide/target" "-e" "CARGO_INCREMENTAL=0" "-e" "RUST_BACKTRACE=full" "-e" "RUSTFLAGS=--cap-lints=forbid" "-e" "RUSTDOCFLAGS=--cap-lints=forbid" "-e" "CARGO_HOME=/opt/rustwide/cargo-home" "-e" "RUSTUP_HOME=/opt/rustwide/rustup-home" "-w" "/opt/rustwide/workdir" "-m" "1610612736" "--user" "0:0" "--network" "none" "ghcr.io/rust-lang/crates-build-env/linux@sha256:819108c5571ea2e421544af4d832f968d213c87fbe3707a016657f43d2f853bc" "/opt/rustwide/cargo-home/bin/cargo" "+nightly-2025-01-18" "test" "--frozen" "--no-run" "--message-format=json", kill_on_drop: false }`
[INFO] [stdout] 52a30f09d8131e5de4eb4afe39688efe40ff58727521643e949894eed1ce9b2f
[INFO] running `Command { std: "docker" "start" "-a" "52a30f09d8131e5de4eb4afe39688efe40ff58727521643e949894eed1ce9b2f", kill_on_drop: false }`
[INFO] [stderr]    Compiling unicode-width v0.1.5
[INFO] [stderr]    Compiling getopts v0.2.21
[INFO] [stderr]    Compiling pdb v0.8.0 (/opt/rustwide/workdir)
[INFO] [stderr]     Finished `test` profile [unoptimized + debuginfo] target(s) in 5.31s
[INFO] running `Command { std: "docker" "inspect" "52a30f09d8131e5de4eb4afe39688efe40ff58727521643e949894eed1ce9b2f", kill_on_drop: false }`
[INFO] running `Command { std: "docker" "rm" "-f" "52a30f09d8131e5de4eb4afe39688efe40ff58727521643e949894eed1ce9b2f", kill_on_drop: false }`
[INFO] [stdout] 52a30f09d8131e5de4eb4afe39688efe40ff58727521643e949894eed1ce9b2f
[INFO] running `Command { std: "docker" "create" "-v" "/var/lib/crater-agent-workspace/builds/worker-7-tc1/target:/opt/rustwide/target:rw,Z" "-v" "/var/lib/crater-agent-workspace/builds/worker-7-tc1/source:/opt/rustwide/workdir:ro,Z" "-v" "/var/lib/crater-agent-workspace/cargo-home:/opt/rustwide/cargo-home:ro,Z" "-v" "/var/lib/crater-agent-workspace/rustup-home:/opt/rustwide/rustup-home:ro,Z" "-e" "SOURCE_DIR=/opt/rustwide/workdir" "-e" "CARGO_TARGET_DIR=/opt/rustwide/target" "-e" "CARGO_INCREMENTAL=0" "-e" "RUST_BACKTRACE=full" "-e" "RUSTFLAGS=--cap-lints=forbid" "-e" "RUSTDOCFLAGS=--cap-lints=forbid" "-e" "CARGO_HOME=/opt/rustwide/cargo-home" "-e" "RUSTUP_HOME=/opt/rustwide/rustup-home" "-w" "/opt/rustwide/workdir" "-m" "1610612736" "--user" "0:0" "--network" "none" "ghcr.io/rust-lang/crates-build-env/linux@sha256:819108c5571ea2e421544af4d832f968d213c87fbe3707a016657f43d2f853bc" "/opt/rustwide/cargo-home/bin/cargo" "+nightly-2025-01-18" "test" "--frozen", kill_on_drop: false }`
[INFO] [stdout] ad9ed388e81afc90ab4217541849563622a294db50bcf9e025d031a3e8ee0711
[INFO] running `Command { std: "docker" "start" "-a" "ad9ed388e81afc90ab4217541849563622a294db50bcf9e025d031a3e8ee0711", kill_on_drop: false }`
[INFO] [stderr]     Finished `test` profile [unoptimized + debuginfo] target(s) in 0.02s
[INFO] [stderr]      Running unittests src/lib.rs (/opt/rustwide/target/debug/deps/pdb-6363dc802681b924)
[INFO] [stdout] 
[INFO] [stdout] running 83 tests
[INFO] [stdout] test common::tests::cast_aligned::test_cast_aligned ... ok
[INFO] [stdout] test common::tests::cast_aligned::test_cast_unaligned ... ok
[INFO] [stdout] test common::tests::cast_aligned::test_cast_wrong_size ... ok
[INFO] [stdout] test common::tests::newtypes::test_debug_newtype ... ok
[INFO] [stdout] test common::tests::parse_buffer::test_parse_u8 ... ok
[INFO] [stdout] test common::tests::newtypes::test_pread ... ok
[INFO] [stdout] test common::tests::parse_buffer::test_parse_cstring ... ok
[INFO] [stdout] test dbi::tests::test_dbi_extra_streams ... ok
[INFO] [stdout] test common::tests::parse_buffer::test_parse_u8_pascal_string ... ok
[INFO] [stdout] test common::tests::newtypes::test_format_newtype ... ok
[INFO] [stdout] test common::tests::parse_buffer::test_parse_i32 ... ok
[INFO] [stdout] test framedata::tests::test_new_frame_data ... ok
[INFO] [stdout] test framedata::tests::test_old_frame_data ... ok
[INFO] [stdout] test modi::c13::tests::test_inlinee_lines ... ok
[INFO] [stdout] test modi::c13::tests::test_iter_lines ... ok
[INFO] [stdout] test modi::c13::tests::test_column_number_header ... ok
[INFO] [stdout] test common::tests::parse_buffer::test_parse_u32 ... ok
[INFO] [stdout] test modi::c13::tests::test_lines_for_symbol ... ok
[INFO] [stdout] test modi::c13::tests::test_lines_for_symbol_asm ... ok
[INFO] [stdout] test modi::c13::tests::test_parse_cross_section_imports ... ok
[INFO] [stdout] test modi::c13::tests::test_parse_inlinee_lines ... ok
[INFO] [stdout] test modi::c13::tests::test_line_number_header ... ok
[INFO] [stdout] test modi::c13::tests::test_inlinee_lines_length ... ok
[INFO] [stdout] test modi::c13::tests::test_raw_cross_scope_export ... ok
[INFO] [stdout] test modi::c13::tests::test_resolve_cross_module_import ... ok
[INFO] [stdout] test msf::tests::header::test_small_file_unrecognized_file_format ... ok
[INFO] [stdout] test msf::tests::header::test_validate_page_number ... ok
[INFO] [stdout] test modi::c13::tests::test_iter_cross_module_exports ... ok
[INFO] [stdout] test msf::page_list::tests::test_truncate ... ok
[INFO] [stdout] test omap::tests::test_get_virtual_address ... ok
[INFO] [stdout] test common::tests::parse_buffer::test_parse_u64 ... ok
[INFO] [stdout] test common::tests::parse_buffer::test_seek ... ok
[INFO] [stdout] test modi::c13::tests::test_parse_inlinee_lines_with_files ... ok
[INFO] [stdout] test pe::tests::test_section_characteristics_alignment ... ok
[INFO] [stdout] test pe::tests::test_section_characteristics_nopad ... ok
[INFO] [stdout] test source::tests::read_view::test_basic_reading ... ok
[INFO] [stdout] test omap::tests::test_omap_record ... ok
[INFO] [stdout] test source::tests::read_view::test_discontinuous_reading ... ok
[INFO] [stdout] test source::tests::read_view::test_duplicate_reading ... ok
[INFO] [stdout] test source::tests::read_view::test_eof_reading ... ok
[INFO] [stdout] test modi::c13::tests::test_debug_lines_block_header ... ok
[INFO] [stdout] test common::tests::parse_buffer::test_parse_u16 ... ok
[INFO] [stdout] test modi::c13::tests::test_resolve_cross_module_import2 ... ok
[INFO] [stdout] test modi::c13::tests::test_resolve_cross_module_ref ... ok
[INFO] [stdout] test msf::page_list::tests::push_overflow ... ok
[INFO] [stdout] test msf::tests::header::test_pages_needed_to_store ... ok
[INFO] [stdout] test common::tests::parse_buffer::test_parse_buffer_align ... ok
[INFO] [stdout] test common::tests::cast_aligned::test_cast_empty ... ok
[INFO] [stdout] test pe::tests::test_section_characteristics ... ok
[INFO] [stdout] test msf::page_list::tests::test_push ... ok
[INFO] [stdout] test strings::tests::test_string_table_header ... ok
[INFO] [stdout] test symbol::tests::iterator::test_iter ... ok
[INFO] [stdout] test symbol::tests::iterator::test_seek ... ok
[INFO] [stdout] test symbol::tests::iterator::test_skip_to ... ok
[INFO] [stdout] test symbol::tests::parsing::kind_0006 ... ok
[INFO] [stdout] test symbol::tests::parsing::kind_1101 ... ok
[INFO] [stdout] test symbol::tests::parsing::kind_1102 ... ok
[INFO] [stdout] test symbol::tests::parsing::kind_1103 ... ok
[INFO] [stdout] test symbol::tests::parsing::kind_1105 ... ok
[INFO] [stdout] test symbol::tests::parsing::kind_1106 ... ok
[INFO] [stdout] test symbol::tests::parsing::kind_1107 ... ok
[INFO] [stdout] test symbol::tests::parsing::kind_1108 ... ok
[INFO] [stdout] test symbol::tests::parsing::kind_110c ... ok
[INFO] [stdout] test symbol::tests::parsing::kind_110d ... ok
[INFO] [stdout] test symbol::tests::parsing::kind_110f ... ok
[INFO] [stdout] test symbol::tests::parsing::kind_110e ... ok
[INFO] [stdout] test symbol::tests::parsing::kind_1111 ... ok
[INFO] [stdout] test symbol::tests::parsing::kind_1116 ... ok
[INFO] [stdout] test symbol::tests::parsing::kind_1110 ... ok
[INFO] [stdout] test symbol::tests::parsing::kind_1127 ... ok
[INFO] [stdout] test pe::tests::test_image_section_header ... ok
[INFO] [stdout] test symbol::tests::parsing::kind_112c ... ok
[INFO] [stdout] test symbol::tests::parsing::kind_1132 ... ok
[INFO] [stdout] test symbol::annotations::test_binary_annotation_iter ... ok
[INFO] [stdout] test symbol::tests::parsing::kind_113e ... ok
[INFO] [stdout] test symbol::tests::parsing::kind_113c ... ok
[INFO] [stdout] test symbol::tests::parsing::kind_114c ... ok
[INFO] [stdout] test symbol::tests::parsing::kind_114d ... ok
[INFO] [stdout] test symbol::tests::parsing::kind_1124 ... ok
[INFO] [stdout] test symbol::tests::parsing::kind_114e ... ok
[INFO] [stdout] test symbol::tests::parsing::kind_1125 ... ok
[INFO] [stdout] test tpi::data::kind_1609 ... ok
[INFO] [stderr]      Running tests/debug_information.rs (/opt/rustwide/target/debug/deps/debug_information-96539a83654fb436)
[INFO] [stdout] test msf::page_list::tests::test_push_after_truncate - should panic ... ok
[INFO] [stdout] 
[INFO] [stdout] test result: ok. 83 passed; 0 failed; 0 ignored; 0 measured; 0 filtered out; finished in 0.07s
[INFO] [stdout] 
[INFO] [stdout] 
[INFO] [stdout] running 1 test
[INFO] [stdout] test pdb_info ... ok
[INFO] [stderr]      Running tests/id_information.rs (/opt/rustwide/target/debug/deps/id_information-0339b59c9212a661)
[INFO] [stdout] 
[INFO] [stdout] test result: ok. 1 passed; 0 failed; 0 ignored; 0 measured; 0 filtered out; finished in 0.00s
[INFO] [stdout] 
[INFO] [stdout] 
[INFO] [stdout] running 1 test
[INFO] [stdout] test test_missing_ipi ... FAILED
[INFO] [stdout] 
[INFO] [stdout] failures:
[INFO] [stdout] 
[INFO] [stdout] ---- test_missing_ipi stdout ----
[INFO] [stdout] 
[INFO] [stdout] thread 'test_missing_ipi' panicked at tests/id_information.rs:7:31:
[INFO] [stdout] missing fixtures, please run scripts/download from the root: Os { code: 2, kind: NotFound, message: "No such file or directory" }
[INFO] [stdout] stack backtrace:
[INFO] [stdout]    0:     0x620f18b08aea - std::backtrace_rs::backtrace::libunwind::trace::hb059275cfc8d6126
[INFO] [stdout]                                at /rustc/6067b36314ab5eb2eb47cecc464545ba58e1ad24/library/std/src/../../backtrace/src/backtrace/libunwind.rs:116:5
[INFO] [stdout]    1:     0x620f18b08aea - std::backtrace_rs::backtrace::trace_unsynchronized::h2da071e4327ce3ee
[INFO] [stdout]                                at /rustc/6067b36314ab5eb2eb47cecc464545ba58e1ad24/library/std/src/../../backtrace/src/backtrace/mod.rs:66:5
[INFO] [stdout]    2:     0x620f18b08aea - std::sys::backtrace::_print_fmt::h842a1474e6f8d23f
[INFO] [stdout]                                at /rustc/6067b36314ab5eb2eb47cecc464545ba58e1ad24/library/std/src/sys/backtrace.rs:66:9
[INFO] [stdout]    3:     0x620f18b08aea - <std::sys::backtrace::BacktraceLock::print::DisplayBacktrace as core::fmt::Display>::fmt::h71a62eb3b9696b12
[INFO] [stdout]                                at /rustc/6067b36314ab5eb2eb47cecc464545ba58e1ad24/library/std/src/sys/backtrace.rs:39:26
[INFO] [stdout]    4:     0x620f18b305f3 - core::fmt::rt::Argument::fmt::hdb6b616786b41dc1
[INFO] [stdout]                                at /rustc/6067b36314ab5eb2eb47cecc464545ba58e1ad24/library/core/src/fmt/rt.rs:177:76
[INFO] [stdout]    5:     0x620f18b305f3 - core::fmt::write::h2cc1698af7e2d686
[INFO] [stdout]                                at /rustc/6067b36314ab5eb2eb47cecc464545ba58e1ad24/library/core/src/fmt/mod.rs:1440:21
[INFO] [stdout]    6:     0x620f18b05583 - std::io::Write::write_fmt::hab1b4cd059a79022
[INFO] [stdout]                                at /rustc/6067b36314ab5eb2eb47cecc464545ba58e1ad24/library/std/src/io/mod.rs:1887:15
[INFO] [stdout]    7:     0x620f18b08932 - std::sys::backtrace::BacktraceLock::print::h147fe35b4ea13b08
[INFO] [stdout]                                at /rustc/6067b36314ab5eb2eb47cecc464545ba58e1ad24/library/std/src/sys/backtrace.rs:42:9
[INFO] [stdout]    8:     0x620f18b09f0f - std::panicking::default_hook::{{closure}}::hbd44223dbdc0d208
[INFO] [stdout]                                at /rustc/6067b36314ab5eb2eb47cecc464545ba58e1ad24/library/std/src/panicking.rs:298:22
[INFO] [stdout]    9:     0x620f18b09d28 - std::panicking::default_hook::h20f81eb0576efcec
[INFO] [stdout]                                at /rustc/6067b36314ab5eb2eb47cecc464545ba58e1ad24/library/std/src/panicking.rs:322:9
[INFO] [stdout]   10:     0x620f18acb1d3 - <alloc::boxed::Box<F,A> as core::ops::function::Fn<Args>>::call::hdb53814c496a4d34
[INFO] [stdout]                                at /rustc/6067b36314ab5eb2eb47cecc464545ba58e1ad24/library/alloc/src/boxed.rs:2027:9
[INFO] [stdout]   11:     0x620f18acb1d3 - test::test_main::{{closure}}::hc0a4963c59427c24
[INFO] [stdout]                                at /rustc/6067b36314ab5eb2eb47cecc464545ba58e1ad24/library/test/src/lib.rs:134:21
[INFO] [stdout]   12:     0x620f18b0aa03 - <alloc::boxed::Box<F,A> as core::ops::function::Fn<Args>>::call::h591b2225413a77e9
[INFO] [stdout]                                at /rustc/6067b36314ab5eb2eb47cecc464545ba58e1ad24/library/alloc/src/boxed.rs:2027:9
[INFO] [stdout]   13:     0x620f18b0aa03 - std::panicking::rust_panic_with_hook::h625eea43051b2edc
[INFO] [stdout]                                at /rustc/6067b36314ab5eb2eb47cecc464545ba58e1ad24/library/std/src/panicking.rs:839:13
[INFO] [stdout]   14:     0x620f18b0a6ba - std::panicking::begin_panic_handler::{{closure}}::h4f9159cfbc3f6bd3
[INFO] [stdout]                                at /rustc/6067b36314ab5eb2eb47cecc464545ba58e1ad24/library/std/src/panicking.rs:704:13
[INFO] [stdout]   15:     0x620f18b08fe9 - std::sys::backtrace::__rust_end_short_backtrace::h0390abce48353151
[INFO] [stdout]                                at /rustc/6067b36314ab5eb2eb47cecc464545ba58e1ad24/library/std/src/sys/backtrace.rs:168:18
[INFO] [stdout]   16:     0x620f18b0a34d - rust_begin_unwind
[INFO] [stdout]                                at /rustc/6067b36314ab5eb2eb47cecc464545ba58e1ad24/library/std/src/panicking.rs:695:5
[INFO] [stdout]   17:     0x620f18b2f070 - core::panicking::panic_fmt::h9e7c637e9e5f29c9
[INFO] [stdout]                                at /rustc/6067b36314ab5eb2eb47cecc464545ba58e1ad24/library/core/src/panicking.rs:75:14
[INFO] [stdout]   18:     0x620f18b2f446 - core::result::unwrap_failed::h7979f09313fe1849
[INFO] [stdout]                                at /rustc/6067b36314ab5eb2eb47cecc464545ba58e1ad24/library/core/src/result.rs:1704:5
[INFO] [stdout]   19:     0x620f18a8ad9d - core::result::Result<T,E>::expect::h552be0d52899e654
[INFO] [stdout]                                at /rustc/6067b36314ab5eb2eb47cecc464545ba58e1ad24/library/core/src/result.rs:1061:23
[INFO] [stdout]   20:     0x620f18a90c7c - id_information::open_file::hff071551db3d29e0
[INFO] [stdout]                                at /opt/rustwide/workdir/tests/id_information.rs:7:5
[INFO] [stdout]   21:     0x620f18a90ccc - id_information::test_missing_ipi::hd703ed107af253b9
[INFO] [stdout]                                at /opt/rustwide/workdir/tests/id_information.rs:12:29
[INFO] [stdout]   22:     0x620f18a90ca7 - id_information::test_missing_ipi::{{closure}}::hc53fba9e66f5983f
[INFO] [stdout]                                at /opt/rustwide/workdir/tests/id_information.rs:11:22
[INFO] [stdout]   23:     0x620f18a8ee86 - core::ops::function::FnOnce::call_once::hf93068f0e488a2a6
[INFO] [stdout]                                at /rustc/6067b36314ab5eb2eb47cecc464545ba58e1ad24/library/core/src/ops/function.rs:250:5
[INFO] [stdout]   24:     0x620f18ad092b - core::ops::function::FnOnce::call_once::he27718dfdd183f43
[INFO] [stdout]                                at /rustc/6067b36314ab5eb2eb47cecc464545ba58e1ad24/library/core/src/ops/function.rs:250:5
[INFO] [stdout]   25:     0x620f18ad092b - test::__rust_begin_short_backtrace::h4e84902998457a5d
[INFO] [stdout]                                at /rustc/6067b36314ab5eb2eb47cecc464545ba58e1ad24/library/test/src/lib.rs:632:18
[INFO] [stdout]   26:     0x620f18acf863 - test::run_test_in_process::{{closure}}::h7176fd18fc1feca0
[INFO] [stdout]                                at /rustc/6067b36314ab5eb2eb47cecc464545ba58e1ad24/library/test/src/lib.rs:655:60
[INFO] [stdout]   27:     0x620f18acf863 - <core::panic::unwind_safe::AssertUnwindSafe<F> as core::ops::function::FnOnce<()>>::call_once::hf79cff2a624d8cf7
[INFO] [stdout]                                at /rustc/6067b36314ab5eb2eb47cecc464545ba58e1ad24/library/core/src/panic/unwind_safe.rs:272:9
[INFO] [stdout]   28:     0x620f18acf863 - std::panicking::try::do_call::h3da0561d9ab99c25
[INFO] [stdout]                                at /rustc/6067b36314ab5eb2eb47cecc464545ba58e1ad24/library/std/src/panicking.rs:587:40
[INFO] [stdout]   29:     0x620f18acf863 - std::panicking::try::h41c9fa508bc61df6
[INFO] [stdout]                                at /rustc/6067b36314ab5eb2eb47cecc464545ba58e1ad24/library/std/src/panicking.rs:550:19
[INFO] [stdout]   30:     0x620f18acf863 - std::panic::catch_unwind::h6b3ff07bb5afad93
[INFO] [stdout]                                at /rustc/6067b36314ab5eb2eb47cecc464545ba58e1ad24/library/std/src/panic.rs:358:14
[INFO] [stdout]   31:     0x620f18acf863 - test::run_test_in_process::hc7253dd11b39b9f4
[INFO] [stdout]                                at /rustc/6067b36314ab5eb2eb47cecc464545ba58e1ad24/library/test/src/lib.rs:655:27
[INFO] [stdout]   32:     0x620f18acf863 - test::run_test::{{closure}}::hfb2007f8649c30bb
[INFO] [stdout]                                at /rustc/6067b36314ab5eb2eb47cecc464545ba58e1ad24/library/test/src/lib.rs:576:43
[INFO] [stdout]   33:     0x620f18a92945 - test::run_test::{{closure}}::h56a17aa7a282a9f4
[INFO] [stdout]                                at /rustc/6067b36314ab5eb2eb47cecc464545ba58e1ad24/library/test/src/lib.rs:606:41
[INFO] [stdout]   34:     0x620f18a92945 - std::sys::backtrace::__rust_begin_short_backtrace::hd2d2d2fb8e8c6aac
[INFO] [stdout]                                at /rustc/6067b36314ab5eb2eb47cecc464545ba58e1ad24/library/std/src/sys/backtrace.rs:152:18
[INFO] [stdout]   35:     0x620f18a9622a - std::thread::Builder::spawn_unchecked_::{{closure}}::{{closure}}::h4faa3f9db6133423
[INFO] [stdout]                                at /rustc/6067b36314ab5eb2eb47cecc464545ba58e1ad24/library/std/src/thread/mod.rs:559:17
[INFO] [stdout]   36:     0x620f18a9622a - <core::panic::unwind_safe::AssertUnwindSafe<F> as core::ops::function::FnOnce<()>>::call_once::hf2e855a36a4ea846
[INFO] [stdout]                                at /rustc/6067b36314ab5eb2eb47cecc464545ba58e1ad24/library/core/src/panic/unwind_safe.rs:272:9
[INFO] [stdout]   37:     0x620f18a9622a - std::panicking::try::do_call::h2f73af3616c35465
[INFO] [stdout]                                at /rustc/6067b36314ab5eb2eb47cecc464545ba58e1ad24/library/std/src/panicking.rs:587:40
[INFO] [stdout]   38:     0x620f18a9622a - std::panicking::try::hd1660ce9efadef5a
[INFO] [stdout]                                at /rustc/6067b36314ab5eb2eb47cecc464545ba58e1ad24/library/std/src/panicking.rs:550:19
[INFO] [stdout]   39:     0x620f18a9622a - std::panic::catch_unwind::h5ee8d7823b8ca744
[INFO] [stdout]                                at /rustc/6067b36314ab5eb2eb47cecc464545ba58e1ad24/library/std/src/panic.rs:358:14
[INFO] [stdout]   40:     0x620f18a9622a - std::thread::Builder::spawn_unchecked_::{{closure}}::h53c3a1894dce8407
[INFO] [stdout]                                at /rustc/6067b36314ab5eb2eb47cecc464545ba58e1ad24/library/std/src/thread/mod.rs:557:30
[INFO] [stdout]   41:     0x620f18a9622a - core::ops::function::FnOnce::call_once{{vtable.shim}}::h048ce291ad4f62bf
[INFO] [stdout]                                at /rustc/6067b36314ab5eb2eb47cecc464545ba58e1ad24/library/core/src/ops/function.rs:250:5
[INFO] [stdout]   42:     0x620f18b0ee5b - <alloc::boxed::Box<F,A> as core::ops::function::FnOnce<Args>>::call_once::ha52bedf99a3b4981
[INFO] [stdout]                                at /rustc/6067b36314ab5eb2eb47cecc464545ba58e1ad24/library/alloc/src/boxed.rs:2013:9
[INFO] [stdout]   43:     0x620f18b0ee5b - <alloc::boxed::Box<F,A> as core::ops::function::FnOnce<Args>>::call_once::h567748934d80ccf8
[INFO] [stdout]                                at /rustc/6067b36314ab5eb2eb47cecc464545ba58e1ad24/library/alloc/src/boxed.rs:2013:9
[INFO] [stdout]   44:     0x620f18b0ee5b - std::sys::pal::unix::thread::Thread::new::thread_start::h2d970728ae887adc
[INFO] [stdout]                                at /rustc/6067b36314ab5eb2eb47cecc464545ba58e1ad24/library/std/src/sys/pal/unix/thread.rs:106:17
[INFO] [stdout]   45:     0x77a8e0249ac3 - <unknown>
[INFO] [stdout]   46:     0x77a8e02daa04 - clone
[INFO] [stdout]   47:                0x0 - <unknown>
[INFO] [stdout] 
[INFO] [stdout] 
[INFO] [stdout] failures:
[INFO] [stdout]     test_missing_ipi
[INFO] [stdout] 
[INFO] [stdout] test result: FAILED. 0 passed; 1 failed; 0 ignored; 0 measured; 0 filtered out; finished in 0.03s
[INFO] [stdout] 
[INFO] [stderr] error: test failed, to rerun pass `--test id_information`
[INFO] running `Command { std: "docker" "inspect" "ad9ed388e81afc90ab4217541849563622a294db50bcf9e025d031a3e8ee0711", kill_on_drop: false }`
[INFO] running `Command { std: "docker" "rm" "-f" "ad9ed388e81afc90ab4217541849563622a294db50bcf9e025d031a3e8ee0711", kill_on_drop: false }`
[INFO] [stdout] ad9ed388e81afc90ab4217541849563622a294db50bcf9e025d031a3e8ee0711
