[INFO] cloning repository https://github.com/will-lynas/note-type-generator
[INFO] running `Command { std: "git" "-c" "credential.helper=" "-c" "credential.helper=/workspace/cargo-home/bin/git-credential-null" "clone" "--bare" "https://github.com/will-lynas/note-type-generator" "/workspace/cache/git-repos/https%3A%2F%2Fgithub.com%2Fwill-lynas%2Fnote-type-generator", kill_on_drop: false }`
[INFO] [stderr] Cloning into bare repository '/workspace/cache/git-repos/https%3A%2F%2Fgithub.com%2Fwill-lynas%2Fnote-type-generator'...
[INFO] running `Command { std: "git" "rev-parse" "HEAD", kill_on_drop: false }`
[INFO] [stdout] 9d6d73f3b5c121c64e65bdf9760d8a9cce2fa86f
[INFO] testing will-lynas/note-type-generator against nightly-2025-01-18 for randomize-layout-2
[INFO] running `Command { std: "git" "clone" "/workspace/cache/git-repos/https%3A%2F%2Fgithub.com%2Fwill-lynas%2Fnote-type-generator" "/workspace/builds/worker-4-tc1/source", kill_on_drop: false }`
[INFO] [stderr] Cloning into '/workspace/builds/worker-4-tc1/source'...
[INFO] [stderr] done.
[INFO] validating manifest of git repo https://github.com/will-lynas/note-type-generator on toolchain nightly-2025-01-18
[INFO] running `Command { std: CARGO_HOME="/workspace/cargo-home" RUSTUP_HOME="/workspace/rustup-home" "/workspace/cargo-home/bin/cargo" "+nightly-2025-01-18" "metadata" "--manifest-path" "Cargo.toml" "--no-deps", kill_on_drop: false }`
[INFO] started tweaking git repo https://github.com/will-lynas/note-type-generator
[INFO] finished tweaking git repo https://github.com/will-lynas/note-type-generator
[INFO] tweaked toml for git repo https://github.com/will-lynas/note-type-generator written to /workspace/builds/worker-4-tc1/source/Cargo.toml
[INFO] crate git repo https://github.com/will-lynas/note-type-generator already has a lockfile, it will not be regenerated
[INFO] running `Command { std: CARGO_HOME="/workspace/cargo-home" RUSTUP_HOME="/workspace/rustup-home" "/workspace/cargo-home/bin/cargo" "+nightly-2025-01-18" "fetch" "--manifest-path" "Cargo.toml", kill_on_drop: false }`
[INFO] [stderr]     Updating crates.io index
[INFO] [stderr]  Downloading crates ...
[INFO] [stderr]   Downloaded genanki-rs v0.4.0
[INFO] [stderr]   Downloaded beef v0.4.4
[INFO] [stderr]   Downloaded ramhorns-derive v0.10.2
[INFO] [stderr]   Downloaded logos-derive v0.11.5
[INFO] [stderr]   Downloaded rusqlite v0.25.4
[INFO] [stderr]   Downloaded fancy-regex v0.5.0
[INFO] [stderr]   Downloaded logos v0.11.4
[INFO] [stderr]   Downloaded ramhorns v0.10.2
[INFO] running `Command { std: "docker" "create" "-v" "/var/lib/crater-agent-workspace/builds/worker-4-tc1/target:/opt/rustwide/target:rw,Z" "-v" "/var/lib/crater-agent-workspace/builds/worker-4-tc1/source:/opt/rustwide/workdir:ro,Z" "-v" "/var/lib/crater-agent-workspace/cargo-home:/opt/rustwide/cargo-home:ro,Z" "-v" "/var/lib/crater-agent-workspace/rustup-home:/opt/rustwide/rustup-home:ro,Z" "-e" "SOURCE_DIR=/opt/rustwide/workdir" "-e" "CARGO_TARGET_DIR=/opt/rustwide/target" "-e" "CARGO_HOME=/opt/rustwide/cargo-home" "-e" "RUSTUP_HOME=/opt/rustwide/rustup-home" "-w" "/opt/rustwide/workdir" "-m" "1610612736" "--user" "0:0" "--network" "none" "ghcr.io/rust-lang/crates-build-env/linux@sha256:819108c5571ea2e421544af4d832f968d213c87fbe3707a016657f43d2f853bc" "/opt/rustwide/cargo-home/bin/cargo" "+nightly-2025-01-18" "metadata" "--no-deps" "--format-version=1", kill_on_drop: false }`
[INFO] [stdout] e1239e26b10bc6aff68f8ab1ec84c120a85ce2ddf95f2fa575d5b57b027befb6
[INFO] running `Command { std: "docker" "start" "-a" "e1239e26b10bc6aff68f8ab1ec84c120a85ce2ddf95f2fa575d5b57b027befb6", kill_on_drop: false }`
[INFO] running `Command { std: "docker" "inspect" "e1239e26b10bc6aff68f8ab1ec84c120a85ce2ddf95f2fa575d5b57b027befb6", kill_on_drop: false }`
[INFO] running `Command { std: "docker" "rm" "-f" "e1239e26b10bc6aff68f8ab1ec84c120a85ce2ddf95f2fa575d5b57b027befb6", kill_on_drop: false }`
[INFO] [stdout] e1239e26b10bc6aff68f8ab1ec84c120a85ce2ddf95f2fa575d5b57b027befb6
[INFO] running `Command { std: "docker" "create" "-v" "/var/lib/crater-agent-workspace/builds/worker-4-tc1/target:/opt/rustwide/target:rw,Z" "-v" "/var/lib/crater-agent-workspace/builds/worker-4-tc1/source:/opt/rustwide/workdir:ro,Z" "-v" "/var/lib/crater-agent-workspace/cargo-home:/opt/rustwide/cargo-home:ro,Z" "-v" "/var/lib/crater-agent-workspace/rustup-home:/opt/rustwide/rustup-home:ro,Z" "-e" "SOURCE_DIR=/opt/rustwide/workdir" "-e" "CARGO_TARGET_DIR=/opt/rustwide/target" "-e" "CARGO_INCREMENTAL=0" "-e" "RUST_BACKTRACE=full" "-e" "RUSTFLAGS=--cap-lints=forbid" "-e" "RUSTDOCFLAGS=--cap-lints=forbid" "-e" "CARGO_HOME=/opt/rustwide/cargo-home" "-e" "RUSTUP_HOME=/opt/rustwide/rustup-home" "-w" "/opt/rustwide/workdir" "-m" "1610612736" "--user" "0:0" "--network" "none" "ghcr.io/rust-lang/crates-build-env/linux@sha256:819108c5571ea2e421544af4d832f968d213c87fbe3707a016657f43d2f853bc" "/opt/rustwide/cargo-home/bin/cargo" "+nightly-2025-01-18" "build" "--frozen" "--message-format=json", kill_on_drop: false }`
[INFO] [stdout] b23922ff6608877fc33facd2994032c9f632a34a92ce9f310fbe7f003f60835f
[INFO] running `Command { std: "docker" "start" "-a" "b23922ff6608877fc33facd2994032c9f632a34a92ce9f310fbe7f003f60835f", kill_on_drop: false }`
[INFO] [stderr]    Compiling proc-macro2 v1.0.86
[INFO] [stderr]    Compiling unicode-ident v1.0.12
[INFO] [stderr]    Compiling cfg-if v1.0.0
[INFO] [stderr]    Compiling libc v0.2.155
[INFO] [stderr]    Compiling version_check v0.9.5
[INFO] [stderr]    Compiling cc v1.1.7
[INFO] [stderr]    Compiling pkg-config v0.3.30
[INFO] [stderr]    Compiling once_cell v1.19.0
[INFO] [stderr]    Compiling memchr v2.7.4
[INFO] [stderr]    Compiling crunchy v0.2.2
[INFO] [stderr]    Compiling syn v1.0.109
[INFO] [stderr]    Compiling tiny-keccak v2.0.2
[INFO] [stderr]    Compiling fnv v1.0.7
[INFO] [stderr]    Compiling serde v1.0.204
[INFO] [stderr]    Compiling regex-syntax v0.6.29
[INFO] [stderr]    Compiling utf8parse v0.2.2
[INFO] [stderr]    Compiling regex-syntax v0.8.4
[INFO] [stderr]    Compiling rustix v0.38.34
[INFO] [stderr]    Compiling pulldown-cmark v0.7.2
[INFO] [stderr]    Compiling adler v1.0.2
[INFO] [stderr]    Compiling thiserror v1.0.63
[INFO] [stderr]    Compiling beef v0.4.4
[INFO] [stderr]    Compiling unicode-width v0.1.13
[INFO] [stderr]    Compiling bitflags v1.3.2
[INFO] [stderr]    Compiling utf8-ranges v1.0.5
[INFO] [stderr]    Compiling getopts v0.2.21
[INFO] [stderr]    Compiling miniz_oxide v0.7.4
[INFO] [stderr]    Compiling anstyle-parse v0.2.5
[INFO] [stderr]    Compiling aho-corasick v1.1.3
[INFO] [stderr]    Compiling crc32fast v1.4.2
[INFO] [stderr]    Compiling is_terminal_polyfill v1.70.1
[INFO] [stderr]    Compiling ahash v0.7.8
[INFO] [stderr]    Compiling unicase v2.7.0
[INFO] [stderr]    Compiling anstyle v1.0.8
[INFO] [stderr]    Compiling bitflags v2.6.0
[INFO] [stderr]    Compiling serde_json v1.0.121
[INFO] [stderr]    Compiling anstyle-query v1.1.1
[INFO] [stderr]    Compiling colorchoice v1.0.2
[INFO] [stderr]    Compiling linux-raw-sys v0.4.14
[INFO] [stderr]    Compiling bit-vec v0.6.3
[INFO] [stderr]    Compiling anstream v0.6.15
[INFO] [stderr]    Compiling strsim v0.11.1
[INFO] [stderr]    Compiling bit-set v0.5.3
[INFO] [stderr]    Compiling ryu v1.0.18
[INFO] [stderr]    Compiling heck v0.5.0
[INFO] [stderr]    Compiling getrandom v0.2.15
[INFO] [stderr]    Compiling byteorder v1.5.0
[INFO] [stderr]    Compiling itoa v1.0.11
[INFO] [stderr]    Compiling clap_lex v0.7.2
[INFO] [stderr]    Compiling smallvec v1.13.2
[INFO] [stderr]    Compiling const-random-macro v0.1.16
[INFO] [stderr]    Compiling fastrand v2.1.0
[INFO] [stderr]    Compiling fallible-iterator v0.2.0
[INFO] [stderr]    Compiling arrayvec v0.5.2
[INFO] [stderr]    Compiling fallible-streaming-iterator v0.1.9
[INFO] [stderr]    Compiling flate2 v1.0.30
[INFO] [stderr]    Compiling bzip2-sys v0.1.11+1.0.8
[INFO] [stderr]    Compiling libsqlite3-sys v0.22.2
[INFO] [stderr]    Compiling quote v1.0.36
[INFO] [stderr]    Compiling time v0.1.45
[INFO] [stderr]    Compiling syn v2.0.72
[INFO] [stderr]    Compiling const-random v0.1.18
[INFO] [stderr]    Compiling clap_builder v4.5.15
[INFO] [stderr]    Compiling ahash v0.3.8
[INFO] [stderr]    Compiling hashbrown v0.11.2
[INFO] [stderr]    Compiling hashlink v0.7.0
[INFO] [stderr]    Compiling bzip2 v0.4.4
[INFO] [stderr]    Compiling regex-automata v0.4.7
[INFO] [stderr]    Compiling tempfile v3.10.1
[INFO] [stderr]    Compiling logos-derive v0.11.5
[INFO] [stderr]    Compiling ramhorns-derive v0.10.2
[INFO] [stderr]    Compiling serde_derive v1.0.204
[INFO] [stderr]    Compiling thiserror-impl v1.0.63
[INFO] [stderr]    Compiling clap_derive v4.5.13
[INFO] [stderr]    Compiling regex v1.10.5
[INFO] [stderr]    Compiling fancy-regex v0.5.0
[INFO] [stderr]    Compiling logos v0.11.4
[INFO] [stderr]    Compiling ramhorns v0.10.2
[INFO] [stderr]    Compiling zip v0.5.13
[INFO] [stderr]    Compiling clap v4.5.15
[INFO] [stderr]    Compiling rusqlite v0.25.4
[INFO] [stderr]    Compiling toml v0.5.11
[INFO] [stderr]    Compiling genanki-rs v0.4.0
[INFO] [stderr]    Compiling note-type-generator v0.1.0 (/opt/rustwide/workdir)
[INFO] [stderr]     Finished `dev` profile [unoptimized + debuginfo] target(s) in 32.84s
[INFO] running `Command { std: "docker" "inspect" "b23922ff6608877fc33facd2994032c9f632a34a92ce9f310fbe7f003f60835f", kill_on_drop: false }`
[INFO] running `Command { std: "docker" "rm" "-f" "b23922ff6608877fc33facd2994032c9f632a34a92ce9f310fbe7f003f60835f", kill_on_drop: false }`
[INFO] [stdout] b23922ff6608877fc33facd2994032c9f632a34a92ce9f310fbe7f003f60835f
[INFO] running `Command { std: "docker" "create" "-v" "/var/lib/crater-agent-workspace/builds/worker-4-tc1/target:/opt/rustwide/target:rw,Z" "-v" "/var/lib/crater-agent-workspace/builds/worker-4-tc1/source:/opt/rustwide/workdir:ro,Z" "-v" "/var/lib/crater-agent-workspace/cargo-home:/opt/rustwide/cargo-home:ro,Z" "-v" "/var/lib/crater-agent-workspace/rustup-home:/opt/rustwide/rustup-home:ro,Z" "-e" "SOURCE_DIR=/opt/rustwide/workdir" "-e" "CARGO_TARGET_DIR=/opt/rustwide/target" "-e" "CARGO_INCREMENTAL=0" "-e" "RUST_BACKTRACE=full" "-e" "RUSTFLAGS=--cap-lints=forbid" "-e" "RUSTDOCFLAGS=--cap-lints=forbid" "-e" "CARGO_HOME=/opt/rustwide/cargo-home" "-e" "RUSTUP_HOME=/opt/rustwide/rustup-home" "-w" "/opt/rustwide/workdir" "-m" "1610612736" "--user" "0:0" "--network" "none" "ghcr.io/rust-lang/crates-build-env/linux@sha256:819108c5571ea2e421544af4d832f968d213c87fbe3707a016657f43d2f853bc" "/opt/rustwide/cargo-home/bin/cargo" "+nightly-2025-01-18" "test" "--frozen" "--no-run" "--message-format=json", kill_on_drop: false }`
[INFO] [stdout] bda4c668154d4be509a88c73d574860aec27ac55ba4019ecc9bd22fdb3f0e7e2
[INFO] running `Command { std: "docker" "start" "-a" "bda4c668154d4be509a88c73d574860aec27ac55ba4019ecc9bd22fdb3f0e7e2", kill_on_drop: false }`
[INFO] [stderr]    Compiling regex-automata v0.4.7
[INFO] [stderr]    Compiling doc-comment v0.3.3
[INFO] [stderr]    Compiling predicates-core v1.0.8
[INFO] [stderr]    Compiling difflib v0.4.0
[INFO] [stderr]    Compiling assert_cmd v2.0.16
[INFO] [stderr]    Compiling termtree v0.4.1
[INFO] [stderr]    Compiling wait-timeout v0.2.0
[INFO] [stderr]    Compiling indoc v2.0.5
[INFO] [stderr]    Compiling predicates-tree v1.0.11
[INFO] [stderr]    Compiling predicates v3.1.2
[INFO] [stderr]    Compiling regex v1.10.5
[INFO] [stderr]    Compiling bstr v1.10.0
[INFO] [stderr]    Compiling fancy-regex v0.5.0
[INFO] [stderr]    Compiling genanki-rs v0.4.0
[INFO] [stderr]    Compiling note-type-generator v0.1.0 (/opt/rustwide/workdir)
[INFO] [stderr]     Finished `test` profile [unoptimized + debuginfo] target(s) in 11.64s
[INFO] running `Command { std: "docker" "inspect" "bda4c668154d4be509a88c73d574860aec27ac55ba4019ecc9bd22fdb3f0e7e2", kill_on_drop: false }`
[INFO] running `Command { std: "docker" "rm" "-f" "bda4c668154d4be509a88c73d574860aec27ac55ba4019ecc9bd22fdb3f0e7e2", kill_on_drop: false }`
[INFO] [stdout] bda4c668154d4be509a88c73d574860aec27ac55ba4019ecc9bd22fdb3f0e7e2
[INFO] running `Command { std: "docker" "create" "-v" "/var/lib/crater-agent-workspace/builds/worker-4-tc1/target:/opt/rustwide/target:rw,Z" "-v" "/var/lib/crater-agent-workspace/builds/worker-4-tc1/source:/opt/rustwide/workdir:ro,Z" "-v" "/var/lib/crater-agent-workspace/cargo-home:/opt/rustwide/cargo-home:ro,Z" "-v" "/var/lib/crater-agent-workspace/rustup-home:/opt/rustwide/rustup-home:ro,Z" "-e" "SOURCE_DIR=/opt/rustwide/workdir" "-e" "CARGO_TARGET_DIR=/opt/rustwide/target" "-e" "CARGO_INCREMENTAL=0" "-e" "RUST_BACKTRACE=full" "-e" "RUSTFLAGS=--cap-lints=forbid" "-e" "RUSTDOCFLAGS=--cap-lints=forbid" "-e" "CARGO_HOME=/opt/rustwide/cargo-home" "-e" "RUSTUP_HOME=/opt/rustwide/rustup-home" "-w" "/opt/rustwide/workdir" "-m" "1610612736" "--user" "0:0" "--network" "none" "ghcr.io/rust-lang/crates-build-env/linux@sha256:819108c5571ea2e421544af4d832f968d213c87fbe3707a016657f43d2f853bc" "/opt/rustwide/cargo-home/bin/cargo" "+nightly-2025-01-18" "test" "--frozen", kill_on_drop: false }`
[INFO] [stdout] cd7c582400e7a742fa0c608480eb55a70081b528b61d01305879a0585ccffe84
[INFO] running `Command { std: "docker" "start" "-a" "cd7c582400e7a742fa0c608480eb55a70081b528b61d01305879a0585ccffe84", kill_on_drop: false }`
[INFO] [stderr]     Finished `test` profile [unoptimized + debuginfo] target(s) in 0.12s
[INFO] [stderr]      Running unittests src/main.rs (/opt/rustwide/target/debug/deps/note_type_generator-7bd515c9f9adab55)
[INFO] [stdout] 
[INFO] [stdout] running 12 tests
[INFO] [stdout] test config::tests::config_empty ... ok
[INFO] [stdout] test config::tests::unknown_key ... ok
[INFO] [stdout] test templates::error::tests::front_field_error ... ok
[INFO] [stdout] test templates::error::tests::field_not_in_template ... ok
[INFO] [stdout] test templates::error::tests::question_field_error ... ok
[INFO] [stdout] test config::tests::config_full ... ok
[INFO] [stdout] test templates::error::tests::template_field_not_in_fields ... ok
[INFO] [stdout] test templates::tests::front_field_not_in_fields ... ok
[INFO] [stdout] test templates::tests::question_field_not_in_fields ... ok
[INFO] [stdout] test templates::tests::template_field_not_in_config ... ok
[INFO] [stdout] test templates::tests::create_template_success ... ok
[INFO] [stdout] test templates::tests::config_field_not_in_template ... ok
[INFO] [stdout] 
[INFO] [stdout] test result: ok. 12 passed; 0 failed; 0 ignored; 0 measured; 0 filtered out; finished in 0.01s
[INFO] [stdout] 
[INFO] [stderr]      Running tests/cmdline.rs (/opt/rustwide/target/debug/deps/cmdline-593f2ddc4c7b545d)
[INFO] [stdout] 
[INFO] [stdout] running 3 tests
[INFO] [stdout] test bad_toml ... ok
[INFO] [stdout] test empty ... ok
[INFO] [stdout] test good_empty_files ... FAILED
[INFO] [stdout] 
[INFO] [stdout] failures:
[INFO] [stdout] 
[INFO] [stdout] ---- good_empty_files stdout ----
[INFO] [stdout] /tmp/.tmp82xJiL
[INFO] [stdout] 
[INFO] [stdout] thread 'good_empty_files' panicked at /rustc/6067b36314ab5eb2eb47cecc464545ba58e1ad24/library/core/src/ops/function.rs:250:5:
[INFO] [stdout] Unexpected failure.
[INFO] [stdout] code=1
[INFO] [stdout] stderr=```"Error: Io(Os { code: 30, kind: ReadOnlyFilesystem, message: \"Read-only file system\" })\n"```
[INFO] [stdout] command=`"/opt/rustwide/target/debug/note-type-generator" "--css" "/tmp/.tmp82xJiL" "--template" "/tmp/.tmpl1FaZP" "--config" "/tmp/.tmpo4lGPc"`
[INFO] [stdout] code=1
[INFO] [stdout] stdout=""
[INFO] [stdout] stderr="Error: Io(Os { code: 30, kind: ReadOnlyFilesystem, message: \"Read-only file system\" })\n"
[INFO] [stdout] 
[INFO] [stdout] stack backtrace:
[INFO] [stdout]    0:     0x58f71f4c497a - std::backtrace_rs::backtrace::libunwind::trace::hb059275cfc8d6126
[INFO] [stdout]                                at /rustc/6067b36314ab5eb2eb47cecc464545ba58e1ad24/library/std/src/../../backtrace/src/backtrace/libunwind.rs:116:5
[INFO] [stdout]    1:     0x58f71f4c497a - std::backtrace_rs::backtrace::trace_unsynchronized::h2da071e4327ce3ee
[INFO] [stdout]                                at /rustc/6067b36314ab5eb2eb47cecc464545ba58e1ad24/library/std/src/../../backtrace/src/backtrace/mod.rs:66:5
[INFO] [stdout]    2:     0x58f71f4c497a - std::sys::backtrace::_print_fmt::h842a1474e6f8d23f
[INFO] [stdout]                                at /rustc/6067b36314ab5eb2eb47cecc464545ba58e1ad24/library/std/src/sys/backtrace.rs:66:9
[INFO] [stdout]    3:     0x58f71f4c497a - <std::sys::backtrace::BacktraceLock::print::DisplayBacktrace as core::fmt::Display>::fmt::h71a62eb3b9696b12
[INFO] [stdout]                                at /rustc/6067b36314ab5eb2eb47cecc464545ba58e1ad24/library/std/src/sys/backtrace.rs:39:26
[INFO] [stdout]    4:     0x58f71f4ee183 - core::fmt::rt::Argument::fmt::hdb6b616786b41dc1
[INFO] [stdout]                                at /rustc/6067b36314ab5eb2eb47cecc464545ba58e1ad24/library/core/src/fmt/rt.rs:177:76
[INFO] [stdout]    5:     0x58f71f4ee183 - core::fmt::write::h2cc1698af7e2d686
[INFO] [stdout]                                at /rustc/6067b36314ab5eb2eb47cecc464545ba58e1ad24/library/core/src/fmt/mod.rs:1440:21
[INFO] [stdout]    6:     0x58f71f4c0d53 - std::io::Write::write_fmt::hab1b4cd059a79022
[INFO] [stdout]                                at /rustc/6067b36314ab5eb2eb47cecc464545ba58e1ad24/library/std/src/io/mod.rs:1887:15
[INFO] [stdout]    7:     0x58f71f4c47c2 - std::sys::backtrace::BacktraceLock::print::h147fe35b4ea13b08
[INFO] [stdout]                                at /rustc/6067b36314ab5eb2eb47cecc464545ba58e1ad24/library/std/src/sys/backtrace.rs:42:9
[INFO] [stdout]    8:     0x58f71f4c5e1f - std::panicking::default_hook::{{closure}}::hbd44223dbdc0d208
[INFO] [stdout]                                at /rustc/6067b36314ab5eb2eb47cecc464545ba58e1ad24/library/std/src/panicking.rs:298:22
[INFO] [stdout]    9:     0x58f71f4c5c38 - std::panicking::default_hook::h20f81eb0576efcec
[INFO] [stdout]                                at /rustc/6067b36314ab5eb2eb47cecc464545ba58e1ad24/library/std/src/panicking.rs:322:9
[INFO] [stdout]   10:     0x58f71f41d553 - <alloc::boxed::Box<F,A> as core::ops::function::Fn<Args>>::call::hdb53814c496a4d34
[INFO] [stdout]                                at /rustc/6067b36314ab5eb2eb47cecc464545ba58e1ad24/library/alloc/src/boxed.rs:2027:9
[INFO] [stdout]   11:     0x58f71f41d553 - test::test_main::{{closure}}::hc0a4963c59427c24
[INFO] [stdout]                                at /rustc/6067b36314ab5eb2eb47cecc464545ba58e1ad24/library/test/src/lib.rs:134:21
[INFO] [stdout]   12:     0x58f71f4c6913 - <alloc::boxed::Box<F,A> as core::ops::function::Fn<Args>>::call::h591b2225413a77e9
[INFO] [stdout]                                at /rustc/6067b36314ab5eb2eb47cecc464545ba58e1ad24/library/alloc/src/boxed.rs:2027:9
[INFO] [stdout]   13:     0x58f71f4c6913 - std::panicking::rust_panic_with_hook::h625eea43051b2edc
[INFO] [stdout]                                at /rustc/6067b36314ab5eb2eb47cecc464545ba58e1ad24/library/std/src/panicking.rs:839:13
[INFO] [stdout]   14:     0x58f71f4c65ca - std::panicking::begin_panic_handler::{{closure}}::h4f9159cfbc3f6bd3
[INFO] [stdout]                                at /rustc/6067b36314ab5eb2eb47cecc464545ba58e1ad24/library/std/src/panicking.rs:704:13
[INFO] [stdout]   15:     0x58f71f4c4e79 - std::sys::backtrace::__rust_end_short_backtrace::h0390abce48353151
[INFO] [stdout]                                at /rustc/6067b36314ab5eb2eb47cecc464545ba58e1ad24/library/std/src/sys/backtrace.rs:168:18
[INFO] [stdout]   16:     0x58f71f4c625d - rust_begin_unwind
[INFO] [stdout]                                at /rustc/6067b36314ab5eb2eb47cecc464545ba58e1ad24/library/std/src/panicking.rs:695:5
[INFO] [stdout]   17:     0x58f71f4ec850 - core::panicking::panic_fmt::h9e7c637e9e5f29c9
[INFO] [stdout]                                at /rustc/6067b36314ab5eb2eb47cecc464545ba58e1ad24/library/core/src/panicking.rs:75:14
[INFO] [stdout]   18:     0x58f71f432e33 - core::panicking::panic_display::h5ad6d97e20758918
[INFO] [stdout]                                at /rustc/6067b36314ab5eb2eb47cecc464545ba58e1ad24/library/core/src/panicking.rs:261:5
[INFO] [stdout]   19:     0x58f71f441cbe - assert_cmd::assert::AssertError::panic::panic_cold_display::he50292cd14c236be
[INFO] [stdout]                                at /rustc/6067b36314ab5eb2eb47cecc464545ba58e1ad24/library/core/src/panic.rs:100:13
[INFO] [stdout]   20:     0x58f71f4417a7 - assert_cmd::assert::AssertError::panic::h8048e6aeeac5f205
[INFO] [stdout]                                at /opt/rustwide/cargo-home/registry/src/index.crates.io-1949cf8c6b5b557f/assert_cmd-2.0.16/src/assert.rs:1033:9
[INFO] [stdout]   21:     0x58f71f436f57 - core::ops::function::FnOnce::call_once::h847d02ced25e243e
[INFO] [stdout]                                at /rustc/6067b36314ab5eb2eb47cecc464545ba58e1ad24/library/core/src/ops/function.rs:250:5
[INFO] [stdout]   22:     0x58f71f432720 - core::result::Result<T,E>::unwrap_or_else::hea341308d13fbdad
[INFO] [stdout]                                at /rustc/6067b36314ab5eb2eb47cecc464545ba58e1ad24/library/core/src/result.rs:1463:23
[INFO] [stdout]   23:     0x58f71f440426 - assert_cmd::assert::Assert::success::h856c42ddcb165e2b
[INFO] [stdout]                                at /opt/rustwide/cargo-home/registry/src/index.crates.io-1949cf8c6b5b557f/assert_cmd-2.0.16/src/assert.rs:158:9
[INFO] [stdout]   24:     0x58f71f3e2b47 - cmdline::good_empty_files::h88c43532548307cb
[INFO] [stdout]                                at /opt/rustwide/workdir/tests/cmdline.rs:46:5
[INFO] [stdout]   25:     0x58f71f3e2407 - cmdline::good_empty_files::{{closure}}::h40b67e47f334ab71
[INFO] [stdout]                                at /opt/rustwide/workdir/tests/cmdline.rs:31:22
[INFO] [stdout]   26:     0x58f71f3e1156 - core::ops::function::FnOnce::call_once::h3b40810ff5dc19cb
[INFO] [stdout]                                at /rustc/6067b36314ab5eb2eb47cecc464545ba58e1ad24/library/core/src/ops/function.rs:250:5
[INFO] [stdout]   27:     0x58f71f422cab - core::ops::function::FnOnce::call_once::he27718dfdd183f43
[INFO] [stdout]                                at /rustc/6067b36314ab5eb2eb47cecc464545ba58e1ad24/library/core/src/ops/function.rs:250:5
[INFO] [stdout]   28:     0x58f71f422cab - test::__rust_begin_short_backtrace::h4e84902998457a5d
[INFO] [stdout]                                at /rustc/6067b36314ab5eb2eb47cecc464545ba58e1ad24/library/test/src/lib.rs:632:18
[INFO] [stdout]   29:     0x58f71f421be3 - test::run_test_in_process::{{closure}}::h7176fd18fc1feca0
[INFO] [stdout]                                at /rustc/6067b36314ab5eb2eb47cecc464545ba58e1ad24/library/test/src/lib.rs:655:60
[INFO] [stdout]   30:     0x58f71f421be3 - <core::panic::unwind_safe::AssertUnwindSafe<F> as core::ops::function::FnOnce<()>>::call_once::hf79cff2a624d8cf7
[INFO] [stdout]                                at /rustc/6067b36314ab5eb2eb47cecc464545ba58e1ad24/library/core/src/panic/unwind_safe.rs:272:9
[INFO] [stdout]   31:     0x58f71f421be3 - std::panicking::try::do_call::h3da0561d9ab99c25
[INFO] [stdout]                                at /rustc/6067b36314ab5eb2eb47cecc464545ba58e1ad24/library/std/src/panicking.rs:587:40
[INFO] [stdout]   32:     0x58f71f421be3 - std::panicking::try::h41c9fa508bc61df6
[INFO] [stdout]                                at /rustc/6067b36314ab5eb2eb47cecc464545ba58e1ad24/library/std/src/panicking.rs:550:19
[INFO] [stdout]   33:     0x58f71f421be3 - std::panic::catch_unwind::h6b3ff07bb5afad93
[INFO] [stdout]                                at /rustc/6067b36314ab5eb2eb47cecc464545ba58e1ad24/library/std/src/panic.rs:358:14
[INFO] [stdout]   34:     0x58f71f421be3 - test::run_test_in_process::hc7253dd11b39b9f4
[INFO] [stdout]                                at /rustc/6067b36314ab5eb2eb47cecc464545ba58e1ad24/library/test/src/lib.rs:655:27
[INFO] [stdout]   35:     0x58f71f421be3 - test::run_test::{{closure}}::hfb2007f8649c30bb
[INFO] [stdout]                                at /rustc/6067b36314ab5eb2eb47cecc464545ba58e1ad24/library/test/src/lib.rs:576:43
[INFO] [stdout]   36:     0x58f71f3e4cc5 - test::run_test::{{closure}}::h56a17aa7a282a9f4
[INFO] [stdout]                                at /rustc/6067b36314ab5eb2eb47cecc464545ba58e1ad24/library/test/src/lib.rs:606:41
[INFO] [stdout]   37:     0x58f71f3e4cc5 - std::sys::backtrace::__rust_begin_short_backtrace::hd2d2d2fb8e8c6aac
[INFO] [stdout]                                at /rustc/6067b36314ab5eb2eb47cecc464545ba58e1ad24/library/std/src/sys/backtrace.rs:152:18
[INFO] [stdout]   38:     0x58f71f3e85aa - std::thread::Builder::spawn_unchecked_::{{closure}}::{{closure}}::h4faa3f9db6133423
[INFO] [stdout]                                at /rustc/6067b36314ab5eb2eb47cecc464545ba58e1ad24/library/std/src/thread/mod.rs:559:17
[INFO] [stdout]   39:     0x58f71f3e85aa - <core::panic::unwind_safe::AssertUnwindSafe<F> as core::ops::function::FnOnce<()>>::call_once::hf2e855a36a4ea846
[INFO] [stdout]                                at /rustc/6067b36314ab5eb2eb47cecc464545ba58e1ad24/library/core/src/panic/unwind_safe.rs:272:9
[INFO] [stdout]   40:     0x58f71f3e85aa - std::panicking::try::do_call::h2f73af3616c35465
[INFO] [stdout]                                at /rustc/6067b36314ab5eb2eb47cecc464545ba58e1ad24/library/std/src/panicking.rs:587:40
[INFO] [stdout]   41:     0x58f71f3e85aa - std::panicking::try::hd1660ce9efadef5a
[INFO] [stdout]                                at /rustc/6067b36314ab5eb2eb47cecc464545ba58e1ad24/library/std/src/panicking.rs:550:19
[INFO] [stdout]   42:     0x58f71f3e85aa - std::panic::catch_unwind::h5ee8d7823b8ca744
[INFO] [stdout]                                at /rustc/6067b36314ab5eb2eb47cecc464545ba58e1ad24/library/std/src/panic.rs:358:14
[INFO] [stdout]   43:     0x58f71f3e85aa - std::thread::Builder::spawn_unchecked_::{{closure}}::h53c3a1894dce8407
[INFO] [stdout]                                at /rustc/6067b36314ab5eb2eb47cecc464545ba58e1ad24/library/std/src/thread/mod.rs:557:30
[INFO] [stdout]   44:     0x58f71f3e85aa - core::ops::function::FnOnce::call_once{{vtable.shim}}::h048ce291ad4f62bf
[INFO] [stdout]                                at /rustc/6067b36314ab5eb2eb47cecc464545ba58e1ad24/library/core/src/ops/function.rs:250:5
[INFO] [stdout]   45:     0x58f71f4cb4ab - <alloc::boxed::Box<F,A> as core::ops::function::FnOnce<Args>>::call_once::ha52bedf99a3b4981
[INFO] [stdout]                                at /rustc/6067b36314ab5eb2eb47cecc464545ba58e1ad24/library/alloc/src/boxed.rs:2013:9
[INFO] [stdout]   46:     0x58f71f4cb4ab - <alloc::boxed::Box<F,A> as core::ops::function::FnOnce<Args>>::call_once::h567748934d80ccf8
[INFO] [stdout]                                at /rustc/6067b36314ab5eb2eb47cecc464545ba58e1ad24/library/alloc/src/boxed.rs:2013:9
[INFO] [stdout]   47:     0x58f71f4cb4ab - std::sys::pal::unix::thread::Thread::new::thread_start::h2d970728ae887adc
[INFO] [stdout]                                at /rustc/6067b36314ab5eb2eb47cecc464545ba58e1ad24/library/std/src/sys/pal/unix/thread.rs:106:17
[INFO] [stdout]   48:     0x78d34e6a4ac3 - <unknown>
[INFO] [stdout]   49:     0x78d34e735a04 - clone
[INFO] [stdout]   50:                0x0 - <unknown>
[INFO] [stdout] 
[INFO] [stdout] 
[INFO] [stdout] failures:
[INFO] [stdout]     good_empty_files
[INFO] [stdout] 
[INFO] [stdout] test result: FAILED. 2 passed; 1 failed; 0 ignored; 0 measured; 0 filtered out; finished in 0.09s
[INFO] [stdout] 
[INFO] [stderr] error: test failed, to rerun pass `--test cmdline`
[INFO] running `Command { std: "docker" "inspect" "cd7c582400e7a742fa0c608480eb55a70081b528b61d01305879a0585ccffe84", kill_on_drop: false }`
[INFO] running `Command { std: "docker" "rm" "-f" "cd7c582400e7a742fa0c608480eb55a70081b528b61d01305879a0585ccffe84", kill_on_drop: false }`
[INFO] [stdout] cd7c582400e7a742fa0c608480eb55a70081b528b61d01305879a0585ccffe84
