[INFO] cloning repository https://github.com/wickedtech/tmdb-api
[INFO] running `Command { std: "git" "-c" "credential.helper=" "-c" "credential.helper=/workspace/cargo-home/bin/git-credential-null" "clone" "--bare" "https://github.com/wickedtech/tmdb-api" "/workspace/cache/git-repos/https%3A%2F%2Fgithub.com%2Fwickedtech%2Ftmdb-api", kill_on_drop: false }`
[INFO] [stderr] Cloning into bare repository '/workspace/cache/git-repos/https%3A%2F%2Fgithub.com%2Fwickedtech%2Ftmdb-api'...
[INFO] running `Command { std: "git" "rev-parse" "HEAD", kill_on_drop: false }`
[INFO] [stdout] 9f546a0638c3346a388e736f9aa15b6bcdf1c16c
[INFO] testing wickedtech/tmdb-api against nightly-2025-01-18+rustflags=-Zrandomize-layout for randomize-layout-2
[INFO] running `Command { std: "git" "clone" "/workspace/cache/git-repos/https%3A%2F%2Fgithub.com%2Fwickedtech%2Ftmdb-api" "/workspace/builds/worker-6-tc2/source", kill_on_drop: false }`
[INFO] [stderr] Cloning into '/workspace/builds/worker-6-tc2/source'...
[INFO] [stderr] done.
[INFO] validating manifest of git repo https://github.com/wickedtech/tmdb-api on toolchain nightly-2025-01-18
[INFO] running `Command { std: CARGO_HOME="/workspace/cargo-home" RUSTUP_HOME="/workspace/rustup-home" "/workspace/cargo-home/bin/cargo" "+nightly-2025-01-18" "metadata" "--manifest-path" "Cargo.toml" "--no-deps", kill_on_drop: false }`
[INFO] started tweaking git repo https://github.com/wickedtech/tmdb-api
[INFO] finished tweaking git repo https://github.com/wickedtech/tmdb-api
[INFO] tweaked toml for git repo https://github.com/wickedtech/tmdb-api written to /workspace/builds/worker-6-tc2/source/Cargo.toml
[INFO] crate git repo https://github.com/wickedtech/tmdb-api already has a lockfile, it will not be regenerated
[INFO] running `Command { std: CARGO_HOME="/workspace/cargo-home" RUSTUP_HOME="/workspace/rustup-home" "/workspace/cargo-home/bin/cargo" "+nightly-2025-01-18" "fetch" "--manifest-path" "Cargo.toml", kill_on_drop: false }`
[INFO] running `Command { std: "docker" "create" "-v" "/var/lib/crater-agent-workspace/builds/worker-6-tc2/target:/opt/rustwide/target:rw,Z" "-v" "/var/lib/crater-agent-workspace/builds/worker-6-tc2/source:/opt/rustwide/workdir:ro,Z" "-v" "/var/lib/crater-agent-workspace/cargo-home:/opt/rustwide/cargo-home:ro,Z" "-v" "/var/lib/crater-agent-workspace/rustup-home:/opt/rustwide/rustup-home:ro,Z" "-e" "SOURCE_DIR=/opt/rustwide/workdir" "-e" "CARGO_TARGET_DIR=/opt/rustwide/target" "-e" "CARGO_HOME=/opt/rustwide/cargo-home" "-e" "RUSTUP_HOME=/opt/rustwide/rustup-home" "-w" "/opt/rustwide/workdir" "-m" "1610612736" "--user" "0:0" "--network" "none" "ghcr.io/rust-lang/crates-build-env/linux@sha256:819108c5571ea2e421544af4d832f968d213c87fbe3707a016657f43d2f853bc" "/opt/rustwide/cargo-home/bin/cargo" "+nightly-2025-01-18" "metadata" "--no-deps" "--format-version=1", kill_on_drop: false }`
[INFO] [stdout] adcbefbb5f9faf750d7c54adcbce58f3ea2b5ef767c2766a45bd9e647bca0375
[INFO] running `Command { std: "docker" "start" "-a" "adcbefbb5f9faf750d7c54adcbce58f3ea2b5ef767c2766a45bd9e647bca0375", kill_on_drop: false }`
[INFO] running `Command { std: "docker" "inspect" "adcbefbb5f9faf750d7c54adcbce58f3ea2b5ef767c2766a45bd9e647bca0375", kill_on_drop: false }`
[INFO] running `Command { std: "docker" "rm" "-f" "adcbefbb5f9faf750d7c54adcbce58f3ea2b5ef767c2766a45bd9e647bca0375", kill_on_drop: false }`
[INFO] [stdout] adcbefbb5f9faf750d7c54adcbce58f3ea2b5ef767c2766a45bd9e647bca0375
[INFO] running `Command { std: "docker" "create" "-v" "/var/lib/crater-agent-workspace/builds/worker-6-tc2/target:/opt/rustwide/target:rw,Z" "-v" "/var/lib/crater-agent-workspace/builds/worker-6-tc2/source:/opt/rustwide/workdir:ro,Z" "-v" "/var/lib/crater-agent-workspace/cargo-home:/opt/rustwide/cargo-home:ro,Z" "-v" "/var/lib/crater-agent-workspace/rustup-home:/opt/rustwide/rustup-home:ro,Z" "-e" "SOURCE_DIR=/opt/rustwide/workdir" "-e" "CARGO_TARGET_DIR=/opt/rustwide/target" "-e" "CARGO_INCREMENTAL=0" "-e" "RUST_BACKTRACE=full" "-e" "RUSTFLAGS=--cap-lints=forbid -Zrandomize-layout" "-e" "RUSTDOCFLAGS=--cap-lints=forbid" "-e" "CARGO_HOME=/opt/rustwide/cargo-home" "-e" "RUSTUP_HOME=/opt/rustwide/rustup-home" "-w" "/opt/rustwide/workdir" "-m" "1610612736" "--user" "0:0" "--network" "none" "ghcr.io/rust-lang/crates-build-env/linux@sha256:819108c5571ea2e421544af4d832f968d213c87fbe3707a016657f43d2f853bc" "/opt/rustwide/cargo-home/bin/cargo" "+nightly-2025-01-18" "build" "--frozen" "--message-format=json", kill_on_drop: false }`
[INFO] [stdout] a608a9992563bf26be936f535ea66316b3997c934fa1f7c5dbca6df81f0bc1ca
[INFO] running `Command { std: "docker" "start" "-a" "a608a9992563bf26be936f535ea66316b3997c934fa1f7c5dbca6df81f0bc1ca", kill_on_drop: false }`
[INFO] [stderr]    Compiling proc-macro2 v1.0.79
[INFO] [stderr]    Compiling unicode-ident v1.0.12
[INFO] [stderr]    Compiling libc v0.2.153
[INFO] [stderr]    Compiling pin-project-lite v0.2.13
[INFO] [stderr]    Compiling bytes v1.6.0
[INFO] [stderr]    Compiling itoa v1.0.10
[INFO] [stderr]    Compiling cc v1.0.90
[INFO] [stderr]    Compiling futures-core v0.3.30
[INFO] [stderr]    Compiling fnv v1.0.7
[INFO] [stderr]    Compiling cfg-if v1.0.0
[INFO] [stderr]    Compiling log v0.4.21
[INFO] [stderr]    Compiling rustls-pki-types v1.4.0
[INFO] [stderr]    Compiling pin-utils v0.1.0
[INFO] [stderr]    Compiling serde v1.0.197
[INFO] [stderr]    Compiling httparse v1.8.0
[INFO] [stderr]    Compiling spin v0.9.8
[INFO] [stderr]    Compiling once_cell v1.19.0
[INFO] [stderr]    Compiling futures-task v0.3.30
[INFO] [stderr]    Compiling untrusted v0.9.0
[INFO] [stderr]    Compiling rustls v0.22.4
[INFO] [stderr]    Compiling try-lock v0.2.5
[INFO] [stderr]    Compiling tinyvec_macros v0.1.1
[INFO] [stderr]    Compiling futures-channel v0.3.30
[INFO] [stderr]    Compiling want v0.3.1
[INFO] [stderr]    Compiling tinyvec v1.6.0
[INFO] [stderr]    Compiling futures-util v0.3.30
[INFO] [stderr]    Compiling smallvec v1.13.2
[INFO] [stderr]    Compiling autocfg v1.1.0
[INFO] [stderr]    Compiling tower-layer v0.3.2
[INFO] [stderr]    Compiling tracing-core v0.1.32
[INFO] [stderr]    Compiling tower-service v0.3.2
[INFO] [stderr]    Compiling zeroize v1.7.0
[INFO] [stderr]    Compiling subtle v2.5.0
[INFO] [stderr]    Compiling percent-encoding v2.3.1
[INFO] [stderr]    Compiling ryu v1.0.17
[INFO] [stderr]    Compiling unicode-bidi v0.3.15
[INFO] [stderr]    Compiling serde_json v1.0.114
[INFO] [stderr]    Compiling http v1.1.0
[INFO] [stderr]    Compiling form_urlencoded v1.2.1
[INFO] [stderr]    Compiling thiserror v1.0.58
[INFO] [stderr]    Compiling base64 v0.21.7
[INFO] [stderr]    Compiling tracing v0.1.40
[INFO] [stderr]    Compiling num-traits v0.2.18
[INFO] [stderr]    Compiling async-trait v0.1.79
[INFO] [stderr]    Compiling webpki-roots v0.26.1
[INFO] [stderr]    Compiling mime v0.3.17
[INFO] [stderr]    Compiling sync_wrapper v0.1.2
[INFO] [stderr]    Compiling ipnet v2.9.0
[INFO] [stderr]    Compiling quote v1.0.35
[INFO] [stderr]    Compiling unicode-normalization v0.1.23
[INFO] [stderr]    Compiling rustls-pemfile v1.0.4
[INFO] [stderr]    Compiling mio v0.8.11
[INFO] [stderr]    Compiling syn v2.0.55
[INFO] [stderr]    Compiling socket2 v0.5.6
[INFO] [stderr]    Compiling getrandom v0.2.12
[INFO] [stderr]    Compiling ring v0.17.8
[INFO] [stderr]    Compiling idna v0.5.0
[INFO] [stderr]    Compiling http-body v1.0.0
[INFO] [stderr]    Compiling tokio v1.36.0
[INFO] [stderr]    Compiling http-body-util v0.1.1
[INFO] [stderr]    Compiling url v2.5.0
[INFO] [stderr]    Compiling pin-project-internal v1.1.5
[INFO] [stderr]    Compiling serde_derive v1.0.197
[INFO] [stderr]    Compiling thiserror-impl v1.0.58
[INFO] [stderr]    Compiling serde_repr v0.1.18
[INFO] [stderr]    Compiling pin-project v1.1.5
[INFO] [stderr]    Compiling hyper v1.2.0
[INFO] [stderr]    Compiling tower v0.4.13
[INFO] [stderr]    Compiling rustls-webpki v0.102.2
[INFO] [stderr]    Compiling hyper-util v0.1.3
[INFO] [stderr]    Compiling tokio-rustls v0.25.0
[INFO] [stderr]    Compiling hyper-rustls v0.26.0
[INFO] [stderr]    Compiling serde_urlencoded v0.7.1
[INFO] [stderr]    Compiling chrono v0.4.35
[INFO] [stderr]    Compiling reqwest v0.12.1
[INFO] [stderr]    Compiling tmdb-api v0.8.0 (/opt/rustwide/workdir)
[INFO] [stderr]     Finished `dev` profile [unoptimized + debuginfo] target(s) in 24.87s
[INFO] running `Command { std: "docker" "inspect" "a608a9992563bf26be936f535ea66316b3997c934fa1f7c5dbca6df81f0bc1ca", kill_on_drop: false }`
[INFO] running `Command { std: "docker" "rm" "-f" "a608a9992563bf26be936f535ea66316b3997c934fa1f7c5dbca6df81f0bc1ca", kill_on_drop: false }`
[INFO] [stdout] a608a9992563bf26be936f535ea66316b3997c934fa1f7c5dbca6df81f0bc1ca
[INFO] running `Command { std: "docker" "create" "-v" "/var/lib/crater-agent-workspace/builds/worker-6-tc2/target:/opt/rustwide/target:rw,Z" "-v" "/var/lib/crater-agent-workspace/builds/worker-6-tc2/source:/opt/rustwide/workdir:ro,Z" "-v" "/var/lib/crater-agent-workspace/cargo-home:/opt/rustwide/cargo-home:ro,Z" "-v" "/var/lib/crater-agent-workspace/rustup-home:/opt/rustwide/rustup-home:ro,Z" "-e" "SOURCE_DIR=/opt/rustwide/workdir" "-e" "CARGO_TARGET_DIR=/opt/rustwide/target" "-e" "CARGO_INCREMENTAL=0" "-e" "RUST_BACKTRACE=full" "-e" "RUSTFLAGS=--cap-lints=forbid -Zrandomize-layout" "-e" "RUSTDOCFLAGS=--cap-lints=forbid" "-e" "CARGO_HOME=/opt/rustwide/cargo-home" "-e" "RUSTUP_HOME=/opt/rustwide/rustup-home" "-w" "/opt/rustwide/workdir" "-m" "1610612736" "--user" "0:0" "--network" "none" "ghcr.io/rust-lang/crates-build-env/linux@sha256:819108c5571ea2e421544af4d832f968d213c87fbe3707a016657f43d2f853bc" "/opt/rustwide/cargo-home/bin/cargo" "+nightly-2025-01-18" "test" "--frozen" "--no-run" "--message-format=json", kill_on_drop: false }`
[INFO] [stdout] f1ef7e7de7b4976cd4aceaaab672fd89725f320381e6862bba9cf9eb42b5854f
[INFO] running `Command { std: "docker" "start" "-a" "f1ef7e7de7b4976cd4aceaaab672fd89725f320381e6862bba9cf9eb42b5854f", kill_on_drop: false }`
[INFO] [stderr]    Compiling lock_api v0.4.11
[INFO] [stderr]    Compiling parking_lot_core v0.9.9
[INFO] [stderr]    Compiling scopeguard v1.2.0
[INFO] [stderr]    Compiling signal-hook-registry v1.4.1
[INFO] [stderr]    Compiling num_cpus v1.16.0
[INFO] [stderr]    Compiling tokio-macros v2.2.0
[INFO] [stderr]    Compiling getrandom v0.2.12
[INFO] [stderr]    Compiling slab v0.4.9
[INFO] [stderr]    Compiling http v0.2.12
[INFO] [stderr]    Compiling equivalent v1.0.1
[INFO] [stderr]    Compiling futures-sink v0.3.30
[INFO] [stderr]    Compiling hashbrown v0.14.3
[INFO] [stderr]    Compiling memchr v2.7.1
[INFO] [stderr]    Compiling ppv-lite86 v0.2.17
[INFO] [stderr]    Compiling regex-syntax v0.8.2
[INFO] [stderr]    Compiling httpdate v1.0.3
[INFO] [stderr]    Compiling lazy_static v1.4.0
[INFO] [stderr]    Compiling assert-json-diff v2.0.2
[INFO] [stderr]    Compiling similar v2.4.0
[INFO] [stderr]    Compiling colored v2.1.0
[INFO] [stderr]    Compiling ring v0.17.8
[INFO] [stderr]    Compiling rand_core v0.6.4
[INFO] [stderr]    Compiling parking_lot v0.12.1
[INFO] [stderr]    Compiling rand_chacha v0.3.1
[INFO] [stderr]    Compiling aho-corasick v1.1.3
[INFO] [stderr]    Compiling tokio v1.36.0
[INFO] [stderr]    Compiling indexmap v2.2.6
[INFO] [stderr]    Compiling rand v0.8.5
[INFO] [stderr]    Compiling http-body v0.4.6
[INFO] [stderr]    Compiling rustls-webpki v0.102.2
[INFO] [stderr]    Compiling rustls v0.22.4
[INFO] [stderr]    Compiling regex-automata v0.4.6
[INFO] [stderr]    Compiling regex v1.10.4
[INFO] [stderr]    Compiling hyper v1.2.0
[INFO] [stderr]    Compiling tower v0.4.13
[INFO] [stderr]    Compiling tokio-rustls v0.25.0
[INFO] [stderr]    Compiling tokio-util v0.7.10
[INFO] [stderr]    Compiling h2 v0.3.26
[INFO] [stderr]    Compiling hyper-util v0.1.3
[INFO] [stderr]    Compiling hyper-rustls v0.26.0
[INFO] [stderr]    Compiling reqwest v0.12.1
[INFO] [stderr]    Compiling tmdb-api v0.8.0 (/opt/rustwide/workdir)
[INFO] [stderr]    Compiling hyper v0.14.28
[INFO] [stderr]    Compiling mockito v1.4.0
[INFO] [stderr]     Finished `test` profile [unoptimized + debuginfo] target(s) in 37.94s
[INFO] running `Command { std: "docker" "inspect" "f1ef7e7de7b4976cd4aceaaab672fd89725f320381e6862bba9cf9eb42b5854f", kill_on_drop: false }`
[INFO] running `Command { std: "docker" "rm" "-f" "f1ef7e7de7b4976cd4aceaaab672fd89725f320381e6862bba9cf9eb42b5854f", kill_on_drop: false }`
[INFO] [stdout] f1ef7e7de7b4976cd4aceaaab672fd89725f320381e6862bba9cf9eb42b5854f
[INFO] running `Command { std: "docker" "create" "-v" "/var/lib/crater-agent-workspace/builds/worker-6-tc2/target:/opt/rustwide/target:rw,Z" "-v" "/var/lib/crater-agent-workspace/builds/worker-6-tc2/source:/opt/rustwide/workdir:ro,Z" "-v" "/var/lib/crater-agent-workspace/cargo-home:/opt/rustwide/cargo-home:ro,Z" "-v" "/var/lib/crater-agent-workspace/rustup-home:/opt/rustwide/rustup-home:ro,Z" "-e" "SOURCE_DIR=/opt/rustwide/workdir" "-e" "CARGO_TARGET_DIR=/opt/rustwide/target" "-e" "CARGO_INCREMENTAL=0" "-e" "RUST_BACKTRACE=full" "-e" "RUSTFLAGS=--cap-lints=forbid -Zrandomize-layout" "-e" "RUSTDOCFLAGS=--cap-lints=forbid" "-e" "CARGO_HOME=/opt/rustwide/cargo-home" "-e" "RUSTUP_HOME=/opt/rustwide/rustup-home" "-w" "/opt/rustwide/workdir" "-m" "1610612736" "--user" "0:0" "--network" "none" "ghcr.io/rust-lang/crates-build-env/linux@sha256:819108c5571ea2e421544af4d832f968d213c87fbe3707a016657f43d2f853bc" "/opt/rustwide/cargo-home/bin/cargo" "+nightly-2025-01-18" "test" "--frozen", kill_on_drop: false }`
[INFO] [stdout] 41a05737f115175c5a8b725e4e3b7493e7e2998b0a1a5e2fb510a41e5bbc6e8d
[INFO] running `Command { std: "docker" "start" "-a" "41a05737f115175c5a8b725e4e3b7493e7e2998b0a1a5e2fb510a41e5bbc6e8d", kill_on_drop: false }`
[INFO] [stderr]     Finished `test` profile [unoptimized + debuginfo] target(s) in 0.23s
[INFO] [stderr]      Running unittests src/lib.rs (/opt/rustwide/target/debug/deps/tmdb_api-1eeb70ee384a0d68)
[INFO] [stdout] 
[INFO] [stdout] running 171 tests
[INFO] [stdout] test certification::list::tests::movie_works ... ok
[INFO] [stdout] test company::details::tests::invalid_api_key ... ok
[INFO] [stdout] test certification::list::tests::resource_not_found ... ok
[INFO] [stdout] test collection::details::tests::resource_not_found ... ok
[INFO] [stdout] test company::alternative_names::tests::resource_not_found ... ok
[INFO] [stdout] test collection::details::tests::invalid_api_key ... ok
[INFO] [stdout] test changes::list::tests::person_works ... ok
[INFO] [stdout] test certification::list::tests::invalid_api_key ... ok
[INFO] [stdout] test changes::list::tests::tv_works_with_args ... ok
[INFO] [stdout] test changes::list::tests::invalid_api_key ... ok
[INFO] [stdout] test collection::details::tests::it_works ... ok
[INFO] [stdout] test changes::list::tests::resource_not_found ... ok
[INFO] [stdout] test changes::list::tests::tv_works ... ok
[INFO] [stdout] test company::details::tests::it_works ... ok
[INFO] [stdout] test changes::list::tests::movie_works ... ok
[INFO] [stdout] test company::details::tests::resource_not_found ... ok
[INFO] [stdout] test company::alternative_names::tests::invalid_api_key ... ok
[INFO] [stdout] test company::images::tests::it_works ... ok
[INFO] [stdout] test configuration::countries::tests::invalid_api_key ... ok
[INFO] [stdout] test company::images::tests::resource_not_found ... ok
[INFO] [stdout] test certification::list::tests::tv_works ... ok
[INFO] [stdout] test configuration::jobs::tests::invalid_api_key ... ok
[INFO] [stdout] test configuration::countries::tests::resource_not_found ... ok
[INFO] [stdout] test company::alternative_names::tests::it_works ... ok
[INFO] [stdout] test configuration::countries::tests::it_works ... ok
[INFO] [stdout] test genre::list::tests::resource_not_found ... ok
[INFO] [stdout] test configuration::languages::tests::it_works ... ok
[INFO] [stdout] test configuration::languages::tests::resource_not_found ... ok
[INFO] [stdout] test company::images::tests::invalid_api_key ... ok
[INFO] [stdout] test movie::alternative_titles::tests::invalid_api_key ... ok
[INFO] [stdout] test configuration::languages::tests::invalid_api_key ... ok
[INFO] [stdout] test movie::alternative_titles::tests::it_works ... ok
[INFO] [stdout] test genre::list::tests::invalid_api_key ... ok
[INFO] [stdout] test genre::list::tests::movie_works ... ok
[INFO] [stdout] test genre::list::tests::tv_works ... ok
[INFO] [stdout] test movie::alternative_titles::tests::resource_not_found ... ok
[INFO] [stdout] test configuration::jobs::tests::resource_not_found ... ok
[INFO] [stdout] test movie::changes::tests::it_works ... ok
[INFO] [stdout] test movie::changes::tests::invalid_api_key ... ok
[INFO] [stdout] test movie::details::tests::it_works ... ok
[INFO] [stdout] test configuration::jobs::tests::it_works ... ok
[INFO] [stdout] test movie::external_ids::tests::invalid_api_key ... ok
[INFO] [stdout] test movie::external_ids::tests::it_works ... ok
[INFO] [stdout] test movie::credits::tests::invalid_api_key ... ok
[INFO] [stdout] test movie::details::tests::invalid_api_key ... ok
[INFO] [stdout] test movie::credits::tests::resource_not_found ... ok
[INFO] [stdout] test movie::discover::tests::validation_error ... ok
[INFO] [stdout] test movie::changes::tests::resource_not_found ... ok
[INFO] [stdout] test movie::discover::tests::resource_not_found ... ok
[INFO] [stdout] test movie::discover::tests::it_works ... ok
[INFO] [stdout] test movie::images::tests::invalid_api_key ... ok
[INFO] [stdout] test movie::keywords::tests::resource_not_found ... ok
[INFO] [stdout] test movie::details::tests::resource_not_found ... ok
[INFO] [stdout] test movie::keywords::tests::invalid_api_key ... ok
[INFO] [stdout] test movie::discover::tests::invalid_api_key ... ok
[INFO] [stdout] test movie::images::tests::resource_not_found ... ok
[INFO] [stdout] test movie::keywords::tests::it_works ... ok
[INFO] [stdout] test movie::external_ids::tests::resource_not_found ... ok
[INFO] [stdout] test movie::latest::tests::resource_not_found ... ok
[INFO] [stdout] test movie::popular::tests::it_works ... ok
[INFO] [stdout] test movie::now_playing::tests::invalid_api_key ... ok
[INFO] [stdout] test movie::credits::tests::it_works ... ok
[INFO] [stdout] test movie::lists::tests::invalid_api_key ... ok
[INFO] [stdout] test movie::latest::tests::it_works ... ok
[INFO] [stdout] test movie::popular::tests::resource_not_found ... ok
[INFO] [stdout] test movie::lists::tests::it_works ... ok
[INFO] [stdout] test movie::lists::tests::resource_not_found ... ok
[INFO] [stdout] test movie::latest::tests::invalid_api_key ... ok
[INFO] [stdout] test movie::images::tests::it_works ... ok
[INFO] [stdout] test movie::now_playing::tests::it_works ... ok
[INFO] [stdout] test movie::reviews::tests::invalid_api_key ... ok
[INFO] [stdout] test movie::release_dates::tests::resource_not_found ... ok
[INFO] [stdout] test movie::recommendations::tests::invalid_api_key ... ok
[INFO] [stdout] test movie::now_playing::tests::resource_not_found ... ok
[INFO] [stdout] test movie::release_dates::tests::it_works ... ok
[INFO] [stdout] test movie::reviews::tests::it_works ... ok
[INFO] [stdout] test movie::popular::tests::invalid_api_key ... ok
[INFO] [stdout] test movie::reviews::tests::resource_not_found ... ok
[INFO] [stdout] test movie::recommendations::tests::resource_not_found ... ok
[INFO] [stdout] test movie::recommendations::tests::it_works ... ok
[INFO] [stdout] test movie::release_dates::tests::invalid_api_key ... ok
[INFO] [stdout] test movie::similar::tests::invalid_api_key ... ok
[INFO] [stdout] test movie::search::tests::invalid_api_key ... ok
[INFO] [stdout] test movie::search::tests::it_works ... ok
[INFO] [stdout] test movie::similar::tests::it_works ... ok
[INFO] [stdout] test movie::upcoming::tests::resource_not_found ... ok
[INFO] [stdout] test movie::similar::tests::resource_not_found ... ok
[INFO] [stdout] test movie::search::tests::validation_error ... ok
[INFO] [stdout] test movie::tests::serialize ... ok
[INFO] [stdout] test movie::translations::tests::resource_not_found ... ok
[INFO] [stdout] test movie::upcoming::tests::invalid_api_key ... ok
[INFO] [stdout] test movie::top_rated::tests::resource_not_found ... ok
[INFO] [stdout] test movie::translations::tests::it_works ... ok
[INFO] [stdout] test movie::upcoming::tests::it_works ... ok
[INFO] [stdout] test movie::top_rated::tests::invalid_api_key ... ok
[INFO] [stdout] test movie::search::tests::resource_not_found ... ok
[INFO] [stdout] test movie::videos::tests::it_works ... ok
[INFO] [stdout] test movie::trending::tests::resource_not_found ... ok
[INFO] [stdout] test movie::translations::tests::invalid_api_key ... ok
[INFO] [stdout] test movie::watch_providers::tests::invalid_api_key ... ok
[INFO] [stdout] test movie::videos::tests::invalid_api_key ... ok
[INFO] [stdout] test movie::trending::tests::invalid_api_key ... ok
[INFO] [stdout] test movie::videos::tests::resource_not_found ... ok
[INFO] [stdout] test movie::trending::tests::it_works ... ok
[INFO] [stdout] test people::details::tests::resource_not_found ... ok
[INFO] [stdout] test people::details::tests::it_works ... ok
[INFO] [stdout] test movie::watch_providers::tests::resource_not_found ... ok
[INFO] [stdout] test tvshow::content_ratings::tests::it_works ... ok
[INFO] [stdout] test people::details::tests::invalid_api_key ... ok
[INFO] [stdout] test tvshow::credits::tests::invalid_api_key ... ok
[INFO] [stdout] test movie::top_rated::tests::it_works ... ok
[INFO] [stdout] test tvshow::discover::tests::invalid_api_key ... ok
[INFO] [stdout] test tvshow::credits::tests::resource_not_found ... ok
[INFO] [stdout] test tvshow::details::tests::complex_works ... ok
[INFO] [stdout] test tvshow::details::tests::invalid_api_key ... ok
[INFO] [stdout] test tvshow::content_ratings::tests::resource_not_found ... ok
[INFO] [stdout] test tvshow::credits::tests::it_works ... ok
[INFO] [stdout] test tvshow::discover::tests::resource_not_found ... ok
[INFO] [stdout] test tvshow::discover::tests::it_works ... ok
[INFO] [stdout] test tvshow::details::tests::it_works ... ok
[INFO] [stdout] test tvshow::discover::tests::validation_error ... ok
[INFO] [stdout] test tvshow::content_ratings::tests::invalid_api_key ... ok
[INFO] [stdout] test tvshow::images::tests::resource_not_found ... ok
[INFO] [stdout] test tvshow::details::tests::resource_not_found ... ok
[INFO] [stdout] test tvshow::keywords::tests::resource_not_found ... ok
[INFO] [stdout] test tvshow::images::tests::invalid_api_key ... ok
[INFO] [stdout] test tvshow::episode::details::tests::resource_not_found ... ok
[INFO] [stdout] test tvshow::latest::tests::invalid_api_key ... ok
[INFO] [stdout] test tvshow::images::tests::it_works ... ok
[INFO] [stdout] test tvshow::keywords::tests::invalid_api_key ... ok
[INFO] [stdout] test tvshow::episode::details::tests::invalid_api_key ... ok
[INFO] [stdout] test tvshow::keywords::tests::it_works ... ok
[INFO] [stdout] test tvshow::latest::tests::it_works ... ok
[INFO] [stdout] test tvshow::episode::details::tests::it_works ... ok
[INFO] [stdout] test tvshow::popular::tests::invalid_api_key ... ok
[INFO] [stdout] test tvshow::latest::tests::resource_not_found ... ok
[INFO] [stdout] test tvshow::popular::tests::it_works ... ok
[INFO] [stdout] test tvshow::season::details::tests::invalid_api_key ... ok
[INFO] [stdout] test movie::watch_providers::tests::it_works ... ok
[INFO] [stdout] test tvshow::popular::tests::resource_not_found ... ok
[INFO] [stdout] test tvshow::search::tests::it_works ... ok
[INFO] [stdout] test tvshow::search::tests::resource_not_found ... ok
[INFO] [stdout] test tvshow::season::details::tests::resource_not_found ... ok
[INFO] [stdout] test tvshow::search::tests::fix_issue_25 ... ok
[INFO] [stdout] test tvshow::similar::tests::resource_not_found ... ok
[INFO] [stdout] test tvshow::similar::tests::invalid_api_key ... ok
[INFO] [stdout] test tvshow::trending::tests::invalid_api_key ... ok
[INFO] [stdout] test tvshow::translations::tests::invalid_api_key ... ok
[INFO] [stdout] test tvshow::trending::tests::resource_not_found ... ok
[INFO] [stdout] test tvshow::translations::tests::resource_not_found ... ok
[INFO] [stdout] test tvshow::season::details::tests::it_works ... ok
[INFO] [stdout] test tvshow::watch_providers::tests::resource_not_found ... ok
[INFO] [stdout] test tvshow::watch_providers::tests::invalid_api_key ... ok
[INFO] [stdout] test util::empty_string::tests::string::should_serialize ... ok
[INFO] [stdout] test tvshow::search::tests::invalid_api_key ... ok
[INFO] [stdout] test tvshow::videos::tests::resource_not_found ... ok
[INFO] [stdout] test util::empty_string::tests::date_time::should_deserialize ... ok
[INFO] [stdout] test tvshow::videos::tests::invalid_api_key ... ok
[INFO] [stdout] test watch_provider::list::tests::invalid_api_key ... ok
[INFO] [stdout] test tvshow::videos::tests::it_works ... ok
[INFO] [stdout] test tvshow::similar::tests::it_works ... ok
[INFO] [stdout] test util::empty_string::tests::date::should_serialize ... ok
[INFO] [stdout] test util::empty_string::tests::date_time::should_serialize ... ok
[INFO] [stdout] test util::empty_string::tests::string::should_deserialize ... ok
[INFO] [stdout] test tvshow::trending::tests::it_works ... ok
[INFO] [stdout] test watch_provider::list::tests::resource_not_found ... ok
[INFO] [stdout] test tvshow::translations::tests::it_works ... ok
[INFO] [stdout] test util::empty_string::tests::date::should_deserialize ... ok
[INFO] [stdout] test tvshow::watch_providers::tests::it_works ... ok
[INFO] [stdout] test watch_provider::list::tests::movie_works ... ok
[INFO] [stdout] test watch_provider::list::tests::tv_works ... ok
[INFO] [stdout] 
[INFO] [stdout] test result: ok. 171 passed; 0 failed; 0 ignored; 0 measured; 0 filtered out; finished in 0.22s
[INFO] [stdout] 
[INFO] [stderr]    Doc-tests tmdb_api
[INFO] [stdout] 
[INFO] [stdout] running 48 tests
[INFO] [stdout] test src/client/mod.rs - client::Client (line 67) ... ok
[INFO] [stdout] test src/movie/details.rs - movie::details::MovieDetails (line 5) ... FAILED
[INFO] [stdout] test src/collection/details.rs - collection::details::CollectionDetails (line 7) ... FAILED
[INFO] [stdout] test src/movie/images.rs - movie::images::MovieImages (line 7) ... FAILED
[INFO] [stdout] test src/movie/keywords.rs - movie::keywords::MovieKeywords (line 7) ... ok
[INFO] [stdout] test src/movie/lists.rs - movie::lists::MovieLists (line 7) ... ok
[INFO] [stdout] test src/movie/now_playing.rs - movie::now_playing::MovieNowPlaying (line 12) ... ok
[INFO] [stdout] test src/movie/latest.rs - movie::latest::MovieLatest (line 5) ... ok
[INFO] [stdout] test src/movie/alternative_titles.rs - movie::alternative_titles::MovieAlternativeTitles (line 5) ... ok
[INFO] [stdout] test src/company/details.rs - company::details::CompanyDetails (line 5) ... ok
[INFO] [stdout] test src/company/images.rs - company::images::CompanyImages (line 5) ... ok
[INFO] [stdout] test src/movie/external_ids.rs - movie::external_ids::MovieExternalIds (line 5) ... ok
[INFO] [stdout] test src/certification/list.rs - certification::list::CertificationList (line 21) ... ok
[INFO] [stdout] test src/company/alternative_names.rs - company::alternative_names::CompanyAlternativeNames (line 5) ... ok
[INFO] [stdout] test src/configuration/countries.rs - configuration::countries::Countries (line 7) ... ok
[INFO] [stdout] test src/configuration/jobs.rs - configuration::jobs::Jobs (line 7) ... ok
[INFO] [stdout] test src/configuration/languages.rs - configuration::languages::Languages (line 7) ... ok
[INFO] [stdout] test src/movie/changes.rs - movie::changes::MovieChanges (line 7) ... ok
[INFO] [stdout] test src/movie/credits.rs - movie::credits::MovieCredits (line 7) ... ok
[INFO] [stdout] test src/tvshow/credits.rs - tvshow::credits::TvShowCredits (line 7) ... FAILED
[INFO] [stdout] test src/tvshow/content_ratings.rs - tvshow::content_ratings::TVShowContentRatings (line 5) ... FAILED
[INFO] [stdout] test src/movie/release_dates.rs - movie::release_dates::MovieReleaseDates (line 7) ... ok
[INFO] [stdout] test src/movie/recommendations.rs - movie::recommendations::MovieRecommendations (line 7) ... ok
[INFO] [stdout] test src/movie/popular.rs - movie::popular::MoviePopular (line 7) ... ok
[INFO] [stdout] test src/tvshow/keywords.rs - tvshow::keywords::TVShowKeywords (line 7) ... FAILED
[INFO] [stdout] test src/genre/list.rs - genre::list::GenreList (line 20) ... ok
[INFO] [stdout] test src/movie/reviews.rs - movie::reviews::MovieReviews (line 7) ... ok
[INFO] [stdout] test src/movie/upcoming.rs - movie::upcoming::MovieUpcoming (line 11) ... FAILED
[INFO] [stdout] test src/tvshow/latest.rs - tvshow::latest::TVShowLatest (line 5) ... FAILED
[INFO] [stdout] test src/tvshow/translations.rs - tvshow::translations::TVShowTranslations (line 5) ... FAILED
[INFO] [stdout] test src/tvshow/details.rs - tvshow::details::TVShowDetails (line 5) ... FAILED
[INFO] [stdout] test src/tvshow/search.rs - tvshow::search::TVShowSearch (line 7) ... ok
[INFO] [stdout] test src/tvshow/images.rs - tvshow::images::TVShowImages (line 7) ... ok
[INFO] [stdout] test src/tvshow/trending.rs - tvshow::trending::TVShowTrending (line 6) ... ok
[INFO] [stdout] test src/movie/top_rated.rs - movie::top_rated::MovieTopRated (line 7) ... ok
[INFO] [stdout] test src/tvshow/videos.rs - tvshow::videos::TVShowVideos (line 6) ... ok
[INFO] [stdout] test src/tvshow/season/details.rs - tvshow::season::details::TVShowSeasonDetails (line 5) ... ok
[INFO] [stdout] test src/tvshow/similar.rs - tvshow::similar::GetSimilarTVShows (line 5) ... ok
[INFO] [stdout] test src/tvshow/watch_providers.rs - tvshow::watch_providers::TVShowWatchProviders (line 7) ... ok
[INFO] [stdout] test src/people/details.rs - people::details::PersonDetails (line 5) ... ok
[INFO] [stdout] test src/tvshow/episode/details.rs - tvshow::episode::details::TVShowEpisodeDetails (line 5) ... ok
[INFO] [stdout] test src/movie/watch_providers.rs - movie::watch_providers::MovieWatchProviders (line 7) ... ok
[INFO] [stdout] test src/movie/trending.rs - movie::trending::MovieTrending (line 6) ... ok
[INFO] [stdout] test src/movie/search.rs - movie::search::MovieSearch (line 7) ... ok
[INFO] [stdout] test src/movie/videos.rs - movie::videos::MovieVideos (line 7) ... ok
[INFO] [stdout] test src/movie/translations.rs - movie::translations::MovieTranslations (line 5) ... ok
[INFO] [stdout] test src/movie/similar.rs - movie::similar::GetSimilarMovies (line 5) ... ok
[INFO] [stdout] test src/tvshow/popular.rs - tvshow::popular::TVShowPopular (line 7) ... ok
[INFO] [stdout] 
[INFO] [stdout] failures:
[INFO] [stdout] 
[INFO] [stdout] ---- src/movie/details.rs - movie::details::MovieDetails (line 5) stdout ----
[INFO] [stdout] error: linking with `cc` failed: exit status: 1
[INFO] [stdout]   |
[INFO] [stdout]   = note: LC_ALL="C" PATH="/opt/rustwide/rustup-home/toolchains/nightly-2025-01-18-x86_64-unknown-linux-gnu/lib/rustlib/x86_64-unknown-linux-gnu/bin:/opt/rustwide/rustup-home/toolchains/nightly-2025-01-18-x86_64-unknown-linux-gnu/lib/rustlib/x86_64-unknown-linux-gnu/bin/self-contained:/opt/rustwide/cargo-home/bin:/usr/local/sbin:/usr/local/bin:/usr/sbin:/usr/bin:/sbin:/bin" VSLANG="1033" "cc" "-m64" "/tmp/rustc48C96x/symbols.o" "<2 object files omitted>" "-Wl,--as-needed" "-Wl,-Bstatic" "/opt/rustwide/target/debug/deps/{libtmdb_api-227ee0871962b3cf.rlib,libthiserror-b62884a8c35eed97.rlib,libchrono-59ee510e65909961.rlib,libnum_traits-3361e0fe74e12d02.rlib,libreqwest-15f7b9a673c187ad.rlib,librustls_pemfile-c3e4d584365ffa38.rlib,libserde_urlencoded-c8b8e82800896539.rlib,libwebpki_roots-fa08bdc7409625b4.rlib,libbase64-20ddf1efe2ed1391.rlib,libipnet-6eb8af5d179fac86.rlib,libhyper_rustls-07aaba3cad19ec87.rlib,libtokio_rustls-bd34c9ffd0a6f86d.rlib,librustls-b12fc8029c00900e.rlib,libsubtle-d45eb2041caa94b5.rlib,libwebpki-9efbbecfa7234a03.rlib,libring-cf302048d74e1fb4.rlib,libgetrandom-13c16821c572ad97.rlib,libspin-43b410d92d9f0c42.rlib,libuntrusted-e215f8ddea260b81.rlib,libzeroize-ec412d5d068307e3.rlib,librustls_pki_types-7b6411af577e1cbd.rlib,libserde_json-8395ba32f8a1df8d.rlib,libryu-a711e44cb569932c.rlib,libhyper_util-278cd05c5665e7a8.rlib,libtower-b7625319d9fb3bbb.rlib,libpin_project-0305828f710dbd24.rlib,libtower_layer-34dce19d824b0300.rlib,libtower_service-14784e7735d394ec.rlib,libtracing-8190b2e36ab398f2.rlib,libtracing_core-618cecb57017aca7.rlib,libonce_cell-44b3727b7ea843b2.rlib,libhyper-588113d1de232a49.rlib,libwant-9f221c42a061eee8.rlib,libtry_lock-50f0361f26ba6f84.rlib,libhttparse-05442fb190640869.rlib,libfutures_channel-c021df77a92f18c7.rlib,libfutures_util-6a27e53ac9c8e1e5.rlib,libfutures_task-c1d051b6b231b3b1.rlib,libpin_utils-1b4e05bc0098a6e0.rlib,libtokio-c2f95c4915ff1c43.rlib,libsignal_hook_registry-67a605d617d2d176.rlib,libnum_cpus-aa9f2b1424ac18f2.rlib,libsocket2-2a7034800d3175c9.rlib,libmio-72594dfa23ef1fc2.rlib,libparking_lot-44dfdf0d089056ef.rlib,libparking_lot_core-3bf2092826a34b8a.rlib,liblibc-68a6955141670b1e.rlib,libcfg_if-8f0231822091c729.rlib,libsmallvec-25e3efc79ea907ed.rlib,liblock_api-be8851776dc89901.rlib,libscopeguard-54efe0630e598d2f.rlib,libhttp_body_util-fc39bea9bdbd4d11.rlib,libpin_project_lite-f5b66b115085dfae.rlib,libhttp_body-47c66391de2fe72c.rlib,liblog-f72a0bca41d094ad.rlib,libfutures_core-cc320ca16a90a646.rlib,liburl-849145eeecf65280.rlib,libidna-3de7bb58cd45eed2.rlib,libunicode_normalization-c53b147974b4f714.rlib,libtinyvec-857d07d4d36ed9a0.rlib,libtinyvec_macros-e5520b0d2b86305f.rlib,libunicode_bidi-9e833f25bcabd505.rlib,libform_urlencoded-004e3ec578e725f5.rlib,libpercent_encoding-94c0844c6dae7341.rlib,libhttp-5e29ff590ed42cc6.rlib,libitoa-3c2fd7881a72929d.rlib,libbytes-0e5c1d216f0179e5.rlib,libfnv-a0e84274df5e929e.rlib,libserde-c1d060754e55c377.rlib}" "/opt/rustwide/rustup-home/toolchains/nightly-2025-01-18-x86_64-unknown-linux-gnu/lib/rustlib/x86_64-unknown-linux-gnu/lib/{libstd-006123e2ce67e99d.rlib,libpanic_unwind-e1447e1efa6f1e57.rlib,libobject-f6963a4916fcf097.rlib,libmemchr-49a2d9af912f4524.rlib,libaddr2line-04d19aad3936869d.rlib,libgimli-483c235edb789db0.rlib,librustc_demangle-294281af50b8f748.rlib,libstd_detect-3b08295250aabc2a.rlib,libhashbrown-4472d1e05ba0dfaf.rlib,librustc_std_workspace_alloc-2ef099fac590e457.rlib,libminiz_oxide-8a51f5e848546c29.rlib,libadler2-3d3fa22b868db521.rlib,libunwind-0ffda8b08e22dbea.rlib,libcfg_if-b08f62458fdd43b9.rlib,liblibc-559675126e63b890.rlib,liballoc-fcf21c8d1c9c7b75.rlib,librustc_std_workspace_core-e0b0460135bcf21d.rlib,libcore-d4097fdcbddd3bc7.rlib,libcompiler_builtins-fea484ac1eed7881.rlib}" "-Wl,-Bdynamic" "-lgcc_s" "-lutil" "-lrt" "-lpthread" "-lm" "-ldl" "-lc" "-B/opt/rustwide/rustup-home/toolchains/nightly-2025-01-18-x86_64-unknown-linux-gnu/lib/rustlib/x86_64-unknown-linux-gnu/bin/gcc-ld" "-fuse-ld=lld" "-Wl,--eh-frame-hdr" "-Wl,-z,noexecstack" "-L" "/opt/rustwide/target/debug/build/ring-35acdcb52c6c82b4/out" "-L" "/opt/rustwide/rustup-home/toolchains/nightly-2025-01-18-x86_64-unknown-linux-gnu/lib/rustlib/x86_64-unknown-linux-gnu/lib" "-o" "/tmp/rustdoctestXnhxp8/rust_out" "-Wl,--gc-sections" "-pie" "-Wl,-z,relro,-z,now" "-nodefaultlibs"
[INFO] [stdout]   = note: some arguments are omitted. use `--verbose` to show all linker arguments
[INFO] [stdout]   = note: collect2: fatal error: ld terminated with signal 9 [Killed]
[INFO] [stdout]           compilation terminated.
[INFO] [stdout]           
[INFO] [stdout] 
[INFO] [stdout] error: aborting due to 1 previous error
[INFO] [stdout] 
[INFO] [stdout] Couldn't compile the test.
[INFO] [stdout] ---- src/collection/details.rs - collection::details::CollectionDetails (line 7) stdout ----
[INFO] [stdout] error: linking with `cc` failed: exit status: 1
[INFO] [stdout]   |
[INFO] [stdout]   = note: LC_ALL="C" PATH="/opt/rustwide/rustup-home/toolchains/nightly-2025-01-18-x86_64-unknown-linux-gnu/lib/rustlib/x86_64-unknown-linux-gnu/bin:/opt/rustwide/rustup-home/toolchains/nightly-2025-01-18-x86_64-unknown-linux-gnu/lib/rustlib/x86_64-unknown-linux-gnu/bin/self-contained:/opt/rustwide/cargo-home/bin:/usr/local/sbin:/usr/local/bin:/usr/sbin:/usr/bin:/sbin:/bin" VSLANG="1033" "cc" "-m64" "/tmp/rustcqnBpeE/symbols.o" "<2 object files omitted>" "-Wl,--as-needed" "-Wl,-Bstatic" "/opt/rustwide/target/debug/deps/{libtmdb_api-227ee0871962b3cf.rlib,libthiserror-b62884a8c35eed97.rlib,libchrono-59ee510e65909961.rlib,libnum_traits-3361e0fe74e12d02.rlib,libreqwest-15f7b9a673c187ad.rlib,librustls_pemfile-c3e4d584365ffa38.rlib,libserde_urlencoded-c8b8e82800896539.rlib,libwebpki_roots-fa08bdc7409625b4.rlib,libbase64-20ddf1efe2ed1391.rlib,libipnet-6eb8af5d179fac86.rlib,libhyper_rustls-07aaba3cad19ec87.rlib,libtokio_rustls-bd34c9ffd0a6f86d.rlib,librustls-b12fc8029c00900e.rlib,libsubtle-d45eb2041caa94b5.rlib,libwebpki-9efbbecfa7234a03.rlib,libring-cf302048d74e1fb4.rlib,libgetrandom-13c16821c572ad97.rlib,libspin-43b410d92d9f0c42.rlib,libuntrusted-e215f8ddea260b81.rlib,libzeroize-ec412d5d068307e3.rlib,librustls_pki_types-7b6411af577e1cbd.rlib,libserde_json-8395ba32f8a1df8d.rlib,libryu-a711e44cb569932c.rlib,libhyper_util-278cd05c5665e7a8.rlib,libtower-b7625319d9fb3bbb.rlib,libpin_project-0305828f710dbd24.rlib,libtower_layer-34dce19d824b0300.rlib,libtower_service-14784e7735d394ec.rlib,libtracing-8190b2e36ab398f2.rlib,libtracing_core-618cecb57017aca7.rlib,libonce_cell-44b3727b7ea843b2.rlib,libhyper-588113d1de232a49.rlib,libwant-9f221c42a061eee8.rlib,libtry_lock-50f0361f26ba6f84.rlib,libhttparse-05442fb190640869.rlib,libfutures_channel-c021df77a92f18c7.rlib,libfutures_util-6a27e53ac9c8e1e5.rlib,libfutures_task-c1d051b6b231b3b1.rlib,libpin_utils-1b4e05bc0098a6e0.rlib,libtokio-c2f95c4915ff1c43.rlib,libsignal_hook_registry-67a605d617d2d176.rlib,libnum_cpus-aa9f2b1424ac18f2.rlib,libsocket2-2a7034800d3175c9.rlib,libmio-72594dfa23ef1fc2.rlib,libparking_lot-44dfdf0d089056ef.rlib,libparking_lot_core-3bf2092826a34b8a.rlib,liblibc-68a6955141670b1e.rlib,libcfg_if-8f0231822091c729.rlib,libsmallvec-25e3efc79ea907ed.rlib,liblock_api-be8851776dc89901.rlib,libscopeguard-54efe0630e598d2f.rlib,libhttp_body_util-fc39bea9bdbd4d11.rlib,libpin_project_lite-f5b66b115085dfae.rlib,libhttp_body-47c66391de2fe72c.rlib,liblog-f72a0bca41d094ad.rlib,libfutures_core-cc320ca16a90a646.rlib,liburl-849145eeecf65280.rlib,libidna-3de7bb58cd45eed2.rlib,libunicode_normalization-c53b147974b4f714.rlib,libtinyvec-857d07d4d36ed9a0.rlib,libtinyvec_macros-e5520b0d2b86305f.rlib,libunicode_bidi-9e833f25bcabd505.rlib,libform_urlencoded-004e3ec578e725f5.rlib,libpercent_encoding-94c0844c6dae7341.rlib,libhttp-5e29ff590ed42cc6.rlib,libitoa-3c2fd7881a72929d.rlib,libbytes-0e5c1d216f0179e5.rlib,libfnv-a0e84274df5e929e.rlib,libserde-c1d060754e55c377.rlib}" "/opt/rustwide/rustup-home/toolchains/nightly-2025-01-18-x86_64-unknown-linux-gnu/lib/rustlib/x86_64-unknown-linux-gnu/lib/{libstd-006123e2ce67e99d.rlib,libpanic_unwind-e1447e1efa6f1e57.rlib,libobject-f6963a4916fcf097.rlib,libmemchr-49a2d9af912f4524.rlib,libaddr2line-04d19aad3936869d.rlib,libgimli-483c235edb789db0.rlib,librustc_demangle-294281af50b8f748.rlib,libstd_detect-3b08295250aabc2a.rlib,libhashbrown-4472d1e05ba0dfaf.rlib,librustc_std_workspace_alloc-2ef099fac590e457.rlib,libminiz_oxide-8a51f5e848546c29.rlib,libadler2-3d3fa22b868db521.rlib,libunwind-0ffda8b08e22dbea.rlib,libcfg_if-b08f62458fdd43b9.rlib,liblibc-559675126e63b890.rlib,liballoc-fcf21c8d1c9c7b75.rlib,librustc_std_workspace_core-e0b0460135bcf21d.rlib,libcore-d4097fdcbddd3bc7.rlib,libcompiler_builtins-fea484ac1eed7881.rlib}" "-Wl,-Bdynamic" "-lgcc_s" "-lutil" "-lrt" "-lpthread" "-lm" "-ldl" "-lc" "-B/opt/rustwide/rustup-home/toolchains/nightly-2025-01-18-x86_64-unknown-linux-gnu/lib/rustlib/x86_64-unknown-linux-gnu/bin/gcc-ld" "-fuse-ld=lld" "-Wl,--eh-frame-hdr" "-Wl,-z,noexecstack" "-L" "/opt/rustwide/target/debug/build/ring-35acdcb52c6c82b4/out" "-L" "/opt/rustwide/rustup-home/toolchains/nightly-2025-01-18-x86_64-unknown-linux-gnu/lib/rustlib/x86_64-unknown-linux-gnu/lib" "-o" "/tmp/rustdoctestvj5yOG/rust_out" "-Wl,--gc-sections" "-pie" "-Wl,-z,relro,-z,now" "-nodefaultlibs"
[INFO] [stdout]   = note: some arguments are omitted. use `--verbose` to show all linker arguments
[INFO] [stdout]   = note: collect2: fatal error: ld terminated with signal 9 [Killed]
[INFO] [stdout]           compilation terminated.
[INFO] [stdout]           
[INFO] [stdout] 
[INFO] [stdout] error: aborting due to 1 previous error
[INFO] [stdout] 
[INFO] [stdout] Couldn't compile the test.
[INFO] [stdout] ---- src/movie/images.rs - movie::images::MovieImages (line 7) stdout ----
[INFO] [stdout] error: linking with `cc` failed: exit status: 1
[INFO] [stdout]   |
[INFO] [stdout]   = note: LC_ALL="C" PATH="/opt/rustwide/rustup-home/toolchains/nightly-2025-01-18-x86_64-unknown-linux-gnu/lib/rustlib/x86_64-unknown-linux-gnu/bin:/opt/rustwide/rustup-home/toolchains/nightly-2025-01-18-x86_64-unknown-linux-gnu/lib/rustlib/x86_64-unknown-linux-gnu/bin/self-contained:/opt/rustwide/cargo-home/bin:/usr/local/sbin:/usr/local/bin:/usr/sbin:/usr/bin:/sbin:/bin" VSLANG="1033" "cc" "-m64" "/tmp/rustcNYBCdj/symbols.o" "<2 object files omitted>" "-Wl,--as-needed" "-Wl,-Bstatic" "/opt/rustwide/target/debug/deps/{libtmdb_api-227ee0871962b3cf.rlib,libthiserror-b62884a8c35eed97.rlib,libchrono-59ee510e65909961.rlib,libnum_traits-3361e0fe74e12d02.rlib,libreqwest-15f7b9a673c187ad.rlib,librustls_pemfile-c3e4d584365ffa38.rlib,libserde_urlencoded-c8b8e82800896539.rlib,libwebpki_roots-fa08bdc7409625b4.rlib,libbase64-20ddf1efe2ed1391.rlib,libipnet-6eb8af5d179fac86.rlib,libhyper_rustls-07aaba3cad19ec87.rlib,libtokio_rustls-bd34c9ffd0a6f86d.rlib,librustls-b12fc8029c00900e.rlib,libsubtle-d45eb2041caa94b5.rlib,libwebpki-9efbbecfa7234a03.rlib,libring-cf302048d74e1fb4.rlib,libgetrandom-13c16821c572ad97.rlib,libspin-43b410d92d9f0c42.rlib,libuntrusted-e215f8ddea260b81.rlib,libzeroize-ec412d5d068307e3.rlib,librustls_pki_types-7b6411af577e1cbd.rlib,libserde_json-8395ba32f8a1df8d.rlib,libryu-a711e44cb569932c.rlib,libhyper_util-278cd05c5665e7a8.rlib,libtower-b7625319d9fb3bbb.rlib,libpin_project-0305828f710dbd24.rlib,libtower_layer-34dce19d824b0300.rlib,libtower_service-14784e7735d394ec.rlib,libtracing-8190b2e36ab398f2.rlib,libtracing_core-618cecb57017aca7.rlib,libonce_cell-44b3727b7ea843b2.rlib,libhyper-588113d1de232a49.rlib,libwant-9f221c42a061eee8.rlib,libtry_lock-50f0361f26ba6f84.rlib,libhttparse-05442fb190640869.rlib,libfutures_channel-c021df77a92f18c7.rlib,libfutures_util-6a27e53ac9c8e1e5.rlib,libfutures_task-c1d051b6b231b3b1.rlib,libpin_utils-1b4e05bc0098a6e0.rlib,libtokio-c2f95c4915ff1c43.rlib,libsignal_hook_registry-67a605d617d2d176.rlib,libnum_cpus-aa9f2b1424ac18f2.rlib,libsocket2-2a7034800d3175c9.rlib,libmio-72594dfa23ef1fc2.rlib,libparking_lot-44dfdf0d089056ef.rlib,libparking_lot_core-3bf2092826a34b8a.rlib,liblibc-68a6955141670b1e.rlib,libcfg_if-8f0231822091c729.rlib,libsmallvec-25e3efc79ea907ed.rlib,liblock_api-be8851776dc89901.rlib,libscopeguard-54efe0630e598d2f.rlib,libhttp_body_util-fc39bea9bdbd4d11.rlib,libpin_project_lite-f5b66b115085dfae.rlib,libhttp_body-47c66391de2fe72c.rlib,liblog-f72a0bca41d094ad.rlib,libfutures_core-cc320ca16a90a646.rlib,liburl-849145eeecf65280.rlib,libidna-3de7bb58cd45eed2.rlib,libunicode_normalization-c53b147974b4f714.rlib,libtinyvec-857d07d4d36ed9a0.rlib,libtinyvec_macros-e5520b0d2b86305f.rlib,libunicode_bidi-9e833f25bcabd505.rlib,libform_urlencoded-004e3ec578e725f5.rlib,libpercent_encoding-94c0844c6dae7341.rlib,libhttp-5e29ff590ed42cc6.rlib,libitoa-3c2fd7881a72929d.rlib,libbytes-0e5c1d216f0179e5.rlib,libfnv-a0e84274df5e929e.rlib,libserde-c1d060754e55c377.rlib}" "/opt/rustwide/rustup-home/toolchains/nightly-2025-01-18-x86_64-unknown-linux-gnu/lib/rustlib/x86_64-unknown-linux-gnu/lib/{libstd-006123e2ce67e99d.rlib,libpanic_unwind-e1447e1efa6f1e57.rlib,libobject-f6963a4916fcf097.rlib,libmemchr-49a2d9af912f4524.rlib,libaddr2line-04d19aad3936869d.rlib,libgimli-483c235edb789db0.rlib,librustc_demangle-294281af50b8f748.rlib,libstd_detect-3b08295250aabc2a.rlib,libhashbrown-4472d1e05ba0dfaf.rlib,librustc_std_workspace_alloc-2ef099fac590e457.rlib,libminiz_oxide-8a51f5e848546c29.rlib,libadler2-3d3fa22b868db521.rlib,libunwind-0ffda8b08e22dbea.rlib,libcfg_if-b08f62458fdd43b9.rlib,liblibc-559675126e63b890.rlib,liballoc-fcf21c8d1c9c7b75.rlib,librustc_std_workspace_core-e0b0460135bcf21d.rlib,libcore-d4097fdcbddd3bc7.rlib,libcompiler_builtins-fea484ac1eed7881.rlib}" "-Wl,-Bdynamic" "-lgcc_s" "-lutil" "-lrt" "-lpthread" "-lm" "-ldl" "-lc" "-B/opt/rustwide/rustup-home/toolchains/nightly-2025-01-18-x86_64-unknown-linux-gnu/lib/rustlib/x86_64-unknown-linux-gnu/bin/gcc-ld" "-fuse-ld=lld" "-Wl,--eh-frame-hdr" "-Wl,-z,noexecstack" "-L" "/opt/rustwide/target/debug/build/ring-35acdcb52c6c82b4/out" "-L" "/opt/rustwide/rustup-home/toolchains/nightly-2025-01-18-x86_64-unknown-linux-gnu/lib/rustlib/x86_64-unknown-linux-gnu/lib" "-o" "/tmp/rustdoctestgY0Ru9/rust_out" "-Wl,--gc-sections" "-pie" "-Wl,-z,relro,-z,now" "-nodefaultlibs"
[INFO] [stdout]   = note: some arguments are omitted. use `--verbose` to show all linker arguments
[INFO] [stdout]   = note: collect2: fatal error: ld terminated with signal 9 [Killed]
[INFO] [stdout]           compilation terminated.
[INFO] [stdout]           
[INFO] [stdout] 
[INFO] [stdout] error: aborting due to 1 previous error
[INFO] [stdout] 
[INFO] [stdout] Couldn't compile the test.
[INFO] [stdout] ---- src/tvshow/credits.rs - tvshow::credits::TvShowCredits (line 7) stdout ----
[INFO] [stdout] error[E0433]: failed to resolve: could not find `tv` in `tmdb_api`
[INFO] [stdout]  --> src/tvshow/credits.rs:12:15
[INFO] [stdout]   |
[INFO] [stdout] 7 | use tmdb_api::tv::credits::TvShowCredits;
[INFO] [stdout]   |               ^^ could not find `tv` in `tmdb_api`
[INFO] [stdout] 
[INFO] [stdout] error: aborting due to 1 previous error
[INFO] [stdout] 
[INFO] [stdout] For more information about this error, try `rustc --explain E0433`.
[INFO] [stdout] Couldn't compile the test.
[INFO] [stdout] ---- src/tvshow/content_ratings.rs - tvshow::content_ratings::TVShowContentRatings (line 5) stdout ----
[INFO] [stdout] error[E0433]: failed to resolve: could not find `tv` in `tmdb_api`
[INFO] [stdout]  --> src/tvshow/content_ratings.rs:10:15
[INFO] [stdout]   |
[INFO] [stdout] 7 | use tmdb_api::tv::content_ratings::TVShowContentRatings;
[INFO] [stdout]   |               ^^ could not find `tv` in `tmdb_api`
[INFO] [stdout] 
[INFO] [stdout] error: aborting due to 1 previous error
[INFO] [stdout] 
[INFO] [stdout] For more information about this error, try `rustc --explain E0433`.
[INFO] [stdout] Couldn't compile the test.
[INFO] [stdout] ---- src/tvshow/keywords.rs - tvshow::keywords::TVShowKeywords (line 7) stdout ----
[INFO] [stdout] error[E0433]: failed to resolve: could not find `tv` in `tmdb_api`
[INFO] [stdout]  --> src/tvshow/keywords.rs:12:15
[INFO] [stdout]   |
[INFO] [stdout] 7 | use tmdb_api::tv::keywords::TVShowKeywords;
[INFO] [stdout]   |               ^^ could not find `tv` in `tmdb_api`
[INFO] [stdout] 
[INFO] [stdout] error: aborting due to 1 previous error
[INFO] [stdout] 
[INFO] [stdout] For more information about this error, try `rustc --explain E0433`.
[INFO] [stdout] Couldn't compile the test.
[INFO] [stdout] ---- src/movie/upcoming.rs - movie::upcoming::MovieUpcoming (line 11) stdout ----
[INFO] [stdout] error: linking with `cc` failed: exit status: 1
[INFO] [stdout]   |
[INFO] [stdout]   = note: LC_ALL="C" PATH="/opt/rustwide/rustup-home/toolchains/nightly-2025-01-18-x86_64-unknown-linux-gnu/lib/rustlib/x86_64-unknown-linux-gnu/bin:/opt/rustwide/rustup-home/toolchains/nightly-2025-01-18-x86_64-unknown-linux-gnu/lib/rustlib/x86_64-unknown-linux-gnu/bin/self-contained:/opt/rustwide/cargo-home/bin:/usr/local/sbin:/usr/local/bin:/usr/sbin:/usr/bin:/sbin:/bin" VSLANG="1033" "cc" "-m64" "/tmp/rustc5uKK3v/symbols.o" "<2 object files omitted>" "-Wl,--as-needed" "-Wl,-Bstatic" "/opt/rustwide/target/debug/deps/{libtmdb_api-227ee0871962b3cf.rlib,libthiserror-b62884a8c35eed97.rlib,libchrono-59ee510e65909961.rlib,libnum_traits-3361e0fe74e12d02.rlib,libreqwest-15f7b9a673c187ad.rlib,librustls_pemfile-c3e4d584365ffa38.rlib,libserde_urlencoded-c8b8e82800896539.rlib,libwebpki_roots-fa08bdc7409625b4.rlib,libbase64-20ddf1efe2ed1391.rlib,libipnet-6eb8af5d179fac86.rlib,libhyper_rustls-07aaba3cad19ec87.rlib,libtokio_rustls-bd34c9ffd0a6f86d.rlib,librustls-b12fc8029c00900e.rlib,libsubtle-d45eb2041caa94b5.rlib,libwebpki-9efbbecfa7234a03.rlib,libring-cf302048d74e1fb4.rlib,libgetrandom-13c16821c572ad97.rlib,libspin-43b410d92d9f0c42.rlib,libuntrusted-e215f8ddea260b81.rlib,libzeroize-ec412d5d068307e3.rlib,librustls_pki_types-7b6411af577e1cbd.rlib,libserde_json-8395ba32f8a1df8d.rlib,libryu-a711e44cb569932c.rlib,libhyper_util-278cd05c5665e7a8.rlib,libtower-b7625319d9fb3bbb.rlib,libpin_project-0305828f710dbd24.rlib,libtower_layer-34dce19d824b0300.rlib,libtower_service-14784e7735d394ec.rlib,libtracing-8190b2e36ab398f2.rlib,libtracing_core-618cecb57017aca7.rlib,libonce_cell-44b3727b7ea843b2.rlib,libhyper-588113d1de232a49.rlib,libwant-9f221c42a061eee8.rlib,libtry_lock-50f0361f26ba6f84.rlib,libhttparse-05442fb190640869.rlib,libfutures_channel-c021df77a92f18c7.rlib,libfutures_util-6a27e53ac9c8e1e5.rlib,libfutures_task-c1d051b6b231b3b1.rlib,libpin_utils-1b4e05bc0098a6e0.rlib,libtokio-c2f95c4915ff1c43.rlib,libsignal_hook_registry-67a605d617d2d176.rlib,libnum_cpus-aa9f2b1424ac18f2.rlib,libsocket2-2a7034800d3175c9.rlib,libmio-72594dfa23ef1fc2.rlib,libparking_lot-44dfdf0d089056ef.rlib,libparking_lot_core-3bf2092826a34b8a.rlib,liblibc-68a6955141670b1e.rlib,libcfg_if-8f0231822091c729.rlib,libsmallvec-25e3efc79ea907ed.rlib,liblock_api-be8851776dc89901.rlib,libscopeguard-54efe0630e598d2f.rlib,libhttp_body_util-fc39bea9bdbd4d11.rlib,libpin_project_lite-f5b66b115085dfae.rlib,libhttp_body-47c66391de2fe72c.rlib,liblog-f72a0bca41d094ad.rlib,libfutures_core-cc320ca16a90a646.rlib,liburl-849145eeecf65280.rlib,libidna-3de7bb58cd45eed2.rlib,libunicode_normalization-c53b147974b4f714.rlib,libtinyvec-857d07d4d36ed9a0.rlib,libtinyvec_macros-e5520b0d2b86305f.rlib,libunicode_bidi-9e833f25bcabd505.rlib,libform_urlencoded-004e3ec578e725f5.rlib,libpercent_encoding-94c0844c6dae7341.rlib,libhttp-5e29ff590ed42cc6.rlib,libitoa-3c2fd7881a72929d.rlib,libbytes-0e5c1d216f0179e5.rlib,libfnv-a0e84274df5e929e.rlib,libserde-c1d060754e55c377.rlib}" "/opt/rustwide/rustup-home/toolchains/nightly-2025-01-18-x86_64-unknown-linux-gnu/lib/rustlib/x86_64-unknown-linux-gnu/lib/{libstd-006123e2ce67e99d.rlib,libpanic_unwind-e1447e1efa6f1e57.rlib,libobject-f6963a4916fcf097.rlib,libmemchr-49a2d9af912f4524.rlib,libaddr2line-04d19aad3936869d.rlib,libgimli-483c235edb789db0.rlib,librustc_demangle-294281af50b8f748.rlib,libstd_detect-3b08295250aabc2a.rlib,libhashbrown-4472d1e05ba0dfaf.rlib,librustc_std_workspace_alloc-2ef099fac590e457.rlib,libminiz_oxide-8a51f5e848546c29.rlib,libadler2-3d3fa22b868db521.rlib,libunwind-0ffda8b08e22dbea.rlib,libcfg_if-b08f62458fdd43b9.rlib,liblibc-559675126e63b890.rlib,liballoc-fcf21c8d1c9c7b75.rlib,librustc_std_workspace_core-e0b0460135bcf21d.rlib,libcore-d4097fdcbddd3bc7.rlib,libcompiler_builtins-fea484ac1eed7881.rlib}" "-Wl,-Bdynamic" "-lgcc_s" "-lutil" "-lrt" "-lpthread" "-lm" "-ldl" "-lc" "-B/opt/rustwide/rustup-home/toolchains/nightly-2025-01-18-x86_64-unknown-linux-gnu/lib/rustlib/x86_64-unknown-linux-gnu/bin/gcc-ld" "-fuse-ld=lld" "-Wl,--eh-frame-hdr" "-Wl,-z,noexecstack" "-L" "/opt/rustwide/target/debug/build/ring-35acdcb52c6c82b4/out" "-L" "/opt/rustwide/rustup-home/toolchains/nightly-2025-01-18-x86_64-unknown-linux-gnu/lib/rustlib/x86_64-unknown-linux-gnu/lib" "-o" "/tmp/rustdoctest8kCPNu/rust_out" "-Wl,--gc-sections" "-pie" "-Wl,-z,relro,-z,now" "-nodefaultlibs"
[INFO] [stdout]   = note: some arguments are omitted. use `--verbose` to show all linker arguments
[INFO] [stdout]   = note: collect2: fatal error: ld terminated with signal 9 [Killed]
[INFO] [stdout]           compilation terminated.
[INFO] [stdout]           
[INFO] [stdout] 
[INFO] [stdout] error: aborting due to 1 previous error
[INFO] [stdout] 
[INFO] [stdout] Couldn't compile the test.
[INFO] [stdout] ---- src/tvshow/latest.rs - tvshow::latest::TVShowLatest (line 5) stdout ----
[INFO] [stdout] error: linking with `cc` failed: exit status: 1
[INFO] [stdout]   |
[INFO] [stdout]   = note: LC_ALL="C" PATH="/opt/rustwide/rustup-home/toolchains/nightly-2025-01-18-x86_64-unknown-linux-gnu/lib/rustlib/x86_64-unknown-linux-gnu/bin:/opt/rustwide/rustup-home/toolchains/nightly-2025-01-18-x86_64-unknown-linux-gnu/lib/rustlib/x86_64-unknown-linux-gnu/bin/self-contained:/opt/rustwide/cargo-home/bin:/usr/local/sbin:/usr/local/bin:/usr/sbin:/usr/bin:/sbin:/bin" VSLANG="1033" "cc" "-m64" "/tmp/rustcUgW7ds/symbols.o" "<2 object files omitted>" "-Wl,--as-needed" "-Wl,-Bstatic" "/opt/rustwide/target/debug/deps/{libtmdb_api-227ee0871962b3cf.rlib,libthiserror-b62884a8c35eed97.rlib,libchrono-59ee510e65909961.rlib,libnum_traits-3361e0fe74e12d02.rlib,libreqwest-15f7b9a673c187ad.rlib,librustls_pemfile-c3e4d584365ffa38.rlib,libserde_urlencoded-c8b8e82800896539.rlib,libwebpki_roots-fa08bdc7409625b4.rlib,libbase64-20ddf1efe2ed1391.rlib,libipnet-6eb8af5d179fac86.rlib,libhyper_rustls-07aaba3cad19ec87.rlib,libtokio_rustls-bd34c9ffd0a6f86d.rlib,librustls-b12fc8029c00900e.rlib,libsubtle-d45eb2041caa94b5.rlib,libwebpki-9efbbecfa7234a03.rlib,libring-cf302048d74e1fb4.rlib,libgetrandom-13c16821c572ad97.rlib,libspin-43b410d92d9f0c42.rlib,libuntrusted-e215f8ddea260b81.rlib,libzeroize-ec412d5d068307e3.rlib,librustls_pki_types-7b6411af577e1cbd.rlib,libserde_json-8395ba32f8a1df8d.rlib,libryu-a711e44cb569932c.rlib,libhyper_util-278cd05c5665e7a8.rlib,libtower-b7625319d9fb3bbb.rlib,libpin_project-0305828f710dbd24.rlib,libtower_layer-34dce19d824b0300.rlib,libtower_service-14784e7735d394ec.rlib,libtracing-8190b2e36ab398f2.rlib,libtracing_core-618cecb57017aca7.rlib,libonce_cell-44b3727b7ea843b2.rlib,libhyper-588113d1de232a49.rlib,libwant-9f221c42a061eee8.rlib,libtry_lock-50f0361f26ba6f84.rlib,libhttparse-05442fb190640869.rlib,libfutures_channel-c021df77a92f18c7.rlib,libfutures_util-6a27e53ac9c8e1e5.rlib,libfutures_task-c1d051b6b231b3b1.rlib,libpin_utils-1b4e05bc0098a6e0.rlib,libtokio-c2f95c4915ff1c43.rlib,libsignal_hook_registry-67a605d617d2d176.rlib,libnum_cpus-aa9f2b1424ac18f2.rlib,libsocket2-2a7034800d3175c9.rlib,libmio-72594dfa23ef1fc2.rlib,libparking_lot-44dfdf0d089056ef.rlib,libparking_lot_core-3bf2092826a34b8a.rlib,liblibc-68a6955141670b1e.rlib,libcfg_if-8f0231822091c729.rlib,libsmallvec-25e3efc79ea907ed.rlib,liblock_api-be8851776dc89901.rlib,libscopeguard-54efe0630e598d2f.rlib,libhttp_body_util-fc39bea9bdbd4d11.rlib,libpin_project_lite-f5b66b115085dfae.rlib,libhttp_body-47c66391de2fe72c.rlib,liblog-f72a0bca41d094ad.rlib,libfutures_core-cc320ca16a90a646.rlib,liburl-849145eeecf65280.rlib,libidna-3de7bb58cd45eed2.rlib,libunicode_normalization-c53b147974b4f714.rlib,libtinyvec-857d07d4d36ed9a0.rlib,libtinyvec_macros-e5520b0d2b86305f.rlib,libunicode_bidi-9e833f25bcabd505.rlib,libform_urlencoded-004e3ec578e725f5.rlib,libpercent_encoding-94c0844c6dae7341.rlib,libhttp-5e29ff590ed42cc6.rlib,libitoa-3c2fd7881a72929d.rlib,libbytes-0e5c1d216f0179e5.rlib,libfnv-a0e84274df5e929e.rlib,libserde-c1d060754e55c377.rlib}" "/opt/rustwide/rustup-home/toolchains/nightly-2025-01-18-x86_64-unknown-linux-gnu/lib/rustlib/x86_64-unknown-linux-gnu/lib/{libstd-006123e2ce67e99d.rlib,libpanic_unwind-e1447e1efa6f1e57.rlib,libobject-f6963a4916fcf097.rlib,libmemchr-49a2d9af912f4524.rlib,libaddr2line-04d19aad3936869d.rlib,libgimli-483c235edb789db0.rlib,librustc_demangle-294281af50b8f748.rlib,libstd_detect-3b08295250aabc2a.rlib,libhashbrown-4472d1e05ba0dfaf.rlib,librustc_std_workspace_alloc-2ef099fac590e457.rlib,libminiz_oxide-8a51f5e848546c29.rlib,libadler2-3d3fa22b868db521.rlib,libunwind-0ffda8b08e22dbea.rlib,libcfg_if-b08f62458fdd43b9.rlib,liblibc-559675126e63b890.rlib,liballoc-fcf21c8d1c9c7b75.rlib,librustc_std_workspace_core-e0b0460135bcf21d.rlib,libcore-d4097fdcbddd3bc7.rlib,libcompiler_builtins-fea484ac1eed7881.rlib}" "-Wl,-Bdynamic" "-lgcc_s" "-lutil" "-lrt" "-lpthread" "-lm" "-ldl" "-lc" "-B/opt/rustwide/rustup-home/toolchains/nightly-2025-01-18-x86_64-unknown-linux-gnu/lib/rustlib/x86_64-unknown-linux-gnu/bin/gcc-ld" "-fuse-ld=lld" "-Wl,--eh-frame-hdr" "-Wl,-z,noexecstack" "-L" "/opt/rustwide/target/debug/build/ring-35acdcb52c6c82b4/out" "-L" "/opt/rustwide/rustup-home/toolchains/nightly-2025-01-18-x86_64-unknown-linux-gnu/lib/rustlib/x86_64-unknown-linux-gnu/lib" "-o" "/tmp/rustdoctestQnuzQQ/rust_out" "-Wl,--gc-sections" "-pie" "-Wl,-z,relro,-z,now" "-nodefaultlibs"
[INFO] [stdout]   = note: some arguments are omitted. use `--verbose` to show all linker arguments
[INFO] [stdout]   = note: collect2: fatal error: ld terminated with signal 9 [Killed]
[INFO] [stdout]           compilation terminated.
[INFO] [stdout]           
[INFO] [stdout] 
[INFO] [stdout] error: aborting due to 1 previous error
[INFO] [stdout] 
[INFO] [stdout] Couldn't compile the test.
[INFO] [stdout] ---- src/tvshow/translations.rs - tvshow::translations::TVShowTranslations (line 5) stdout ----
[INFO] [stdout] error[E0433]: failed to resolve: could not find `tv` in `tmdb_api`
[INFO] [stdout]  --> src/tvshow/translations.rs:10:15
[INFO] [stdout]   |
[INFO] [stdout] 7 | use tmdb_api::tv::translations::TVShowTranslations;
[INFO] [stdout]   |               ^^ could not find `tv` in `tmdb_api`
[INFO] [stdout] 
[INFO] [stdout] error: aborting due to 1 previous error
[INFO] [stdout] 
[INFO] [stdout] For more information about this error, try `rustc --explain E0433`.
[INFO] [stdout] Couldn't compile the test.
[INFO] [stdout] ---- src/tvshow/details.rs - tvshow::details::TVShowDetails (line 5) stdout ----
[INFO] [stdout] error: linking with `cc` failed: exit status: 1
[INFO] [stdout]   |
[INFO] [stdout]   = note: LC_ALL="C" PATH="/opt/rustwide/rustup-home/toolchains/nightly-2025-01-18-x86_64-unknown-linux-gnu/lib/rustlib/x86_64-unknown-linux-gnu/bin:/opt/rustwide/rustup-home/toolchains/nightly-2025-01-18-x86_64-unknown-linux-gnu/lib/rustlib/x86_64-unknown-linux-gnu/bin/self-contained:/opt/rustwide/cargo-home/bin:/usr/local/sbin:/usr/local/bin:/usr/sbin:/usr/bin:/sbin:/bin" VSLANG="1033" "cc" "-m64" "/tmp/rustc5eHSgt/symbols.o" "<2 object files omitted>" "-Wl,--as-needed" "-Wl,-Bstatic" "/opt/rustwide/target/debug/deps/{libtmdb_api-227ee0871962b3cf.rlib,libthiserror-b62884a8c35eed97.rlib,libchrono-59ee510e65909961.rlib,libnum_traits-3361e0fe74e12d02.rlib,libreqwest-15f7b9a673c187ad.rlib,librustls_pemfile-c3e4d584365ffa38.rlib,libserde_urlencoded-c8b8e82800896539.rlib,libwebpki_roots-fa08bdc7409625b4.rlib,libbase64-20ddf1efe2ed1391.rlib,libipnet-6eb8af5d179fac86.rlib,libhyper_rustls-07aaba3cad19ec87.rlib,libtokio_rustls-bd34c9ffd0a6f86d.rlib,librustls-b12fc8029c00900e.rlib,libsubtle-d45eb2041caa94b5.rlib,libwebpki-9efbbecfa7234a03.rlib,libring-cf302048d74e1fb4.rlib,libgetrandom-13c16821c572ad97.rlib,libspin-43b410d92d9f0c42.rlib,libuntrusted-e215f8ddea260b81.rlib,libzeroize-ec412d5d068307e3.rlib,librustls_pki_types-7b6411af577e1cbd.rlib,libserde_json-8395ba32f8a1df8d.rlib,libryu-a711e44cb569932c.rlib,libhyper_util-278cd05c5665e7a8.rlib,libtower-b7625319d9fb3bbb.rlib,libpin_project-0305828f710dbd24.rlib,libtower_layer-34dce19d824b0300.rlib,libtower_service-14784e7735d394ec.rlib,libtracing-8190b2e36ab398f2.rlib,libtracing_core-618cecb57017aca7.rlib,libonce_cell-44b3727b7ea843b2.rlib,libhyper-588113d1de232a49.rlib,libwant-9f221c42a061eee8.rlib,libtry_lock-50f0361f26ba6f84.rlib,libhttparse-05442fb190640869.rlib,libfutures_channel-c021df77a92f18c7.rlib,libfutures_util-6a27e53ac9c8e1e5.rlib,libfutures_task-c1d051b6b231b3b1.rlib,libpin_utils-1b4e05bc0098a6e0.rlib,libtokio-c2f95c4915ff1c43.rlib,libsignal_hook_registry-67a605d617d2d176.rlib,libnum_cpus-aa9f2b1424ac18f2.rlib,libsocket2-2a7034800d3175c9.rlib,libmio-72594dfa23ef1fc2.rlib,libparking_lot-44dfdf0d089056ef.rlib,libparking_lot_core-3bf2092826a34b8a.rlib,liblibc-68a6955141670b1e.rlib,libcfg_if-8f0231822091c729.rlib,libsmallvec-25e3efc79ea907ed.rlib,liblock_api-be8851776dc89901.rlib,libscopeguard-54efe0630e598d2f.rlib,libhttp_body_util-fc39bea9bdbd4d11.rlib,libpin_project_lite-f5b66b115085dfae.rlib,libhttp_body-47c66391de2fe72c.rlib,liblog-f72a0bca41d094ad.rlib,libfutures_core-cc320ca16a90a646.rlib,liburl-849145eeecf65280.rlib,libidna-3de7bb58cd45eed2.rlib,libunicode_normalization-c53b147974b4f714.rlib,libtinyvec-857d07d4d36ed9a0.rlib,libtinyvec_macros-e5520b0d2b86305f.rlib,libunicode_bidi-9e833f25bcabd505.rlib,libform_urlencoded-004e3ec578e725f5.rlib,libpercent_encoding-94c0844c6dae7341.rlib,libhttp-5e29ff590ed42cc6.rlib,libitoa-3c2fd7881a72929d.rlib,libbytes-0e5c1d216f0179e5.rlib,libfnv-a0e84274df5e929e.rlib,libserde-c1d060754e55c377.rlib}" "/opt/rustwide/rustup-home/toolchains/nightly-2025-01-18-x86_64-unknown-linux-gnu/lib/rustlib/x86_64-unknown-linux-gnu/lib/{libstd-006123e2ce67e99d.rlib,libpanic_unwind-e1447e1efa6f1e57.rlib,libobject-f6963a4916fcf097.rlib,libmemchr-49a2d9af912f4524.rlib,libaddr2line-04d19aad3936869d.rlib,libgimli-483c235edb789db0.rlib,librustc_demangle-294281af50b8f748.rlib,libstd_detect-3b08295250aabc2a.rlib,libhashbrown-4472d1e05ba0dfaf.rlib,librustc_std_workspace_alloc-2ef099fac590e457.rlib,libminiz_oxide-8a51f5e848546c29.rlib,libadler2-3d3fa22b868db521.rlib,libunwind-0ffda8b08e22dbea.rlib,libcfg_if-b08f62458fdd43b9.rlib,liblibc-559675126e63b890.rlib,liballoc-fcf21c8d1c9c7b75.rlib,librustc_std_workspace_core-e0b0460135bcf21d.rlib,libcore-d4097fdcbddd3bc7.rlib,libcompiler_builtins-fea484ac1eed7881.rlib}" "-Wl,-Bdynamic" "-lgcc_s" "-lutil" "-lrt" "-lpthread" "-lm" "-ldl" "-lc" "-B/opt/rustwide/rustup-home/toolchains/nightly-2025-01-18-x86_64-unknown-linux-gnu/lib/rustlib/x86_64-unknown-linux-gnu/bin/gcc-ld" "-fuse-ld=lld" "-Wl,--eh-frame-hdr" "-Wl,-z,noexecstack" "-L" "/opt/rustwide/target/debug/build/ring-35acdcb52c6c82b4/out" "-L" "/opt/rustwide/rustup-home/toolchains/nightly-2025-01-18-x86_64-unknown-linux-gnu/lib/rustlib/x86_64-unknown-linux-gnu/lib" "-o" "/tmp/rustdoctestz2bnqZ/rust_out" "-Wl,--gc-sections" "-pie" "-Wl,-z,relro,-z,now" "-nodefaultlibs"
[INFO] [stdout]   = note: some arguments are omitted. use `--verbose` to show all linker arguments
[INFO] [stdout]   = note: collect2: fatal error: ld terminated with signal 9 [Killed]
[INFO] [stdout]           compilation terminated.
[INFO] [stdout]           
[INFO] [stdout] 
[INFO] [stdout] error: aborting due to 1 previous error
[INFO] [stdout] 
[INFO] [stdout] Couldn't compile the test.
[INFO] [stdout] 
[INFO] [stdout] failures:
[INFO] [stdout]     src/collection/details.rs - collection::details::CollectionDetails (line 7)
[INFO] [stdout]     src/movie/details.rs - movie::details::MovieDetails (line 5)
[INFO] [stdout]     src/movie/images.rs - movie::images::MovieImages (line 7)
[INFO] [stdout]     src/movie/upcoming.rs - movie::upcoming::MovieUpcoming (line 11)
[INFO] [stdout]     src/tvshow/content_ratings.rs - tvshow::content_ratings::TVShowContentRatings (line 5)
[INFO] [stdout]     src/tvshow/credits.rs - tvshow::credits::TvShowCredits (line 7)
[INFO] [stdout]     src/tvshow/details.rs - tvshow::details::TVShowDetails (line 5)
[INFO] [stdout]     src/tvshow/keywords.rs - tvshow::keywords::TVShowKeywords (line 7)
[INFO] [stdout]     src/tvshow/latest.rs - tvshow::latest::TVShowLatest (line 5)
[INFO] [stdout]     src/tvshow/translations.rs - tvshow::translations::TVShowTranslations (line 5)
[INFO] [stdout] 
[INFO] [stdout] test result: FAILED. 38 passed; 10 failed; 0 ignored; 0 measured; 0 filtered out; finished in 43.64s
[INFO] [stdout] 
[INFO] [stderr] error: doctest failed, to rerun pass `--doc`
[INFO] running `Command { std: "docker" "inspect" "41a05737f115175c5a8b725e4e3b7493e7e2998b0a1a5e2fb510a41e5bbc6e8d", kill_on_drop: false }`
[INFO] running `Command { std: "docker" "rm" "-f" "41a05737f115175c5a8b725e4e3b7493e7e2998b0a1a5e2fb510a41e5bbc6e8d", kill_on_drop: false }`
[INFO] [stdout] 41a05737f115175c5a8b725e4e3b7493e7e2998b0a1a5e2fb510a41e5bbc6e8d
