[INFO] cloning repository https://github.com/wheregmis/dioxus-motion
[INFO] running `Command { std: "git" "-c" "credential.helper=" "-c" "credential.helper=/workspace/cargo-home/bin/git-credential-null" "clone" "--bare" "https://github.com/wheregmis/dioxus-motion" "/workspace/cache/git-repos/https%3A%2F%2Fgithub.com%2Fwheregmis%2Fdioxus-motion", kill_on_drop: false }`
[INFO] [stderr] Cloning into bare repository '/workspace/cache/git-repos/https%3A%2F%2Fgithub.com%2Fwheregmis%2Fdioxus-motion'...
[INFO] running `Command { std: "git" "rev-parse" "HEAD", kill_on_drop: false }`
[INFO] [stdout] 278aa00568d3f1d7a309f0c0258a92e82b2451e6
[INFO] testing wheregmis/dioxus-motion against nightly-2025-01-18 for randomize-layout-2
[INFO] running `Command { std: "git" "clone" "/workspace/cache/git-repos/https%3A%2F%2Fgithub.com%2Fwheregmis%2Fdioxus-motion" "/workspace/builds/worker-3-tc1/source", kill_on_drop: false }`
[INFO] [stderr] Cloning into '/workspace/builds/worker-3-tc1/source'...
[INFO] [stderr] done.
[INFO] validating manifest of git repo https://github.com/wheregmis/dioxus-motion on toolchain nightly-2025-01-18
[INFO] running `Command { std: CARGO_HOME="/workspace/cargo-home" RUSTUP_HOME="/workspace/rustup-home" "/workspace/cargo-home/bin/cargo" "+nightly-2025-01-18" "metadata" "--manifest-path" "Cargo.toml" "--no-deps", kill_on_drop: false }`
[INFO] started tweaking git repo https://github.com/wheregmis/dioxus-motion
[INFO] finished tweaking git repo https://github.com/wheregmis/dioxus-motion
[INFO] tweaked toml for git repo https://github.com/wheregmis/dioxus-motion written to /workspace/builds/worker-3-tc1/source/Cargo.toml
[INFO] crate git repo https://github.com/wheregmis/dioxus-motion already has a lockfile, it will not be regenerated
[INFO] running `Command { std: CARGO_HOME="/workspace/cargo-home" RUSTUP_HOME="/workspace/rustup-home" "/workspace/cargo-home/bin/cargo" "+nightly-2025-01-18" "fetch" "--manifest-path" "Cargo.toml", kill_on_drop: false }`
[INFO] [stderr] warning: profiles for the non root package will be ignored, specify profiles at the workspace root:
[INFO] [stderr] package:   /workspace/builds/worker-3-tc1/source/example_projects/Cargo.toml
[INFO] [stderr] workspace: /workspace/builds/worker-3-tc1/source/Cargo.toml
[INFO] [stderr]     Updating crates.io index
[INFO] [stderr]  Downloading crates ...
[INFO] [stderr]   Downloaded easer v0.3.0
[INFO] [stderr]   Downloaded manganis v0.6.1
[INFO] [stderr]   Downloaded zvariant_derive v4.0.0
[INFO] [stderr]   Downloaded libxdo-sys v0.11.0
[INFO] [stderr]   Downloaded dioxus-config-macro v0.6.1
[INFO] [stderr]   Downloaded libxdo v0.6.0
[INFO] [stderr]   Downloaded server_fn_macro_default v0.6.15
[INFO] [stderr]   Downloaded async-broadcast v0.7.1
[INFO] [stderr]   Downloaded pollster v0.3.0
[INFO] [stderr]   Downloaded rfd v0.14.1
[INFO] [stderr]   Downloaded ashpd v0.8.1
[INFO] [stderr]   Downloaded server_fn v0.6.15
[INFO] [stderr]   Downloaded muda v0.15.3
[INFO] [stderr]   Downloaded serde_qs v0.12.0
[INFO] [stderr]   Downloaded gtk-sys v0.18.2
[INFO] [stderr]   Downloaded muda v0.11.5
[INFO] [stderr]   Downloaded wry v0.45.0
[INFO] [stderr]   Downloaded gio v0.18.4
[INFO] [stderr]   Downloaded png v0.17.15
[INFO] [stderr]   Downloaded tray-icon v0.19.2
[INFO] [stderr]   Downloaded ndk v0.9.0
[INFO] [stderr]   Downloaded glib v0.18.5
[INFO] [stderr]   Downloaded euclid v0.22.11
[INFO] [stderr]   Downloaded ndk-sys v0.6.0+11769913
[INFO] [stderr]   Downloaded dioxus-desktop v0.6.1
[INFO] [stderr]   Downloaded const_format v0.2.34
[INFO] [stderr]   Downloaded gtk v0.18.2
[INFO] [stderr]   Downloaded dioxus-core v0.6.1
[INFO] [stderr]   Downloaded cfb v0.7.3
[INFO] [stderr]   Downloaded cssparser v0.27.2
[INFO] [stderr]   Downloaded gdk v0.18.2
[INFO] [stderr]   Downloaded webkit2gtk v2.0.1
[INFO] [stderr]   Downloaded gdk-sys v0.18.2
[INFO] [stderr]   Downloaded gio-sys v0.18.1
[INFO] [stderr]   Downloaded glib-sys v0.18.1
[INFO] [stderr]   Downloaded gloo-net v0.6.0
[INFO] [stderr]   Downloaded dioxus-fullstack v0.6.1
[INFO] [stderr]   Downloaded libc v0.2.168
[INFO] [stderr]   Downloaded global-hotkey v0.5.5
[INFO] [stderr]   Downloaded zvariant v4.0.0
[INFO] [stderr]   Downloaded zbus v4.0.1
[INFO] [stderr]   Downloaded pango v0.18.3
[INFO] [stderr]   Downloaded glib-macros v0.18.5
[INFO] [stderr]   Downloaded soup3 v0.5.0
[INFO] [stderr]   Downloaded tungstenite v0.23.0
[INFO] [stderr]   Downloaded const-serialize v0.6.1
[INFO] [stderr]   Downloaded dlopen2_derive v0.4.0
[INFO] [stderr]   Downloaded xxhash-rust v0.8.12
[INFO] [stderr]   Downloaded infer v0.11.0
[INFO] [stderr]   Downloaded zbus_macros v4.0.1
[INFO] [stderr]   Downloaded dlopen2 v0.7.0
[INFO] [stderr]   Downloaded libappindicator v0.9.0
[INFO] [stderr]   Downloaded cocoa-foundation v0.2.0
[INFO] [stderr]   Downloaded cocoa v0.26.0
[INFO] [stderr]   Downloaded selectors v0.22.0
[INFO] [stderr]   Downloaded cairo-rs v0.18.5
[INFO] [stderr]   Downloaded gtk3-macros v0.18.2
[INFO] [stderr]   Downloaded toml v0.8.2
[INFO] [stderr]   Downloaded dioxus-rsx v0.6.1
[INFO] [stderr]   Downloaded dioxus-core-macro v0.6.1
[INFO] [stderr]   Downloaded dioxus-html v0.6.1
[INFO] [stderr]   Downloaded dioxus_server_macro v0.6.1
[INFO] [stderr]   Downloaded server_fn_macro v0.6.15
[INFO] [stderr]   Downloaded kuchikiki v0.8.2
[INFO] [stderr]   Downloaded javascriptcore-rs v1.1.2
[INFO] [stderr]   Downloaded pango-sys v0.18.0
[INFO] [stderr]   Downloaded webkit2gtk-sys v2.0.1
[INFO] [stderr]   Downloaded webview2-com v0.33.0
[INFO] [stderr]   Downloaded convert_case v0.6.0
[INFO] [stderr]   Downloaded keyboard-types v0.7.0
[INFO] [stderr]   Downloaded sledgehammer_bindgen v0.6.0
[INFO] [stderr]   Downloaded dioxus-interpreter-js v0.6.1
[INFO] [stderr]   Downloaded dioxus-web v0.6.1
[INFO] [stderr]   Downloaded dioxus v0.6.1
[INFO] [stderr]   Downloaded const_format_proc_macros v0.2.34
[INFO] [stderr]   Downloaded dioxus-signals v0.6.1
[INFO] [stderr]   Downloaded zvariant_utils v1.1.0
[INFO] [stderr]   Downloaded gdkwayland-sys v0.18.2
[INFO] [stderr]   Downloaded libappindicator-sys v0.9.0
[INFO] [stderr]   Downloaded home v0.5.11
[INFO] [stderr]   Downloaded core-graphics v0.24.0
[INFO] [stderr]   Downloaded dpi v0.1.1
[INFO] [stderr]   Downloaded dtoa-short v0.3.5
[INFO] [stderr]   Downloaded atk v0.18.2
[INFO] [stderr]   Downloaded gdk-pixbuf v0.18.5
[INFO] [stderr]   Downloaded atk-sys v0.18.2
[INFO] [stderr]   Downloaded gobject-sys v0.18.0
[INFO] [stderr]   Downloaded dioxus-document v0.6.1
[INFO] [stderr]   Downloaded enumset v1.1.5
[INFO] [stderr]   Downloaded manganis-macro v0.6.1
[INFO] [stderr]   Downloaded longest-increasing-subsequence v0.1.0
[INFO] [stderr]   Downloaded futures-lite v2.5.0
[INFO] [stderr]   Downloaded gdkx11 v0.18.2
[INFO] [stderr]   Downloaded servo_arc v0.1.1
[INFO] [stderr]   Downloaded tao-macros v0.1.3
[INFO] [stderr]   Downloaded proc-macro-crate v2.0.2
[INFO] [stderr]   Downloaded cairo-sys-rs v0.18.2
[INFO] [stderr]   Downloaded gdk-pixbuf-sys v0.18.0
[INFO] [stderr]   Downloaded javascriptcore-rs-sys v1.1.1
[INFO] [stderr]   Downloaded enumset_derive v0.10.0
[INFO] [stderr]   Downloaded manganis-core v0.6.1
[INFO] [stderr]   Downloaded dioxus-hooks v0.6.1
[INFO] [stderr]   Downloaded core-graphics-types v0.2.0
[INFO] [stderr]   Downloaded phf_codegen v0.8.0
[INFO] [stderr]   Downloaded thin-slice v0.1.1
[INFO] [stderr]   Downloaded soup3-sys v0.5.0
[INFO] [stderr]   Downloaded webview2-com-macros v0.8.0
[INFO] [stderr]   Downloaded dioxus-lib v0.6.1
[INFO] [stderr]   Downloaded dioxus-mobile v0.6.1
[INFO] [stderr]   Downloaded tao v0.30.0
[INFO] [stderr]   Downloaded dioxus-history v0.6.1
[INFO] [stderr]   Downloaded dioxus-html-internal-macro v0.6.1
[INFO] [stderr]   Downloaded sledgehammer_utils v0.3.1
[INFO] [stderr]   Downloaded const-serialize-macro v0.6.1
[INFO] [stderr]   Downloaded dioxus-cli-config v0.6.1
[INFO] [stderr]   Downloaded dioxus-devtools-types v0.6.1
[INFO] [stderr]   Downloaded generational-box v0.6.1
[INFO] [stderr]   Downloaded warnings-macro v0.2.0
[INFO] [stderr]   Downloaded gdkx11-sys v0.18.2
[INFO] [stderr]   Downloaded dioxus-devtools v0.6.1
[INFO] [stderr]   Downloaded lazy-js-bundle v0.6.1
[INFO] [stderr]   Downloaded dioxus-core-types v0.6.1
[INFO] [stderr]   Downloaded warnings v0.2.1
[INFO] [stderr]   Downloaded webview2-com-sys v0.33.0
[INFO] [stderr]   Downloaded sledgehammer_bindgen_macro v0.6.0
[INFO] running `Command { std: "docker" "create" "-v" "/var/lib/crater-agent-workspace/builds/worker-3-tc1/target:/opt/rustwide/target:rw,Z" "-v" "/var/lib/crater-agent-workspace/builds/worker-3-tc1/source:/opt/rustwide/workdir:ro,Z" "-v" "/var/lib/crater-agent-workspace/cargo-home:/opt/rustwide/cargo-home:ro,Z" "-v" "/var/lib/crater-agent-workspace/rustup-home:/opt/rustwide/rustup-home:ro,Z" "-e" "SOURCE_DIR=/opt/rustwide/workdir" "-e" "CARGO_TARGET_DIR=/opt/rustwide/target" "-e" "CARGO_HOME=/opt/rustwide/cargo-home" "-e" "RUSTUP_HOME=/opt/rustwide/rustup-home" "-w" "/opt/rustwide/workdir" "-m" "1610612736" "--user" "0:0" "--network" "none" "ghcr.io/rust-lang/crates-build-env/linux@sha256:819108c5571ea2e421544af4d832f968d213c87fbe3707a016657f43d2f853bc" "/opt/rustwide/cargo-home/bin/cargo" "+nightly-2025-01-18" "metadata" "--no-deps" "--format-version=1", kill_on_drop: false }`
[INFO] [stdout] 2e12c414cc6365d46dfb4398609c4756cd6689dbf293a846688e37f5bd5ef7e1
[INFO] running `Command { std: "docker" "start" "-a" "2e12c414cc6365d46dfb4398609c4756cd6689dbf293a846688e37f5bd5ef7e1", kill_on_drop: false }`
[INFO] running `Command { std: "docker" "inspect" "2e12c414cc6365d46dfb4398609c4756cd6689dbf293a846688e37f5bd5ef7e1", kill_on_drop: false }`
[INFO] running `Command { std: "docker" "rm" "-f" "2e12c414cc6365d46dfb4398609c4756cd6689dbf293a846688e37f5bd5ef7e1", kill_on_drop: false }`
[INFO] [stdout] 2e12c414cc6365d46dfb4398609c4756cd6689dbf293a846688e37f5bd5ef7e1
[INFO] running `Command { std: "docker" "create" "-v" "/var/lib/crater-agent-workspace/builds/worker-3-tc1/target:/opt/rustwide/target:rw,Z" "-v" "/var/lib/crater-agent-workspace/builds/worker-3-tc1/source:/opt/rustwide/workdir:ro,Z" "-v" "/var/lib/crater-agent-workspace/cargo-home:/opt/rustwide/cargo-home:ro,Z" "-v" "/var/lib/crater-agent-workspace/rustup-home:/opt/rustwide/rustup-home:ro,Z" "-e" "SOURCE_DIR=/opt/rustwide/workdir" "-e" "CARGO_TARGET_DIR=/opt/rustwide/target" "-e" "CARGO_INCREMENTAL=0" "-e" "RUST_BACKTRACE=full" "-e" "RUSTFLAGS=--cap-lints=forbid" "-e" "RUSTDOCFLAGS=--cap-lints=forbid" "-e" "CARGO_HOME=/opt/rustwide/cargo-home" "-e" "RUSTUP_HOME=/opt/rustwide/rustup-home" "-w" "/opt/rustwide/workdir" "-m" "1610612736" "--user" "0:0" "--network" "none" "ghcr.io/rust-lang/crates-build-env/linux@sha256:819108c5571ea2e421544af4d832f968d213c87fbe3707a016657f43d2f853bc" "/opt/rustwide/cargo-home/bin/cargo" "+nightly-2025-01-18" "build" "--frozen" "--message-format=json", kill_on_drop: false }`
[INFO] [stdout] 04f1670ca93a49a147e3d46c10dc6477255f2aa58f55b43c7f1ad27c3e166ecb
[INFO] running `Command { std: "docker" "start" "-a" "04f1670ca93a49a147e3d46c10dc6477255f2aa58f55b43c7f1ad27c3e166ecb", kill_on_drop: false }`
[INFO] [stderr] warning: profiles for the non root package will be ignored, specify profiles at the workspace root:
[INFO] [stderr] package:   /opt/rustwide/workdir/example_projects/Cargo.toml
[INFO] [stderr] workspace: /opt/rustwide/workdir/Cargo.toml
[INFO] [stderr]    Compiling unicode-ident v1.0.14
[INFO] [stderr]    Compiling proc-macro2 v1.0.92
[INFO] [stderr]    Compiling autocfg v1.4.0
[INFO] [stderr]    Compiling once_cell v1.20.2
[INFO] [stderr]    Compiling wasm-bindgen-shared v0.2.100
[INFO] [stderr]    Compiling libc v0.2.168
[INFO] [stderr]    Compiling pin-project-lite v0.2.15
[INFO] [stderr]    Compiling parking_lot_core v0.9.10
[INFO] [stderr]    Compiling tracing-core v0.1.33
[INFO] [stderr]    Compiling scopeguard v1.2.0
[INFO] [stderr]    Compiling version_check v0.9.5
[INFO] [stderr]    Compiling serde v1.0.216
[INFO] [stderr]    Compiling log v0.4.22
[INFO] [stderr]    Compiling bumpalo v3.16.0
[INFO] [stderr]    Compiling lock_api v0.4.12
[INFO] [stderr]    Compiling slab v0.4.9
[INFO] [stderr]    Compiling smallvec v1.13.2
[INFO] [stderr]    Compiling slotmap v1.0.7
[INFO] [stderr]    Compiling quote v1.0.37
[INFO] [stderr]    Compiling unicode-xid v0.2.6
[INFO] [stderr]    Compiling rustversion v1.0.18
[INFO] [stderr]    Compiling futures-core v0.3.31
[INFO] [stderr]    Compiling wasm-bindgen v0.2.100
[INFO] [stderr]    Compiling futures-task v0.3.31
[INFO] [stderr]    Compiling futures-channel v0.3.31
[INFO] [stderr]    Compiling syn v2.0.90
[INFO] [stderr]    Compiling num-traits v0.2.19
[INFO] [stderr]    Compiling dioxus-core-types v0.6.1
[INFO] [stderr]    Compiling const_format_proc_macros v0.2.34
[INFO] [stderr]    Compiling futures-util v0.3.31
[INFO] [stderr]    Compiling rustc-hash v1.1.0
[INFO] [stderr]    Compiling longest-increasing-subsequence v0.1.0
[INFO] [stderr]    Compiling instant v0.1.13
[INFO] [stderr]    Compiling parking_lot v0.12.3
[INFO] [stderr]    Compiling const_format v0.2.34
[INFO] [stderr]    Compiling easer v0.3.0
[INFO] [stderr]    Compiling wasm-bindgen-backend v0.2.100
[INFO] [stderr]    Compiling tracing-attributes v0.1.28
[INFO] [stderr]    Compiling pin-project-internal v1.1.7
[INFO] [stderr]    Compiling serde_derive v1.0.216
[INFO] [stderr]    Compiling warnings-macro v0.2.0
[INFO] [stderr]    Compiling wasm-bindgen-macro-support v0.2.100
[INFO] [stderr]    Compiling pin-project v1.1.7
[INFO] [stderr]    Compiling tracing v0.1.41
[INFO] [stderr]    Compiling generational-box v0.6.1
[INFO] [stderr]    Compiling warnings v0.2.1
[INFO] [stderr]    Compiling wasm-bindgen-macro v0.2.100
[INFO] [stderr]    Compiling js-sys v0.3.77
[INFO] [stderr]    Compiling web-sys v0.3.77
[INFO] [stderr]    Compiling dioxus-core v0.6.1
[INFO] [stderr]    Compiling dioxus-signals v0.6.1
[INFO] [stderr]    Compiling dioxus-hooks v0.6.1
[INFO] [stderr]    Compiling dioxus-motion v0.2.2 (/opt/rustwide/workdir)
[INFO] [stdout] warning: field `current_value` is never read
[INFO] [stdout]    --> src/lib.rs:327:5
[INFO] [stdout]     |
[INFO] [stdout] 325 | struct SequenceState<T: Animatable> {
[INFO] [stdout]     |        ------------- field in this struct
[INFO] [stdout] 326 |     sequence: AnimationSequence<T>,
[INFO] [stdout] 327 |     current_value: T,
[INFO] [stdout]     |     ^^^^^^^^^^^^^
[INFO] [stdout]     |
[INFO] [stdout]     = note: `#[warn(dead_code)]` on by default
[INFO] [stdout] 
[INFO] [stdout] 
[INFO] [stderr]     Finished `dev` profile [unoptimized + debuginfo] target(s) in 44.35s
[INFO] running `Command { std: "docker" "inspect" "04f1670ca93a49a147e3d46c10dc6477255f2aa58f55b43c7f1ad27c3e166ecb", kill_on_drop: false }`
[INFO] running `Command { std: "docker" "rm" "-f" "04f1670ca93a49a147e3d46c10dc6477255f2aa58f55b43c7f1ad27c3e166ecb", kill_on_drop: false }`
[INFO] [stdout] 04f1670ca93a49a147e3d46c10dc6477255f2aa58f55b43c7f1ad27c3e166ecb
[INFO] running `Command { std: "docker" "create" "-v" "/var/lib/crater-agent-workspace/builds/worker-3-tc1/target:/opt/rustwide/target:rw,Z" "-v" "/var/lib/crater-agent-workspace/builds/worker-3-tc1/source:/opt/rustwide/workdir:ro,Z" "-v" "/var/lib/crater-agent-workspace/cargo-home:/opt/rustwide/cargo-home:ro,Z" "-v" "/var/lib/crater-agent-workspace/rustup-home:/opt/rustwide/rustup-home:ro,Z" "-e" "SOURCE_DIR=/opt/rustwide/workdir" "-e" "CARGO_TARGET_DIR=/opt/rustwide/target" "-e" "CARGO_INCREMENTAL=0" "-e" "RUST_BACKTRACE=full" "-e" "RUSTFLAGS=--cap-lints=forbid" "-e" "RUSTDOCFLAGS=--cap-lints=forbid" "-e" "CARGO_HOME=/opt/rustwide/cargo-home" "-e" "RUSTUP_HOME=/opt/rustwide/rustup-home" "-w" "/opt/rustwide/workdir" "-m" "1610612736" "--user" "0:0" "--network" "none" "ghcr.io/rust-lang/crates-build-env/linux@sha256:819108c5571ea2e421544af4d832f968d213c87fbe3707a016657f43d2f853bc" "/opt/rustwide/cargo-home/bin/cargo" "+nightly-2025-01-18" "test" "--frozen" "--no-run" "--message-format=json", kill_on_drop: false }`
[INFO] [stdout] bf4f6843b118e06ee9b70d2051f86e6aa987c781b5246866de9f6f81a6f8ad99
[INFO] running `Command { std: "docker" "start" "-a" "bf4f6843b118e06ee9b70d2051f86e6aa987c781b5246866de9f6f81a6f8ad99", kill_on_drop: false }`
[INFO] [stderr] warning: profiles for the non root package will be ignored, specify profiles at the workspace root:
[INFO] [stderr] package:   /opt/rustwide/workdir/example_projects/Cargo.toml
[INFO] [stderr] workspace: /opt/rustwide/workdir/Cargo.toml
[INFO] [stderr]    Compiling dioxus-motion v0.2.2 (/opt/rustwide/workdir)
[INFO] [stdout] warning: field `current_value` is never read
[INFO] [stdout]    --> src/lib.rs:327:5
[INFO] [stdout]     |
[INFO] [stdout] 325 | struct SequenceState<T: Animatable> {
[INFO] [stdout]     |        ------------- field in this struct
[INFO] [stdout] 326 |     sequence: AnimationSequence<T>,
[INFO] [stdout] 327 |     current_value: T,
[INFO] [stdout]     |     ^^^^^^^^^^^^^
[INFO] [stdout]     |
[INFO] [stdout]     = note: `#[warn(dead_code)]` on by default
[INFO] [stdout] 
[INFO] [stdout] 
[INFO] [stdout] warning: field `current_value` is never read
[INFO] [stdout]    --> src/lib.rs:327:5
[INFO] [stdout]     |
[INFO] [stdout] 325 | struct SequenceState<T: Animatable> {
[INFO] [stdout]     |        ------------- field in this struct
[INFO] [stdout] 326 |     sequence: AnimationSequence<T>,
[INFO] [stdout] 327 |     current_value: T,
[INFO] [stdout]     |     ^^^^^^^^^^^^^
[INFO] [stdout]     |
[INFO] [stdout]     = note: `#[warn(dead_code)]` on by default
[INFO] [stdout] 
[INFO] [stdout] 
[INFO] [stderr]     Finished `test` profile [unoptimized + debuginfo] target(s) in 0.84s
[INFO] running `Command { std: "docker" "inspect" "bf4f6843b118e06ee9b70d2051f86e6aa987c781b5246866de9f6f81a6f8ad99", kill_on_drop: false }`
[INFO] running `Command { std: "docker" "rm" "-f" "bf4f6843b118e06ee9b70d2051f86e6aa987c781b5246866de9f6f81a6f8ad99", kill_on_drop: false }`
[INFO] [stdout] bf4f6843b118e06ee9b70d2051f86e6aa987c781b5246866de9f6f81a6f8ad99
[INFO] running `Command { std: "docker" "create" "-v" "/var/lib/crater-agent-workspace/builds/worker-3-tc1/target:/opt/rustwide/target:rw,Z" "-v" "/var/lib/crater-agent-workspace/builds/worker-3-tc1/source:/opt/rustwide/workdir:ro,Z" "-v" "/var/lib/crater-agent-workspace/cargo-home:/opt/rustwide/cargo-home:ro,Z" "-v" "/var/lib/crater-agent-workspace/rustup-home:/opt/rustwide/rustup-home:ro,Z" "-e" "SOURCE_DIR=/opt/rustwide/workdir" "-e" "CARGO_TARGET_DIR=/opt/rustwide/target" "-e" "CARGO_INCREMENTAL=0" "-e" "RUST_BACKTRACE=full" "-e" "RUSTFLAGS=--cap-lints=forbid" "-e" "RUSTDOCFLAGS=--cap-lints=forbid" "-e" "CARGO_HOME=/opt/rustwide/cargo-home" "-e" "RUSTUP_HOME=/opt/rustwide/rustup-home" "-w" "/opt/rustwide/workdir" "-m" "1610612736" "--user" "0:0" "--network" "none" "ghcr.io/rust-lang/crates-build-env/linux@sha256:819108c5571ea2e421544af4d832f968d213c87fbe3707a016657f43d2f853bc" "/opt/rustwide/cargo-home/bin/cargo" "+nightly-2025-01-18" "test" "--frozen", kill_on_drop: false }`
[INFO] [stdout] 47a941c3e9ed3c48ec9e58850598a9b270c68cfd3f2a375d7d511cf25e27a8b7
[INFO] running `Command { std: "docker" "start" "-a" "47a941c3e9ed3c48ec9e58850598a9b270c68cfd3f2a375d7d511cf25e27a8b7", kill_on_drop: false }`
[INFO] [stderr] warning: profiles for the non root package will be ignored, specify profiles at the workspace root:
[INFO] [stderr] package:   /opt/rustwide/workdir/example_projects/Cargo.toml
[INFO] [stderr] workspace: /opt/rustwide/workdir/Cargo.toml
[INFO] [stderr] warning: field `current_value` is never read
[INFO] [stderr]    --> src/lib.rs:327:5
[INFO] [stderr]     |
[INFO] [stderr] 325 | struct SequenceState<T: Animatable> {
[INFO] [stderr]     |        ------------- field in this struct
[INFO] [stderr] 326 |     sequence: AnimationSequence<T>,
[INFO] [stderr] 327 |     current_value: T,
[INFO] [stderr]     |     ^^^^^^^^^^^^^
[INFO] [stderr]     |
[INFO] [stderr]     = note: `#[warn(dead_code)]` on by default
[INFO] [stderr] 
[INFO] [stderr] warning: `dioxus-motion` (lib) generated 1 warning
[INFO] [stderr] warning: `dioxus-motion` (lib test) generated 1 warning (1 duplicate)
[INFO] [stderr]     Finished `test` profile [unoptimized + debuginfo] target(s) in 0.24s
[INFO] [stderr]      Running unittests src/lib.rs (/opt/rustwide/target/debug/deps/dioxus_motion-58c627ca756d5fe5)
[INFO] [stdout] 
[INFO] [stdout] running 0 tests
[INFO] [stdout] 
[INFO] [stderr]    Doc-tests dioxus_motion
[INFO] [stdout] test result: ok. 0 passed; 0 failed; 0 ignored; 0 measured; 0 filtered out; finished in 0.00s
[INFO] [stdout] 
[INFO] [stdout] 
[INFO] [stdout] running 6 tests
[INFO] [stdout] test src/colors.rs - colors::Color::new (line 27) ... FAILED
[INFO] [stdout] test src/colors.rs - colors::Color::from_rgba (line 42) ... FAILED
[INFO] [stdout] test src/spring.rs - spring::Spring (line 11) ... FAILED
[INFO] [stdout] test src/transform.rs - transform::Transform (line 15) ... FAILED
[INFO] [stdout] test src/tween.rs - tween::Tween (line 12) ... FAILED
[INFO] [stdout] test src/lib.rs - (line 15) ... FAILED
[INFO] [stdout] 
[INFO] [stdout] failures:
[INFO] [stdout] 
[INFO] [stdout] ---- src/colors.rs - colors::Color::new (line 27) stdout ----
[INFO] [stdout] error[E0433]: failed to resolve: use of undeclared type `Color`
[INFO] [stdout]  --> src/colors.rs:28:13
[INFO] [stdout]   |
[INFO] [stdout] 3 | let color = Color::new(1.0, 0.5, 0.0, 1.0); // Orange color
[INFO] [stdout]   |             ^^^^^ use of undeclared type `Color`
[INFO] [stdout]   |
[INFO] [stdout] help: consider importing this struct
[INFO] [stdout]   |
[INFO] [stdout] 2 + use dioxus_motion::prelude::Color;
[INFO] [stdout]   |
[INFO] [stdout] 
[INFO] [stdout] error: aborting due to 1 previous error
[INFO] [stdout] 
[INFO] [stdout] For more information about this error, try `rustc --explain E0433`.
[INFO] [stdout] Couldn't compile the test.
[INFO] [stdout] ---- src/colors.rs - colors::Color::from_rgba (line 42) stdout ----
[INFO] [stdout] error[E0433]: failed to resolve: use of undeclared type `Color`
[INFO] [stdout]  --> src/colors.rs:43:13
[INFO] [stdout]   |
[INFO] [stdout] 3 | let color = Color::from_rgba(255, 128, 0, 255); // Orange color
[INFO] [stdout]   |             ^^^^^ use of undeclared type `Color`
[INFO] [stdout]   |
[INFO] [stdout] help: consider importing this struct
[INFO] [stdout]   |
[INFO] [stdout] 2 + use dioxus_motion::prelude::Color;
[INFO] [stdout]   |
[INFO] [stdout] 
[INFO] [stdout] error: aborting due to 1 previous error
[INFO] [stdout] 
[INFO] [stdout] For more information about this error, try `rustc --explain E0433`.
[INFO] [stdout] Couldn't compile the test.
[INFO] [stdout] ---- src/spring.rs - spring::Spring (line 11) stdout ----
[INFO] [stdout] error[E0422]: cannot find struct, variant or union type `Spring` in this scope
[INFO] [stdout]  --> src/spring.rs:12:14
[INFO] [stdout]   |
[INFO] [stdout] 3 | let spring = Spring {
[INFO] [stdout]   |              ^^^^^^
[INFO] [stdout]  --> /rustc/6067b36314ab5eb2eb47cecc464545ba58e1ad24/library/alloc/src/string.rs:362:1
[INFO] [stdout]   |
[INFO] [stdout]   = note: similarly named struct `String` defined here
[INFO] [stdout]   |
[INFO] [stdout] help: a struct with a similar name exists
[INFO] [stdout]   |
[INFO] [stdout] 3 | let spring = String {
[INFO] [stdout]   |              ~~~~~~
[INFO] [stdout] help: consider importing one of these items
[INFO] [stdout]   |
[INFO] [stdout] 2 + use dioxus_motion::prelude::AnimationMode::Spring;
[INFO] [stdout]   |
[INFO] [stdout] 2 + use dioxus_motion::prelude::Spring;
[INFO] [stdout]   |
[INFO] [stdout] 
[INFO] [stdout] error: aborting due to 1 previous error
[INFO] [stdout] 
[INFO] [stdout] For more information about this error, try `rustc --explain E0422`.
[INFO] [stdout] Couldn't compile the test.
[INFO] [stdout] ---- src/transform.rs - transform::Transform (line 15) stdout ----
[INFO] [stdout] error[E0433]: failed to resolve: use of undeclared type `Transform`
[INFO] [stdout]  --> src/transform.rs:16:17
[INFO] [stdout]   |
[INFO] [stdout] 3 | let transform = Transform::new(100.0, 50.0, 1.5, PI/4.0);
[INFO] [stdout]   |                 ^^^^^^^^^ use of undeclared type `Transform`
[INFO] [stdout]   |
[INFO] [stdout] help: consider importing this struct
[INFO] [stdout]   |
[INFO] [stdout] 2 + use dioxus_motion::prelude::Transform;
[INFO] [stdout]   |
[INFO] [stdout] 
[INFO] [stdout] error[E0425]: cannot find value `PI` in this scope
[INFO] [stdout]  --> src/transform.rs:16:50
[INFO] [stdout]   |
[INFO] [stdout] 3 | let transform = Transform::new(100.0, 50.0, 1.5, PI/4.0);
[INFO] [stdout]   |                                                  ^^ not found in this scope
[INFO] [stdout]   |
[INFO] [stdout] help: consider importing one of these constants
[INFO] [stdout]   |
[INFO] [stdout] 2 + use std::f128::consts::PI;
[INFO] [stdout]   |
[INFO] [stdout] 2 + use std::f16::consts::PI;
[INFO] [stdout]   |
[INFO] [stdout] 2 + use std::f32::consts::PI;
[INFO] [stdout]   |
[INFO] [stdout] 2 + use std::f64::consts::PI;
[INFO] [stdout]   |
[INFO] [stdout] 
[INFO] [stdout] error: aborting due to 2 previous errors
[INFO] [stdout] 
[INFO] [stdout] Some errors have detailed explanations: E0425, E0433.
[INFO] [stdout] For more information about an error, try `rustc --explain E0425`.
[INFO] [stdout] Couldn't compile the test.
[INFO] [stdout] ---- src/tween.rs - tween::Tween (line 12) stdout ----
[INFO] [stdout] error[E0433]: failed to resolve: use of undeclared type `Tween`
[INFO] [stdout]  --> src/tween.rs:13:13
[INFO] [stdout]   |
[INFO] [stdout] 3 | let tween = Tween::new(Duration::from_secs(1))
[INFO] [stdout]   |             ^^^^^ use of undeclared type `Tween`
[INFO] [stdout]   |
[INFO] [stdout] help: consider importing this struct
[INFO] [stdout]   |
[INFO] [stdout] 2 + use dioxus_motion::prelude::Tween;
[INFO] [stdout]   |
[INFO] [stdout] 
[INFO] [stdout] error[E0433]: failed to resolve: use of undeclared type `Duration`
[INFO] [stdout]  --> src/tween.rs:13:24
[INFO] [stdout]   |
[INFO] [stdout] 3 | let tween = Tween::new(Duration::from_secs(1))
[INFO] [stdout]   |                        ^^^^^^^^ use of undeclared type `Duration`
[INFO] [stdout]   |
[INFO] [stdout] help: consider importing one of these structs
[INFO] [stdout]   |
[INFO] [stdout] 2 + use std::time::Duration;
[INFO] [stdout]   |
[INFO] [stdout] 2 + use dioxus_motion::Duration;
[INFO] [stdout]   |
[INFO] [stdout] 2 + use instant::Duration;
[INFO] [stdout]   |
[INFO] [stdout] 
[INFO] [stdout] error[E0599]: no function or associated item named `ease_in_out` found for struct `Cubic` in the current scope
[INFO] [stdout]   --> src/tween.rs:14:43
[INFO] [stdout]    |
[INFO] [stdout] 4  |     .with_easing(easer::functions::Cubic::ease_in_out);
[INFO] [stdout]    |                                           ^^^^^^^^^^^ function or associated item not found in `Cubic`
[INFO] [stdout]    |
[INFO] [stdout]    = help: items from traits can only be used if the trait is in scope
[INFO] [stdout] help: there is an associated function `ease_out` with a similar name
[INFO] [stdout]   --> /opt/rustwide/cargo-home/registry/src/index.crates.io-1949cf8c6b5b557f/easer-0.3.0/src/functions/ease.rs:13:5
[INFO] [stdout]    |
[INFO] [stdout] 13 |     fn ease_out(t: F, b: F, c: F, d: F) -> F;
[INFO] [stdout]    |     ^^^^^^^^^^^^^^^^^^^^^^^^^^^^^^^^^^^^^^^^^
[INFO] [stdout] help: trait `Easing` which provides `ease_in_out` is implemented but not in scope; perhaps you want to import it
[INFO] [stdout]    |
[INFO] [stdout] 2  + use easer::functions::Easing;
[INFO] [stdout]    |
[INFO] [stdout] 
[INFO] [stdout] error: aborting due to 3 previous errors
[INFO] [stdout] 
[INFO] [stdout] Some errors have detailed explanations: E0433, E0599.
[INFO] [stdout] For more information about an error, try `rustc --explain E0433`.
[INFO] [stdout] Couldn't compile the test.
[INFO] [stdout] ---- src/lib.rs - (line 15) stdout ----
[INFO] [stdout] Test executable failed (exit status: 101).
[INFO] [stdout] 
[INFO] [stdout] stderr:
[INFO] [stdout] 
[INFO] [stdout] thread 'main' panicked at /opt/rustwide/workdir/src/lib.rs:471:21:
[INFO] [stdout] called `Result::unwrap()` on an `Err` value: RuntimeError
[INFO] [stdout] stack backtrace:
[INFO] [stdout]    0:     0x568371d721ca - std::backtrace_rs::backtrace::libunwind::trace::hb059275cfc8d6126
[INFO] [stdout]                                at /rustc/6067b36314ab5eb2eb47cecc464545ba58e1ad24/library/std/src/../../backtrace/src/backtrace/libunwind.rs:116:5
[INFO] [stdout]    1:     0x568371d721ca - std::backtrace_rs::backtrace::trace_unsynchronized::h2da071e4327ce3ee
[INFO] [stdout]                                at /rustc/6067b36314ab5eb2eb47cecc464545ba58e1ad24/library/std/src/../../backtrace/src/backtrace/mod.rs:66:5
[INFO] [stdout]    2:     0x568371d721ca - std::sys::backtrace::_print_fmt::h842a1474e6f8d23f
[INFO] [stdout]                                at /rustc/6067b36314ab5eb2eb47cecc464545ba58e1ad24/library/std/src/sys/backtrace.rs:66:9
[INFO] [stdout]    3:     0x568371d721ca - <std::sys::backtrace::BacktraceLock::print::DisplayBacktrace as core::fmt::Display>::fmt::h71a62eb3b9696b12
[INFO] [stdout]                                at /rustc/6067b36314ab5eb2eb47cecc464545ba58e1ad24/library/std/src/sys/backtrace.rs:39:26
[INFO] [stdout]    4:     0x568371d93e03 - core::fmt::rt::Argument::fmt::hdb6b616786b41dc1
[INFO] [stdout]                                at /rustc/6067b36314ab5eb2eb47cecc464545ba58e1ad24/library/core/src/fmt/rt.rs:177:76
[INFO] [stdout]    5:     0x568371d93e03 - core::fmt::write::h2cc1698af7e2d686
[INFO] [stdout]                                at /rustc/6067b36314ab5eb2eb47cecc464545ba58e1ad24/library/core/src/fmt/mod.rs:1440:21
[INFO] [stdout]    6:     0x568371d6f633 - std::io::Write::write_fmt::h00c8700df393f328
[INFO] [stdout]                                at /rustc/6067b36314ab5eb2eb47cecc464545ba58e1ad24/library/std/src/io/mod.rs:1887:15
[INFO] [stdout]    7:     0x568371d72012 - std::sys::backtrace::BacktraceLock::print::h147fe35b4ea13b08
[INFO] [stdout]                                at /rustc/6067b36314ab5eb2eb47cecc464545ba58e1ad24/library/std/src/sys/backtrace.rs:42:9
[INFO] [stdout]    8:     0x568371d72f6f - std::panicking::default_hook::{{closure}}::hbd44223dbdc0d208
[INFO] [stdout]                                at /rustc/6067b36314ab5eb2eb47cecc464545ba58e1ad24/library/std/src/panicking.rs:298:22
[INFO] [stdout]    9:     0x568371d72dda - std::panicking::default_hook::h20f81eb0576efcec
[INFO] [stdout]                                at /rustc/6067b36314ab5eb2eb47cecc464545ba58e1ad24/library/std/src/panicking.rs:325:9
[INFO] [stdout]   10:     0x568371d73952 - std::panicking::rust_panic_with_hook::h625eea43051b2edc
[INFO] [stdout]                                at /rustc/6067b36314ab5eb2eb47cecc464545ba58e1ad24/library/std/src/panicking.rs:831:13
[INFO] [stdout]   11:     0x568371d736da - std::panicking::begin_panic_handler::{{closure}}::h4f9159cfbc3f6bd3
[INFO] [stdout]                                at /rustc/6067b36314ab5eb2eb47cecc464545ba58e1ad24/library/std/src/panicking.rs:704:13
[INFO] [stdout]   12:     0x568371d726c9 - std::sys::backtrace::__rust_end_short_backtrace::h0390abce48353151
[INFO] [stdout]                                at /rustc/6067b36314ab5eb2eb47cecc464545ba58e1ad24/library/std/src/sys/backtrace.rs:168:18
[INFO] [stdout]   13:     0x568371d7336d - rust_begin_unwind
[INFO] [stdout]                                at /rustc/6067b36314ab5eb2eb47cecc464545ba58e1ad24/library/std/src/panicking.rs:695:5
[INFO] [stdout]   14:     0x568371d92430 - core::panicking::panic_fmt::h9e7c637e9e5f29c9
[INFO] [stdout]                                at /rustc/6067b36314ab5eb2eb47cecc464545ba58e1ad24/library/core/src/panicking.rs:75:14
[INFO] [stdout]   15:     0x568371d928a6 - core::result::unwrap_failed::h7979f09313fe1849
[INFO] [stdout]                                at /rustc/6067b36314ab5eb2eb47cecc464545ba58e1ad24/library/core/src/result.rs:1704:5
[INFO] [stdout]   16:     0x568371cdaaed - dioxus_core::global_context::use_hook::h49c6daa8e1c8194a
[INFO] [stdout]   17:     0x568371cdf10d - dioxus_hooks::use_signal::use_maybe_signal_sync::hde5c751bf763218e
[INFO] [stdout]   18:     0x568371cdefed - dioxus_hooks::use_signal::use_signal::h6b6294ed5a1af753
[INFO] [stdout]   19:     0x568371cdfa4a - dioxus_motion::use_motion::h080bcc3a6148f4fe
[INFO] [stdout]   20:     0x568371cfa212 - rust_out::main::_doctest_main_src_lib_rs_15_0::hd021cdeb71184cd1
[INFO] [stdout]   21:     0x568371cfa1f6 - rust_out::main::he88f0b9b281d54e0
[INFO] [stdout]   22:     0x568371ceb4a3 - core::ops::function::FnOnce::call_once::hcf3829d8b58d0254
[INFO] [stdout]   23:     0x568371ceaa16 - std::sys::backtrace::__rust_begin_short_backtrace::h5e1527399e8d5bd4
[INFO] [stdout]   24:     0x568371cea9f9 - std::rt::lang_start::{{closure}}::h2c234101ed7b1b74
[INFO] [stdout]   25:     0x568371d6ced0 - core::ops::function::impls::<impl core::ops::function::FnOnce<A> for &F>::call_once::h1b085b6c1d2518b2
[INFO] [stdout]                                at /rustc/6067b36314ab5eb2eb47cecc464545ba58e1ad24/library/core/src/ops/function.rs:284:13
[INFO] [stdout]   26:     0x568371d6ced0 - std::panicking::try::do_call::h382f964a5a23b565
[INFO] [stdout]                                at /rustc/6067b36314ab5eb2eb47cecc464545ba58e1ad24/library/std/src/panicking.rs:587:40
[INFO] [stdout]   27:     0x568371d6ced0 - std::panicking::try::h57f991055eb622f9
[INFO] [stdout]                                at /rustc/6067b36314ab5eb2eb47cecc464545ba58e1ad24/library/std/src/panicking.rs:550:19
[INFO] [stdout]   28:     0x568371d6ced0 - std::panic::catch_unwind::h4d9a74ef04456343
[INFO] [stdout]                                at /rustc/6067b36314ab5eb2eb47cecc464545ba58e1ad24/library/std/src/panic.rs:358:14
[INFO] [stdout]   29:     0x568371d6ced0 - std::rt::lang_start_internal::{{closure}}::h2faa8ae84a93f314
[INFO] [stdout]                                at /rustc/6067b36314ab5eb2eb47cecc464545ba58e1ad24/library/std/src/rt.rs:163:24
[INFO] [stdout]   30:     0x568371d6ced0 - std::panicking::try::do_call::h0f8932bf638a9bf5
[INFO] [stdout]                                at /rustc/6067b36314ab5eb2eb47cecc464545ba58e1ad24/library/std/src/panicking.rs:587:40
[INFO] [stdout]   31:     0x568371d6ced0 - std::panicking::try::h683416ea756b175d
[INFO] [stdout]                                at /rustc/6067b36314ab5eb2eb47cecc464545ba58e1ad24/library/std/src/panicking.rs:550:19
[INFO] [stdout]   32:     0x568371d6ced0 - std::panic::catch_unwind::h56189fac8994979f
[INFO] [stdout]                                at /rustc/6067b36314ab5eb2eb47cecc464545ba58e1ad24/library/std/src/panic.rs:358:14
[INFO] [stdout]   33:     0x568371d6ced0 - std::rt::lang_start_internal::h8bbc1061691274fe
[INFO] [stdout]                                at /rustc/6067b36314ab5eb2eb47cecc464545ba58e1ad24/library/std/src/rt.rs:159:5
[INFO] [stdout]   34:     0x568371cea9e1 - std::rt::lang_start::h601b10a269c70ef7
[INFO] [stdout]   35:     0x568371cfa285 - main
[INFO] [stdout]   36:     0x7d0b405f6d90 - <unknown>
[INFO] [stdout]   37:     0x7d0b405f6e40 - __libc_start_main
[INFO] [stdout]   38:     0x568371cd7825 - _start
[INFO] [stdout]   39:                0x0 - <unknown>
[INFO] [stdout] 
[INFO] [stdout] 
[INFO] [stdout] 
[INFO] [stdout] failures:
[INFO] [stdout]     src/colors.rs - colors::Color::from_rgba (line 42)
[INFO] [stdout]     src/colors.rs - colors::Color::new (line 27)
[INFO] [stdout]     src/lib.rs - (line 15)
[INFO] [stdout]     src/spring.rs - spring::Spring (line 11)
[INFO] [stdout]     src/transform.rs - transform::Transform (line 15)
[INFO] [stdout]     src/tween.rs - tween::Tween (line 12)
[INFO] [stdout] 
[INFO] [stdout] test result: FAILED. 0 passed; 6 failed; 0 ignored; 0 measured; 0 filtered out; finished in 1.19s
[INFO] [stdout] 
[INFO] [stderr] error: doctest failed, to rerun pass `--doc`
[INFO] running `Command { std: "docker" "inspect" "47a941c3e9ed3c48ec9e58850598a9b270c68cfd3f2a375d7d511cf25e27a8b7", kill_on_drop: false }`
[INFO] running `Command { std: "docker" "rm" "-f" "47a941c3e9ed3c48ec9e58850598a9b270c68cfd3f2a375d7d511cf25e27a8b7", kill_on_drop: false }`
[INFO] [stdout] 47a941c3e9ed3c48ec9e58850598a9b270c68cfd3f2a375d7d511cf25e27a8b7
