[INFO] cloning repository https://github.com/whats-good/rpc-gateway
[INFO] running `Command { std: "git" "-c" "credential.helper=" "-c" "credential.helper=/workspace/cargo-home/bin/git-credential-null" "clone" "--bare" "https://github.com/whats-good/rpc-gateway" "/workspace/cache/git-repos/https%3A%2F%2Fgithub.com%2Fwhats-good%2Frpc-gateway", kill_on_drop: false }`
[INFO] [stderr] Cloning into bare repository '/workspace/cache/git-repos/https%3A%2F%2Fgithub.com%2Fwhats-good%2Frpc-gateway'...
[INFO] running `Command { std: "git" "rev-parse" "HEAD", kill_on_drop: false }`
[INFO] [stdout] 2b4e64aab3b9c2bc5c28f409bfbed394b63cd392
[INFO] testing whats-good/rpc-gateway against nightly-2025-01-18+rustflags=-Zrandomize-layout for randomize-layout-2
[INFO] running `Command { std: "git" "clone" "/workspace/cache/git-repos/https%3A%2F%2Fgithub.com%2Fwhats-good%2Frpc-gateway" "/workspace/builds/worker-1-tc2/source", kill_on_drop: false }`
[INFO] [stderr] Cloning into '/workspace/builds/worker-1-tc2/source'...
[INFO] [stderr] done.
[INFO] validating manifest of git repo https://github.com/whats-good/rpc-gateway on toolchain nightly-2025-01-18
[INFO] running `Command { std: CARGO_HOME="/workspace/cargo-home" RUSTUP_HOME="/workspace/rustup-home" "/workspace/cargo-home/bin/cargo" "+nightly-2025-01-18" "metadata" "--manifest-path" "Cargo.toml" "--no-deps", kill_on_drop: false }`
[INFO] started tweaking git repo https://github.com/whats-good/rpc-gateway
[INFO] finished tweaking git repo https://github.com/whats-good/rpc-gateway
[INFO] tweaked toml for git repo https://github.com/whats-good/rpc-gateway written to /workspace/builds/worker-1-tc2/source/Cargo.toml
[INFO] crate git repo https://github.com/whats-good/rpc-gateway already has a lockfile, it will not be regenerated
[INFO] running `Command { std: CARGO_HOME="/workspace/cargo-home" RUSTUP_HOME="/workspace/rustup-home" "/workspace/cargo-home/bin/cargo" "+nightly-2025-01-18" "fetch" "--manifest-path" "Cargo.toml", kill_on_drop: false }`
[INFO] running `Command { std: "docker" "create" "-v" "/var/lib/crater-agent-workspace/builds/worker-1-tc2/target:/opt/rustwide/target:rw,Z" "-v" "/var/lib/crater-agent-workspace/builds/worker-1-tc2/source:/opt/rustwide/workdir:ro,Z" "-v" "/var/lib/crater-agent-workspace/cargo-home:/opt/rustwide/cargo-home:ro,Z" "-v" "/var/lib/crater-agent-workspace/rustup-home:/opt/rustwide/rustup-home:ro,Z" "-e" "SOURCE_DIR=/opt/rustwide/workdir" "-e" "CARGO_TARGET_DIR=/opt/rustwide/target" "-e" "CARGO_HOME=/opt/rustwide/cargo-home" "-e" "RUSTUP_HOME=/opt/rustwide/rustup-home" "-w" "/opt/rustwide/workdir" "-m" "1610612736" "--user" "0:0" "--network" "none" "ghcr.io/rust-lang/crates-build-env/linux@sha256:819108c5571ea2e421544af4d832f968d213c87fbe3707a016657f43d2f853bc" "/opt/rustwide/cargo-home/bin/cargo" "+nightly-2025-01-18" "metadata" "--no-deps" "--format-version=1", kill_on_drop: false }`
[INFO] [stdout] cf4b81182059d50d8b8475482606fc8b5d1c9fb688f12c7ea196549ffbe7c731
[INFO] running `Command { std: "docker" "start" "-a" "cf4b81182059d50d8b8475482606fc8b5d1c9fb688f12c7ea196549ffbe7c731", kill_on_drop: false }`
[INFO] running `Command { std: "docker" "inspect" "cf4b81182059d50d8b8475482606fc8b5d1c9fb688f12c7ea196549ffbe7c731", kill_on_drop: false }`
[INFO] running `Command { std: "docker" "rm" "-f" "cf4b81182059d50d8b8475482606fc8b5d1c9fb688f12c7ea196549ffbe7c731", kill_on_drop: false }`
[INFO] [stdout] cf4b81182059d50d8b8475482606fc8b5d1c9fb688f12c7ea196549ffbe7c731
[INFO] running `Command { std: "docker" "create" "-v" "/var/lib/crater-agent-workspace/builds/worker-1-tc2/target:/opt/rustwide/target:rw,Z" "-v" "/var/lib/crater-agent-workspace/builds/worker-1-tc2/source:/opt/rustwide/workdir:ro,Z" "-v" "/var/lib/crater-agent-workspace/cargo-home:/opt/rustwide/cargo-home:ro,Z" "-v" "/var/lib/crater-agent-workspace/rustup-home:/opt/rustwide/rustup-home:ro,Z" "-e" "SOURCE_DIR=/opt/rustwide/workdir" "-e" "CARGO_TARGET_DIR=/opt/rustwide/target" "-e" "CARGO_INCREMENTAL=0" "-e" "RUST_BACKTRACE=full" "-e" "RUSTFLAGS=--cap-lints=forbid -Zrandomize-layout" "-e" "RUSTDOCFLAGS=--cap-lints=forbid" "-e" "CARGO_HOME=/opt/rustwide/cargo-home" "-e" "RUSTUP_HOME=/opt/rustwide/rustup-home" "-w" "/opt/rustwide/workdir" "-m" "1610612736" "--user" "0:0" "--network" "none" "ghcr.io/rust-lang/crates-build-env/linux@sha256:819108c5571ea2e421544af4d832f968d213c87fbe3707a016657f43d2f853bc" "/opt/rustwide/cargo-home/bin/cargo" "+nightly-2025-01-18" "build" "--frozen" "--message-format=json", kill_on_drop: false }`
[INFO] [stdout] 4d5d4afcea537584d3ff06a0dd27e7fd3481c2966edb277fb7bf4c6c6ca963d1
[INFO] running `Command { std: "docker" "start" "-a" "4d5d4afcea537584d3ff06a0dd27e7fd3481c2966edb277fb7bf4c6c6ca963d1", kill_on_drop: false }`
[INFO] [stderr]    Compiling proc-macro2 v1.0.86
[INFO] [stderr]    Compiling unicode-ident v1.0.12
[INFO] [stderr]    Compiling autocfg v1.3.0
[INFO] [stderr]    Compiling libc v0.2.158
[INFO] [stderr]    Compiling once_cell v1.19.0
[INFO] [stderr]    Compiling memchr v2.7.4
[INFO] [stderr]    Compiling cfg-if v1.0.0
[INFO] [stderr]    Compiling pin-project-lite v0.2.14
[INFO] [stderr]    Compiling serde v1.0.209
[INFO] [stderr]    Compiling byteorder v1.5.0
[INFO] [stderr]    Compiling futures-core v0.3.30
[INFO] [stderr]    Compiling bytes v1.7.1
[INFO] [stderr]    Compiling futures-sink v0.3.30
[INFO] [stderr]    Compiling pin-utils v0.1.0
[INFO] [stderr]    Compiling itoa v1.0.11
[INFO] [stderr]    Compiling fnv v1.0.7
[INFO] [stderr]    Compiling futures-io v0.3.30
[INFO] [stderr]    Compiling futures-task v0.3.30
[INFO] [stderr]    Compiling log v0.4.22
[INFO] [stderr]    Compiling cfg-if v0.1.10
[INFO] [stderr]    Compiling lazy_static v1.5.0
[INFO] [stderr]    Compiling futures-channel v0.3.30
[INFO] [stderr]    Compiling thiserror v1.0.63
[INFO] [stderr]    Compiling maybe-uninit v2.0.0
[INFO] [stderr]    Compiling semver-parser v0.7.0
[INFO] [stderr]    Compiling futures v0.1.31
[INFO] [stderr]    Compiling tracing-core v0.1.32
[INFO] [stderr]    Compiling equivalent v1.0.1
[INFO] [stderr]    Compiling shlex v1.3.0
[INFO] [stderr]    Compiling hashbrown v0.14.5
[INFO] [stderr]    Compiling pkg-config v0.3.30
[INFO] [stderr]    Compiling scopeguard v1.2.0
[INFO] [stderr]    Compiling semver v0.9.0
[INFO] [stderr]    Compiling cc v1.1.15
[INFO] [stderr]    Compiling vcpkg v0.2.15
[INFO] [stderr]    Compiling httparse v1.9.4
[INFO] [stderr]    Compiling rustversion v1.0.17
[INFO] [stderr]    Compiling percent-encoding v2.3.1
[INFO] [stderr]    Compiling http v1.1.0
[INFO] [stderr]    Compiling hashbrown v0.12.3
[INFO] [stderr]    Compiling slab v0.4.9
[INFO] [stderr]    Compiling crossbeam-utils v0.7.2
[INFO] [stderr]    Compiling rustc_version v0.2.3
[INFO] [stderr]    Compiling indexmap v1.9.3
[INFO] [stderr]    Compiling ryu v1.0.18
[INFO] [stderr]    Compiling http-body v1.0.1
[INFO] [stderr]    Compiling socket2 v0.5.7
[INFO] [stderr]    Compiling signal-hook-registry v1.4.2
[INFO] [stderr]    Compiling mio v1.0.2
[INFO] [stderr]    Compiling getrandom v0.2.15
[INFO] [stderr]    Compiling rand_core v0.6.4
[INFO] [stderr]    Compiling iovec v0.1.4
[INFO] [stderr]    Compiling tower-service v0.3.3
[INFO] [stderr]    Compiling quote v1.0.37
[INFO] [stderr]    Compiling smallvec v1.13.2
[INFO] [stderr]    Compiling serde_json v1.0.127
[INFO] [stderr]    Compiling tower-layer v0.3.3
[INFO] [stderr]    Compiling bytes v0.4.12
[INFO] [stderr]    Compiling indexmap v2.4.0
[INFO] [stderr]    Compiling parking_lot_core v0.6.3
[INFO] [stderr]    Compiling syn v2.0.76
[INFO] [stderr]    Compiling crunchy v0.2.2
[INFO] [stderr]    Compiling typenum v1.17.0
[INFO] [stderr]    Compiling atomic-waker v1.1.2
[INFO] [stderr]    Compiling try-lock v0.2.5
[INFO] [stderr]    Compiling version_check v0.9.5
[INFO] [stderr]    Compiling tokio-executor v0.1.10
[INFO] [stderr]    Compiling want v0.3.1
[INFO] [stderr]    Compiling net2 v0.2.39
[INFO] [stderr]    Compiling num_cpus v1.16.0
[INFO] [stderr]    Compiling parking_lot v0.9.0
[INFO] [stderr]    Compiling tokio-io v0.1.13
[INFO] [stderr]    Compiling memoffset v0.5.6
[INFO] [stderr]    Compiling generic-array v0.14.7
[INFO] [stderr]    Compiling smallvec v0.6.14
[INFO] [stderr]    Compiling tiny-keccak v2.0.2
[INFO] [stderr]    Compiling openssl v0.10.66
[INFO] [stderr]    Compiling httpdate v1.0.3
[INFO] [stderr]    Compiling foreign-types-shared v0.1.1
[INFO] [stderr]    Compiling mio v0.6.23
[INFO] [stderr]    Compiling foreign-types v0.3.2
[INFO] [stderr]    Compiling crossbeam-epoch v0.8.2
[INFO] [stderr]    Compiling lock_api v0.3.4
[INFO] [stderr]    Compiling anyhow v1.0.86
[INFO] [stderr]    Compiling native-tls v0.2.12
[INFO] [stderr]    Compiling axum-core v0.4.3
[INFO] [stderr]    Compiling tokio-sync v0.1.8
[INFO] [stderr]    Compiling ucd-trie v0.1.6
[INFO] [stderr]    Compiling openssl-probe v0.1.5
[INFO] [stderr]    Compiling mime v0.3.17
[INFO] [stderr]    Compiling either v1.13.0
[INFO] [stderr]    Compiling axum v0.7.5
[INFO] [stderr]    Compiling num-traits v0.2.19
[INFO] [stderr]    Compiling sync_wrapper v1.0.1
[INFO] [stderr]    Compiling sync_wrapper v0.1.2
[INFO] [stderr]    Compiling base64 v0.22.1
[INFO] [stderr]    Compiling glob v0.3.1
[INFO] [stderr]    Compiling openssl-sys v0.9.103
[INFO] [stderr]    Compiling itertools v0.13.0
[INFO] [stderr]    Compiling tokio-reactor v0.1.12
[INFO] [stderr]    Compiling adler2 v2.0.0
[INFO] [stderr]    Compiling tinyvec_macros v0.1.1
[INFO] [stderr]    Compiling tinyvec v1.8.0
[INFO] [stderr]    Compiling miniz_oxide v0.8.0
[INFO] [stderr]    Compiling crossbeam-deque v0.7.4
[INFO] [stderr]    Compiling tokio-codec v0.1.2
[INFO] [stderr]    Compiling crossbeam-queue v0.2.3
[INFO] [stderr]    Compiling aho-corasick v1.1.3
[INFO] [stderr]    Compiling crc32fast v1.4.2
[INFO] [stderr]    Compiling const-random-macro v0.1.16
[INFO] [stderr]    Compiling matchit v0.7.3
[INFO] [stderr]    Compiling regex-syntax v0.8.4
[INFO] [stderr]    Compiling regex-syntax v0.6.29
[INFO] [stderr]    Compiling tokio-threadpool v0.1.18
[INFO] [stderr]    Compiling crypto-common v0.1.6
[INFO] [stderr]    Compiling block-buffer v0.10.4
[INFO] [stderr]    Compiling mio-uds v0.6.8
[INFO] [stderr]    Compiling digest v0.10.7
[INFO] [stderr]    Compiling form_urlencoded v1.2.1
[INFO] [stderr]    Compiling overload v0.1.1
[INFO] [stderr]    Compiling const-random v0.1.18
[INFO] [stderr]    Compiling flate2 v1.0.33
[INFO] [stderr]    Compiling winnow v0.6.18
[INFO] [stderr]    Compiling dlv-list v0.5.2
[INFO] [stderr]    Compiling unicode-bidi v0.3.15
[INFO] [stderr]    Compiling cpufeatures v0.2.13
[INFO] [stderr]    Compiling hashbrown v0.13.2
[INFO] [stderr]    Compiling sha1 v0.10.6
[INFO] [stderr]    Compiling tokio-fs v0.1.7
[INFO] [stderr]    Compiling unicode-normalization v0.1.23
[INFO] [stderr]    Compiling ordered-multimap v0.6.0
[INFO] [stderr]    Compiling nu-ansi-term v0.46.0
[INFO] [stderr]    Compiling tokio-uds v0.2.7
[INFO] [stderr]    Compiling tokio-tcp v0.1.4
[INFO] [stderr]    Compiling tokio-udp v0.1.6
[INFO] [stderr]    Compiling tokio-timer v0.2.13
[INFO] [stderr]    Compiling tokio-current-thread v0.1.7
[INFO] [stderr]    Compiling tracing-log v0.2.0
[INFO] [stderr]    Compiling thread_local v1.1.8
[INFO] [stderr]    Compiling idna v0.5.0
[INFO] [stderr]    Compiling sharded-slab v0.1.7
[INFO] [stderr]    Compiling data-encoding v2.6.0
[INFO] [stderr]    Compiling base64 v0.21.7
[INFO] [stderr]    Compiling linked-hash-map v0.5.6
[INFO] [stderr]    Compiling unicode-segmentation v1.11.0
[INFO] [stderr]    Compiling minimal-lexical v0.2.1
[INFO] [stderr]    Compiling rustls-pki-types v1.8.0
[INFO] [stderr]    Compiling utf-8 v0.7.6
[INFO] [stderr]    Compiling tokio v0.1.22
[INFO] [stderr]    Compiling nom v7.1.3
[INFO] [stderr]    Compiling rust-ini v0.19.0
[INFO] [stderr]    Compiling yaml-rust v0.4.5
[INFO] [stderr]    Compiling rustls-pemfile v2.1.3
[INFO] [stderr]    Compiling url v2.5.2
[INFO] [stderr]    Compiling convert_case v0.6.0
[INFO] [stderr]    Compiling ordered-float v4.2.2
[INFO] [stderr]    Compiling regex-automata v0.4.7
[INFO] [stderr]    Compiling chrono v0.4.38
[INFO] [stderr]    Compiling regex-automata v0.1.10
[INFO] [stderr]    Compiling encoding_rs v0.8.34
[INFO] [stderr]    Compiling ipnet v2.9.0
[INFO] [stderr]    Compiling pathdiff v0.2.1
[INFO] [stderr]    Compiling fastrand v2.1.1
[INFO] [stderr]    Compiling serde_derive v1.0.209
[INFO] [stderr]    Compiling futures-macro v0.3.30
[INFO] [stderr]    Compiling tokio-macros v2.4.0
[INFO] [stderr]    Compiling zerocopy-derive v0.7.35
[INFO] [stderr]    Compiling thiserror-impl v1.0.63
[INFO] [stderr]    Compiling tracing-attributes v0.1.27
[INFO] [stderr]    Compiling pin-project-internal v1.1.5
[INFO] [stderr]    Compiling async-trait v0.1.81
[INFO] [stderr]    Compiling openssl-macros v0.1.1
[INFO] [stderr]    Compiling prost-derive v0.13.2
[INFO] [stderr]    Compiling async-stream-impl v0.3.5
[INFO] [stderr]    Compiling matchers v0.1.0
[INFO] [stderr]    Compiling tokio v1.39.3
[INFO] [stderr]    Compiling async-stream v0.3.5
[INFO] [stderr]    Compiling zerocopy v0.7.35
[INFO] [stderr]    Compiling futures-util v0.3.30
[INFO] [stderr]    Compiling regex v1.10.6
[INFO] [stderr]    Compiling pin-project v1.1.5
[INFO] [stderr]    Compiling opentelemetry v0.24.0
[INFO] [stderr]    Compiling pest v2.7.11
[INFO] [stderr]    Compiling ppv-lite86 v0.2.20
[INFO] [stderr]    Compiling tracing v0.1.40
[INFO] [stderr]    Compiling prost v0.13.2
[INFO] [stderr]    Compiling rand_chacha v0.3.1
[INFO] [stderr]    Compiling rand v0.8.5
[INFO] [stderr]    Compiling pest_meta v2.7.11
[INFO] [stderr]    Compiling futures-executor v0.3.30
[INFO] [stderr]    Compiling http-body-util v0.1.2
[INFO] [stderr]    Compiling pest_generator v2.7.11
[INFO] [stderr]    Compiling futures v0.3.30
[INFO] [stderr]    Compiling tracing-futures v0.2.5
[INFO] [stderr]    Compiling pest_derive v2.7.11
[INFO] [stderr]    Compiling tokio-util v0.7.11
[INFO] [stderr]    Compiling tower v0.4.13
[INFO] [stderr]    Compiling h2 v0.4.6
[INFO] [stderr]    Compiling tokio-stream v0.1.16
[INFO] [stderr]    Compiling bitflags v2.6.0
[INFO] [stderr]    Compiling toml_datetime v0.6.8
[INFO] [stderr]    Compiling serde_spanned v0.6.7
[INFO] [stderr]    Compiling tracing-serde v0.1.3
[INFO] [stderr]    Compiling json5 v0.4.1
[INFO] [stderr]    Compiling serde_urlencoded v0.7.1
[INFO] [stderr]    Compiling ron v0.8.1
[INFO] [stderr]    Compiling toml_edit v0.22.20
[INFO] [stderr]    Compiling opentelemetry_sdk v0.24.1
[INFO] [stderr]    Compiling tracing-subscriber v0.3.18
[INFO] [stderr]    Compiling hyper v1.4.1
[INFO] [stderr]    Compiling toml v0.8.19
[INFO] [stderr]    Compiling tracing-opentelemetry v0.25.0
[INFO] [stderr]    Compiling opentelemetry-stdout v0.5.0
[INFO] [stderr]    Compiling config v0.14.0
[INFO] [stderr]    Compiling hyper-util v0.1.7
[INFO] [stderr]    Compiling tokio-native-tls v0.3.1
[INFO] [stderr]    Compiling tungstenite v0.23.0
[INFO] [stderr]    Compiling hyper-timeout v0.5.1
[INFO] [stderr]    Compiling hyper-tls v0.6.0
[INFO] [stderr]    Compiling tonic v0.12.2
[INFO] [stderr]    Compiling reqwest v0.12.7
[INFO] [stderr]    Compiling tokio-tungstenite v0.23.1
[INFO] [stderr]    Compiling opentelemetry-proto v0.7.0
[INFO] [stderr]    Compiling opentelemetry-otlp v0.17.0
[INFO] [stderr]    Compiling rpc-gateway v0.1.0 (/opt/rustwide/workdir)
[INFO] [stdout] warning: unused import: `std::time::Duration`
[INFO] [stdout]  --> src/http.rs:1:5
[INFO] [stdout]   |
[INFO] [stdout] 1 | use std::time::Duration;
[INFO] [stdout]   |     ^^^^^^^^^^^^^^^^^^^
[INFO] [stdout]   |
[INFO] [stdout]   = note: `#[warn(unused_imports)]` on by default
[INFO] [stdout] 
[INFO] [stdout] 
[INFO] [stdout] warning: unused import: `sync::CancellationToken`
[INFO] [stdout]   --> src/node_subscriptions.rs:15:18
[INFO] [stdout]    |
[INFO] [stdout] 15 | use tokio_util::{sync::CancellationToken, task::TaskTracker};
[INFO] [stdout]    |                  ^^^^^^^^^^^^^^^^^^^^^^^
[INFO] [stdout] 
[INFO] [stdout] 
[INFO] [stdout] warning: unused imports: `collections::HashMap` and `sync::Arc`
[INFO] [stdout]  --> src/rpc.rs:1:11
[INFO] [stdout]   |
[INFO] [stdout] 1 | use std::{collections::HashMap, fmt::Debug, num::ParseIntError, ops::Deref, sync::Arc};
[INFO] [stdout]   |           ^^^^^^^^^^^^^^^^^^^^                                              ^^^^^^^^^
[INFO] [stdout] 
[INFO] [stdout] 
[INFO] [stdout] warning: unused import: `std::env`
[INFO] [stdout]   --> src/bin/ws-client.rs:13:5
[INFO] [stdout]    |
[INFO] [stdout] 13 | use std::env;
[INFO] [stdout]    |     ^^^^^^^^
[INFO] [stdout]    |
[INFO] [stdout]    = note: `#[warn(unused_imports)]` on by default
[INFO] [stdout] 
[INFO] [stdout] 
[INFO] [stdout] warning: unused imports: `future` and `pin_mut`
[INFO] [stdout]   --> src/bin/ws-client.rs:16:20
[INFO] [stdout]    |
[INFO] [stdout] 16 | use futures_util::{future, pin_mut, StreamExt};
[INFO] [stdout]    |                    ^^^^^^  ^^^^^^^
[INFO] [stdout] 
[INFO] [stdout] 
[INFO] [stdout] warning: unused import: `RpcOutboundRequest`
[INFO] [stdout]   --> src/bin/ws-client.rs:17:43
[INFO] [stdout]    |
[INFO] [stdout] 17 | use rpc_gateway::rpc::{RpcInboundRequest, RpcOutboundRequest};
[INFO] [stdout]    |                                           ^^^^^^^^^^^^^^^^^^
[INFO] [stdout] 
[INFO] [stdout] 
[INFO] [stdout] warning: unused imports: `AsyncReadExt` and `AsyncWriteExt`
[INFO] [stdout]   --> src/bin/ws-client.rs:18:17
[INFO] [stdout]    |
[INFO] [stdout] 18 | use tokio::io::{AsyncReadExt, AsyncWriteExt};
[INFO] [stdout]    |                 ^^^^^^^^^^^^  ^^^^^^^^^^^^^
[INFO] [stdout] 
[INFO] [stdout] 
[INFO] [stdout] warning: unused import: `std::env`
[INFO] [stdout]   --> src/bin/ws-client2.rs:13:5
[INFO] [stdout]    |
[INFO] [stdout] 13 | use std::env;
[INFO] [stdout]    |     ^^^^^^^^
[INFO] [stdout]    |
[INFO] [stdout]    = note: `#[warn(unused_imports)]` on by default
[INFO] [stdout] 
[INFO] [stdout] 
[INFO] [stdout] warning: unused import: `TryStreamExt`
[INFO] [stdout]   --> src/bin/ws-client2.rs:15:24
[INFO] [stdout]    |
[INFO] [stdout] 15 | use futures::{SinkExt, TryStreamExt};
[INFO] [stdout]    |                        ^^^^^^^^^^^^
[INFO] [stdout] 
[INFO] [stdout] 
[INFO] [stdout] warning: unused imports: `future` and `pin_mut`
[INFO] [stdout]   --> src/bin/ws-client2.rs:16:20
[INFO] [stdout]    |
[INFO] [stdout] 16 | use futures_util::{future, pin_mut, StreamExt};
[INFO] [stdout]    |                    ^^^^^^  ^^^^^^^
[INFO] [stdout] 
[INFO] [stdout] 
[INFO] [stdout] warning: unused import: `RpcOutboundRequest`
[INFO] [stdout]   --> src/bin/ws-client2.rs:17:43
[INFO] [stdout]    |
[INFO] [stdout] 17 | use rpc_gateway::rpc::{RpcInboundRequest, RpcOutboundRequest};
[INFO] [stdout]    |                                           ^^^^^^^^^^^^^^^^^^
[INFO] [stdout] 
[INFO] [stdout] 
[INFO] [stdout] warning: unused imports: `AsyncReadExt` and `AsyncWriteExt`
[INFO] [stdout]   --> src/bin/ws-client2.rs:18:17
[INFO] [stdout]    |
[INFO] [stdout] 18 | use tokio::io::{AsyncReadExt, AsyncWriteExt};
[INFO] [stdout]    |                 ^^^^^^^^^^^^  ^^^^^^^^^^^^^
[INFO] [stdout] 
[INFO] [stdout] 
[INFO] [stdout] warning: unused imports: `fmt::Debug`, `num::ParseIntError`, and `ops::Deref`
[INFO] [stdout]  --> src/bin/shared-subs.rs:1:33
[INFO] [stdout]   |
[INFO] [stdout] 1 | use std::{collections::HashMap, fmt::Debug, num::ParseIntError, ops::Deref, sync::Arc};
[INFO] [stdout]   |                                 ^^^^^^^^^^  ^^^^^^^^^^^^^^^^^^  ^^^^^^^^^^
[INFO] [stdout]   |
[INFO] [stdout]   = note: `#[warn(unused_imports)]` on by default
[INFO] [stdout] 
[INFO] [stdout] 
[INFO] [stdout] warning: unused `Result` that must be used
[INFO] [stdout]    --> src/bin/shared-subs.rs:209:5
[INFO] [stdout]     |
[INFO] [stdout] 209 |     listen_handler.await;
[INFO] [stdout]     |     ^^^^^^^^^^^^^^^^^^^^
[INFO] [stdout]     |
[INFO] [stdout]     = note: this `Result` may be an `Err` variant, which should be handled
[INFO] [stdout]     = note: `#[warn(unused_must_use)]` on by default
[INFO] [stdout] help: use `let _ = ...` to ignore the resulting value
[INFO] [stdout]     |
[INFO] [stdout] 209 |     let _ = listen_handler.await;
[INFO] [stdout]     |     +++++++
[INFO] [stdout] 
[INFO] [stdout] 
[INFO] [stdout] warning: unused variable: `e`
[INFO] [stdout]    --> src/bin/ws-tokio.rs:356:29
[INFO] [stdout]     |
[INFO] [stdout] 356 |                         Err(e) => {
[INFO] [stdout]     |                             ^ help: if this is intentional, prefix it with an underscore: `_e`
[INFO] [stdout]     |
[INFO] [stdout]     = note: `#[warn(unused_variables)]` on by default
[INFO] [stdout] 
[INFO] [stdout] 
[INFO] [stderr]     Finished `dev` profile [unoptimized + debuginfo] target(s) in 1m 08s
[INFO] running `Command { std: "docker" "inspect" "4d5d4afcea537584d3ff06a0dd27e7fd3481c2966edb277fb7bf4c6c6ca963d1", kill_on_drop: false }`
[INFO] running `Command { std: "docker" "rm" "-f" "4d5d4afcea537584d3ff06a0dd27e7fd3481c2966edb277fb7bf4c6c6ca963d1", kill_on_drop: false }`
[INFO] [stdout] 4d5d4afcea537584d3ff06a0dd27e7fd3481c2966edb277fb7bf4c6c6ca963d1
[INFO] running `Command { std: "docker" "create" "-v" "/var/lib/crater-agent-workspace/builds/worker-1-tc2/target:/opt/rustwide/target:rw,Z" "-v" "/var/lib/crater-agent-workspace/builds/worker-1-tc2/source:/opt/rustwide/workdir:ro,Z" "-v" "/var/lib/crater-agent-workspace/cargo-home:/opt/rustwide/cargo-home:ro,Z" "-v" "/var/lib/crater-agent-workspace/rustup-home:/opt/rustwide/rustup-home:ro,Z" "-e" "SOURCE_DIR=/opt/rustwide/workdir" "-e" "CARGO_TARGET_DIR=/opt/rustwide/target" "-e" "CARGO_INCREMENTAL=0" "-e" "RUST_BACKTRACE=full" "-e" "RUSTFLAGS=--cap-lints=forbid -Zrandomize-layout" "-e" "RUSTDOCFLAGS=--cap-lints=forbid" "-e" "CARGO_HOME=/opt/rustwide/cargo-home" "-e" "RUSTUP_HOME=/opt/rustwide/rustup-home" "-w" "/opt/rustwide/workdir" "-m" "1610612736" "--user" "0:0" "--network" "none" "ghcr.io/rust-lang/crates-build-env/linux@sha256:819108c5571ea2e421544af4d832f968d213c87fbe3707a016657f43d2f853bc" "/opt/rustwide/cargo-home/bin/cargo" "+nightly-2025-01-18" "test" "--frozen" "--no-run" "--message-format=json", kill_on_drop: false }`
[INFO] [stdout] dc851fafc22645c408b92e9b928760370389d4822dfc1f9cfdc7c3654752cfd3
[INFO] running `Command { std: "docker" "start" "-a" "dc851fafc22645c408b92e9b928760370389d4822dfc1f9cfdc7c3654752cfd3", kill_on_drop: false }`
[INFO] [stderr]    Compiling rpc-gateway v0.1.0 (/opt/rustwide/workdir)
[INFO] [stdout] warning: unused import: `std::time::Duration`
[INFO] [stdout]  --> src/http.rs:1:5
[INFO] [stdout]   |
[INFO] [stdout] 1 | use std::time::Duration;
[INFO] [stdout]   |     ^^^^^^^^^^^^^^^^^^^
[INFO] [stdout]   |
[INFO] [stdout]   = note: `#[warn(unused_imports)]` on by default
[INFO] [stdout] 
[INFO] [stdout] 
[INFO] [stdout] warning: unused import: `sync::CancellationToken`
[INFO] [stdout]   --> src/node_subscriptions.rs:15:18
[INFO] [stdout]    |
[INFO] [stdout] 15 | use tokio_util::{sync::CancellationToken, task::TaskTracker};
[INFO] [stdout]    |                  ^^^^^^^^^^^^^^^^^^^^^^^
[INFO] [stdout] 
[INFO] [stdout] 
[INFO] [stdout] warning: unused imports: `collections::HashMap` and `sync::Arc`
[INFO] [stdout]  --> src/rpc.rs:1:11
[INFO] [stdout]   |
[INFO] [stdout] 1 | use std::{collections::HashMap, fmt::Debug, num::ParseIntError, ops::Deref, sync::Arc};
[INFO] [stdout]   |           ^^^^^^^^^^^^^^^^^^^^                                              ^^^^^^^^^
[INFO] [stdout] 
[INFO] [stdout] 
[INFO] [stdout] warning: unused import: `std::env`
[INFO] [stdout]   --> src/bin/ws-client2.rs:13:5
[INFO] [stdout]    |
[INFO] [stdout] 13 | use std::env;
[INFO] [stdout]    |     ^^^^^^^^
[INFO] [stdout]    |
[INFO] [stdout]    = note: `#[warn(unused_imports)]` on by default
[INFO] [stdout] 
[INFO] [stdout] 
[INFO] [stdout] warning: unused import: `std::env`
[INFO] [stdout]   --> src/bin/ws-client.rs:13:5
[INFO] [stdout]    |
[INFO] [stdout] 13 | use std::env;
[INFO] [stdout]    |     ^^^^^^^^
[INFO] [stdout]    |
[INFO] [stdout]    = note: `#[warn(unused_imports)]` on by default
[INFO] [stdout] 
[INFO] [stdout] 
[INFO] [stdout] warning: unused imports: `future` and `pin_mut`
[INFO] [stdout]   --> src/bin/ws-client.rs:16:20
[INFO] [stdout]    |
[INFO] [stdout] 16 | use futures_util::{future, pin_mut, StreamExt};
[INFO] [stdout]    |                    ^^^^^^  ^^^^^^^
[INFO] [stdout] 
[INFO] [stdout] 
[INFO] [stdout] warning: unused import: `RpcOutboundRequest`
[INFO] [stdout]   --> src/bin/ws-client.rs:17:43
[INFO] [stdout]    |
[INFO] [stdout] 17 | use rpc_gateway::rpc::{RpcInboundRequest, RpcOutboundRequest};
[INFO] [stdout]    |                                           ^^^^^^^^^^^^^^^^^^
[INFO] [stdout] 
[INFO] [stdout] 
[INFO] [stdout] warning: unused import: `TryStreamExt`
[INFO] [stdout]   --> src/bin/ws-client2.rs:15:24
[INFO] [stdout]    |
[INFO] [stdout] 15 | use futures::{SinkExt, TryStreamExt};
[INFO] [stdout]    |                        ^^^^^^^^^^^^
[INFO] [stdout] 
[INFO] [stdout] 
[INFO] [stdout] warning: unused imports: `AsyncReadExt` and `AsyncWriteExt`
[INFO] [stdout]   --> src/bin/ws-client.rs:18:17
[INFO] [stdout]    |
[INFO] [stdout] 18 | use tokio::io::{AsyncReadExt, AsyncWriteExt};
[INFO] [stdout]    |                 ^^^^^^^^^^^^  ^^^^^^^^^^^^^
[INFO] [stdout] 
[INFO] [stdout] 
[INFO] [stdout] warning: unused imports: `future` and `pin_mut`
[INFO] [stdout]   --> src/bin/ws-client2.rs:16:20
[INFO] [stdout]    |
[INFO] [stdout] 16 | use futures_util::{future, pin_mut, StreamExt};
[INFO] [stdout]    |                    ^^^^^^  ^^^^^^^
[INFO] [stdout] 
[INFO] [stdout] 
[INFO] [stdout] warning: unused import: `RpcOutboundRequest`
[INFO] [stdout]   --> src/bin/ws-client2.rs:17:43
[INFO] [stdout]    |
[INFO] [stdout] 17 | use rpc_gateway::rpc::{RpcInboundRequest, RpcOutboundRequest};
[INFO] [stdout]    |                                           ^^^^^^^^^^^^^^^^^^
[INFO] [stdout] 
[INFO] [stdout] 
[INFO] [stdout] warning: unused imports: `AsyncReadExt` and `AsyncWriteExt`
[INFO] [stdout]   --> src/bin/ws-client2.rs:18:17
[INFO] [stdout]    |
[INFO] [stdout] 18 | use tokio::io::{AsyncReadExt, AsyncWriteExt};
[INFO] [stdout]    |                 ^^^^^^^^^^^^  ^^^^^^^^^^^^^
[INFO] [stdout] 
[INFO] [stdout] 
[INFO] [stdout] warning: unused imports: `fmt::Debug`, `num::ParseIntError`, and `ops::Deref`
[INFO] [stdout]  --> src/bin/shared-subs.rs:1:33
[INFO] [stdout]   |
[INFO] [stdout] 1 | use std::{collections::HashMap, fmt::Debug, num::ParseIntError, ops::Deref, sync::Arc};
[INFO] [stdout]   |                                 ^^^^^^^^^^  ^^^^^^^^^^^^^^^^^^  ^^^^^^^^^^
[INFO] [stdout]   |
[INFO] [stdout]   = note: `#[warn(unused_imports)]` on by default
[INFO] [stdout] 
[INFO] [stdout] 
[INFO] [stdout] warning: unused import: `std::time::Duration`
[INFO] [stdout]  --> src/http.rs:1:5
[INFO] [stdout]   |
[INFO] [stdout] 1 | use std::time::Duration;
[INFO] [stdout]   |     ^^^^^^^^^^^^^^^^^^^
[INFO] [stdout]   |
[INFO] [stdout]   = note: `#[warn(unused_imports)]` on by default
[INFO] [stdout] 
[INFO] [stdout] 
[INFO] [stdout] warning: unused import: `sync::CancellationToken`
[INFO] [stdout]   --> src/node_subscriptions.rs:15:18
[INFO] [stdout]    |
[INFO] [stdout] 15 | use tokio_util::{sync::CancellationToken, task::TaskTracker};
[INFO] [stdout]    |                  ^^^^^^^^^^^^^^^^^^^^^^^
[INFO] [stdout] 
[INFO] [stdout] 
[INFO] [stdout] warning: unused imports: `collections::HashMap` and `sync::Arc`
[INFO] [stdout]  --> src/rpc.rs:1:11
[INFO] [stdout]   |
[INFO] [stdout] 1 | use std::{collections::HashMap, fmt::Debug, num::ParseIntError, ops::Deref, sync::Arc};
[INFO] [stdout]   |           ^^^^^^^^^^^^^^^^^^^^                                              ^^^^^^^^^
[INFO] [stdout] 
[INFO] [stdout] 
[INFO] [stdout] warning: unused `Result` that must be used
[INFO] [stdout]    --> src/bin/shared-subs.rs:209:5
[INFO] [stdout]     |
[INFO] [stdout] 209 |     listen_handler.await;
[INFO] [stdout]     |     ^^^^^^^^^^^^^^^^^^^^
[INFO] [stdout]     |
[INFO] [stdout]     = note: this `Result` may be an `Err` variant, which should be handled
[INFO] [stdout]     = note: `#[warn(unused_must_use)]` on by default
[INFO] [stdout] help: use `let _ = ...` to ignore the resulting value
[INFO] [stdout]     |
[INFO] [stdout] 209 |     let _ = listen_handler.await;
[INFO] [stdout]     |     +++++++
[INFO] [stdout] 
[INFO] [stdout] 
[INFO] [stdout] warning: unused variable: `e`
[INFO] [stdout]    --> src/bin/ws-tokio.rs:356:29
[INFO] [stdout]     |
[INFO] [stdout] 356 |                         Err(e) => {
[INFO] [stdout]     |                             ^ help: if this is intentional, prefix it with an underscore: `_e`
[INFO] [stdout]     |
[INFO] [stdout]     = note: `#[warn(unused_variables)]` on by default
[INFO] [stdout] 
[INFO] [stdout] 
[INFO] [stderr]     Finished `test` profile [unoptimized + debuginfo] target(s) in 3.94s
[INFO] running `Command { std: "docker" "inspect" "dc851fafc22645c408b92e9b928760370389d4822dfc1f9cfdc7c3654752cfd3", kill_on_drop: false }`
[INFO] running `Command { std: "docker" "rm" "-f" "dc851fafc22645c408b92e9b928760370389d4822dfc1f9cfdc7c3654752cfd3", kill_on_drop: false }`
[INFO] [stdout] dc851fafc22645c408b92e9b928760370389d4822dfc1f9cfdc7c3654752cfd3
[INFO] running `Command { std: "docker" "create" "-v" "/var/lib/crater-agent-workspace/builds/worker-1-tc2/target:/opt/rustwide/target:rw,Z" "-v" "/var/lib/crater-agent-workspace/builds/worker-1-tc2/source:/opt/rustwide/workdir:ro,Z" "-v" "/var/lib/crater-agent-workspace/cargo-home:/opt/rustwide/cargo-home:ro,Z" "-v" "/var/lib/crater-agent-workspace/rustup-home:/opt/rustwide/rustup-home:ro,Z" "-e" "SOURCE_DIR=/opt/rustwide/workdir" "-e" "CARGO_TARGET_DIR=/opt/rustwide/target" "-e" "CARGO_INCREMENTAL=0" "-e" "RUST_BACKTRACE=full" "-e" "RUSTFLAGS=--cap-lints=forbid -Zrandomize-layout" "-e" "RUSTDOCFLAGS=--cap-lints=forbid" "-e" "CARGO_HOME=/opt/rustwide/cargo-home" "-e" "RUSTUP_HOME=/opt/rustwide/rustup-home" "-w" "/opt/rustwide/workdir" "-m" "1610612736" "--user" "0:0" "--network" "none" "ghcr.io/rust-lang/crates-build-env/linux@sha256:819108c5571ea2e421544af4d832f968d213c87fbe3707a016657f43d2f853bc" "/opt/rustwide/cargo-home/bin/cargo" "+nightly-2025-01-18" "test" "--frozen", kill_on_drop: false }`
[INFO] [stdout] 52d14129d8a9d009013da79ae5e5a227c447ccdc30c2a42424f270ac48fd0594
[INFO] running `Command { std: "docker" "start" "-a" "52d14129d8a9d009013da79ae5e5a227c447ccdc30c2a42424f270ac48fd0594", kill_on_drop: false }`
[INFO] [stderr] warning: unused import: `std::time::Duration`
[INFO] [stderr]  --> src/http.rs:1:5
[INFO] [stderr]   |
[INFO] [stderr] 1 | use std::time::Duration;
[INFO] [stderr]   |     ^^^^^^^^^^^^^^^^^^^
[INFO] [stderr]   |
[INFO] [stderr]   = note: `#[warn(unused_imports)]` on by default
[INFO] [stderr] 
[INFO] [stderr] warning: unused import: `sync::CancellationToken`
[INFO] [stderr]   --> src/node_subscriptions.rs:15:18
[INFO] [stderr]    |
[INFO] [stderr] 15 | use tokio_util::{sync::CancellationToken, task::TaskTracker};
[INFO] [stderr]    |                  ^^^^^^^^^^^^^^^^^^^^^^^
[INFO] [stderr] 
[INFO] [stderr] warning: unused imports: `collections::HashMap` and `sync::Arc`
[INFO] [stderr]  --> src/rpc.rs:1:11
[INFO] [stderr]   |
[INFO] [stderr] 1 | use std::{collections::HashMap, fmt::Debug, num::ParseIntError, ops::Deref, sync::Arc};
[INFO] [stderr]   |           ^^^^^^^^^^^^^^^^^^^^                                              ^^^^^^^^^
[INFO] [stderr] 
[INFO] [stderr] warning: `rpc-gateway` (lib) generated 3 warnings (run `cargo fix --lib -p rpc-gateway` to apply 3 suggestions)
[INFO] [stderr] warning: `rpc-gateway` (lib test) generated 3 warnings (3 duplicates)
[INFO] [stderr] warning: unused import: `std::env`
[INFO] [stderr]   --> src/bin/ws-client.rs:13:5
[INFO] [stderr]    |
[INFO] [stderr] 13 | use std::env;
[INFO] [stderr]    |     ^^^^^^^^
[INFO] [stderr]    |
[INFO] [stderr]    = note: `#[warn(unused_imports)]` on by default
[INFO] [stderr] 
[INFO] [stderr] warning: unused imports: `future` and `pin_mut`
[INFO] [stderr]   --> src/bin/ws-client.rs:16:20
[INFO] [stderr]    |
[INFO] [stderr] 16 | use futures_util::{future, pin_mut, StreamExt};
[INFO] [stderr]    |                    ^^^^^^  ^^^^^^^
[INFO] [stderr] 
[INFO] [stderr] warning: unused import: `RpcOutboundRequest`
[INFO] [stderr]   --> src/bin/ws-client.rs:17:43
[INFO] [stderr]    |
[INFO] [stderr] 17 | use rpc_gateway::rpc::{RpcInboundRequest, RpcOutboundRequest};
[INFO] [stderr]    |                                           ^^^^^^^^^^^^^^^^^^
[INFO] [stderr] 
[INFO] [stderr] warning: unused imports: `AsyncReadExt` and `AsyncWriteExt`
[INFO] [stderr]   --> src/bin/ws-client.rs:18:17
[INFO] [stderr]    |
[INFO] [stderr] 18 | use tokio::io::{AsyncReadExt, AsyncWriteExt};
[INFO] [stderr]    |                 ^^^^^^^^^^^^  ^^^^^^^^^^^^^
[INFO] [stderr] 
[INFO] [stderr] warning: unused variable: `e`
[INFO] [stderr]    --> src/bin/ws-tokio.rs:356:29
[INFO] [stderr]     |
[INFO] [stderr] 356 |                         Err(e) => {
[INFO] [stderr]     |                             ^ help: if this is intentional, prefix it with an underscore: `_e`
[INFO] [stderr]     |
[INFO] [stderr]     = note: `#[warn(unused_variables)]` on by default
[INFO] [stderr] 
[INFO] [stderr] warning: unused imports: `fmt::Debug`, `num::ParseIntError`, and `ops::Deref`
[INFO] [stderr]  --> src/bin/shared-subs.rs:1:33
[INFO] [stderr]   |
[INFO] [stderr] 1 | use std::{collections::HashMap, fmt::Debug, num::ParseIntError, ops::Deref, sync::Arc};
[INFO] [stderr]   |                                 ^^^^^^^^^^  ^^^^^^^^^^^^^^^^^^  ^^^^^^^^^^
[INFO] [stderr]   |
[INFO] [stderr]   = note: `#[warn(unused_imports)]` on by default
[INFO] [stderr] 
[INFO] [stderr] warning: unused `Result` that must be used
[INFO] [stderr]    --> src/bin/shared-subs.rs:209:5
[INFO] [stderr]     |
[INFO] [stderr] 209 |     listen_handler.await;
[INFO] [stderr]     |     ^^^^^^^^^^^^^^^^^^^^
[INFO] [stderr]     |
[INFO] [stderr]     = note: this `Result` may be an `Err` variant, which should be handled
[INFO] [stderr]     = note: `#[warn(unused_must_use)]` on by default
[INFO] [stderr] help: use `let _ = ...` to ignore the resulting value
[INFO] [stderr]     |
[INFO] [stderr] 209 |     let _ = listen_handler.await;
[INFO] [stderr]     |     +++++++
[INFO] [stderr] 
[INFO] [stderr] warning: unused import: `std::env`
[INFO] [stderr]   --> src/bin/ws-client2.rs:13:5
[INFO] [stderr]    |
[INFO] [stderr] 13 | use std::env;
[INFO] [stderr]    |     ^^^^^^^^
[INFO] [stderr]    |
[INFO] [stderr]    = note: `#[warn(unused_imports)]` on by default
[INFO] [stderr] 
[INFO] [stderr] warning: unused import: `TryStreamExt`
[INFO] [stderr]   --> src/bin/ws-client2.rs:15:24
[INFO] [stderr]    |
[INFO] [stderr] 15 | use futures::{SinkExt, TryStreamExt};
[INFO] [stderr]    |                        ^^^^^^^^^^^^
[INFO] [stderr] 
[INFO] [stderr] warning: unused imports: `future` and `pin_mut`
[INFO] [stderr]   --> src/bin/ws-client2.rs:16:20
[INFO] [stderr]    |
[INFO] [stderr] 16 | use futures_util::{future, pin_mut, StreamExt};
[INFO] [stderr]    |                    ^^^^^^  ^^^^^^^
[INFO] [stderr] 
[INFO] [stderr] warning: unused import: `RpcOutboundRequest`
[INFO] [stderr]   --> src/bin/ws-client2.rs:17:43
[INFO] [stderr]    |
[INFO] [stderr] 17 | use rpc_gateway::rpc::{RpcInboundRequest, RpcOutboundRequest};
[INFO] [stderr]    |                                           ^^^^^^^^^^^^^^^^^^
[INFO] [stderr] 
[INFO] [stderr] warning: unused imports: `AsyncReadExt` and `AsyncWriteExt`
[INFO] [stderr]   --> src/bin/ws-client2.rs:18:17
[INFO] [stderr]    |
[INFO] [stderr] 18 | use tokio::io::{AsyncReadExt, AsyncWriteExt};
[INFO] [stderr]    |                 ^^^^^^^^^^^^  ^^^^^^^^^^^^^
[INFO] [stderr] 
[INFO] [stderr] warning: `rpc-gateway` (bin "ws-client" test) generated 4 warnings (run `cargo fix --bin "ws-client" --tests` to apply 4 suggestions)
[INFO] [stderr] warning: `rpc-gateway` (bin "ws-tokio" test) generated 1 warning
[INFO] [stderr] warning: `rpc-gateway` (bin "shared-subs" test) generated 2 warnings (run `cargo fix --bin "shared-subs" --tests` to apply 1 suggestion)
[INFO] [stderr] warning: `rpc-gateway` (bin "ws-client2" test) generated 5 warnings (run `cargo fix --bin "ws-client2" --tests` to apply 5 suggestions)
[INFO] [stderr]     Finished `test` profile [unoptimized + debuginfo] target(s) in 0.31s
[INFO] [stderr]      Running unittests src/lib.rs (/opt/rustwide/target/debug/deps/rpc_gateway-cc355e5ef9128c67)
[INFO] [stdout] 
[INFO] [stdout] running 5 tests
[INFO] [stdout] test settings::settings::test::should_correctly_categorize_ws_and_wss ... ok
[INFO] [stdout] test settings::settings::test::should_correctly_categorize_http_and_https ... ok
[INFO] [stdout] test settings::raw_settings::test::read_raw_settings_target_endpoints_from_toml ... ok
[INFO] [stdout] test settings::raw_settings::test::raw_settings_to_settings ... FAILED
[INFO] [stdout] test settings::raw_settings::test::read_raw_settings_chains_from_toml ... FAILED
[INFO] [stdout] 
[INFO] [stdout] failures:
[INFO] [stdout] 
[INFO] [stdout] ---- settings::raw_settings::test::raw_settings_to_settings stdout ----
[INFO] [stdout] 
[INFO] [stdout] thread 'settings::raw_settings::test::raw_settings_to_settings' panicked at src/settings/raw_settings.rs:263:9:
[INFO] [stdout] assertion `left == right` failed
[INFO] [stdout]   left: Settings { chains_to_targets: ChainsToEndpoints({ChainId(8453): TargetEndpointsForChain { chain: Chain { block_time: Some(2s), chain_id: ChainId(8453) }, http: [HttpTargetEndpoint(TargetEndpointBase { name: "third_endpoint", chain: Chain { block_time: Some(2s), chain_id: ChainId(8453) }, url: Url { scheme: "http", cannot_be_a_base: false, username: "", password: None, host: Some(Domain("localhost")), port: Some(8082), path: "/", query: None, fragment: None } })], ws: [] }, ChainId(84532): TargetEndpointsForChain { chain: Chain { block_time: None, chain_id: ChainId(84532) }, http: [HttpTargetEndpoint(TargetEndpointBase { name: "fourth_endpoint", chain: Chain { block_time: None, chain_id: ChainId(84532) }, url: Url { scheme: "http", cannot_be_a_base: false, username: "", password: None, host: Some(Domain("localhost")), port: Some(8083), path: "/", query: None, fragment: None } })], ws: [WebSocketTargetEndpoint(TargetEndpointBase { name: "fifth_endpoint", chain: Chain { block_time: None, chain_id: ChainId(84532) }, url: Url { scheme: "ws", cannot_be_a_base: false, username: "", password: None, host: Some(Domain("localhost")), port: Some(8084), path: "/", query: None, fragment: None } })] }, ChainId(1): TargetEndpointsForChain { chain: Chain { block_time: Some(12s), chain_id: ChainId(1) }, http: [HttpTargetEndpoint(TargetEndpointBase { name: "second_endpoint", chain: Chain { block_time: Some(12s), chain_id: ChainId(1) }, url: Url { scheme: "http", cannot_be_a_base: false, username: "", password: None, host: Some(Domain("localhost")), port: Some(8081), path: "/", query: None, fragment: None } }), HttpTargetEndpoint(TargetEndpointBase { name: "first_endpoint", chain: Chain { block_time: Some(12s), chain_id: ChainId(1) }, url: Url { scheme: "http", cannot_be_a_base: false, username: "", password: None, host: Some(Domain("localhost")), port: Some(8080), path: "/", query: None, fragment: None } })], ws: [] }}) }
[INFO] [stdout]  right: Settings { chains_to_targets: ChainsToEndpoints({ChainId(8453): TargetEndpointsForChain { chain: Chain { block_time: Some(2s), chain_id: ChainId(8453) }, http: [HttpTargetEndpoint(TargetEndpointBase { name: "third_endpoint", chain: Chain { block_time: Some(2s), chain_id: ChainId(8453) }, url: Url { scheme: "http", cannot_be_a_base: false, username: "", password: None, host: Some(Domain("localhost")), port: Some(8082), path: "/", query: None, fragment: None } })], ws: [] }, ChainId(84532): TargetEndpointsForChain { chain: Chain { block_time: Some(2s), chain_id: ChainId(84532) }, http: [HttpTargetEndpoint(TargetEndpointBase { name: "fourth_endpoint", chain: Chain { block_time: Some(2s), chain_id: ChainId(84532) }, url: Url { scheme: "http", cannot_be_a_base: false, username: "", password: None, host: Some(Domain("localhost")), port: Some(8083), path: "/", query: None, fragment: None } })], ws: [WebSocketTargetEndpoint(TargetEndpointBase { name: "fifth_endpoint", chain: Chain { block_time: Some(2s), chain_id: ChainId(84532) }, url: Url { scheme: "ws", cannot_be_a_base: false, username: "", password: None, host: Some(Domain("localhost")), port: Some(8084), path: "/", query: None, fragment: None } })] }, ChainId(1): TargetEndpointsForChain { chain: Chain { block_time: Some(12s), chain_id: ChainId(1) }, http: [HttpTargetEndpoint(TargetEndpointBase { name: "first_endpoint", chain: Chain { block_time: Some(12s), chain_id: ChainId(1) }, url: Url { scheme: "http", cannot_be_a_base: false, username: "", password: None, host: Some(Domain("localhost")), port: Some(8080), path: "/", query: None, fragment: None } }), HttpTargetEndpoint(TargetEndpointBase { name: "second_endpoint", chain: Chain { block_time: Some(12s), chain_id: ChainId(1) }, url: Url { scheme: "http", cannot_be_a_base: false, username: "", password: None, host: Some(Domain("localhost")), port: Some(8081), path: "/", query: None, fragment: None } })], ws: [] }}) }
[INFO] [stdout] stack backtrace:
[INFO] [stdout]    0:     0x63a09a6998ba - std::backtrace_rs::backtrace::libunwind::trace::hb059275cfc8d6126
[INFO] [stdout]                                at /rustc/6067b36314ab5eb2eb47cecc464545ba58e1ad24/library/std/src/../../backtrace/src/backtrace/libunwind.rs:116:5
[INFO] [stdout]    1:     0x63a09a6998ba - std::backtrace_rs::backtrace::trace_unsynchronized::h2da071e4327ce3ee
[INFO] [stdout]                                at /rustc/6067b36314ab5eb2eb47cecc464545ba58e1ad24/library/std/src/../../backtrace/src/backtrace/mod.rs:66:5
[INFO] [stdout]    2:     0x63a09a6998ba - std::sys::backtrace::_print_fmt::h842a1474e6f8d23f
[INFO] [stdout]                                at /rustc/6067b36314ab5eb2eb47cecc464545ba58e1ad24/library/std/src/sys/backtrace.rs:66:9
[INFO] [stdout]    3:     0x63a09a6998ba - <std::sys::backtrace::BacktraceLock::print::DisplayBacktrace as core::fmt::Display>::fmt::h71a62eb3b9696b12
[INFO] [stdout]                                at /rustc/6067b36314ab5eb2eb47cecc464545ba58e1ad24/library/std/src/sys/backtrace.rs:39:26
[INFO] [stdout]    4:     0x63a09a6c4c93 - core::fmt::rt::Argument::fmt::hdb6b616786b41dc1
[INFO] [stdout]                                at /rustc/6067b36314ab5eb2eb47cecc464545ba58e1ad24/library/core/src/fmt/rt.rs:177:76
[INFO] [stdout]    5:     0x63a09a6c4c93 - core::fmt::write::h2cc1698af7e2d686
[INFO] [stdout]                                at /rustc/6067b36314ab5eb2eb47cecc464545ba58e1ad24/library/core/src/fmt/mod.rs:1440:21
[INFO] [stdout]    6:     0x63a09a696163 - std::io::Write::write_fmt::hab1b4cd059a79022
[INFO] [stdout]                                at /rustc/6067b36314ab5eb2eb47cecc464545ba58e1ad24/library/std/src/io/mod.rs:1887:15
[INFO] [stdout]    7:     0x63a09a699702 - std::sys::backtrace::BacktraceLock::print::h147fe35b4ea13b08
[INFO] [stdout]                                at /rustc/6067b36314ab5eb2eb47cecc464545ba58e1ad24/library/std/src/sys/backtrace.rs:42:9
[INFO] [stdout]    8:     0x63a09a69acdf - std::panicking::default_hook::{{closure}}::hbd44223dbdc0d208
[INFO] [stdout]                                at /rustc/6067b36314ab5eb2eb47cecc464545ba58e1ad24/library/std/src/panicking.rs:298:22
[INFO] [stdout]    9:     0x63a09a69aaf8 - std::panicking::default_hook::h20f81eb0576efcec
[INFO] [stdout]                                at /rustc/6067b36314ab5eb2eb47cecc464545ba58e1ad24/library/std/src/panicking.rs:322:9
[INFO] [stdout]   10:     0x63a09a3ef863 - <alloc::boxed::Box<F,A> as core::ops::function::Fn<Args>>::call::hdb53814c496a4d34
[INFO] [stdout]                                at /rustc/6067b36314ab5eb2eb47cecc464545ba58e1ad24/library/alloc/src/boxed.rs:2027:9
[INFO] [stdout]   11:     0x63a09a3ef863 - test::test_main::{{closure}}::hc0a4963c59427c24
[INFO] [stdout]                                at /rustc/6067b36314ab5eb2eb47cecc464545ba58e1ad24/library/test/src/lib.rs:134:21
[INFO] [stdout]   12:     0x63a09a69b7d3 - <alloc::boxed::Box<F,A> as core::ops::function::Fn<Args>>::call::h591b2225413a77e9
[INFO] [stdout]                                at /rustc/6067b36314ab5eb2eb47cecc464545ba58e1ad24/library/alloc/src/boxed.rs:2027:9
[INFO] [stdout]   13:     0x63a09a69b7d3 - std::panicking::rust_panic_with_hook::h625eea43051b2edc
[INFO] [stdout]                                at /rustc/6067b36314ab5eb2eb47cecc464545ba58e1ad24/library/std/src/panicking.rs:839:13
[INFO] [stdout]   14:     0x63a09a69b48a - std::panicking::begin_panic_handler::{{closure}}::h4f9159cfbc3f6bd3
[INFO] [stdout]                                at /rustc/6067b36314ab5eb2eb47cecc464545ba58e1ad24/library/std/src/panicking.rs:704:13
[INFO] [stdout]   15:     0x63a09a699db9 - std::sys::backtrace::__rust_end_short_backtrace::h0390abce48353151
[INFO] [stdout]                                at /rustc/6067b36314ab5eb2eb47cecc464545ba58e1ad24/library/std/src/sys/backtrace.rs:168:18
[INFO] [stdout]   16:     0x63a09a69b11d - rust_begin_unwind
[INFO] [stdout]                                at /rustc/6067b36314ab5eb2eb47cecc464545ba58e1ad24/library/std/src/panicking.rs:695:5
[INFO] [stdout]   17:     0x63a09a6c2bd0 - core::panicking::panic_fmt::h9e7c637e9e5f29c9
[INFO] [stdout]                                at /rustc/6067b36314ab5eb2eb47cecc464545ba58e1ad24/library/core/src/panicking.rs:75:14
[INFO] [stdout]   18:     0x63a09a6c2fc2 - core::panicking::assert_failed_inner::h538bec7c1374cd9c
[INFO] [stdout]   19:     0x63a09a39b378 - core::panicking::assert_failed::hd9acdb9dcbb3f7d4
[INFO] [stdout]                                at /rustc/6067b36314ab5eb2eb47cecc464545ba58e1ad24/library/core/src/panicking.rs:364:5
[INFO] [stdout]   20:     0x63a09a3a337f - rpc_gateway::settings::raw_settings::test::raw_settings_to_settings::hc3609c26a614cd46
[INFO] [stdout]                                at /opt/rustwide/workdir/src/settings/raw_settings.rs:263:9
[INFO] [stdout]   21:     0x63a09a3a1937 - rpc_gateway::settings::raw_settings::test::raw_settings_to_settings::{{closure}}::h578a8674d33cbb2c
[INFO] [stdout]                                at /opt/rustwide/workdir/src/settings/raw_settings.rs:184:38
[INFO] [stdout]   22:     0x63a09a3a52b6 - core::ops::function::FnOnce::call_once::he61422a7ea912998
[INFO] [stdout]                                at /rustc/6067b36314ab5eb2eb47cecc464545ba58e1ad24/library/core/src/ops/function.rs:250:5
[INFO] [stdout]   23:     0x63a09a3f4fbb - core::ops::function::FnOnce::call_once::he27718dfdd183f43
[INFO] [stdout]                                at /rustc/6067b36314ab5eb2eb47cecc464545ba58e1ad24/library/core/src/ops/function.rs:250:5
[INFO] [stdout]   24:     0x63a09a3f4fbb - test::__rust_begin_short_backtrace::h4e84902998457a5d
[INFO] [stdout]                                at /rustc/6067b36314ab5eb2eb47cecc464545ba58e1ad24/library/test/src/lib.rs:632:18
[INFO] [stdout]   25:     0x63a09a3f3ef3 - test::run_test_in_process::{{closure}}::h7176fd18fc1feca0
[INFO] [stdout]                                at /rustc/6067b36314ab5eb2eb47cecc464545ba58e1ad24/library/test/src/lib.rs:655:60
[INFO] [stdout]   26:     0x63a09a3f3ef3 - <core::panic::unwind_safe::AssertUnwindSafe<F> as core::ops::function::FnOnce<()>>::call_once::hf79cff2a624d8cf7
[INFO] [stdout]                                at /rustc/6067b36314ab5eb2eb47cecc464545ba58e1ad24/library/core/src/panic/unwind_safe.rs:272:9
[INFO] [stdout]   27:     0x63a09a3f3ef3 - std::panicking::try::do_call::h3da0561d9ab99c25
[INFO] [stdout]                                at /rustc/6067b36314ab5eb2eb47cecc464545ba58e1ad24/library/std/src/panicking.rs:587:40
[INFO] [stdout]   28:     0x63a09a3f3ef3 - std::panicking::try::h41c9fa508bc61df6
[INFO] [stdout]                                at /rustc/6067b36314ab5eb2eb47cecc464545ba58e1ad24/library/std/src/panicking.rs:550:19
[INFO] [stdout]   29:     0x63a09a3f3ef3 - std::panic::catch_unwind::h6b3ff07bb5afad93
[INFO] [stdout]                                at /rustc/6067b36314ab5eb2eb47cecc464545ba58e1ad24/library/std/src/panic.rs:358:14
[INFO] [stdout]   30:     0x63a09a3f3ef3 - test::run_test_in_process::hc7253dd11b39b9f4
[INFO] [stdout]                                at /rustc/6067b36314ab5eb2eb47cecc464545ba58e1ad24/library/test/src/lib.rs:655:27
[INFO] [stdout]   31:     0x63a09a3f3ef3 - test::run_test::{{closure}}::hfb2007f8649c30bb
[INFO] [stdout]                                at /rustc/6067b36314ab5eb2eb47cecc464545ba58e1ad24/library/test/src/lib.rs:576:43
[INFO] [stdout]   32:     0x63a09a3b6fd5 - test::run_test::{{closure}}::h56a17aa7a282a9f4
[INFO] [stdout]                                at /rustc/6067b36314ab5eb2eb47cecc464545ba58e1ad24/library/test/src/lib.rs:606:41
[INFO] [stdout]   33:     0x63a09a3b6fd5 - std::sys::backtrace::__rust_begin_short_backtrace::hd2d2d2fb8e8c6aac
[INFO] [stdout]                                at /rustc/6067b36314ab5eb2eb47cecc464545ba58e1ad24/library/std/src/sys/backtrace.rs:152:18
[INFO] [stdout]   34:     0x63a09a3ba8ba - std::thread::Builder::spawn_unchecked_::{{closure}}::{{closure}}::h4faa3f9db6133423
[INFO] [stdout]                                at /rustc/6067b36314ab5eb2eb47cecc464545ba58e1ad24/library/std/src/thread/mod.rs:559:17
[INFO] [stdout]   35:     0x63a09a3ba8ba - <core::panic::unwind_safe::AssertUnwindSafe<F> as core::ops::function::FnOnce<()>>::call_once::hf2e855a36a4ea846
[INFO] [stdout]                                at /rustc/6067b36314ab5eb2eb47cecc464545ba58e1ad24/library/core/src/panic/unwind_safe.rs:272:9
[INFO] [stdout]   36:     0x63a09a3ba8ba - std::panicking::try::do_call::h2f73af3616c35465
[INFO] [stdout]                                at /rustc/6067b36314ab5eb2eb47cecc464545ba58e1ad24/library/std/src/panicking.rs:587:40
[INFO] [stdout]   37:     0x63a09a3ba8ba - std::panicking::try::hd1660ce9efadef5a
[INFO] [stdout]                                at /rustc/6067b36314ab5eb2eb47cecc464545ba58e1ad24/library/std/src/panicking.rs:550:19
[INFO] [stdout]   38:     0x63a09a3ba8ba - std::panic::catch_unwind::h5ee8d7823b8ca744
[INFO] [stdout]                                at /rustc/6067b36314ab5eb2eb47cecc464545ba58e1ad24/library/std/src/panic.rs:358:14
[INFO] [stdout]   39:     0x63a09a3ba8ba - std::thread::Builder::spawn_unchecked_::{{closure}}::h53c3a1894dce8407
[INFO] [stdout]                                at /rustc/6067b36314ab5eb2eb47cecc464545ba58e1ad24/library/std/src/thread/mod.rs:557:30
[INFO] [stdout]   40:     0x63a09a3ba8ba - core::ops::function::FnOnce::call_once{{vtable.shim}}::h048ce291ad4f62bf
[INFO] [stdout]                                at /rustc/6067b36314ab5eb2eb47cecc464545ba58e1ad24/library/core/src/ops/function.rs:250:5
[INFO] [stdout]   41:     0x63a09a69f70b - <alloc::boxed::Box<F,A> as core::ops::function::FnOnce<Args>>::call_once::ha52bedf99a3b4981
[INFO] [stdout]                                at /rustc/6067b36314ab5eb2eb47cecc464545ba58e1ad24/library/alloc/src/boxed.rs:2013:9
[INFO] [stdout]   42:     0x63a09a69f70b - <alloc::boxed::Box<F,A> as core::ops::function::FnOnce<Args>>::call_once::h567748934d80ccf8
[INFO] [stdout]                                at /rustc/6067b36314ab5eb2eb47cecc464545ba58e1ad24/library/alloc/src/boxed.rs:2013:9
[INFO] [stdout]   43:     0x63a09a69f70b - std::sys::pal::unix::thread::Thread::new::thread_start::h2d970728ae887adc
[INFO] [stdout]                                at /rustc/6067b36314ab5eb2eb47cecc464545ba58e1ad24/library/std/src/sys/pal/unix/thread.rs:106:17
[INFO] [stdout]   44:     0x77a767ae3ac3 - <unknown>
[INFO] [stdout]   45:     0x77a767b74a04 - clone
[INFO] [stdout]   46:                0x0 - <unknown>
[INFO] [stdout] 
[INFO] [stdout] ---- settings::raw_settings::test::read_raw_settings_chains_from_toml stdout ----
[INFO] [stdout] 
[INFO] [stdout] thread 'settings::raw_settings::test::read_raw_settings_chains_from_toml' panicked at src/settings/raw_settings.rs:134:9:
[INFO] [stdout] assertion `left == right` failed
[INFO] [stdout]   left: {8453: RawChain { block_time: Some(2) }, 11155111: RawChain { block_time: None }, 1: RawChain { block_time: Some(12) }}
[INFO] [stdout]  right: {8453: RawChain { block_time: Some(2) }, 84532: RawChain { block_time: Some(2) }, 1: RawChain { block_time: Some(12) }, 11155111: RawChain { block_time: Some(12) }}
[INFO] [stdout] stack backtrace:
[INFO] [stdout]    0:     0x63a09a6998ba - std::backtrace_rs::backtrace::libunwind::trace::hb059275cfc8d6126
[INFO] [stdout]                                at /rustc/6067b36314ab5eb2eb47cecc464545ba58e1ad24/library/std/src/../../backtrace/src/backtrace/libunwind.rs:116:5
[INFO] [stdout]    1:     0x63a09a6998ba - std::backtrace_rs::backtrace::trace_unsynchronized::h2da071e4327ce3ee
[INFO] [stdout]                                at /rustc/6067b36314ab5eb2eb47cecc464545ba58e1ad24/library/std/src/../../backtrace/src/backtrace/mod.rs:66:5
[INFO] [stdout]    2:     0x63a09a6998ba - std::sys::backtrace::_print_fmt::h842a1474e6f8d23f
[INFO] [stdout]                                at /rustc/6067b36314ab5eb2eb47cecc464545ba58e1ad24/library/std/src/sys/backtrace.rs:66:9
[INFO] [stdout]    3:     0x63a09a6998ba - <std::sys::backtrace::BacktraceLock::print::DisplayBacktrace as core::fmt::Display>::fmt::h71a62eb3b9696b12
[INFO] [stdout]                                at /rustc/6067b36314ab5eb2eb47cecc464545ba58e1ad24/library/std/src/sys/backtrace.rs:39:26
[INFO] [stdout]    4:     0x63a09a6c4c93 - core::fmt::rt::Argument::fmt::hdb6b616786b41dc1
[INFO] [stdout]                                at /rustc/6067b36314ab5eb2eb47cecc464545ba58e1ad24/library/core/src/fmt/rt.rs:177:76
[INFO] [stdout]    5:     0x63a09a6c4c93 - core::fmt::write::h2cc1698af7e2d686
[INFO] [stdout]                                at /rustc/6067b36314ab5eb2eb47cecc464545ba58e1ad24/library/core/src/fmt/mod.rs:1440:21
[INFO] [stdout]    6:     0x63a09a696163 - std::io::Write::write_fmt::hab1b4cd059a79022
[INFO] [stdout]                                at /rustc/6067b36314ab5eb2eb47cecc464545ba58e1ad24/library/std/src/io/mod.rs:1887:15
[INFO] [stdout]    7:     0x63a09a699702 - std::sys::backtrace::BacktraceLock::print::h147fe35b4ea13b08
[INFO] [stdout]                                at /rustc/6067b36314ab5eb2eb47cecc464545ba58e1ad24/library/std/src/sys/backtrace.rs:42:9
[INFO] [stdout]    8:     0x63a09a69acdf - std::panicking::default_hook::{{closure}}::hbd44223dbdc0d208
[INFO] [stdout]                                at /rustc/6067b36314ab5eb2eb47cecc464545ba58e1ad24/library/std/src/panicking.rs:298:22
[INFO] [stdout]    9:     0x63a09a69aaf8 - std::panicking::default_hook::h20f81eb0576efcec
[INFO] [stdout]                                at /rustc/6067b36314ab5eb2eb47cecc464545ba58e1ad24/library/std/src/panicking.rs:322:9
[INFO] [stdout]   10:     0x63a09a3ef863 - <alloc::boxed::Box<F,A> as core::ops::function::Fn<Args>>::call::hdb53814c496a4d34
[INFO] [stdout]                                at /rustc/6067b36314ab5eb2eb47cecc464545ba58e1ad24/library/alloc/src/boxed.rs:2027:9
[INFO] [stdout]   11:     0x63a09a3ef863 - test::test_main::{{closure}}::hc0a4963c59427c24
[INFO] [stdout]                                at /rustc/6067b36314ab5eb2eb47cecc464545ba58e1ad24/library/test/src/lib.rs:134:21
[INFO] [stdout]   12:     0x63a09a69b7d3 - <alloc::boxed::Box<F,A> as core::ops::function::Fn<Args>>::call::h591b2225413a77e9
[INFO] [stdout]                                at /rustc/6067b36314ab5eb2eb47cecc464545ba58e1ad24/library/alloc/src/boxed.rs:2027:9
[INFO] [stdout]   13:     0x63a09a69b7d3 - std::panicking::rust_panic_with_hook::h625eea43051b2edc
[INFO] [stdout]                                at /rustc/6067b36314ab5eb2eb47cecc464545ba58e1ad24/library/std/src/panicking.rs:839:13
[INFO] [stdout]   14:     0x63a09a69b48a - std::panicking::begin_panic_handler::{{closure}}::h4f9159cfbc3f6bd3
[INFO] [stdout]                                at /rustc/6067b36314ab5eb2eb47cecc464545ba58e1ad24/library/std/src/panicking.rs:704:13
[INFO] [stdout]   15:     0x63a09a699db9 - std::sys::backtrace::__rust_end_short_backtrace::h0390abce48353151
[INFO] [stdout]                                at /rustc/6067b36314ab5eb2eb47cecc464545ba58e1ad24/library/std/src/sys/backtrace.rs:168:18
[INFO] [stdout]   16:     0x63a09a69b11d - rust_begin_unwind
[INFO] [stdout]                                at /rustc/6067b36314ab5eb2eb47cecc464545ba58e1ad24/library/std/src/panicking.rs:695:5
[INFO] [stdout]   17:     0x63a09a6c2bd0 - core::panicking::panic_fmt::h9e7c637e9e5f29c9
[INFO] [stdout]                                at /rustc/6067b36314ab5eb2eb47cecc464545ba58e1ad24/library/core/src/panicking.rs:75:14
[INFO] [stdout]   18:     0x63a09a6c2fc2 - core::panicking::assert_failed_inner::h538bec7c1374cd9c
[INFO] [stdout]   19:     0x63a09a39b2fc - core::panicking::assert_failed::hbc3914cc29eb7722
[INFO] [stdout]                                at /rustc/6067b36314ab5eb2eb47cecc464545ba58e1ad24/library/core/src/panicking.rs:364:5
[INFO] [stdout]   20:     0x63a09a3a0fd2 - rpc_gateway::settings::raw_settings::test::read_raw_settings_chains_from_toml::h899a3829ad5e3972
[INFO] [stdout]                                at /opt/rustwide/workdir/src/settings/raw_settings.rs:134:9
[INFO] [stdout]   21:     0x63a09a3a0b97 - rpc_gateway::settings::raw_settings::test::read_raw_settings_chains_from_toml::{{closure}}::h0a388a6bdb010f44
[INFO] [stdout]                                at /opt/rustwide/workdir/src/settings/raw_settings.rs:105:48
[INFO] [stdout]   22:     0x63a09a3a53a6 - core::ops::function::FnOnce::call_once::hf4a4d90f3e23ecee
[INFO] [stdout]                                at /rustc/6067b36314ab5eb2eb47cecc464545ba58e1ad24/library/core/src/ops/function.rs:250:5
[INFO] [stdout]   23:     0x63a09a3f4fbb - core::ops::function::FnOnce::call_once::he27718dfdd183f43
[INFO] [stdout]                                at /rustc/6067b36314ab5eb2eb47cecc464545ba58e1ad24/library/core/src/ops/function.rs:250:5
[INFO] [stdout]   24:     0x63a09a3f4fbb - test::__rust_begin_short_backtrace::h4e84902998457a5d
[INFO] [stdout]                                at /rustc/6067b36314ab5eb2eb47cecc464545ba58e1ad24/library/test/src/lib.rs:632:18
[INFO] [stdout]   25:     0x63a09a3f3ef3 - test::run_test_in_process::{{closure}}::h7176fd18fc1feca0
[INFO] [stdout]                                at /rustc/6067b36314ab5eb2eb47cecc464545ba58e1ad24/library/test/src/lib.rs:655:60
[INFO] [stdout]   26:     0x63a09a3f3ef3 - <core::panic::unwind_safe::AssertUnwindSafe<F> as core::ops::function::FnOnce<()>>::call_once::hf79cff2a624d8cf7
[INFO] [stdout]                                at /rustc/6067b36314ab5eb2eb47cecc464545ba58e1ad24/library/core/src/panic/unwind_safe.rs:272:9
[INFO] [stdout]   27:     0x63a09a3f3ef3 - std::panicking::try::do_call::h3da0561d9ab99c25
[INFO] [stdout]                                at /rustc/6067b36314ab5eb2eb47cecc464545ba58e1ad24/library/std/src/panicking.rs:587:40
[INFO] [stdout]   28:     0x63a09a3f3ef3 - std::panicking::try::h41c9fa508bc61df6
[INFO] [stdout]                                at /rustc/6067b36314ab5eb2eb47cecc464545ba58e1ad24/library/std/src/panicking.rs:550:19
[INFO] [stdout]   29:     0x63a09a3f3ef3 - std::panic::catch_unwind::h6b3ff07bb5afad93
[INFO] [stdout]                                at /rustc/6067b36314ab5eb2eb47cecc464545ba58e1ad24/library/std/src/panic.rs:358:14
[INFO] [stdout]   30:     0x63a09a3f3ef3 - test::run_test_in_process::hc7253dd11b39b9f4
[INFO] [stdout]                                at /rustc/6067b36314ab5eb2eb47cecc464545ba58e1ad24/library/test/src/lib.rs:655:27
[INFO] [stdout]   31:     0x63a09a3f3ef3 - test::run_test::{{closure}}::hfb2007f8649c30bb
[INFO] [stdout]                                at /rustc/6067b36314ab5eb2eb47cecc464545ba58e1ad24/library/test/src/lib.rs:576:43
[INFO] [stdout]   32:     0x63a09a3b6fd5 - test::run_test::{{closure}}::h56a17aa7a282a9f4
[INFO] [stdout]                                at /rustc/6067b36314ab5eb2eb47cecc464545ba58e1ad24/library/test/src/lib.rs:606:41
[INFO] [stdout]   33:     0x63a09a3b6fd5 - std::sys::backtrace::__rust_begin_short_backtrace::hd2d2d2fb8e8c6aac
[INFO] [stdout]                                at /rustc/6067b36314ab5eb2eb47cecc464545ba58e1ad24/library/std/src/sys/backtrace.rs:152:18
[INFO] [stdout]   34:     0x63a09a3ba8ba - std::thread::Builder::spawn_unchecked_::{{closure}}::{{closure}}::h4faa3f9db6133423
[INFO] [stdout]                                at /rustc/6067b36314ab5eb2eb47cecc464545ba58e1ad24/library/std/src/thread/mod.rs:559:17
[INFO] [stdout]   35:     0x63a09a3ba8ba - <core::panic::unwind_safe::AssertUnwindSafe<F> as core::ops::function::FnOnce<()>>::call_once::hf2e855a36a4ea846
[INFO] [stdout]                                at /rustc/6067b36314ab5eb2eb47cecc464545ba58e1ad24/library/core/src/panic/unwind_safe.rs:272:9
[INFO] [stdout]   36:     0x63a09a3ba8ba - std::panicking::try::do_call::h2f73af3616c35465
[INFO] [stdout]                                at /rustc/6067b36314ab5eb2eb47cecc464545ba58e1ad24/library/std/src/panicking.rs:587:40
[INFO] [stdout]   37:     0x63a09a3ba8ba - std::panicking::try::hd1660ce9efadef5a
[INFO] [stdout]                                at /rustc/6067b36314ab5eb2eb47cecc464545ba58e1ad24/library/std/src/panicking.rs:550:19
[INFO] [stdout]   38:     0x63a09a3ba8ba - std::panic::catch_unwind::h5ee8d7823b8ca744
[INFO] [stdout]                                at /rustc/6067b36314ab5eb2eb47cecc464545ba58e1ad24/library/std/src/panic.rs:358:14
[INFO] [stdout]   39:     0x63a09a3ba8ba - std::thread::Builder::spawn_unchecked_::{{closure}}::h53c3a1894dce8407
[INFO] [stdout]                                at /rustc/6067b36314ab5eb2eb47cecc464545ba58e1ad24/library/std/src/thread/mod.rs:557:30
[INFO] [stdout]   40:     0x63a09a3ba8ba - core::ops::function::FnOnce::call_once{{vtable.shim}}::h048ce291ad4f62bf
[INFO] [stdout]                                at /rustc/6067b36314ab5eb2eb47cecc464545ba58e1ad24/library/core/src/ops/function.rs:250:5
[INFO] [stdout]   41:     0x63a09a69f70b - <alloc::boxed::Box<F,A> as core::ops::function::FnOnce<Args>>::call_once::ha52bedf99a3b4981
[INFO] [stdout]                                at /rustc/6067b36314ab5eb2eb47cecc464545ba58e1ad24/library/alloc/src/boxed.rs:2013:9
[INFO] [stdout]   42:     0x63a09a69f70b - <alloc::boxed::Box<F,A> as core::ops::function::FnOnce<Args>>::call_once::h567748934d80ccf8
[INFO] [stdout]                                at /rustc/6067b36314ab5eb2eb47cecc464545ba58e1ad24/library/alloc/src/boxed.rs:2013:9
[INFO] [stdout]   43:     0x63a09a69f70b - std::sys::pal::unix::thread::Thread::new::thread_start::h2d970728ae887adc
[INFO] [stdout]                                at /rustc/6067b36314ab5eb2eb47cecc464545ba58e1ad24/library/std/src/sys/pal/unix/thread.rs:106:17
[INFO] [stdout]   44:     0x77a767ae3ac3 - <unknown>
[INFO] [stdout]   45:     0x77a767b74a04 - clone
[INFO] [stdout]   46:                0x0 - <unknown>
[INFO] [stdout] 
[INFO] [stdout] 
[INFO] [stdout] failures:
[INFO] [stdout]     settings::raw_settings::test::raw_settings_to_settings
[INFO] [stdout]     settings::raw_settings::test::read_raw_settings_chains_from_toml
[INFO] [stdout] 
[INFO] [stdout] test result: FAILED. 3 passed; 2 failed; 0 ignored; 0 measured; 0 filtered out; finished in 0.12s
[INFO] [stdout] 
[INFO] [stderr] error: test failed, to rerun pass `--lib`
[INFO] running `Command { std: "docker" "inspect" "52d14129d8a9d009013da79ae5e5a227c447ccdc30c2a42424f270ac48fd0594", kill_on_drop: false }`
[INFO] running `Command { std: "docker" "rm" "-f" "52d14129d8a9d009013da79ae5e5a227c447ccdc30c2a42424f270ac48fd0594", kill_on_drop: false }`
[INFO] [stdout] 52d14129d8a9d009013da79ae5e5a227c447ccdc30c2a42424f270ac48fd0594
