[INFO] cloning repository https://github.com/wegmarken2006/mutils
[INFO] running `Command { std: "git" "-c" "credential.helper=" "-c" "credential.helper=/workspace/cargo-home/bin/git-credential-null" "clone" "--bare" "https://github.com/wegmarken2006/mutils" "/workspace/cache/git-repos/https%3A%2F%2Fgithub.com%2Fwegmarken2006%2Fmutils", kill_on_drop: false }`
[INFO] [stderr] Cloning into bare repository '/workspace/cache/git-repos/https%3A%2F%2Fgithub.com%2Fwegmarken2006%2Fmutils'...
[INFO] running `Command { std: "git" "rev-parse" "HEAD", kill_on_drop: false }`
[INFO] [stdout] db26caf81218a45210b71b8bd2384294d83f8a15
[INFO] testing wegmarken2006/mutils against nightly-2025-01-18+rustflags=-Zrandomize-layout for randomize-layout-2
[INFO] running `Command { std: "git" "clone" "/workspace/cache/git-repos/https%3A%2F%2Fgithub.com%2Fwegmarken2006%2Fmutils" "/workspace/builds/worker-7-tc2/source", kill_on_drop: false }`
[INFO] [stderr] Cloning into '/workspace/builds/worker-7-tc2/source'...
[INFO] [stderr] done.
[INFO] validating manifest of git repo https://github.com/wegmarken2006/mutils on toolchain nightly-2025-01-18
[INFO] running `Command { std: CARGO_HOME="/workspace/cargo-home" RUSTUP_HOME="/workspace/rustup-home" "/workspace/cargo-home/bin/cargo" "+nightly-2025-01-18" "metadata" "--manifest-path" "Cargo.toml" "--no-deps", kill_on_drop: false }`
[INFO] started tweaking git repo https://github.com/wegmarken2006/mutils
[INFO] finished tweaking git repo https://github.com/wegmarken2006/mutils
[INFO] tweaked toml for git repo https://github.com/wegmarken2006/mutils written to /workspace/builds/worker-7-tc2/source/Cargo.toml
[INFO] crate git repo https://github.com/wegmarken2006/mutils already has a lockfile, it will not be regenerated
[INFO] running `Command { std: CARGO_HOME="/workspace/cargo-home" RUSTUP_HOME="/workspace/rustup-home" "/workspace/cargo-home/bin/cargo" "+nightly-2025-01-18" "fetch" "--manifest-path" "Cargo.toml", kill_on_drop: false }`
[INFO] running `Command { std: "docker" "create" "-v" "/var/lib/crater-agent-workspace/builds/worker-7-tc2/target:/opt/rustwide/target:rw,Z" "-v" "/var/lib/crater-agent-workspace/builds/worker-7-tc2/source:/opt/rustwide/workdir:ro,Z" "-v" "/var/lib/crater-agent-workspace/cargo-home:/opt/rustwide/cargo-home:ro,Z" "-v" "/var/lib/crater-agent-workspace/rustup-home:/opt/rustwide/rustup-home:ro,Z" "-e" "SOURCE_DIR=/opt/rustwide/workdir" "-e" "CARGO_TARGET_DIR=/opt/rustwide/target" "-e" "CARGO_HOME=/opt/rustwide/cargo-home" "-e" "RUSTUP_HOME=/opt/rustwide/rustup-home" "-w" "/opt/rustwide/workdir" "-m" "1610612736" "--user" "0:0" "--network" "none" "ghcr.io/rust-lang/crates-build-env/linux@sha256:819108c5571ea2e421544af4d832f968d213c87fbe3707a016657f43d2f853bc" "/opt/rustwide/cargo-home/bin/cargo" "+nightly-2025-01-18" "metadata" "--no-deps" "--format-version=1", kill_on_drop: false }`
[INFO] [stdout] 26ba6ef343123f82883ed1c9e494e66bf2f36067bb229c5bcf8c106bd397e74a
[INFO] running `Command { std: "docker" "start" "-a" "26ba6ef343123f82883ed1c9e494e66bf2f36067bb229c5bcf8c106bd397e74a", kill_on_drop: false }`
[INFO] running `Command { std: "docker" "inspect" "26ba6ef343123f82883ed1c9e494e66bf2f36067bb229c5bcf8c106bd397e74a", kill_on_drop: false }`
[INFO] running `Command { std: "docker" "rm" "-f" "26ba6ef343123f82883ed1c9e494e66bf2f36067bb229c5bcf8c106bd397e74a", kill_on_drop: false }`
[INFO] [stdout] 26ba6ef343123f82883ed1c9e494e66bf2f36067bb229c5bcf8c106bd397e74a
[INFO] running `Command { std: "docker" "create" "-v" "/var/lib/crater-agent-workspace/builds/worker-7-tc2/target:/opt/rustwide/target:rw,Z" "-v" "/var/lib/crater-agent-workspace/builds/worker-7-tc2/source:/opt/rustwide/workdir:ro,Z" "-v" "/var/lib/crater-agent-workspace/cargo-home:/opt/rustwide/cargo-home:ro,Z" "-v" "/var/lib/crater-agent-workspace/rustup-home:/opt/rustwide/rustup-home:ro,Z" "-e" "SOURCE_DIR=/opt/rustwide/workdir" "-e" "CARGO_TARGET_DIR=/opt/rustwide/target" "-e" "CARGO_INCREMENTAL=0" "-e" "RUST_BACKTRACE=full" "-e" "RUSTFLAGS=--cap-lints=forbid -Zrandomize-layout" "-e" "RUSTDOCFLAGS=--cap-lints=forbid" "-e" "CARGO_HOME=/opt/rustwide/cargo-home" "-e" "RUSTUP_HOME=/opt/rustwide/rustup-home" "-w" "/opt/rustwide/workdir" "-m" "1610612736" "--user" "0:0" "--network" "none" "ghcr.io/rust-lang/crates-build-env/linux@sha256:819108c5571ea2e421544af4d832f968d213c87fbe3707a016657f43d2f853bc" "/opt/rustwide/cargo-home/bin/cargo" "+nightly-2025-01-18" "build" "--frozen" "--message-format=json", kill_on_drop: false }`
[INFO] [stdout] 188bca275666cc32a5e2262e66d70eb4034c1355e37d47d23fb62d509f0be856
[INFO] running `Command { std: "docker" "start" "-a" "188bca275666cc32a5e2262e66d70eb4034c1355e37d47d23fb62d509f0be856", kill_on_drop: false }`
[INFO] [stderr]    Compiling mutils v0.1.0 (/opt/rustwide/workdir)
[INFO] [stdout] warning: unused macro definition: `chs`
[INFO] [stdout]   --> src/lib.rs:89:14
[INFO] [stdout]    |
[INFO] [stdout] 89 | macro_rules! chs {
[INFO] [stdout]    |              ^^^
[INFO] [stdout]    |
[INFO] [stdout]    = note: `#[warn(unused_macros)]` on by default
[INFO] [stdout] 
[INFO] [stdout] 
[INFO] [stderr]     Finished `dev` profile [unoptimized + debuginfo] target(s) in 0.18s
[INFO] running `Command { std: "docker" "inspect" "188bca275666cc32a5e2262e66d70eb4034c1355e37d47d23fb62d509f0be856", kill_on_drop: false }`
[INFO] running `Command { std: "docker" "rm" "-f" "188bca275666cc32a5e2262e66d70eb4034c1355e37d47d23fb62d509f0be856", kill_on_drop: false }`
[INFO] [stdout] 188bca275666cc32a5e2262e66d70eb4034c1355e37d47d23fb62d509f0be856
[INFO] running `Command { std: "docker" "create" "-v" "/var/lib/crater-agent-workspace/builds/worker-7-tc2/target:/opt/rustwide/target:rw,Z" "-v" "/var/lib/crater-agent-workspace/builds/worker-7-tc2/source:/opt/rustwide/workdir:ro,Z" "-v" "/var/lib/crater-agent-workspace/cargo-home:/opt/rustwide/cargo-home:ro,Z" "-v" "/var/lib/crater-agent-workspace/rustup-home:/opt/rustwide/rustup-home:ro,Z" "-e" "SOURCE_DIR=/opt/rustwide/workdir" "-e" "CARGO_TARGET_DIR=/opt/rustwide/target" "-e" "CARGO_INCREMENTAL=0" "-e" "RUST_BACKTRACE=full" "-e" "RUSTFLAGS=--cap-lints=forbid -Zrandomize-layout" "-e" "RUSTDOCFLAGS=--cap-lints=forbid" "-e" "CARGO_HOME=/opt/rustwide/cargo-home" "-e" "RUSTUP_HOME=/opt/rustwide/rustup-home" "-w" "/opt/rustwide/workdir" "-m" "1610612736" "--user" "0:0" "--network" "none" "ghcr.io/rust-lang/crates-build-env/linux@sha256:819108c5571ea2e421544af4d832f968d213c87fbe3707a016657f43d2f853bc" "/opt/rustwide/cargo-home/bin/cargo" "+nightly-2025-01-18" "test" "--frozen" "--no-run" "--message-format=json", kill_on_drop: false }`
[INFO] [stdout] 54fc052f0e89bf1e7663a3689a83431922795dd42a39134ad80d2f2cb9335534
[INFO] running `Command { std: "docker" "start" "-a" "54fc052f0e89bf1e7663a3689a83431922795dd42a39134ad80d2f2cb9335534", kill_on_drop: false }`
[INFO] [stderr]    Compiling mutils v0.1.0 (/opt/rustwide/workdir)
[INFO] [stdout] warning: unused macro definition: `chs`
[INFO] [stdout]   --> src/lib.rs:89:14
[INFO] [stdout]    |
[INFO] [stdout] 89 | macro_rules! chs {
[INFO] [stdout]    |              ^^^
[INFO] [stdout]    |
[INFO] [stdout]    = note: `#[warn(unused_macros)]` on by default
[INFO] [stdout] 
[INFO] [stdout] 
[INFO] [stdout] warning: unused macro definition: `chs`
[INFO] [stdout]   --> src/lib.rs:89:14
[INFO] [stdout]    |
[INFO] [stdout] 89 | macro_rules! chs {
[INFO] [stdout]    |              ^^^
[INFO] [stdout]    |
[INFO] [stdout]    = note: `#[warn(unused_macros)]` on by default
[INFO] [stdout] 
[INFO] [stdout] 
[INFO] [stderr]     Finished `test` profile [unoptimized + debuginfo] target(s) in 0.34s
[INFO] running `Command { std: "docker" "inspect" "54fc052f0e89bf1e7663a3689a83431922795dd42a39134ad80d2f2cb9335534", kill_on_drop: false }`
[INFO] running `Command { std: "docker" "rm" "-f" "54fc052f0e89bf1e7663a3689a83431922795dd42a39134ad80d2f2cb9335534", kill_on_drop: false }`
[INFO] [stdout] 54fc052f0e89bf1e7663a3689a83431922795dd42a39134ad80d2f2cb9335534
[INFO] running `Command { std: "docker" "create" "-v" "/var/lib/crater-agent-workspace/builds/worker-7-tc2/target:/opt/rustwide/target:rw,Z" "-v" "/var/lib/crater-agent-workspace/builds/worker-7-tc2/source:/opt/rustwide/workdir:ro,Z" "-v" "/var/lib/crater-agent-workspace/cargo-home:/opt/rustwide/cargo-home:ro,Z" "-v" "/var/lib/crater-agent-workspace/rustup-home:/opt/rustwide/rustup-home:ro,Z" "-e" "SOURCE_DIR=/opt/rustwide/workdir" "-e" "CARGO_TARGET_DIR=/opt/rustwide/target" "-e" "CARGO_INCREMENTAL=0" "-e" "RUST_BACKTRACE=full" "-e" "RUSTFLAGS=--cap-lints=forbid -Zrandomize-layout" "-e" "RUSTDOCFLAGS=--cap-lints=forbid" "-e" "CARGO_HOME=/opt/rustwide/cargo-home" "-e" "RUSTUP_HOME=/opt/rustwide/rustup-home" "-w" "/opt/rustwide/workdir" "-m" "1610612736" "--user" "0:0" "--network" "none" "ghcr.io/rust-lang/crates-build-env/linux@sha256:819108c5571ea2e421544af4d832f968d213c87fbe3707a016657f43d2f853bc" "/opt/rustwide/cargo-home/bin/cargo" "+nightly-2025-01-18" "test" "--frozen", kill_on_drop: false }`
[INFO] [stdout] fa2a02e217c2005d8684ea759210820036b2eca18f23bdfc04701ec5f6f4949d
[INFO] running `Command { std: "docker" "start" "-a" "fa2a02e217c2005d8684ea759210820036b2eca18f23bdfc04701ec5f6f4949d", kill_on_drop: false }`
[INFO] [stderr] warning: unused macro definition: `chs`
[INFO] [stderr]   --> src/lib.rs:89:14
[INFO] [stderr]    |
[INFO] [stderr] 89 | macro_rules! chs {
[INFO] [stderr]    |              ^^^
[INFO] [stderr]    |
[INFO] [stderr]    = note: `#[warn(unused_macros)]` on by default
[INFO] [stderr] 
[INFO] [stderr] warning: `mutils` (lib) generated 1 warning
[INFO] [stderr] warning: `mutils` (lib test) generated 1 warning (1 duplicate)
[INFO] [stderr]     Finished `test` profile [unoptimized + debuginfo] target(s) in 0.02s
[INFO] [stderr]      Running unittests src/lib.rs (/opt/rustwide/target/debug/deps/mutils-14df557f27ee19d7)
[INFO] [stderr]    Doc-tests mutils
[INFO] [stdout] 
[INFO] [stdout] running 0 tests
[INFO] [stdout] 
[INFO] [stdout] test result: ok. 0 passed; 0 failed; 0 ignored; 0 measured; 0 filtered out; finished in 0.00s
[INFO] [stdout] 
[INFO] [stdout] 
[INFO] [stdout] running 12 tests
[INFO] [stdout] test src/lib.rs - fwalk (line 130) ... FAILED
[INFO] [stdout] test src/lib.rs - for_enum (line 97) ... FAILED
[INFO] [stdout] test src/lib.rs - flines (line 113) ... FAILED
[INFO] [stdout] test src/lib.rs - chs (line 84) ... FAILED
[INFO] [stdout] test src/lib.rs - chg (line 70) ... FAILED
[INFO] [stdout] test src/lib.rs - chan_rx (line 213) ... FAILED
[INFO] [stdout] test src/lib.rs - csvread (line 164) ... FAILED
[INFO] [stdout] test src/lib.rs - uchani (line 196) ... FAILED
[INFO] [stdout] test src/lib.rs - hmi (line 20) ... FAILED
[INFO] [stdout] test src/lib.rs - chan_tx (line 253) ... FAILED
[INFO] [stdout] test src/lib.rs - hms (line 32) ... FAILED
[INFO] [stdout] test src/lib.rs - shareable (line 291) ... FAILED
[INFO] [stdout] 
[INFO] [stdout] failures:
[INFO] [stdout] 
[INFO] [stdout] ---- src/lib.rs - fwalk (line 130) stdout ----
[INFO] [stdout] error: mismatched closing delimiter: `}`
[INFO] [stdout]  --> src/lib.rs:131:10
[INFO] [stdout]   |
[INFO] [stdout] 1 |    fwalk!("./", "toml", file_path, 
[INFO] [stdout]   |          ^ unclosed delimiter
[INFO] [stdout] 2 |        println!("{}", file_path);
[INFO] [stdout] 3 |    });
[INFO] [stdout]   |    ^ mismatched closing delimiter
[INFO] [stdout] 
[INFO] [stdout] error: unexpected closing delimiter: `)`
[INFO] [stdout]  --> src/lib.rs:133:5
[INFO] [stdout]   |
[INFO] [stdout] 3 |    });
[INFO] [stdout]   |     ^ unexpected closing delimiter
[INFO] [stdout] 
[INFO] [stdout] error: aborting due to 2 previous errors
[INFO] [stdout] 
[INFO] [stdout] Couldn't compile the test.
[INFO] [stdout] ---- src/lib.rs - for_enum (line 97) stdout ----
[INFO] [stdout] error: cannot find macro `for_enum` in this scope
[INFO] [stdout]  --> src/lib.rs:98:1
[INFO] [stdout]   |
[INFO] [stdout] 3 | for_enum!(ind, elem, vector, {
[INFO] [stdout]   | ^^^^^^^^
[INFO] [stdout]   |
[INFO] [stdout] help: consider importing this macro
[INFO] [stdout]   |
[INFO] [stdout] 2 + use mutils::for_enum;
[INFO] [stdout]   |
[INFO] [stdout] 
[INFO] [stdout] error: aborting due to 1 previous error
[INFO] [stdout] 
[INFO] [stdout] Couldn't compile the test.
[INFO] [stdout] ---- src/lib.rs - flines (line 113) stdout ----
[INFO] [stdout] error: cannot find macro `flines` in this scope
[INFO] [stdout]  --> src/lib.rs:116:4
[INFO] [stdout]   |
[INFO] [stdout] 5 |    flines!("Cargo.toml", lines);
[INFO] [stdout]   |    ^^^^^^
[INFO] [stdout]  --> /rustc/6067b36314ab5eb2eb47cecc464545ba58e1ad24/library/core/src/macros/mod.rs:1295:5
[INFO] [stdout]   |
[INFO] [stdout]   = note: similarly named macro `line` defined here
[INFO] [stdout]   |
[INFO] [stdout] help: a macro with a similar name exists
[INFO] [stdout]   |
[INFO] [stdout] 5 |    line!("Cargo.toml", lines);
[INFO] [stdout]   |    ~~~~
[INFO] [stdout] help: consider importing this macro
[INFO] [stdout]   |
[INFO] [stdout] 2 + use mutils::flines;
[INFO] [stdout]   |
[INFO] [stdout] 
[INFO] [stdout] error[E0425]: cannot find value `lines` in this scope
[INFO] [stdout]  --> src/lib.rs:117:21
[INFO] [stdout]   |
[INFO] [stdout] 6 |    println!("{:?}", lines);
[INFO] [stdout]   |                     ^^^^^ not found in this scope
[INFO] [stdout] 
[INFO] [stdout] error: aborting due to 2 previous errors
[INFO] [stdout] 
[INFO] [stdout] For more information about this error, try `rustc --explain E0425`.
[INFO] [stdout] Couldn't compile the test.
[INFO] [stdout] ---- src/lib.rs - chs (line 84) stdout ----
[INFO] [stdout] error: cannot find macro `chs` in this scope
[INFO] [stdout]  --> src/lib.rs:86:5
[INFO] [stdout]   |
[INFO] [stdout] 4 |     chs!(st, 2, "d");
[INFO] [stdout]   |     ^^^
[INFO] [stdout] 
[INFO] [stdout] error: aborting due to 1 previous error
[INFO] [stdout] 
[INFO] [stdout] Couldn't compile the test.
[INFO] [stdout] ---- src/lib.rs - chg (line 70) stdout ----
[INFO] [stdout] error: cannot find macro `chg` in this scope
[INFO] [stdout]  --> src/lib.rs:72:5
[INFO] [stdout]   |
[INFO] [stdout] 4 |     chg!(st, 1, c1);
[INFO] [stdout]   |     ^^^
[INFO] [stdout]  --> /rustc/6067b36314ab5eb2eb47cecc464545ba58e1ad24/library/core/src/macros/mod.rs:1522:5
[INFO] [stdout]   |
[INFO] [stdout]   = note: similarly named macro `cfg` defined here
[INFO] [stdout]   |
[INFO] [stdout] help: a macro with a similar name exists
[INFO] [stdout]   |
[INFO] [stdout] 4 |     cfg!(st, 1, c1);
[INFO] [stdout]   |     ~~~
[INFO] [stdout] help: consider importing this macro
[INFO] [stdout]   |
[INFO] [stdout] 2 + use mutils::chg;
[INFO] [stdout]   |
[INFO] [stdout] 
[INFO] [stdout] error[E0425]: cannot find value `c1` in this scope
[INFO] [stdout]  --> src/lib.rs:73:20
[INFO] [stdout]   |
[INFO] [stdout] 5 |     println!("{}", c1);
[INFO] [stdout]   |                    ^^ not found in this scope
[INFO] [stdout] 
[INFO] [stdout] error: aborting due to 2 previous errors
[INFO] [stdout] 
[INFO] [stdout] For more information about this error, try `rustc --explain E0425`.
[INFO] [stdout] Couldn't compile the test.
[INFO] [stdout] ---- src/lib.rs - chan_rx (line 213) stdout ----
[INFO] [stdout] error[E0432]: unresolved import `crossbeam_channel`
[INFO] [stdout]  --> src/lib.rs:214:5
[INFO] [stdout]   |
[INFO] [stdout] 3 | use crossbeam_channel;
[INFO] [stdout]   |     ^^^^^^^^^^^^^^^^^ no external crate `crossbeam_channel`
[INFO] [stdout] 
[INFO] [stdout] error: cannot find macro `chan_tx` in this scope
[INFO] [stdout]   --> src/lib.rs:236:13
[INFO] [stdout]    |
[INFO] [stdout] 25 |             chan_tx!(tx1, count);
[INFO] [stdout]    |             ^^^^^^^
[INFO] [stdout]    |
[INFO] [stdout] help: consider importing this macro
[INFO] [stdout]    |
[INFO] [stdout] 2  + use mutils::chan_tx;
[INFO] [stdout]    |
[INFO] [stdout] 
[INFO] [stdout] error: cannot find macro `chan_rx` in this scope
[INFO] [stdout]   --> src/lib.rs:231:13
[INFO] [stdout]    |
[INFO] [stdout] 20 |             chan_rx!(rx2, n, {
[INFO] [stdout]    |             ^^^^^^^
[INFO] [stdout]    |
[INFO] [stdout] help: consider importing this macro
[INFO] [stdout]    |
[INFO] [stdout] 2  + use mutils::chan_rx;
[INFO] [stdout]    |
[INFO] [stdout] 
[INFO] [stdout] error: cannot find macro `chan_tx` in this scope
[INFO] [stdout]   --> src/lib.rs:224:13
[INFO] [stdout]    |
[INFO] [stdout] 13 |             chan_tx!(tx2, "From thread 1");
[INFO] [stdout]    |             ^^^^^^^
[INFO] [stdout]    |
[INFO] [stdout] help: consider importing this macro
[INFO] [stdout]    |
[INFO] [stdout] 2  + use mutils::chan_tx;
[INFO] [stdout]    |
[INFO] [stdout] 
[INFO] [stdout] error: cannot find macro `chan_rx` in this scope
[INFO] [stdout]  --> src/lib.rs:220:13
[INFO] [stdout]   |
[INFO] [stdout] 9 |             chan_rx!(rx1, n, {
[INFO] [stdout]   |             ^^^^^^^
[INFO] [stdout]   |
[INFO] [stdout] help: consider importing this macro
[INFO] [stdout]   |
[INFO] [stdout] 2 + use mutils::chan_rx;
[INFO] [stdout]   |
[INFO] [stdout] 
[INFO] [stdout] error: cannot find macro `uchani` in this scope
[INFO] [stdout]  --> src/lib.rs:217:5
[INFO] [stdout]   |
[INFO] [stdout] 6 |     uchani!(tx2, rx2, &str);
[INFO] [stdout]   |     ^^^^^^
[INFO] [stdout]   |
[INFO] [stdout] help: consider importing this macro
[INFO] [stdout]   |
[INFO] [stdout] 2 + use mutils::uchani;
[INFO] [stdout]   |
[INFO] [stdout] 
[INFO] [stdout] error: cannot find macro `uchani` in this scope
[INFO] [stdout]  --> src/lib.rs:216:5
[INFO] [stdout]   |
[INFO] [stdout] 5 |     uchani!(tx1, rx1, i32);
[INFO] [stdout]   |     ^^^^^^
[INFO] [stdout]   |
[INFO] [stdout] help: consider importing this macro
[INFO] [stdout]   |
[INFO] [stdout] 2 + use mutils::uchani;
[INFO] [stdout]   |
[INFO] [stdout] 
[INFO] [stdout] error: aborting due to 7 previous errors
[INFO] [stdout] 
[INFO] [stdout] For more information about this error, try `rustc --explain E0432`.
[INFO] [stdout] Couldn't compile the test.
[INFO] [stdout] ---- src/lib.rs - csvread (line 164) stdout ----
[INFO] [stdout] error[E0432]: unresolved import `csv`
[INFO] [stdout]  --> src/lib.rs:165:5
[INFO] [stdout]   |
[INFO] [stdout] 3 | use csv;
[INFO] [stdout]   |     ^^^ no external crate `csv`
[INFO] [stdout] 
[INFO] [stdout] error: cannot find macro `csvread` in this scope
[INFO] [stdout]  --> src/lib.rs:167:4
[INFO] [stdout]   |
[INFO] [stdout] 5 |    csvread!("example.csv", b',', record, {
[INFO] [stdout]   |    ^^^^^^^
[INFO] [stdout]   |
[INFO] [stdout] help: consider importing this macro
[INFO] [stdout]   |
[INFO] [stdout] 2 + use mutils::csvread;
[INFO] [stdout]   |
[INFO] [stdout] 
[INFO] [stdout] error: aborting due to 2 previous errors
[INFO] [stdout] 
[INFO] [stdout] For more information about this error, try `rustc --explain E0432`.
[INFO] [stdout] Couldn't compile the test.
[INFO] [stdout] ---- src/lib.rs - uchani (line 196) stdout ----
[INFO] [stdout] error[E0432]: unresolved import `crossbeam_channel`
[INFO] [stdout]  --> src/lib.rs:197:5
[INFO] [stdout]   |
[INFO] [stdout] 3 | use crossbeam_channel;
[INFO] [stdout]   |     ^^^^^^^^^^^^^^^^^ no external crate `crossbeam_channel`
[INFO] [stdout] 
[INFO] [stdout] error: cannot find macro `uchani` in this scope
[INFO] [stdout]  --> src/lib.rs:199:4
[INFO] [stdout]   |
[INFO] [stdout] 5 |    uchani!(tx1, rx1, i32);
[INFO] [stdout]   |    ^^^^^^
[INFO] [stdout]   |
[INFO] [stdout] help: consider importing this macro
[INFO] [stdout]   |
[INFO] [stdout] 2 + use mutils::uchani;
[INFO] [stdout]   |
[INFO] [stdout] 
[INFO] [stdout] error: aborting due to 2 previous errors
[INFO] [stdout] 
[INFO] [stdout] For more information about this error, try `rustc --explain E0432`.
[INFO] [stdout] Couldn't compile the test.
[INFO] [stdout] ---- src/lib.rs - hmi (line 20) stdout ----
[INFO] [stdout] error: cannot find macro `hmi` in this scope
[INFO] [stdout]  --> src/lib.rs:21:1
[INFO] [stdout]   |
[INFO] [stdout] 3 | hmi!(map1, &str, i32);
[INFO] [stdout]   | ^^^
[INFO] [stdout]   |
[INFO] [stdout] help: consider importing this macro
[INFO] [stdout]   |
[INFO] [stdout] 2 + use mutils::hmi;
[INFO] [stdout]   |
[INFO] [stdout] 
[INFO] [stdout] error: aborting due to 1 previous error
[INFO] [stdout] 
[INFO] [stdout] Couldn't compile the test.
[INFO] [stdout] ---- src/lib.rs - chan_tx (line 253) stdout ----
[INFO] [stdout] error[E0432]: unresolved import `crossbeam_channel`
[INFO] [stdout]  --> src/lib.rs:254:5
[INFO] [stdout]   |
[INFO] [stdout] 3 | use crossbeam_channel;
[INFO] [stdout]   |     ^^^^^^^^^^^^^^^^^ no external crate `crossbeam_channel`
[INFO] [stdout] 
[INFO] [stdout] error: cannot find macro `chan_tx` in this scope
[INFO] [stdout]   --> src/lib.rs:276:13
[INFO] [stdout]    |
[INFO] [stdout] 25 |             chan_tx!(tx1, count);
[INFO] [stdout]    |             ^^^^^^^
[INFO] [stdout]    |
[INFO] [stdout] help: consider importing this macro
[INFO] [stdout]    |
[INFO] [stdout] 2  + use mutils::chan_tx;
[INFO] [stdout]    |
[INFO] [stdout] 
[INFO] [stdout] error: cannot find macro `chan_rx` in this scope
[INFO] [stdout]   --> src/lib.rs:271:13
[INFO] [stdout]    |
[INFO] [stdout] 20 |             chan_rx!(rx2, n, {
[INFO] [stdout]    |             ^^^^^^^
[INFO] [stdout]    |
[INFO] [stdout] help: consider importing this macro
[INFO] [stdout]    |
[INFO] [stdout] 2  + use mutils::chan_rx;
[INFO] [stdout]    |
[INFO] [stdout] 
[INFO] [stdout] error: cannot find macro `chan_tx` in this scope
[INFO] [stdout]   --> src/lib.rs:264:13
[INFO] [stdout]    |
[INFO] [stdout] 13 |             chan_tx!(tx2, "From thread 1");
[INFO] [stdout]    |             ^^^^^^^
[INFO] [stdout]    |
[INFO] [stdout] help: consider importing this macro
[INFO] [stdout]    |
[INFO] [stdout] 2  + use mutils::chan_tx;
[INFO] [stdout]    |
[INFO] [stdout] 
[INFO] [stdout] error: cannot find macro `chan_rx` in this scope
[INFO] [stdout]  --> src/lib.rs:260:13
[INFO] [stdout]   |
[INFO] [stdout] 9 |             chan_rx!(rx1, n, {
[INFO] [stdout]   |             ^^^^^^^
[INFO] [stdout]   |
[INFO] [stdout] help: consider importing this macro
[INFO] [stdout]   |
[INFO] [stdout] 2 + use mutils::chan_rx;
[INFO] [stdout]   |
[INFO] [stdout] 
[INFO] [stdout] error: cannot find macro `uchani` in this scope
[INFO] [stdout]  --> src/lib.rs:257:5
[INFO] [stdout]   |
[INFO] [stdout] 6 |     uchani!(tx2, rx2, &str);
[INFO] [stdout]   |     ^^^^^^
[INFO] [stdout]   |
[INFO] [stdout] help: consider importing this macro
[INFO] [stdout]   |
[INFO] [stdout] 2 + use mutils::uchani;
[INFO] [stdout]   |
[INFO] [stdout] 
[INFO] [stdout] error: cannot find macro `uchani` in this scope
[INFO] [stdout]  --> src/lib.rs:256:5
[INFO] [stdout]   |
[INFO] [stdout] 5 |     uchani!(tx1, rx1, i32);
[INFO] [stdout]   |     ^^^^^^
[INFO] [stdout]   |
[INFO] [stdout] help: consider importing this macro
[INFO] [stdout]   |
[INFO] [stdout] 2 + use mutils::uchani;
[INFO] [stdout]   |
[INFO] [stdout] 
[INFO] [stdout] error: aborting due to 7 previous errors
[INFO] [stdout] 
[INFO] [stdout] For more information about this error, try `rustc --explain E0432`.
[INFO] [stdout] Couldn't compile the test.
[INFO] [stdout] ---- src/lib.rs - hms (line 32) stdout ----
[INFO] [stdout] error: cannot find macro `hms` in this scope
[INFO] [stdout]  --> src/lib.rs:34:4
[INFO] [stdout]   |
[INFO] [stdout] 4 |    hms!(hm, "key1", 10);
[INFO] [stdout]   |    ^^^
[INFO] [stdout]   |
[INFO] [stdout] help: consider importing this macro
[INFO] [stdout]   |
[INFO] [stdout] 2 + use mutils::hms;
[INFO] [stdout]   |
[INFO] [stdout] 
[INFO] [stdout] error: cannot find macro `hmi` in this scope
[INFO] [stdout]  --> src/lib.rs:33:1
[INFO] [stdout]   |
[INFO] [stdout] 3 | hmi!(map1, &str, i32);
[INFO] [stdout]   | ^^^
[INFO] [stdout]   |
[INFO] [stdout] help: consider importing this macro
[INFO] [stdout]   |
[INFO] [stdout] 2 + use mutils::hmi;
[INFO] [stdout]   |
[INFO] [stdout] 
[INFO] [stdout] error: aborting due to 2 previous errors
[INFO] [stdout] 
[INFO] [stdout] Couldn't compile the test.
[INFO] [stdout] ---- src/lib.rs - shareable (line 291) stdout ----
[INFO] [stdout] error[E0432]: unresolved import `crossbeam_channel`
[INFO] [stdout]  --> src/lib.rs:292:5
[INFO] [stdout]   |
[INFO] [stdout] 3 | use crossbeam_channel;
[INFO] [stdout]   |     ^^^^^^^^^^^^^^^^^ no external crate `crossbeam_channel`
[INFO] [stdout] 
[INFO] [stdout] error: cannot find macro `chan_tx` in this scope
[INFO] [stdout]   --> src/lib.rs:323:13
[INFO] [stdout]    |
[INFO] [stdout] 34 |             chan_tx!(tx1, cc);
[INFO] [stdout]    |             ^^^^^^^
[INFO] [stdout]    |
[INFO] [stdout] help: consider importing this macro
[INFO] [stdout]    |
[INFO] [stdout] 2  + use mutils::chan_tx;
[INFO] [stdout]    |
[INFO] [stdout] 
[INFO] [stdout] error: cannot find macro `shares` in this scope
[INFO] [stdout]   --> src/lib.rs:322:13
[INFO] [stdout]    |
[INFO] [stdout] 33 |             shares!(cc, c2);
[INFO] [stdout]    |             ^^^^^^
[INFO] [stdout]    |
[INFO] [stdout] help: consider importing this macro
[INFO] [stdout]    |
[INFO] [stdout] 2  + use mutils::shares;
[INFO] [stdout]    |
[INFO] [stdout] 
[INFO] [stdout] error: cannot find macro `shareg` in this scope
[INFO] [stdout]   --> src/lib.rs:320:13
[INFO] [stdout]    |
[INFO] [stdout] 31 |             shareg!(c2, cc);
[INFO] [stdout]    |             ^^^^^^
[INFO] [stdout]    |
[INFO] [stdout] help: consider importing this macro
[INFO] [stdout]    |
[INFO] [stdout] 2  + use mutils::shareg;
[INFO] [stdout]    |
[INFO] [stdout] 
[INFO] [stdout] error: cannot find macro `chan_rx` in this scope
[INFO] [stdout]   --> src/lib.rs:316:13
[INFO] [stdout]    |
[INFO] [stdout] 27 |             chan_rx!(rx2, n, {
[INFO] [stdout]    |             ^^^^^^^
[INFO] [stdout]    |
[INFO] [stdout] help: consider importing this macro
[INFO] [stdout]    |
[INFO] [stdout] 2  + use mutils::chan_rx;
[INFO] [stdout]    |
[INFO] [stdout] 
[INFO] [stdout] error: cannot find macro `sharei` in this scope
[INFO] [stdout]   --> src/lib.rs:313:5
[INFO] [stdout]    |
[INFO] [stdout] 24 |     sharei!(shareable, c2);
[INFO] [stdout]    |     ^^^^^^
[INFO] [stdout]    |
[INFO] [stdout] help: consider importing this macro
[INFO] [stdout]    |
[INFO] [stdout] 2  + use mutils::sharei;
[INFO] [stdout]    |
[INFO] [stdout] 
[INFO] [stdout] error: cannot find macro `chan_tx` in this scope
[INFO] [stdout]   --> src/lib.rs:309:13
[INFO] [stdout]    |
[INFO] [stdout] 20 |             chan_tx!(tx2, cc);
[INFO] [stdout]    |             ^^^^^^^
[INFO] [stdout]    |
[INFO] [stdout] help: consider importing this macro
[INFO] [stdout]    |
[INFO] [stdout] 2  + use mutils::chan_tx;
[INFO] [stdout]    |
[INFO] [stdout] 
[INFO] [stdout] error: cannot find macro `shares` in this scope
[INFO] [stdout]   --> src/lib.rs:308:13
[INFO] [stdout]    |
[INFO] [stdout] 19 |             shares!(cc, c1);
[INFO] [stdout]    |             ^^^^^^
[INFO] [stdout]    |
[INFO] [stdout] help: consider importing this macro
[INFO] [stdout]    |
[INFO] [stdout] 2  + use mutils::shares;
[INFO] [stdout]    |
[INFO] [stdout] 
[INFO] [stdout] error: cannot find macro `shareg` in this scope
[INFO] [stdout]   --> src/lib.rs:306:13
[INFO] [stdout]    |
[INFO] [stdout] 17 |             shareg!(c1, cc);
[INFO] [stdout]    |             ^^^^^^
[INFO] [stdout]    |
[INFO] [stdout] help: consider importing this macro
[INFO] [stdout]    |
[INFO] [stdout] 2  + use mutils::shareg;
[INFO] [stdout]    |
[INFO] [stdout] 
[INFO] [stdout] error: cannot find macro `chan_rx` in this scope
[INFO] [stdout]   --> src/lib.rs:302:13
[INFO] [stdout]    |
[INFO] [stdout] 13 |             chan_rx!(rx1, n, {
[INFO] [stdout]    |             ^^^^^^^
[INFO] [stdout]    |
[INFO] [stdout] help: consider importing this macro
[INFO] [stdout]    |
[INFO] [stdout] 2  + use mutils::chan_rx;
[INFO] [stdout]    |
[INFO] [stdout] 
[INFO] [stdout] error: cannot find macro `sharei` in this scope
[INFO] [stdout]   --> src/lib.rs:299:5
[INFO] [stdout]    |
[INFO] [stdout] 10 |     sharei!(shareable, c1);
[INFO] [stdout]    |     ^^^^^^
[INFO] [stdout]    |
[INFO] [stdout] help: consider importing this macro
[INFO] [stdout]    |
[INFO] [stdout] 2  + use mutils::sharei;
[INFO] [stdout]    |
[INFO] [stdout] 
[INFO] [stdout] error: cannot find macro `shareable` in this scope
[INFO] [stdout]  --> src/lib.rs:297:5
[INFO] [stdout]   |
[INFO] [stdout] 8 |     shareable!(count, shareable);
[INFO] [stdout]   |     ^^^^^^^^^
[INFO] [stdout]   |
[INFO] [stdout] help: consider importing this macro
[INFO] [stdout]   |
[INFO] [stdout] 2 + use mutils::shareable;
[INFO] [stdout]   |
[INFO] [stdout] 
[INFO] [stdout] error: cannot find macro `uchani` in this scope
[INFO] [stdout]  --> src/lib.rs:294:5
[INFO] [stdout]   |
[INFO] [stdout] 5 |     uchani!(tx2, rx2, i32);
[INFO] [stdout]   |     ^^^^^^
[INFO] [stdout]   |
[INFO] [stdout] help: consider importing this macro
[INFO] [stdout]   |
[INFO] [stdout] 2 + use mutils::uchani;
[INFO] [stdout]   |
[INFO] [stdout] 
[INFO] [stdout] error: cannot find macro `uchani` in this scope
[INFO] [stdout]  --> src/lib.rs:293:5
[INFO] [stdout]   |
[INFO] [stdout] 4 |     uchani!(tx1, rx1, i32);
[INFO] [stdout]   |     ^^^^^^
[INFO] [stdout]   |
[INFO] [stdout] help: consider importing this macro
[INFO] [stdout]   |
[INFO] [stdout] 2 + use mutils::uchani;
[INFO] [stdout]   |
[INFO] [stdout] 
[INFO] [stdout] error[E0425]: cannot find value `cc` in this scope
[INFO] [stdout]   --> src/lib.rs:307:13
[INFO] [stdout]    |
[INFO] [stdout] 18 |             cc = cc + 1;
[INFO] [stdout]    |             ^^
[INFO] [stdout]    |
[INFO] [stdout] help: you might have meant to introduce a new binding
[INFO] [stdout]    |
[INFO] [stdout] 18 |             let cc = cc + 1;
[INFO] [stdout]    |             +++
[INFO] [stdout] 
[INFO] [stdout] error[E0425]: cannot find value `cc` in this scope
[INFO] [stdout]   --> src/lib.rs:307:18
[INFO] [stdout]    |
[INFO] [stdout] 18 |             cc = cc + 1;
[INFO] [stdout]    |                  ^^ not found in this scope
[INFO] [stdout] 
[INFO] [stdout] error[E0425]: cannot find value `cc` in this scope
[INFO] [stdout]   --> src/lib.rs:321:13
[INFO] [stdout]    |
[INFO] [stdout] 32 |             cc = cc + 10;
[INFO] [stdout]    |             ^^
[INFO] [stdout]    |
[INFO] [stdout] help: you might have meant to introduce a new binding
[INFO] [stdout]    |
[INFO] [stdout] 32 |             let cc = cc + 10;
[INFO] [stdout]    |             +++
[INFO] [stdout] 
[INFO] [stdout] error[E0425]: cannot find value `cc` in this scope
[INFO] [stdout]   --> src/lib.rs:321:18
[INFO] [stdout]    |
[INFO] [stdout] 32 |             cc = cc + 10;
[INFO] [stdout]    |                  ^^ not found in this scope
[INFO] [stdout] 
[INFO] [stdout] error: aborting due to 18 previous errors
[INFO] [stdout] 
[INFO] [stdout] Some errors have detailed explanations: E0425, E0432.
[INFO] [stdout] For more information about an error, try `rustc --explain E0425`.
[INFO] [stdout] Couldn't compile the test.
[INFO] [stdout] 
[INFO] [stdout] failures:
[INFO] [stdout]     src/lib.rs - chan_rx (line 213)
[INFO] [stdout]     src/lib.rs - chan_tx (line 253)
[INFO] [stdout]     src/lib.rs - chg (line 70)
[INFO] [stdout]     src/lib.rs - chs (line 84)
[INFO] [stdout]     src/lib.rs - csvread (line 164)
[INFO] [stdout]     src/lib.rs - flines (line 113)
[INFO] [stdout]     src/lib.rs - for_enum (line 97)
[INFO] [stdout]     src/lib.rs - fwalk (line 130)
[INFO] [stdout]     src/lib.rs - hmi (line 20)
[INFO] [stdout]     src/lib.rs - hms (line 32)
[INFO] [stdout]     src/lib.rs - shareable (line 291)
[INFO] [stdout]     src/lib.rs - uchani (line 196)
[INFO] [stdout] 
[INFO] [stdout] test result: FAILED. 0 passed; 12 failed; 0 ignored; 0 measured; 0 filtered out; finished in 0.64s
[INFO] [stdout] 
[INFO] [stderr] error: doctest failed, to rerun pass `--doc`
[INFO] running `Command { std: "docker" "inspect" "fa2a02e217c2005d8684ea759210820036b2eca18f23bdfc04701ec5f6f4949d", kill_on_drop: false }`
[INFO] running `Command { std: "docker" "rm" "-f" "fa2a02e217c2005d8684ea759210820036b2eca18f23bdfc04701ec5f6f4949d", kill_on_drop: false }`
[INFO] [stdout] fa2a02e217c2005d8684ea759210820036b2eca18f23bdfc04701ec5f6f4949d
