[INFO] cloning repository https://github.com/wcampbell0x2a/backhand
[INFO] running `Command { std: "git" "-c" "credential.helper=" "-c" "credential.helper=/workspace/cargo-home/bin/git-credential-null" "clone" "--bare" "https://github.com/wcampbell0x2a/backhand" "/workspace/cache/git-repos/https%3A%2F%2Fgithub.com%2Fwcampbell0x2a%2Fbackhand", kill_on_drop: false }`
[INFO] [stderr] Cloning into bare repository '/workspace/cache/git-repos/https%3A%2F%2Fgithub.com%2Fwcampbell0x2a%2Fbackhand'...
[INFO] running `Command { std: "git" "rev-parse" "HEAD", kill_on_drop: false }`
[INFO] [stdout] 9a19f4382f56bb8c7d1a72437e9b2a1b4271466e
[INFO] testing wcampbell0x2a/backhand against nightly-2025-01-18 for randomize-layout-2
[INFO] running `Command { std: "git" "clone" "/workspace/cache/git-repos/https%3A%2F%2Fgithub.com%2Fwcampbell0x2a%2Fbackhand" "/workspace/builds/worker-2-tc1/source", kill_on_drop: false }`
[INFO] [stderr] Cloning into '/workspace/builds/worker-2-tc1/source'...
[INFO] [stderr] done.
[INFO] validating manifest of git repo https://github.com/wcampbell0x2a/backhand on toolchain nightly-2025-01-18
[INFO] running `Command { std: CARGO_HOME="/workspace/cargo-home" RUSTUP_HOME="/workspace/rustup-home" "/workspace/cargo-home/bin/cargo" "+nightly-2025-01-18" "metadata" "--manifest-path" "Cargo.toml" "--no-deps", kill_on_drop: false }`
[INFO] removed /workspace/builds/worker-2-tc1/source/.cargo/config.toml
[INFO] removed /workspace/builds/worker-2-tc1/source/rust-toolchain.toml
[INFO] started tweaking git repo https://github.com/wcampbell0x2a/backhand
[INFO] finished tweaking git repo https://github.com/wcampbell0x2a/backhand
[INFO] tweaked toml for git repo https://github.com/wcampbell0x2a/backhand written to /workspace/builds/worker-2-tc1/source/Cargo.toml
[INFO] crate git repo https://github.com/wcampbell0x2a/backhand already has a lockfile, it will not be regenerated
[INFO] running `Command { std: CARGO_HOME="/workspace/cargo-home" RUSTUP_HOME="/workspace/rustup-home" "/workspace/cargo-home/bin/cargo" "+nightly-2025-01-18" "fetch" "--manifest-path" "Cargo.toml", kill_on_drop: false }`
[INFO] [stderr]     Updating crates.io index
[INFO] [stderr]     Updating git repository `https://github.com/wcampbell0x2a/dir-diff`
[INFO] [stderr]  Downloading crates ...
[INFO] [stderr]   Downloaded test-assets-ureq v0.3.0
[INFO] [stderr]   Downloaded no_std_io2 v0.8.1
[INFO] [stderr]   Downloaded jemallocator v0.5.4
[INFO] [stderr]   Downloaded clap-cargo v0.15.1
[INFO] [stderr]   Downloaded clap_complete v4.5.40
[INFO] [stderr]   Downloaded libdeflate-sys v1.23.0
[INFO] [stderr]   Downloaded color-print-proc-macro v0.3.7
[INFO] [stderr]   Downloaded color-print v0.3.7
[INFO] [stderr]   Downloaded deku_derive v0.18.1
[INFO] [stderr]   Downloaded zlib-rs v0.4.1
[INFO] [stderr]   Downloaded deku v0.18.1
[INFO] [stderr]   Downloaded libz-rs-sys v0.4.1
[INFO] [stderr]   Downloaded libdeflater v1.23.0
[INFO] [stderr]   Downloaded rust-lzo v0.6.2
[INFO] running `Command { std: "docker" "create" "-v" "/var/lib/crater-agent-workspace/builds/worker-2-tc1/target:/opt/rustwide/target:rw,Z" "-v" "/var/lib/crater-agent-workspace/builds/worker-2-tc1/source:/opt/rustwide/workdir:ro,Z" "-v" "/var/lib/crater-agent-workspace/cargo-home:/opt/rustwide/cargo-home:ro,Z" "-v" "/var/lib/crater-agent-workspace/rustup-home:/opt/rustwide/rustup-home:ro,Z" "-e" "SOURCE_DIR=/opt/rustwide/workdir" "-e" "CARGO_TARGET_DIR=/opt/rustwide/target" "-e" "CARGO_HOME=/opt/rustwide/cargo-home" "-e" "RUSTUP_HOME=/opt/rustwide/rustup-home" "-w" "/opt/rustwide/workdir" "-m" "1610612736" "--user" "0:0" "--network" "none" "ghcr.io/rust-lang/crates-build-env/linux@sha256:819108c5571ea2e421544af4d832f968d213c87fbe3707a016657f43d2f853bc" "/opt/rustwide/cargo-home/bin/cargo" "+nightly-2025-01-18" "metadata" "--no-deps" "--format-version=1", kill_on_drop: false }`
[INFO] [stdout] 61a713fcc13a275025ad4524ccd9ebf557c9b4828732ba70b7efc8b51d5edc2c
[INFO] running `Command { std: "docker" "start" "-a" "61a713fcc13a275025ad4524ccd9ebf557c9b4828732ba70b7efc8b51d5edc2c", kill_on_drop: false }`
[INFO] running `Command { std: "docker" "inspect" "61a713fcc13a275025ad4524ccd9ebf557c9b4828732ba70b7efc8b51d5edc2c", kill_on_drop: false }`
[INFO] running `Command { std: "docker" "rm" "-f" "61a713fcc13a275025ad4524ccd9ebf557c9b4828732ba70b7efc8b51d5edc2c", kill_on_drop: false }`
[INFO] [stdout] 61a713fcc13a275025ad4524ccd9ebf557c9b4828732ba70b7efc8b51d5edc2c
[INFO] running `Command { std: "docker" "create" "-v" "/var/lib/crater-agent-workspace/builds/worker-2-tc1/target:/opt/rustwide/target:rw,Z" "-v" "/var/lib/crater-agent-workspace/builds/worker-2-tc1/source:/opt/rustwide/workdir:ro,Z" "-v" "/var/lib/crater-agent-workspace/cargo-home:/opt/rustwide/cargo-home:ro,Z" "-v" "/var/lib/crater-agent-workspace/rustup-home:/opt/rustwide/rustup-home:ro,Z" "-e" "SOURCE_DIR=/opt/rustwide/workdir" "-e" "CARGO_TARGET_DIR=/opt/rustwide/target" "-e" "CARGO_INCREMENTAL=0" "-e" "RUST_BACKTRACE=full" "-e" "RUSTFLAGS=--cap-lints=forbid" "-e" "RUSTDOCFLAGS=--cap-lints=forbid" "-e" "CARGO_HOME=/opt/rustwide/cargo-home" "-e" "RUSTUP_HOME=/opt/rustwide/rustup-home" "-w" "/opt/rustwide/workdir" "-m" "1610612736" "--user" "0:0" "--network" "none" "ghcr.io/rust-lang/crates-build-env/linux@sha256:819108c5571ea2e421544af4d832f968d213c87fbe3707a016657f43d2f853bc" "/opt/rustwide/cargo-home/bin/cargo" "+nightly-2025-01-18" "build" "--frozen" "--message-format=json", kill_on_drop: false }`
[INFO] [stdout] 49eab90647062dd007c9239fbb46356f3cf925920e0b44548887cff16c8167ab
[INFO] running `Command { std: "docker" "start" "-a" "49eab90647062dd007c9239fbb46356f3cf925920e0b44548887cff16c8167ab", kill_on_drop: false }`
[INFO] [stderr]    Compiling proc-macro2 v1.0.92
[INFO] [stderr]    Compiling unicode-ident v1.0.14
[INFO] [stderr]    Compiling libc v0.2.169
[INFO] [stderr]    Compiling shlex v1.3.0
[INFO] [stderr]    Compiling pkg-config v0.3.31
[INFO] [stderr]    Compiling strsim v0.11.1
[INFO] [stderr]    Compiling once_cell v1.20.2
[INFO] [stderr]    Compiling bitflags v2.6.0
[INFO] [stderr]    Compiling rustix v0.38.42
[INFO] [stderr]    Compiling ident_case v1.0.1
[INFO] [stderr]    Compiling equivalent v1.0.1
[INFO] [stderr]    Compiling utf8parse v0.2.2
[INFO] [stderr]    Compiling crossbeam-utils v0.8.21
[INFO] [stderr]    Compiling hashbrown v0.15.2
[INFO] [stderr]    Compiling fnv v1.0.7
[INFO] [stderr]    Compiling linux-raw-sys v0.4.14
[INFO] [stderr]    Compiling cfg-if v1.0.0
[INFO] [stderr]    Compiling anstyle-parse v0.2.6
[INFO] [stderr]    Compiling is_terminal_polyfill v1.70.1
[INFO] [stderr]    Compiling toml_datetime v0.6.8
[INFO] [stderr]    Compiling winnow v0.6.22
[INFO] [stderr]    Compiling anstyle-query v1.1.2
[INFO] [stderr]    Compiling colorchoice v1.0.3
[INFO] [stderr]    Compiling quote v1.0.38
[INFO] [stderr]    Compiling anstyle v1.0.10
[INFO] [stderr]    Compiling syn v2.0.95
[INFO] [stderr]    Compiling indexmap v2.7.0
[INFO] [stderr]    Compiling jobserver v0.1.32
[INFO] [stderr]    Compiling anstream v0.6.18
[INFO] [stderr]    Compiling tracing-core v0.1.33
[INFO] [stderr]    Compiling cc v1.2.7
[INFO] [stderr]    Compiling vcpkg v0.2.15
[INFO] [stderr]    Compiling heck v0.5.0
[INFO] [stderr]    Compiling terminal_size v0.4.1
[INFO] [stderr]    Compiling zstd-safe v7.2.1
[INFO] [stderr]    Compiling rustversion v1.0.19
[INFO] [stderr]    Compiling clap_lex v0.7.4
[INFO] [stderr]    Compiling crossbeam-epoch v0.9.18
[INFO] [stderr]    Compiling clap_builder v4.5.23
[INFO] [stderr]    Compiling memchr v2.7.4
[INFO] [stderr]    Compiling minimal-lexical v0.2.1
[INFO] [stderr]    Compiling pin-project-lite v0.2.15
[INFO] [stderr]    Compiling portable-atomic v1.10.0
[INFO] [stderr]    Compiling adler2 v2.0.0
[INFO] [stderr]    Compiling cfg_aliases v0.2.1
[INFO] [stderr]    Compiling zlib-rs v0.4.1
[INFO] [stderr]    Compiling thiserror v2.0.9
[INFO] [stderr]    Compiling regex-syntax v0.8.5
[INFO] [stderr]    Compiling rayon-core v1.12.1
[INFO] [stderr]    Compiling toml_edit v0.22.22
[INFO] [stderr]    Compiling regex-syntax v0.6.29
[INFO] [stderr]    Compiling zstd-sys v2.0.13+zstd.1.5.6
[INFO] [stderr]    Compiling lzma-sys v0.1.20
[INFO] [stderr]    Compiling libz-sys v1.1.20
[INFO] [stderr]    Compiling darling_core v0.20.10
[INFO] [stderr]    Compiling proc-macro-crate v3.2.0
[INFO] [stderr]    Compiling regex-automata v0.1.10
[INFO] [stderr]    Compiling libz-rs-sys v0.4.1
[INFO] [stderr]    Compiling regex-automata v0.4.9
[INFO] [stderr]    Compiling tracing-attributes v0.1.28
[INFO] [stderr]    Compiling darling_macro v0.20.10
[INFO] [stderr]    Compiling clap_derive v4.5.18
[INFO] [stderr]    Compiling darling v0.20.10
[INFO] [stderr]    Compiling deku_derive v0.18.1
[INFO] [stderr]    Compiling tracing v0.1.41
[INFO] [stderr]    Compiling thiserror-impl v2.0.9
[INFO] [stderr]    Compiling no_std_io2 v0.8.1
[INFO] [stderr]    Compiling nom v7.1.3
[INFO] [stderr]    Compiling nix v0.29.0
[INFO] [stderr]    Compiling miniz_oxide v0.8.2
[INFO] [stderr]    Compiling crossbeam-deque v0.8.6
[INFO] [stderr]    Compiling clap v4.5.23
[INFO] [stderr]    Compiling crc32fast v1.4.2
[INFO] [stderr]    Compiling lazy_static v1.5.0
[INFO] [stderr]    Compiling unicode-width v0.2.0
[INFO] [stderr]    Compiling log v0.4.22
[INFO] [stderr]    Compiling overload v0.1.1
[INFO] [stderr]    Compiling tracing-log v0.2.0
[INFO] [stderr]    Compiling nu-ansi-term v0.46.0
[INFO] [stderr]    Compiling console v0.15.10
[INFO] [stderr]    Compiling flate2 v1.0.35
[INFO] [stderr]    Compiling deku v0.18.1
[INFO] [stderr]    Compiling sharded-slab v0.1.7
[INFO] [stderr]    Compiling regex v1.11.1
[INFO] [stderr]    Compiling color-print-proc-macro v0.3.7
[INFO] [stderr]    Compiling xz2 v0.1.7
[INFO] [stderr]    Compiling matchers v0.1.0
[INFO] [stderr]    Compiling thread_local v1.1.8
[INFO] [stderr]    Compiling smallvec v1.13.2
[INFO] [stderr]    Compiling number_prefix v0.4.0
[INFO] [stderr]    Compiling xxhash-rust v0.8.15
[INFO] [stderr]    Compiling solana-nohash-hasher v0.2.1
[INFO] [stderr]    Compiling either v1.13.0
[INFO] [stderr]    Compiling tracing-subscriber v0.3.19
[INFO] [stderr]    Compiling indicatif v0.17.9
[INFO] [stderr]    Compiling color-print v0.3.7
[INFO] [stderr]    Compiling clap_complete v4.5.40
[INFO] [stderr]    Compiling clap-cargo v0.15.1
[INFO] [stderr]    Compiling rayon v1.10.0
[INFO] [stderr]    Compiling tests v0.0.0 (/opt/rustwide/workdir/backhand-test)
[INFO] [stderr]    Compiling zstd v0.13.2
[INFO] [stderr]    Compiling backhand v0.20.0 (/opt/rustwide/workdir/backhand)
[INFO] [stderr]    Compiling backhand-cli v0.20.0 (/opt/rustwide/workdir/backhand-cli)
[INFO] [stderr]     Finished `dev` profile [unoptimized + debuginfo] target(s) in 1m 28s
[INFO] running `Command { std: "docker" "inspect" "49eab90647062dd007c9239fbb46356f3cf925920e0b44548887cff16c8167ab", kill_on_drop: false }`
[INFO] running `Command { std: "docker" "rm" "-f" "49eab90647062dd007c9239fbb46356f3cf925920e0b44548887cff16c8167ab", kill_on_drop: false }`
[INFO] [stdout] 49eab90647062dd007c9239fbb46356f3cf925920e0b44548887cff16c8167ab
[INFO] running `Command { std: "docker" "create" "-v" "/var/lib/crater-agent-workspace/builds/worker-2-tc1/target:/opt/rustwide/target:rw,Z" "-v" "/var/lib/crater-agent-workspace/builds/worker-2-tc1/source:/opt/rustwide/workdir:ro,Z" "-v" "/var/lib/crater-agent-workspace/cargo-home:/opt/rustwide/cargo-home:ro,Z" "-v" "/var/lib/crater-agent-workspace/rustup-home:/opt/rustwide/rustup-home:ro,Z" "-e" "SOURCE_DIR=/opt/rustwide/workdir" "-e" "CARGO_TARGET_DIR=/opt/rustwide/target" "-e" "CARGO_INCREMENTAL=0" "-e" "RUST_BACKTRACE=full" "-e" "RUSTFLAGS=--cap-lints=forbid" "-e" "RUSTDOCFLAGS=--cap-lints=forbid" "-e" "CARGO_HOME=/opt/rustwide/cargo-home" "-e" "RUSTUP_HOME=/opt/rustwide/rustup-home" "-w" "/opt/rustwide/workdir" "-m" "1610612736" "--user" "0:0" "--network" "none" "ghcr.io/rust-lang/crates-build-env/linux@sha256:819108c5571ea2e421544af4d832f968d213c87fbe3707a016657f43d2f853bc" "/opt/rustwide/cargo-home/bin/cargo" "+nightly-2025-01-18" "test" "--frozen" "--no-run" "--message-format=json", kill_on_drop: false }`
[INFO] [stdout] c9f30343472b7d17695a7747ec62b7c24d9622465f7d34f94dfb8302052cc7cd
[INFO] running `Command { std: "docker" "start" "-a" "c9f30343472b7d17695a7747ec62b7c24d9622465f7d34f94dfb8302052cc7cd", kill_on_drop: false }`
[INFO] [stderr]    Compiling memchr v2.7.4
[INFO] [stderr]    Compiling rustix v0.38.42
[INFO] [stderr]    Compiling syn v2.0.95
[INFO] [stderr]    Compiling stable_deref_trait v1.2.0
[INFO] [stderr]    Compiling smallvec v1.13.2
[INFO] [stderr]    Compiling litemap v0.7.4
[INFO] [stderr]    Compiling writeable v0.5.5
[INFO] [stderr]    Compiling icu_locid_transform_data v1.5.0
[INFO] [stderr]    Compiling version_check v0.9.5
[INFO] [stderr]    Compiling typenum v1.17.0
[INFO] [stderr]    Compiling ring v0.17.8
[INFO] [stderr]    Compiling icu_properties_data v1.5.0
[INFO] [stderr]    Compiling getrandom v0.2.15
[INFO] [stderr]    Compiling utf8_iter v1.0.4
[INFO] [stderr]    Compiling icu_normalizer_data v1.5.0
[INFO] [stderr]    Compiling generic-array v0.14.7
[INFO] [stderr]    Compiling write16 v1.0.0
[INFO] [stderr]    Compiling utf16_iter v1.0.5
[INFO] [stderr]    Compiling spin v0.9.8
[INFO] [stderr]    Compiling untrusted v0.9.0
[INFO] [stderr]    Compiling rustls-pki-types v1.10.1
[INFO] [stderr]    Compiling percent-encoding v2.3.1
[INFO] [stderr]    Compiling rustls v0.23.20
[INFO] [stderr]    Compiling libdeflate-sys v1.23.0
[INFO] [stderr]    Compiling form_urlencoded v1.2.1
[INFO] [stderr]    Compiling subtle v2.6.1
[INFO] [stderr]    Compiling aho-corasick v1.1.3
[INFO] [stderr]    Compiling no_std_io2 v0.8.1
[INFO] [stderr]    Compiling zeroize v1.8.1
[INFO] [stderr]    Compiling fastrand v2.3.0
[INFO] [stderr]    Compiling same-file v1.0.6
[INFO] [stderr]    Compiling doc-comment v0.3.3
[INFO] [stderr]    Compiling predicates-core v1.0.9
[INFO] [stderr]    Compiling walkdir v2.5.0
[INFO] [stderr]    Compiling webpki-roots v0.26.7
[INFO] [stderr]    Compiling tokio v1.42.0
[INFO] [stderr]    Compiling block-buffer v0.10.4
[INFO] [stderr]    Compiling crypto-common v0.1.6
[INFO] [stderr]    Compiling cpufeatures v0.2.16
[INFO] [stderr]    Compiling digest v0.10.7
[INFO] [stderr]    Compiling termtree v0.5.1
[INFO] [stderr]    Compiling assert_cmd v2.0.16
[INFO] [stderr]    Compiling difflib v0.4.0
[INFO] [stderr]    Compiling base64 v0.22.1
[INFO] [stderr]    Compiling humantime v2.1.0
[INFO] [stderr]    Compiling predicates v3.1.3
[INFO] [stderr]    Compiling regex-automata v0.4.9
[INFO] [stderr]    Compiling terminal_size v0.4.1
[INFO] [stderr]    Compiling sha2 v0.10.8
[INFO] [stderr]    Compiling predicates-tree v1.0.12
[INFO] [stderr]    Compiling backon v1.3.0
[INFO] [stderr]    Compiling wait-timeout v0.2.0
[INFO] [stderr]    Compiling clap_builder v4.5.23
[INFO] [stderr]    Compiling tempfile v3.15.0
[INFO] [stderr]    Compiling dir-diff v0.3.3-alpha.0 (https://github.com/wcampbell0x2a/dir-diff?branch=add-checking-permissions#13dddcfc)
[INFO] [stderr]    Compiling either v1.13.0
[INFO] [stderr]    Compiling rayon v1.10.0
[INFO] [stderr]    Compiling nom v7.1.3
[INFO] [stderr]    Compiling synstructure v0.13.1
[INFO] [stderr]    Compiling darling_core v0.20.10
[INFO] [stderr]    Compiling libdeflater v1.23.0
[INFO] [stderr]    Compiling regex v1.11.1
[INFO] [stderr]    Compiling rustls-webpki v0.102.8
[INFO] [stderr]    Compiling env_filter v0.1.3
[INFO] [stderr]    Compiling env_logger v0.11.6
[INFO] [stderr]    Compiling bstr v1.11.3
[INFO] [stderr]    Compiling zerofrom-derive v0.1.5
[INFO] [stderr]    Compiling yoke-derive v0.7.5
[INFO] [stderr]    Compiling zerovec-derive v0.10.3
[INFO] [stderr]    Compiling displaydoc v0.2.5
[INFO] [stderr]    Compiling tracing-attributes v0.1.28
[INFO] [stderr]    Compiling zerofrom v0.1.5
[INFO] [stderr]    Compiling icu_provider_macros v1.5.0
[INFO] [stderr]    Compiling yoke v0.7.5
[INFO] [stderr]    Compiling darling_macro v0.20.10
[INFO] [stderr]    Compiling thiserror-impl v2.0.9
[INFO] [stderr]    Compiling zerovec v0.10.4
[INFO] [stderr]    Compiling test-log-macros v0.2.16
[INFO] [stderr]    Compiling darling v0.20.10
[INFO] [stderr]    Compiling deku_derive v0.18.1
[INFO] [stderr]    Compiling clap_derive v4.5.18
[INFO] [stderr]    Compiling tinystr v0.7.6
[INFO] [stderr]    Compiling icu_locid v1.5.0
[INFO] [stderr]    Compiling icu_collections v1.5.0
[INFO] [stderr]    Compiling tracing v0.1.41
[INFO] [stderr]    Compiling thiserror v2.0.9
[INFO] [stderr]    Compiling serde v1.0.217
[INFO] [stderr]    Compiling color-print-proc-macro v0.3.7
[INFO] [stderr]    Compiling tracing-subscriber v0.3.19
[INFO] [stderr]    Compiling serde_derive v1.0.217
[INFO] [stderr]    Compiling icu_provider v1.5.0
[INFO] [stderr]    Compiling autocfg v1.4.0
[INFO] [stderr]    Compiling deku v0.18.1
[INFO] [stderr]    Compiling icu_locid_transform v1.5.0
[INFO] [stderr]    Compiling clap v4.5.23
[INFO] [stderr]    Compiling clap-cargo v0.15.1
[INFO] [stderr]    Compiling clap_complete v4.5.40
[INFO] [stderr]    Compiling num-traits v0.2.19
[INFO] [stderr]    Compiling icu_properties v1.5.1
[INFO] [stderr]    Compiling backhand v0.20.0 (/opt/rustwide/workdir/backhand)
[INFO] [stderr]    Compiling color-print v0.3.7
[INFO] [stderr]    Compiling serde_json v1.0.134
[INFO] [stderr]    Compiling half v2.4.1
[INFO] [stderr]    Compiling test-log v0.2.16
[INFO] [stderr]    Compiling plotters-backend v0.3.7
[INFO] [stderr]    Compiling itoa v1.0.14
[INFO] [stderr]    Compiling ciborium-io v0.2.2
[INFO] [stderr]    Compiling ryu v1.0.18
[INFO] [stderr]    Compiling ciborium-ll v0.2.2
[INFO] [stderr]    Compiling plotters-svg v0.3.7
[INFO] [stderr]    Compiling backhand-cli v0.20.0 (/opt/rustwide/workdir/backhand-cli)
[INFO] [stderr]    Compiling itertools v0.10.5
[INFO] [stderr]    Compiling cast v0.3.0
[INFO] [stderr]    Compiling is-terminal v0.4.13
[INFO] [stderr]    Compiling anes v0.1.6
[INFO] [stderr]    Compiling oorandom v11.1.4
[INFO] [stderr]    Compiling plotters v0.3.7
[INFO] [stderr]    Compiling icu_normalizer v1.5.0
[INFO] [stderr]    Compiling criterion-plot v0.5.0
[INFO] [stderr]    Compiling idna_adapter v1.2.0
[INFO] [stderr]    Compiling idna v1.0.3
[INFO] [stderr]    Compiling url v2.5.4
[INFO] [stderr]    Compiling ciborium v0.2.2
[INFO] [stderr]    Compiling ureq v2.12.1
[INFO] [stderr]    Compiling test-assets-ureq v0.3.0
[INFO] [stderr]    Compiling tests v0.0.0 (/opt/rustwide/workdir/backhand-test)
[INFO] [stdout] warning: unused import: `std::error::Error`
[INFO] [stdout]  --> backhand-test/tests/common/mod.rs:1:5
[INFO] [stdout]   |
[INFO] [stdout] 1 | use std::error::Error;
[INFO] [stdout]   |     ^^^^^^^^^^^^^^^^^
[INFO] [stdout]   |
[INFO] [stdout]   = note: `#[warn(unused_imports)]` on by default
[INFO] [stdout] 
[INFO] [stdout] 
[INFO] [stdout] warning: unused import: `backon::BlockingRetryable`
[INFO] [stdout]  --> backhand-test/tests/common/mod.rs:6:5
[INFO] [stdout]   |
[INFO] [stdout] 6 | use backon::BlockingRetryable;
[INFO] [stdout]   |     ^^^^^^^^^^^^^^^^^^^^^^^^^
[INFO] [stdout] 
[INFO] [stdout] 
[INFO] [stdout] warning: unused import: `backon::ExponentialBuilder`
[INFO] [stdout]  --> backhand-test/tests/common/mod.rs:7:5
[INFO] [stdout]   |
[INFO] [stdout] 7 | use backon::ExponentialBuilder;
[INFO] [stdout]   |     ^^^^^^^^^^^^^^^^^^^^^^^^^^
[INFO] [stdout] 
[INFO] [stdout] 
[INFO] [stdout] warning: unused import: `tempfile::tempdir`
[INFO] [stdout]  --> backhand-test/tests/common/mod.rs:8:5
[INFO] [stdout]   |
[INFO] [stdout] 8 | use tempfile::tempdir;
[INFO] [stdout]   |     ^^^^^^^^^^^^^^^^^
[INFO] [stdout] 
[INFO] [stdout] 
[INFO] [stdout] warning: unused imports: `test_bin_unsquashfs` and `test_squashfs_tools_unsquashfs`
[INFO] [stdout]  --> backhand-test/tests/mutate.rs:6:14
[INFO] [stdout]   |
[INFO] [stdout] 6 | use common::{test_bin_unsquashfs, test_squashfs_tools_unsquashfs};
[INFO] [stdout]   |              ^^^^^^^^^^^^^^^^^^^  ^^^^^^^^^^^^^^^^^^^^^^^^^^^^^^
[INFO] [stdout] 
[INFO] [stdout] 
[INFO] [stdout] warning: unused variable: `assert_success`
[INFO] [stdout]   --> backhand-test/tests/common/mod.rs:77:5
[INFO] [stdout]    |
[INFO] [stdout] 77 |     assert_success: bool,
[INFO] [stdout]    |     ^^^^^^^^^^^^^^ help: if this is intentional, prefix it with an underscore: `_assert_success`
[INFO] [stdout]    |
[INFO] [stdout]    = note: `#[warn(unused_variables)]` on by default
[INFO] [stdout] 
[INFO] [stdout] 
[INFO] [stdout] warning: function `test_squashfs_tools_unsquashfs` is never used
[INFO] [stdout]   --> backhand-test/tests/common/mod.rs:19:8
[INFO] [stdout]    |
[INFO] [stdout] 19 | pub fn test_squashfs_tools_unsquashfs(
[INFO] [stdout]    |        ^^^^^^^^^^^^^^^^^^^^^^^^^^^^^^
[INFO] [stdout]    |
[INFO] [stdout]    = note: `#[warn(dead_code)]` on by default
[INFO] [stdout] 
[INFO] [stdout] 
[INFO] [stdout] warning: function `test_bin_unsquashfs` is never used
[INFO] [stdout]   --> backhand-test/tests/common/mod.rs:74:8
[INFO] [stdout]    |
[INFO] [stdout] 74 | pub fn test_bin_unsquashfs(
[INFO] [stdout]    |        ^^^^^^^^^^^^^^^^^^^
[INFO] [stdout] 
[INFO] [stdout] 
[INFO] [stdout] warning: function `find_runner` is never used
[INFO] [stdout]    --> backhand-test/tests/common/mod.rs:132:4
[INFO] [stdout]     |
[INFO] [stdout] 132 | fn find_runner() -> Option<String> {
[INFO] [stdout]     |    ^^^^^^^^^^^
[INFO] [stdout] 
[INFO] [stdout] 
[INFO] [stdout] warning: function `get_base_command` is never used
[INFO] [stdout]    --> backhand-test/tests/common/mod.rs:142:8
[INFO] [stdout]     |
[INFO] [stdout] 142 | pub fn get_base_command(base: &str) -> Command {
[INFO] [stdout]     |        ^^^^^^^^^^^^^^^^
[INFO] [stdout] 
[INFO] [stdout] 
[INFO] [stdout] warning: unused import: `std::error::Error`
[INFO] [stdout]  --> backhand-test/tests/common/mod.rs:1:5
[INFO] [stdout]   |
[INFO] [stdout] 1 | use std::error::Error;
[INFO] [stdout]   |     ^^^^^^^^^^^^^^^^^
[INFO] [stdout]   |
[INFO] [stdout]   = note: `#[warn(unused_imports)]` on by default
[INFO] [stdout] 
[INFO] [stdout] 
[INFO] [stdout] warning: unused import: `backon::BlockingRetryable`
[INFO] [stdout]  --> backhand-test/tests/common/mod.rs:6:5
[INFO] [stdout]   |
[INFO] [stdout] 6 | use backon::BlockingRetryable;
[INFO] [stdout]   |     ^^^^^^^^^^^^^^^^^^^^^^^^^
[INFO] [stdout] 
[INFO] [stdout] 
[INFO] [stdout] warning: unused import: `backon::ExponentialBuilder`
[INFO] [stdout]  --> backhand-test/tests/common/mod.rs:7:5
[INFO] [stdout]   |
[INFO] [stdout] 7 | use backon::ExponentialBuilder;
[INFO] [stdout]   |     ^^^^^^^^^^^^^^^^^^^^^^^^^^
[INFO] [stdout] 
[INFO] [stdout] 
[INFO] [stdout] warning: unused import: `tempfile::tempdir`
[INFO] [stdout]  --> backhand-test/tests/common/mod.rs:8:5
[INFO] [stdout]   |
[INFO] [stdout] 8 | use tempfile::tempdir;
[INFO] [stdout]   |     ^^^^^^^^^^^^^^^^^
[INFO] [stdout] 
[INFO] [stdout] 
[INFO] [stdout] warning: unused import: `std::process::Command`
[INFO] [stdout]  --> backhand-test/tests/replace.rs:3:5
[INFO] [stdout]   |
[INFO] [stdout] 3 | use std::process::Command;
[INFO] [stdout]   |     ^^^^^^^^^^^^^^^^^^^^^
[INFO] [stdout] 
[INFO] [stdout] 
[INFO] [stdout] warning: unexpected `cfg` condition value: `gzip-zune-inflate`
[INFO] [stdout]    --> backhand-test/tests/test.rs:130:29
[INFO] [stdout]     |
[INFO] [stdout] 130 | #[cfg(any(feature = "gzip", feature = "gzip-zune-inflate"))]
[INFO] [stdout]     |                             ^^^^^^^^^^^^^^^^^^^^^^^^^^^^^
[INFO] [stdout]     |
[INFO] [stdout]     = note: expected values for `feature` are: `__test_unsquashfs`, `any-gzip`, `default`, `gzip`, `gzip-zlib-ng`, `lzo`, `xz`, `xz-static`, and `zstd`
[INFO] [stdout]     = help: consider adding `gzip-zune-inflate` as a feature in `Cargo.toml`
[INFO] [stdout]     = note: see <https://doc.rust-lang.org/nightly/rustc/check-cfg/cargo-specifics.html> for more information about checking conditional configuration
[INFO] [stdout]     = note: `#[warn(unexpected_cfgs)]` on by default
[INFO] [stdout] 
[INFO] [stdout] 
[INFO] [stdout] warning: unexpected `cfg` condition value: `gzip-zune-inflate`
[INFO] [stdout]    --> backhand-test/tests/test.rs:149:29
[INFO] [stdout]     |
[INFO] [stdout] 149 | #[cfg(any(feature = "gzip", feature = "gzip-zune-inflate"))]
[INFO] [stdout]     |                             ^^^^^^^^^^^^^^^^^^^^^^^^^^^^^
[INFO] [stdout]     |
[INFO] [stdout]     = note: expected values for `feature` are: `__test_unsquashfs`, `any-gzip`, `default`, `gzip`, `gzip-zlib-ng`, `lzo`, `xz`, `xz-static`, and `zstd`
[INFO] [stdout]     = help: consider adding `gzip-zune-inflate` as a feature in `Cargo.toml`
[INFO] [stdout]     = note: see <https://doc.rust-lang.org/nightly/rustc/check-cfg/cargo-specifics.html> for more information about checking conditional configuration
[INFO] [stdout] 
[INFO] [stdout] 
[INFO] [stdout] warning: unexpected `cfg` condition value: `gzip-zune-inflate`
[INFO] [stdout]    --> backhand-test/tests/test.rs:221:29
[INFO] [stdout]     |
[INFO] [stdout] 221 | #[cfg(any(feature = "gzip", feature = "gzip-zune-inflate"))]
[INFO] [stdout]     |                             ^^^^^^^^^^^^^^^^^^^^^^^^^^^^^
[INFO] [stdout]     |
[INFO] [stdout]     = note: expected values for `feature` are: `__test_unsquashfs`, `any-gzip`, `default`, `gzip`, `gzip-zlib-ng`, `lzo`, `xz`, `xz-static`, and `zstd`
[INFO] [stdout]     = help: consider adding `gzip-zune-inflate` as a feature in `Cargo.toml`
[INFO] [stdout]     = note: see <https://doc.rust-lang.org/nightly/rustc/check-cfg/cargo-specifics.html> for more information about checking conditional configuration
[INFO] [stdout] 
[INFO] [stdout] 
[INFO] [stdout] warning: unexpected `cfg` condition value: `gzip-zune-inflate`
[INFO] [stdout]    --> backhand-test/tests/test.rs:239:29
[INFO] [stdout]     |
[INFO] [stdout] 239 | #[cfg(any(feature = "gzip", feature = "gzip-zune-inflate"))]
[INFO] [stdout]     |                             ^^^^^^^^^^^^^^^^^^^^^^^^^^^^^
[INFO] [stdout]     |
[INFO] [stdout]     = note: expected values for `feature` are: `__test_unsquashfs`, `any-gzip`, `default`, `gzip`, `gzip-zlib-ng`, `lzo`, `xz`, `xz-static`, and `zstd`
[INFO] [stdout]     = help: consider adding `gzip-zune-inflate` as a feature in `Cargo.toml`
[INFO] [stdout]     = note: see <https://doc.rust-lang.org/nightly/rustc/check-cfg/cargo-specifics.html> for more information about checking conditional configuration
[INFO] [stdout] 
[INFO] [stdout] 
[INFO] [stdout] warning: unexpected `cfg` condition value: `gzip-zune-inflate`
[INFO] [stdout]    --> backhand-test/tests/test.rs:329:29
[INFO] [stdout]     |
[INFO] [stdout] 329 | #[cfg(any(feature = "gzip", feature = "gzip-zune-inflate"))]
[INFO] [stdout]     |                             ^^^^^^^^^^^^^^^^^^^^^^^^^^^^^
[INFO] [stdout]     |
[INFO] [stdout]     = note: expected values for `feature` are: `__test_unsquashfs`, `any-gzip`, `default`, `gzip`, `gzip-zlib-ng`, `lzo`, `xz`, `xz-static`, and `zstd`
[INFO] [stdout]     = help: consider adding `gzip-zune-inflate` as a feature in `Cargo.toml`
[INFO] [stdout]     = note: see <https://doc.rust-lang.org/nightly/rustc/check-cfg/cargo-specifics.html> for more information about checking conditional configuration
[INFO] [stdout] 
[INFO] [stdout] 
[INFO] [stdout] warning: unexpected `cfg` condition value: `gzip-zune-inflate`
[INFO] [stdout]    --> backhand-test/tests/test.rs:347:29
[INFO] [stdout]     |
[INFO] [stdout] 347 | #[cfg(any(feature = "gzip", feature = "gzip-zune-inflate"))]
[INFO] [stdout]     |                             ^^^^^^^^^^^^^^^^^^^^^^^^^^^^^
[INFO] [stdout]     |
[INFO] [stdout]     = note: expected values for `feature` are: `__test_unsquashfs`, `any-gzip`, `default`, `gzip`, `gzip-zlib-ng`, `lzo`, `xz`, `xz-static`, and `zstd`
[INFO] [stdout]     = help: consider adding `gzip-zune-inflate` as a feature in `Cargo.toml`
[INFO] [stdout]     = note: see <https://doc.rust-lang.org/nightly/rustc/check-cfg/cargo-specifics.html> for more information about checking conditional configuration
[INFO] [stdout] 
[INFO] [stdout] 
[INFO] [stdout] warning: unexpected `cfg` condition value: `gzip-zune-inflate`
[INFO] [stdout]    --> backhand-test/tests/test.rs:434:29
[INFO] [stdout]     |
[INFO] [stdout] 434 | #[cfg(any(feature = "gzip", feature = "gzip-zune-inflate"))]
[INFO] [stdout]     |                             ^^^^^^^^^^^^^^^^^^^^^^^^^^^^^
[INFO] [stdout]     |
[INFO] [stdout]     = note: expected values for `feature` are: `__test_unsquashfs`, `any-gzip`, `default`, `gzip`, `gzip-zlib-ng`, `lzo`, `xz`, `xz-static`, and `zstd`
[INFO] [stdout]     = help: consider adding `gzip-zune-inflate` as a feature in `Cargo.toml`
[INFO] [stdout]     = note: see <https://doc.rust-lang.org/nightly/rustc/check-cfg/cargo-specifics.html> for more information about checking conditional configuration
[INFO] [stdout] 
[INFO] [stdout] 
[INFO] [stdout] warning: unexpected `cfg` condition value: `gzip-zune-inflate`
[INFO] [stdout]    --> backhand-test/tests/test.rs:452:29
[INFO] [stdout]     |
[INFO] [stdout] 452 | #[cfg(any(feature = "gzip", feature = "gzip-zune-inflate"))]
[INFO] [stdout]     |                             ^^^^^^^^^^^^^^^^^^^^^^^^^^^^^
[INFO] [stdout]     |
[INFO] [stdout]     = note: expected values for `feature` are: `__test_unsquashfs`, `any-gzip`, `default`, `gzip`, `gzip-zlib-ng`, `lzo`, `xz`, `xz-static`, and `zstd`
[INFO] [stdout]     = help: consider adding `gzip-zune-inflate` as a feature in `Cargo.toml`
[INFO] [stdout]     = note: see <https://doc.rust-lang.org/nightly/rustc/check-cfg/cargo-specifics.html> for more information about checking conditional configuration
[INFO] [stdout] 
[INFO] [stdout] 
[INFO] [stdout] warning: unexpected `cfg` condition value: `gzip-zune-inflate`
[INFO] [stdout]    --> backhand-test/tests/test.rs:470:29
[INFO] [stdout]     |
[INFO] [stdout] 470 | #[cfg(any(feature = "gzip", feature = "gzip-zune-inflate"))]
[INFO] [stdout]     |                             ^^^^^^^^^^^^^^^^^^^^^^^^^^^^^
[INFO] [stdout]     |
[INFO] [stdout]     = note: expected values for `feature` are: `__test_unsquashfs`, `any-gzip`, `default`, `gzip`, `gzip-zlib-ng`, `lzo`, `xz`, `xz-static`, and `zstd`
[INFO] [stdout]     = help: consider adding `gzip-zune-inflate` as a feature in `Cargo.toml`
[INFO] [stdout]     = note: see <https://doc.rust-lang.org/nightly/rustc/check-cfg/cargo-specifics.html> for more information about checking conditional configuration
[INFO] [stdout] 
[INFO] [stdout] 
[INFO] [stdout] warning: unexpected `cfg` condition value: `gzip-zune-inflate`
[INFO] [stdout]    --> backhand-test/tests/test.rs:489:29
[INFO] [stdout]     |
[INFO] [stdout] 489 | #[cfg(any(feature = "gzip", feature = "gzip-zune-inflate"))]
[INFO] [stdout]     |                             ^^^^^^^^^^^^^^^^^^^^^^^^^^^^^
[INFO] [stdout]     |
[INFO] [stdout]     = note: expected values for `feature` are: `__test_unsquashfs`, `any-gzip`, `default`, `gzip`, `gzip-zlib-ng`, `lzo`, `xz`, `xz-static`, and `zstd`
[INFO] [stdout]     = help: consider adding `gzip-zune-inflate` as a feature in `Cargo.toml`
[INFO] [stdout]     = note: see <https://doc.rust-lang.org/nightly/rustc/check-cfg/cargo-specifics.html> for more information about checking conditional configuration
[INFO] [stdout] 
[INFO] [stdout] 
[INFO] [stdout] warning: unused import: `std::error::Error`
[INFO] [stdout]  --> backhand-test/tests/common/mod.rs:1:5
[INFO] [stdout]   |
[INFO] [stdout] 1 | use std::error::Error;
[INFO] [stdout]   |     ^^^^^^^^^^^^^^^^^
[INFO] [stdout]   |
[INFO] [stdout]   = note: `#[warn(unused_imports)]` on by default
[INFO] [stdout] 
[INFO] [stdout] 
[INFO] [stdout] warning: unused import: `backon::BlockingRetryable`
[INFO] [stdout]  --> backhand-test/tests/common/mod.rs:6:5
[INFO] [stdout]   |
[INFO] [stdout] 6 | use backon::BlockingRetryable;
[INFO] [stdout]   |     ^^^^^^^^^^^^^^^^^^^^^^^^^
[INFO] [stdout] 
[INFO] [stdout] 
[INFO] [stdout] warning: unused import: `backon::ExponentialBuilder`
[INFO] [stdout]  --> backhand-test/tests/common/mod.rs:7:5
[INFO] [stdout]   |
[INFO] [stdout] 7 | use backon::ExponentialBuilder;
[INFO] [stdout]   |     ^^^^^^^^^^^^^^^^^^^^^^^^^^
[INFO] [stdout] 
[INFO] [stdout] 
[INFO] [stdout] warning: unused import: `tempfile::tempdir`
[INFO] [stdout]  --> backhand-test/tests/common/mod.rs:8:5
[INFO] [stdout]   |
[INFO] [stdout] 8 | use tempfile::tempdir;
[INFO] [stdout]   |     ^^^^^^^^^^^^^^^^^
[INFO] [stdout] 
[INFO] [stdout] 
[INFO] [stdout] warning: unused import: `assert_cmd::Command`
[INFO] [stdout]  --> backhand-test/tests/test.rs:6:5
[INFO] [stdout]   |
[INFO] [stdout] 6 | use assert_cmd::Command;
[INFO] [stdout]   |     ^^^^^^^^^^^^^^^^^^^
[INFO] [stdout] 
[INFO] [stdout] 
[INFO] [stdout] warning: unused import: `test_squashfs_tools_unsquashfs`
[INFO] [stdout]  --> backhand-test/tests/test.rs:8:35
[INFO] [stdout]   |
[INFO] [stdout] 8 | use common::{test_bin_unsquashfs, test_squashfs_tools_unsquashfs};
[INFO] [stdout]   |                                   ^^^^^^^^^^^^^^^^^^^^^^^^^^^^^^
[INFO] [stdout] 
[INFO] [stdout] 
[INFO] [stdout] warning: unused import: `tempfile::tempdir`
[INFO] [stdout]  --> backhand-test/tests/test.rs:9:5
[INFO] [stdout]   |
[INFO] [stdout] 9 | use tempfile::tempdir;
[INFO] [stdout]   |     ^^^^^^^^^^^^^^^^^
[INFO] [stdout] 
[INFO] [stdout] 
[INFO] [stdout] warning: unused import: `std::error::Error`
[INFO] [stdout]  --> backhand-test/tests/common/mod.rs:1:5
[INFO] [stdout]   |
[INFO] [stdout] 1 | use std::error::Error;
[INFO] [stdout]   |     ^^^^^^^^^^^^^^^^^
[INFO] [stdout]   |
[INFO] [stdout]   = note: `#[warn(unused_imports)]` on by default
[INFO] [stdout] 
[INFO] [stdout] 
[INFO] [stdout] warning: unused import: `backon::BlockingRetryable`
[INFO] [stdout]  --> backhand-test/tests/common/mod.rs:6:5
[INFO] [stdout]   |
[INFO] [stdout] 6 | use backon::BlockingRetryable;
[INFO] [stdout]   |     ^^^^^^^^^^^^^^^^^^^^^^^^^
[INFO] [stdout] 
[INFO] [stdout] 
[INFO] [stdout] warning: unused import: `backon::ExponentialBuilder`
[INFO] [stdout]  --> backhand-test/tests/common/mod.rs:7:5
[INFO] [stdout]   |
[INFO] [stdout] 7 | use backon::ExponentialBuilder;
[INFO] [stdout]   |     ^^^^^^^^^^^^^^^^^^^^^^^^^^
[INFO] [stdout] 
[INFO] [stdout] 
[INFO] [stdout] warning: unused import: `tempfile::tempdir`
[INFO] [stdout]  --> backhand-test/tests/common/mod.rs:8:5
[INFO] [stdout]   |
[INFO] [stdout] 8 | use tempfile::tempdir;
[INFO] [stdout]   |     ^^^^^^^^^^^^^^^^^
[INFO] [stdout] 
[INFO] [stdout] 
[INFO] [stdout] warning: unused import: `Write`
[INFO] [stdout]  --> backhand-test/tests/non_standard.rs:3:37
[INFO] [stdout]   |
[INFO] [stdout] 3 | use std::io::{BufReader, BufWriter, Write};
[INFO] [stdout]   |                                     ^^^^^
[INFO] [stdout] 
[INFO] [stdout] 
[INFO] [stdout] warning: unused import: `std::error::Error`
[INFO] [stdout]  --> backhand-test/tests/common/mod.rs:1:5
[INFO] [stdout]   |
[INFO] [stdout] 1 | use std::error::Error;
[INFO] [stdout]   |     ^^^^^^^^^^^^^^^^^
[INFO] [stdout]   |
[INFO] [stdout]   = note: `#[warn(unused_imports)]` on by default
[INFO] [stdout] 
[INFO] [stdout] 
[INFO] [stdout] warning: unused import: `backon::BlockingRetryable`
[INFO] [stdout]  --> backhand-test/tests/common/mod.rs:6:5
[INFO] [stdout]   |
[INFO] [stdout] 6 | use backon::BlockingRetryable;
[INFO] [stdout]   |     ^^^^^^^^^^^^^^^^^^^^^^^^^
[INFO] [stdout] 
[INFO] [stdout] 
[INFO] [stdout] warning: unused import: `backon::ExponentialBuilder`
[INFO] [stdout]  --> backhand-test/tests/common/mod.rs:7:5
[INFO] [stdout]   |
[INFO] [stdout] 7 | use backon::ExponentialBuilder;
[INFO] [stdout]   |     ^^^^^^^^^^^^^^^^^^^^^^^^^^
[INFO] [stdout] 
[INFO] [stdout] 
[INFO] [stdout] warning: unused import: `tempfile::tempdir`
[INFO] [stdout]  --> backhand-test/tests/common/mod.rs:8:5
[INFO] [stdout]   |
[INFO] [stdout] 8 | use tempfile::tempdir;
[INFO] [stdout]   |     ^^^^^^^^^^^^^^^^^
[INFO] [stdout] 
[INFO] [stdout] 
[INFO] [stdout] warning: unused variable: `assert_success`
[INFO] [stdout]   --> backhand-test/tests/common/mod.rs:77:5
[INFO] [stdout]    |
[INFO] [stdout] 77 |     assert_success: bool,
[INFO] [stdout]    |     ^^^^^^^^^^^^^^ help: if this is intentional, prefix it with an underscore: `_assert_success`
[INFO] [stdout]    |
[INFO] [stdout]    = note: `#[warn(unused_variables)]` on by default
[INFO] [stdout] 
[INFO] [stdout] 
[INFO] [stderr]    Compiling tinytemplate v1.2.1
[INFO] [stdout] warning: function `test_squashfs_tools_unsquashfs` is never used
[INFO] [stdout]   --> backhand-test/tests/common/mod.rs:19:8
[INFO] [stdout]    |
[INFO] [stdout] 19 | pub fn test_squashfs_tools_unsquashfs(
[INFO] [stdout]    |        ^^^^^^^^^^^^^^^^^^^^^^^^^^^^^^
[INFO] [stdout]    |
[INFO] [stdout]    = note: `#[warn(dead_code)]` on by default
[INFO] [stdout] 
[INFO] [stdout] 
[INFO] [stdout] warning: function `test_bin_unsquashfs` is never used
[INFO] [stdout]   --> backhand-test/tests/common/mod.rs:74:8
[INFO] [stdout]    |
[INFO] [stdout] 74 | pub fn test_bin_unsquashfs(
[INFO] [stdout]    |        ^^^^^^^^^^^^^^^^^^^
[INFO] [stdout] 
[INFO] [stdout] 
[INFO] [stdout] warning: unused variable: `assert_success`
[INFO] [stdout]   --> backhand-test/tests/common/mod.rs:77:5
[INFO] [stdout]    |
[INFO] [stdout] 77 |     assert_success: bool,
[INFO] [stdout]    |     ^^^^^^^^^^^^^^ help: if this is intentional, prefix it with an underscore: `_assert_success`
[INFO] [stdout]    |
[INFO] [stdout]    = note: `#[warn(unused_variables)]` on by default
[INFO] [stdout] 
[INFO] [stdout] 
[INFO] [stdout] warning: unused variable: `assert_success`
[INFO] [stdout]   --> backhand-test/tests/common/mod.rs:77:5
[INFO] [stdout]    |
[INFO] [stdout] 77 |     assert_success: bool,
[INFO] [stdout]    |     ^^^^^^^^^^^^^^ help: if this is intentional, prefix it with an underscore: `_assert_success`
[INFO] [stdout]    |
[INFO] [stdout]    = note: `#[warn(unused_variables)]` on by default
[INFO] [stdout] 
[INFO] [stdout] 
[INFO] [stdout] warning: function `test_squashfs_tools_unsquashfs` is never used
[INFO] [stdout]   --> backhand-test/tests/common/mod.rs:19:8
[INFO] [stdout]    |
[INFO] [stdout] 19 | pub fn test_squashfs_tools_unsquashfs(
[INFO] [stdout]    |        ^^^^^^^^^^^^^^^^^^^^^^^^^^^^^^
[INFO] [stdout]    |
[INFO] [stdout]    = note: `#[warn(dead_code)]` on by default
[INFO] [stdout] 
[INFO] [stdout] 
[INFO] [stdout] warning: function `test_bin_unsquashfs` is never used
[INFO] [stdout]   --> backhand-test/tests/common/mod.rs:74:8
[INFO] [stdout]    |
[INFO] [stdout] 74 | pub fn test_bin_unsquashfs(
[INFO] [stdout]    |        ^^^^^^^^^^^^^^^^^^^
[INFO] [stdout] 
[INFO] [stdout] 
[INFO] [stdout] warning: function `find_runner` is never used
[INFO] [stdout]    --> backhand-test/tests/common/mod.rs:132:4
[INFO] [stdout]     |
[INFO] [stdout] 132 | fn find_runner() -> Option<String> {
[INFO] [stdout]     |    ^^^^^^^^^^^
[INFO] [stdout] 
[INFO] [stdout] 
[INFO] [stdout] warning: function `get_base_command` is never used
[INFO] [stdout]    --> backhand-test/tests/common/mod.rs:142:8
[INFO] [stdout]     |
[INFO] [stdout] 142 | pub fn get_base_command(base: &str) -> Command {
[INFO] [stdout]     |        ^^^^^^^^^^^^^^^^
[INFO] [stdout] 
[INFO] [stdout] 
[INFO] [stdout] warning: function `test_squashfs_tools_unsquashfs` is never used
[INFO] [stdout]   --> backhand-test/tests/common/mod.rs:19:8
[INFO] [stdout]    |
[INFO] [stdout] 19 | pub fn test_squashfs_tools_unsquashfs(
[INFO] [stdout]    |        ^^^^^^^^^^^^^^^^^^^^^^^^^^^^^^
[INFO] [stdout]    |
[INFO] [stdout]    = note: `#[warn(dead_code)]` on by default
[INFO] [stdout] 
[INFO] [stdout] 
[INFO] [stdout] warning: function `test_bin_unsquashfs` is never used
[INFO] [stdout]   --> backhand-test/tests/common/mod.rs:74:8
[INFO] [stdout]    |
[INFO] [stdout] 74 | pub fn test_bin_unsquashfs(
[INFO] [stdout]    |        ^^^^^^^^^^^^^^^^^^^
[INFO] [stdout] 
[INFO] [stdout] 
[INFO] [stdout] warning: unused import: `assert_cmd::prelude`
[INFO] [stdout]  --> backhand-test/tests/test.rs:5:5
[INFO] [stdout]   |
[INFO] [stdout] 5 | use assert_cmd::prelude::*;
[INFO] [stdout]   |     ^^^^^^^^^^^^^^^^^^^
[INFO] [stdout] 
[INFO] [stdout] 
[INFO] [stdout] warning: unused variable: `assert_success`
[INFO] [stdout]   --> backhand-test/tests/common/mod.rs:77:5
[INFO] [stdout]    |
[INFO] [stdout] 77 |     assert_success: bool,
[INFO] [stdout]    |     ^^^^^^^^^^^^^^ help: if this is intentional, prefix it with an underscore: `_assert_success`
[INFO] [stdout]    |
[INFO] [stdout]    = note: `#[warn(unused_variables)]` on by default
[INFO] [stdout] 
[INFO] [stdout] 
[INFO] [stdout] warning: function `test_squashfs_tools_unsquashfs` is never used
[INFO] [stdout]   --> backhand-test/tests/common/mod.rs:19:8
[INFO] [stdout]    |
[INFO] [stdout] 19 | pub fn test_squashfs_tools_unsquashfs(
[INFO] [stdout]    |        ^^^^^^^^^^^^^^^^^^^^^^^^^^^^^^
[INFO] [stdout]    |
[INFO] [stdout]    = note: `#[warn(dead_code)]` on by default
[INFO] [stdout] 
[INFO] [stdout] 
[INFO] [stderr]    Compiling criterion v0.5.1
[INFO] [stdout] warning: unused import: `std::error::Error`
[INFO] [stdout]  --> backhand-test/tests/common/mod.rs:1:5
[INFO] [stdout]   |
[INFO] [stdout] 1 | use std::error::Error;
[INFO] [stdout]   |     ^^^^^^^^^^^^^^^^^
[INFO] [stdout]   |
[INFO] [stdout]   = note: `#[warn(unused_imports)]` on by default
[INFO] [stdout] 
[INFO] [stdout] 
[INFO] [stdout] warning: unused import: `backon::BlockingRetryable`
[INFO] [stdout]  --> backhand-test/tests/common/mod.rs:6:5
[INFO] [stdout]   |
[INFO] [stdout] 6 | use backon::BlockingRetryable;
[INFO] [stdout]   |     ^^^^^^^^^^^^^^^^^^^^^^^^^
[INFO] [stdout] 
[INFO] [stdout] 
[INFO] [stdout] warning: unused import: `backon::ExponentialBuilder`
[INFO] [stdout]  --> backhand-test/tests/common/mod.rs:7:5
[INFO] [stdout]   |
[INFO] [stdout] 7 | use backon::ExponentialBuilder;
[INFO] [stdout]   |     ^^^^^^^^^^^^^^^^^^^^^^^^^^
[INFO] [stdout] 
[INFO] [stdout] 
[INFO] [stdout] warning: unused import: `tempfile::tempdir`
[INFO] [stdout]  --> backhand-test/tests/common/mod.rs:8:5
[INFO] [stdout]   |
[INFO] [stdout] 8 | use tempfile::tempdir;
[INFO] [stdout]   |     ^^^^^^^^^^^^^^^^^
[INFO] [stdout] 
[INFO] [stdout] 
[INFO] [stdout] warning: unused import: `std::process::Command`
[INFO] [stdout]  --> backhand-test/tests/add.rs:3:5
[INFO] [stdout]   |
[INFO] [stdout] 3 | use std::process::Command;
[INFO] [stdout]   |     ^^^^^^^^^^^^^^^^^^^^^
[INFO] [stdout] 
[INFO] [stdout] 
[INFO] [stdout] warning: unused import: `std::os::unix::prelude::PermissionsExt`
[INFO] [stdout]    --> backhand-test/tests/add.rs:130:9
[INFO] [stdout]     |
[INFO] [stdout] 130 |     use std::os::unix::prelude::PermissionsExt;
[INFO] [stdout]     |         ^^^^^^^^^^^^^^^^^^^^^^^^^^^^^^^^^^^^^^
[INFO] [stdout] 
[INFO] [stdout] 
[INFO] [stdout] warning: unused import: `backhand::DEFAULT_BLOCK_SIZE`
[INFO] [stdout]    --> backhand-test/tests/add.rs:132:9
[INFO] [stdout]     |
[INFO] [stdout] 132 |     use backhand::DEFAULT_BLOCK_SIZE;
[INFO] [stdout]     |         ^^^^^^^^^^^^^^^^^^^^^^^^^^^^
[INFO] [stdout] 
[INFO] [stdout] 
[INFO] [stdout] warning: unused import: `nix::sys::stat::utimes`
[INFO] [stdout]    --> backhand-test/tests/add.rs:133:9
[INFO] [stdout]     |
[INFO] [stdout] 133 |     use nix::sys::stat::utimes;
[INFO] [stdout]     |         ^^^^^^^^^^^^^^^^^^^^^^
[INFO] [stdout] 
[INFO] [stdout] 
[INFO] [stdout] warning: unused import: `nix::sys::time::TimeVal`
[INFO] [stdout]    --> backhand-test/tests/add.rs:134:9
[INFO] [stdout]     |
[INFO] [stdout] 134 |     use nix::sys::time::TimeVal;
[INFO] [stdout]     |         ^^^^^^^^^^^^^^^^^^^^^^^
[INFO] [stdout] 
[INFO] [stdout] 
[INFO] [stdout] warning: unused import: `std::error::Error`
[INFO] [stdout]  --> backhand-test/tests/common/mod.rs:1:5
[INFO] [stdout]   |
[INFO] [stdout] 1 | use std::error::Error;
[INFO] [stdout]   |     ^^^^^^^^^^^^^^^^^
[INFO] [stdout]   |
[INFO] [stdout]   = note: `#[warn(unused_imports)]` on by default
[INFO] [stdout] 
[INFO] [stdout] 
[INFO] [stdout] warning: unused import: `backon::BlockingRetryable`
[INFO] [stdout]  --> backhand-test/tests/common/mod.rs:6:5
[INFO] [stdout]   |
[INFO] [stdout] 6 | use backon::BlockingRetryable;
[INFO] [stdout]   |     ^^^^^^^^^^^^^^^^^^^^^^^^^
[INFO] [stdout] 
[INFO] [stdout] 
[INFO] [stdout] warning: unused import: `backon::ExponentialBuilder`
[INFO] [stdout]  --> backhand-test/tests/common/mod.rs:7:5
[INFO] [stdout]   |
[INFO] [stdout] 7 | use backon::ExponentialBuilder;
[INFO] [stdout]   |     ^^^^^^^^^^^^^^^^^^^^^^^^^^
[INFO] [stdout] 
[INFO] [stdout] 
[INFO] [stdout] warning: unused import: `tempfile::tempdir`
[INFO] [stdout]  --> backhand-test/tests/common/mod.rs:8:5
[INFO] [stdout]   |
[INFO] [stdout] 8 | use tempfile::tempdir;
[INFO] [stdout]   |     ^^^^^^^^^^^^^^^^^
[INFO] [stdout] 
[INFO] [stdout] 
[INFO] [stdout] warning: unused imports: `test_bin_unsquashfs` and `test_squashfs_tools_unsquashfs`
[INFO] [stdout]   --> backhand-test/tests/raw.rs:11:14
[INFO] [stdout]    |
[INFO] [stdout] 11 | use common::{test_bin_unsquashfs, test_squashfs_tools_unsquashfs};
[INFO] [stdout]    |              ^^^^^^^^^^^^^^^^^^^  ^^^^^^^^^^^^^^^^^^^^^^^^^^^^^^
[INFO] [stdout] 
[INFO] [stdout] 
[INFO] [stdout] warning: unused import: `process::Command`
[INFO] [stdout]   --> backhand-test/tests/raw.rs:17:30
[INFO] [stdout]    |
[INFO] [stdout] 17 |     use std::{io::BufReader, process::Command};
[INFO] [stdout]    |                              ^^^^^^^^^^^^^^^^
[INFO] [stdout] 
[INFO] [stdout] 
[INFO] [stdout] warning: unused variable: `assert_success`
[INFO] [stdout]   --> backhand-test/tests/common/mod.rs:77:5
[INFO] [stdout]    |
[INFO] [stdout] 77 |     assert_success: bool,
[INFO] [stdout]    |     ^^^^^^^^^^^^^^ help: if this is intentional, prefix it with an underscore: `_assert_success`
[INFO] [stdout]    |
[INFO] [stdout]    = note: `#[warn(unused_variables)]` on by default
[INFO] [stdout] 
[INFO] [stdout] 
[INFO] [stdout] warning: unused variable: `assert_success`
[INFO] [stdout]   --> backhand-test/tests/common/mod.rs:77:5
[INFO] [stdout]    |
[INFO] [stdout] 77 |     assert_success: bool,
[INFO] [stdout]    |     ^^^^^^^^^^^^^^ help: if this is intentional, prefix it with an underscore: `_assert_success`
[INFO] [stdout]    |
[INFO] [stdout]    = note: `#[warn(unused_variables)]` on by default
[INFO] [stdout] 
[INFO] [stdout] 
[INFO] [stdout] warning: function `test_squashfs_tools_unsquashfs` is never used
[INFO] [stdout]   --> backhand-test/tests/common/mod.rs:19:8
[INFO] [stdout]    |
[INFO] [stdout] 19 | pub fn test_squashfs_tools_unsquashfs(
[INFO] [stdout]    |        ^^^^^^^^^^^^^^^^^^^^^^^^^^^^^^
[INFO] [stdout]    |
[INFO] [stdout]    = note: `#[warn(dead_code)]` on by default
[INFO] [stdout] 
[INFO] [stdout] 
[INFO] [stdout] warning: function `test_bin_unsquashfs` is never used
[INFO] [stdout]   --> backhand-test/tests/common/mod.rs:74:8
[INFO] [stdout]    |
[INFO] [stdout] 74 | pub fn test_bin_unsquashfs(
[INFO] [stdout]    |        ^^^^^^^^^^^^^^^^^^^
[INFO] [stdout] 
[INFO] [stdout] 
[INFO] [stdout] warning: function `find_runner` is never used
[INFO] [stdout]    --> backhand-test/tests/common/mod.rs:132:4
[INFO] [stdout]     |
[INFO] [stdout] 132 | fn find_runner() -> Option<String> {
[INFO] [stdout]     |    ^^^^^^^^^^^
[INFO] [stdout] 
[INFO] [stdout] 
[INFO] [stdout] warning: function `get_base_command` is never used
[INFO] [stdout]    --> backhand-test/tests/common/mod.rs:142:8
[INFO] [stdout]     |
[INFO] [stdout] 142 | pub fn get_base_command(base: &str) -> Command {
[INFO] [stdout]     |        ^^^^^^^^^^^^^^^^
[INFO] [stdout] 
[INFO] [stdout] 
[INFO] [stdout] warning: function `test_squashfs_tools_unsquashfs` is never used
[INFO] [stdout]   --> backhand-test/tests/common/mod.rs:19:8
[INFO] [stdout]    |
[INFO] [stdout] 19 | pub fn test_squashfs_tools_unsquashfs(
[INFO] [stdout]    |        ^^^^^^^^^^^^^^^^^^^^^^^^^^^^^^
[INFO] [stdout]    |
[INFO] [stdout]    = note: `#[warn(dead_code)]` on by default
[INFO] [stdout] 
[INFO] [stdout] 
[INFO] [stdout] warning: function `test_bin_unsquashfs` is never used
[INFO] [stdout]   --> backhand-test/tests/common/mod.rs:74:8
[INFO] [stdout]    |
[INFO] [stdout] 74 | pub fn test_bin_unsquashfs(
[INFO] [stdout]    |        ^^^^^^^^^^^^^^^^^^^
[INFO] [stdout] 
[INFO] [stdout] 
[INFO] [stderr]     Finished `test` profile [unoptimized + debuginfo] target(s) in 1m 39s
[INFO] running `Command { std: "docker" "inspect" "c9f30343472b7d17695a7747ec62b7c24d9622465f7d34f94dfb8302052cc7cd", kill_on_drop: false }`
[INFO] running `Command { std: "docker" "rm" "-f" "c9f30343472b7d17695a7747ec62b7c24d9622465f7d34f94dfb8302052cc7cd", kill_on_drop: false }`
[INFO] [stdout] c9f30343472b7d17695a7747ec62b7c24d9622465f7d34f94dfb8302052cc7cd
[INFO] running `Command { std: "docker" "create" "-v" "/var/lib/crater-agent-workspace/builds/worker-2-tc1/target:/opt/rustwide/target:rw,Z" "-v" "/var/lib/crater-agent-workspace/builds/worker-2-tc1/source:/opt/rustwide/workdir:ro,Z" "-v" "/var/lib/crater-agent-workspace/cargo-home:/opt/rustwide/cargo-home:ro,Z" "-v" "/var/lib/crater-agent-workspace/rustup-home:/opt/rustwide/rustup-home:ro,Z" "-e" "SOURCE_DIR=/opt/rustwide/workdir" "-e" "CARGO_TARGET_DIR=/opt/rustwide/target" "-e" "CARGO_INCREMENTAL=0" "-e" "RUST_BACKTRACE=full" "-e" "RUSTFLAGS=--cap-lints=forbid" "-e" "RUSTDOCFLAGS=--cap-lints=forbid" "-e" "CARGO_HOME=/opt/rustwide/cargo-home" "-e" "RUSTUP_HOME=/opt/rustwide/rustup-home" "-w" "/opt/rustwide/workdir" "-m" "1610612736" "--user" "0:0" "--network" "none" "ghcr.io/rust-lang/crates-build-env/linux@sha256:819108c5571ea2e421544af4d832f968d213c87fbe3707a016657f43d2f853bc" "/opt/rustwide/cargo-home/bin/cargo" "+nightly-2025-01-18" "test" "--frozen", kill_on_drop: false }`
[INFO] [stdout] c2033c73db8c362dda4a9fb56ce14af5aa238552a944997cbf3fd904cc35c9a4
[INFO] running `Command { std: "docker" "start" "-a" "c2033c73db8c362dda4a9fb56ce14af5aa238552a944997cbf3fd904cc35c9a4", kill_on_drop: false }`
[INFO] [stderr] warning: unused import: `std::error::Error`
[INFO] [stderr]  --> backhand-test/tests/common/mod.rs:1:5
[INFO] [stderr]   |
[INFO] [stderr] 1 | use std::error::Error;
[INFO] [stderr]   |     ^^^^^^^^^^^^^^^^^
[INFO] [stderr]   |
[INFO] [stderr]   = note: `#[warn(unused_imports)]` on by default
[INFO] [stderr] 
[INFO] [stderr] warning: unused import: `backon::BlockingRetryable`
[INFO] [stderr]  --> backhand-test/tests/common/mod.rs:6:5
[INFO] [stderr]   |
[INFO] [stderr] 6 | use backon::BlockingRetryable;
[INFO] [stderr]   |     ^^^^^^^^^^^^^^^^^^^^^^^^^
[INFO] [stderr] 
[INFO] [stderr] warning: unused import: `backon::ExponentialBuilder`
[INFO] [stderr]  --> backhand-test/tests/common/mod.rs:7:5
[INFO] [stderr]   |
[INFO] [stderr] 7 | use backon::ExponentialBuilder;
[INFO] [stderr]   |     ^^^^^^^^^^^^^^^^^^^^^^^^^^
[INFO] [stderr] 
[INFO] [stderr] warning: unused import: `tempfile::tempdir`
[INFO] [stderr]  --> backhand-test/tests/common/mod.rs:8:5
[INFO] [stderr]   |
[INFO] [stderr] 8 | use tempfile::tempdir;
[INFO] [stderr]   |     ^^^^^^^^^^^^^^^^^
[INFO] [stderr] 
[INFO] [stderr] warning: unused import: `std::process::Command`
[INFO] [stderr]  --> backhand-test/tests/add.rs:3:5
[INFO] [stderr]   |
[INFO] [stderr] 3 | use std::process::Command;
[INFO] [stderr]   |     ^^^^^^^^^^^^^^^^^^^^^
[INFO] [stderr] 
[INFO] [stderr] warning: unused import: `std::os::unix::prelude::PermissionsExt`
[INFO] [stderr]    --> backhand-test/tests/add.rs:130:9
[INFO] [stderr]     |
[INFO] [stderr] 130 |     use std::os::unix::prelude::PermissionsExt;
[INFO] [stderr]     |         ^^^^^^^^^^^^^^^^^^^^^^^^^^^^^^^^^^^^^^
[INFO] [stderr] 
[INFO] [stderr] warning: unused import: `backhand::DEFAULT_BLOCK_SIZE`
[INFO] [stderr]    --> backhand-test/tests/add.rs:132:9
[INFO] [stderr]     |
[INFO] [stderr] 132 |     use backhand::DEFAULT_BLOCK_SIZE;
[INFO] [stderr]     |         ^^^^^^^^^^^^^^^^^^^^^^^^^^^^
[INFO] [stderr] 
[INFO] [stderr] warning: unused import: `nix::sys::stat::utimes`
[INFO] [stderr]    --> backhand-test/tests/add.rs:133:9
[INFO] [stderr]     |
[INFO] [stderr] 133 |     use nix::sys::stat::utimes;
[INFO] [stderr]     |         ^^^^^^^^^^^^^^^^^^^^^^
[INFO] [stderr] 
[INFO] [stderr] warning: unused import: `nix::sys::time::TimeVal`
[INFO] [stderr]    --> backhand-test/tests/add.rs:134:9
[INFO] [stderr]     |
[INFO] [stderr] 134 |     use nix::sys::time::TimeVal;
[INFO] [stderr]     |         ^^^^^^^^^^^^^^^^^^^^^^^
[INFO] [stderr] 
[INFO] [stderr] warning: unused variable: `assert_success`
[INFO] [stderr]   --> backhand-test/tests/common/mod.rs:77:5
[INFO] [stderr]    |
[INFO] [stderr] 77 |     assert_success: bool,
[INFO] [stderr]    |     ^^^^^^^^^^^^^^ help: if this is intentional, prefix it with an underscore: `_assert_success`
[INFO] [stderr]    |
[INFO] [stderr]    = note: `#[warn(unused_variables)]` on by default
[INFO] [stderr] 
[INFO] [stderr] warning: function `test_squashfs_tools_unsquashfs` is never used
[INFO] [stderr]   --> backhand-test/tests/common/mod.rs:19:8
[INFO] [stderr]    |
[INFO] [stderr] 19 | pub fn test_squashfs_tools_unsquashfs(
[INFO] [stderr]    |        ^^^^^^^^^^^^^^^^^^^^^^^^^^^^^^
[INFO] [stderr]    |
[INFO] [stderr]    = note: `#[warn(dead_code)]` on by default
[INFO] [stderr] 
[INFO] [stderr] warning: function `test_bin_unsquashfs` is never used
[INFO] [stderr]   --> backhand-test/tests/common/mod.rs:74:8
[INFO] [stderr]    |
[INFO] [stderr] 74 | pub fn test_bin_unsquashfs(
[INFO] [stderr]    |        ^^^^^^^^^^^^^^^^^^^
[INFO] [stderr] 
[INFO] [stderr] warning: unused imports: `test_bin_unsquashfs` and `test_squashfs_tools_unsquashfs`
[INFO] [stderr]   --> backhand-test/tests/raw.rs:11:14
[INFO] [stderr]    |
[INFO] [stderr] 11 | use common::{test_bin_unsquashfs, test_squashfs_tools_unsquashfs};
[INFO] [stderr]    |              ^^^^^^^^^^^^^^^^^^^  ^^^^^^^^^^^^^^^^^^^^^^^^^^^^^^
[INFO] [stderr] 
[INFO] [stderr] warning: unused import: `process::Command`
[INFO] [stderr]   --> backhand-test/tests/raw.rs:17:30
[INFO] [stderr]    |
[INFO] [stderr] 17 |     use std::{io::BufReader, process::Command};
[INFO] [stderr]    |                              ^^^^^^^^^^^^^^^^
[INFO] [stderr] 
[INFO] [stderr] warning: function `find_runner` is never used
[INFO] [stderr]    --> backhand-test/tests/common/mod.rs:132:4
[INFO] [stderr]     |
[INFO] [stderr] 132 | fn find_runner() -> Option<String> {
[INFO] [stderr]     |    ^^^^^^^^^^^
[INFO] [stderr] 
[INFO] [stderr] warning: function `get_base_command` is never used
[INFO] [stderr]    --> backhand-test/tests/common/mod.rs:142:8
[INFO] [stderr]     |
[INFO] [stderr] 142 | pub fn get_base_command(base: &str) -> Command {
[INFO] [stderr]     |        ^^^^^^^^^^^^^^^^
[INFO] [stderr] 
[INFO] [stderr] warning: unused import: `std::process::Command`
[INFO] [stderr]  --> backhand-test/tests/replace.rs:3:5
[INFO] [stderr]   |
[INFO] [stderr] 3 | use std::process::Command;
[INFO] [stderr]   |     ^^^^^^^^^^^^^^^^^^^^^
[INFO] [stderr] 
[INFO] [stderr] warning: `tests` (test "add") generated 12 warnings (run `cargo fix --test "add"` to apply 9 suggestions)
[INFO] [stderr] warning: `tests` (test "raw") generated 11 warnings (7 duplicates) (run `cargo fix --test "raw"` to apply 2 suggestions)
[INFO] [stderr] warning: `tests` (test "replace") generated 8 warnings (7 duplicates) (run `cargo fix --test "replace"` to apply 1 suggestion)
[INFO] [stderr] warning: unexpected `cfg` condition value: `gzip-zune-inflate`
[INFO] [stderr]    --> backhand-test/tests/test.rs:130:29
[INFO] [stderr]     |
[INFO] [stderr] 130 | #[cfg(any(feature = "gzip", feature = "gzip-zune-inflate"))]
[INFO] [stderr]     |                             ^^^^^^^^^^^^^^^^^^^^^^^^^^^^^
[INFO] [stderr]     |
[INFO] [stderr]     = note: expected values for `feature` are: `__test_unsquashfs`, `any-gzip`, `default`, `gzip`, `gzip-zlib-ng`, `lzo`, `xz`, `xz-static`, and `zstd`
[INFO] [stderr]     = help: consider adding `gzip-zune-inflate` as a feature in `Cargo.toml`
[INFO] [stderr]     = note: see <https://doc.rust-lang.org/nightly/rustc/check-cfg/cargo-specifics.html> for more information about checking conditional configuration
[INFO] [stderr]     = note: `#[warn(unexpected_cfgs)]` on by default
[INFO] [stderr] 
[INFO] [stderr] warning: unexpected `cfg` condition value: `gzip-zune-inflate`
[INFO] [stderr]    --> backhand-test/tests/test.rs:149:29
[INFO] [stderr]     |
[INFO] [stderr] 149 | #[cfg(any(feature = "gzip", feature = "gzip-zune-inflate"))]
[INFO] [stderr]     |                             ^^^^^^^^^^^^^^^^^^^^^^^^^^^^^
[INFO] [stderr]     |
[INFO] [stderr]     = note: expected values for `feature` are: `__test_unsquashfs`, `any-gzip`, `default`, `gzip`, `gzip-zlib-ng`, `lzo`, `xz`, `xz-static`, and `zstd`
[INFO] [stderr]     = help: consider adding `gzip-zune-inflate` as a feature in `Cargo.toml`
[INFO] [stderr]     = note: see <https://doc.rust-lang.org/nightly/rustc/check-cfg/cargo-specifics.html> for more information about checking conditional configuration
[INFO] [stderr] 
[INFO] [stderr] warning: unexpected `cfg` condition value: `gzip-zune-inflate`
[INFO] [stderr]    --> backhand-test/tests/test.rs:221:29
[INFO] [stderr]     |
[INFO] [stderr] 221 | #[cfg(any(feature = "gzip", feature = "gzip-zune-inflate"))]
[INFO] [stderr]     |                             ^^^^^^^^^^^^^^^^^^^^^^^^^^^^^
[INFO] [stderr]     |
[INFO] [stderr]     = note: expected values for `feature` are: `__test_unsquashfs`, `any-gzip`, `default`, `gzip`, `gzip-zlib-ng`, `lzo`, `xz`, `xz-static`, and `zstd`
[INFO] [stderr]     = help: consider adding `gzip-zune-inflate` as a feature in `Cargo.toml`
[INFO] [stderr]     = note: see <https://doc.rust-lang.org/nightly/rustc/check-cfg/cargo-specifics.html> for more information about checking conditional configuration
[INFO] [stderr] 
[INFO] [stderr] warning: unexpected `cfg` condition value: `gzip-zune-inflate`
[INFO] [stderr]    --> backhand-test/tests/test.rs:239:29
[INFO] [stderr]     |
[INFO] [stderr] 239 | #[cfg(any(feature = "gzip", feature = "gzip-zune-inflate"))]
[INFO] [stderr]     |                             ^^^^^^^^^^^^^^^^^^^^^^^^^^^^^
[INFO] [stderr]     |
[INFO] [stderr]     = note: expected values for `feature` are: `__test_unsquashfs`, `any-gzip`, `default`, `gzip`, `gzip-zlib-ng`, `lzo`, `xz`, `xz-static`, and `zstd`
[INFO] [stderr]     = help: consider adding `gzip-zune-inflate` as a feature in `Cargo.toml`
[INFO] [stderr]     = note: see <https://doc.rust-lang.org/nightly/rustc/check-cfg/cargo-specifics.html> for more information about checking conditional configuration
[INFO] [stderr] 
[INFO] [stderr] warning: unexpected `cfg` condition value: `gzip-zune-inflate`
[INFO] [stderr]    --> backhand-test/tests/test.rs:329:29
[INFO] [stderr]     |
[INFO] [stderr] 329 | #[cfg(any(feature = "gzip", feature = "gzip-zune-inflate"))]
[INFO] [stderr]     |                             ^^^^^^^^^^^^^^^^^^^^^^^^^^^^^
[INFO] [stderr]     |
[INFO] [stderr]     = note: expected values for `feature` are: `__test_unsquashfs`, `any-gzip`, `default`, `gzip`, `gzip-zlib-ng`, `lzo`, `xz`, `xz-static`, and `zstd`
[INFO] [stderr]     = help: consider adding `gzip-zune-inflate` as a feature in `Cargo.toml`
[INFO] [stderr]     = note: see <https://doc.rust-lang.org/nightly/rustc/check-cfg/cargo-specifics.html> for more information about checking conditional configuration
[INFO] [stderr] 
[INFO] [stderr] warning: unexpected `cfg` condition value: `gzip-zune-inflate`
[INFO] [stderr]    --> backhand-test/tests/test.rs:347:29
[INFO] [stderr]     |
[INFO] [stderr] 347 | #[cfg(any(feature = "gzip", feature = "gzip-zune-inflate"))]
[INFO] [stderr]     |                             ^^^^^^^^^^^^^^^^^^^^^^^^^^^^^
[INFO] [stderr]     |
[INFO] [stderr]     = note: expected values for `feature` are: `__test_unsquashfs`, `any-gzip`, `default`, `gzip`, `gzip-zlib-ng`, `lzo`, `xz`, `xz-static`, and `zstd`
[INFO] [stderr]     = help: consider adding `gzip-zune-inflate` as a feature in `Cargo.toml`
[INFO] [stderr]     = note: see <https://doc.rust-lang.org/nightly/rustc/check-cfg/cargo-specifics.html> for more information about checking conditional configuration
[INFO] [stderr] 
[INFO] [stderr] warning: unexpected `cfg` condition value: `gzip-zune-inflate`
[INFO] [stderr]    --> backhand-test/tests/test.rs:434:29
[INFO] [stderr]     |
[INFO] [stderr] 434 | #[cfg(any(feature = "gzip", feature = "gzip-zune-inflate"))]
[INFO] [stderr]     |                             ^^^^^^^^^^^^^^^^^^^^^^^^^^^^^
[INFO] [stderr]     |
[INFO] [stderr]     = note: expected values for `feature` are: `__test_unsquashfs`, `any-gzip`, `default`, `gzip`, `gzip-zlib-ng`, `lzo`, `xz`, `xz-static`, and `zstd`
[INFO] [stderr]     = help: consider adding `gzip-zune-inflate` as a feature in `Cargo.toml`
[INFO] [stderr]     = note: see <https://doc.rust-lang.org/nightly/rustc/check-cfg/cargo-specifics.html> for more information about checking conditional configuration
[INFO] [stderr] 
[INFO] [stderr] warning: unexpected `cfg` condition value: `gzip-zune-inflate`
[INFO] [stderr]    --> backhand-test/tests/test.rs:452:29
[INFO] [stderr]     |
[INFO] [stderr] 452 | #[cfg(any(feature = "gzip", feature = "gzip-zune-inflate"))]
[INFO] [stderr]     |                             ^^^^^^^^^^^^^^^^^^^^^^^^^^^^^
[INFO] [stderr]     |
[INFO] [stderr]     = note: expected values for `feature` are: `__test_unsquashfs`, `any-gzip`, `default`, `gzip`, `gzip-zlib-ng`, `lzo`, `xz`, `xz-static`, and `zstd`
[INFO] [stderr]     = help: consider adding `gzip-zune-inflate` as a feature in `Cargo.toml`
[INFO] [stderr]     = note: see <https://doc.rust-lang.org/nightly/rustc/check-cfg/cargo-specifics.html> for more information about checking conditional configuration
[INFO] [stderr] 
[INFO] [stderr] warning: unexpected `cfg` condition value: `gzip-zune-inflate`
[INFO] [stderr]    --> backhand-test/tests/test.rs:470:29
[INFO] [stderr]     |
[INFO] [stderr] 470 | #[cfg(any(feature = "gzip", feature = "gzip-zune-inflate"))]
[INFO] [stderr]     |                             ^^^^^^^^^^^^^^^^^^^^^^^^^^^^^
[INFO] [stderr]     |
[INFO] [stderr]     = note: expected values for `feature` are: `__test_unsquashfs`, `any-gzip`, `default`, `gzip`, `gzip-zlib-ng`, `lzo`, `xz`, `xz-static`, and `zstd`
[INFO] [stderr]     = help: consider adding `gzip-zune-inflate` as a feature in `Cargo.toml`
[INFO] [stderr]     = note: see <https://doc.rust-lang.org/nightly/rustc/check-cfg/cargo-specifics.html> for more information about checking conditional configuration
[INFO] [stderr] 
[INFO] [stderr] warning: unexpected `cfg` condition value: `gzip-zune-inflate`
[INFO] [stderr]    --> backhand-test/tests/test.rs:489:29
[INFO] [stderr]     |
[INFO] [stderr] 489 | #[cfg(any(feature = "gzip", feature = "gzip-zune-inflate"))]
[INFO] [stderr]     |                             ^^^^^^^^^^^^^^^^^^^^^^^^^^^^^
[INFO] [stderr]     |
[INFO] [stderr]     = note: expected values for `feature` are: `__test_unsquashfs`, `any-gzip`, `default`, `gzip`, `gzip-zlib-ng`, `lzo`, `xz`, `xz-static`, and `zstd`
[INFO] [stderr]     = help: consider adding `gzip-zune-inflate` as a feature in `Cargo.toml`
[INFO] [stderr]     = note: see <https://doc.rust-lang.org/nightly/rustc/check-cfg/cargo-specifics.html> for more information about checking conditional configuration
[INFO] [stderr] 
[INFO] [stderr] warning: unused import: `assert_cmd::Command`
[INFO] [stderr]  --> backhand-test/tests/test.rs:6:5
[INFO] [stderr]   |
[INFO] [stderr] 6 | use assert_cmd::Command;
[INFO] [stderr]   |     ^^^^^^^^^^^^^^^^^^^
[INFO] [stderr] 
[INFO] [stderr] warning: unused import: `test_squashfs_tools_unsquashfs`
[INFO] [stderr]  --> backhand-test/tests/test.rs:8:35
[INFO] [stderr]   |
[INFO] [stderr] 8 | use common::{test_bin_unsquashfs, test_squashfs_tools_unsquashfs};
[INFO] [stderr]   |                                   ^^^^^^^^^^^^^^^^^^^^^^^^^^^^^^
[INFO] [stderr] 
[INFO] [stderr] warning: unused import: `tempfile::tempdir`
[INFO] [stderr]  --> backhand-test/tests/test.rs:9:5
[INFO] [stderr]   |
[INFO] [stderr] 9 | use tempfile::tempdir;
[INFO] [stderr]   |     ^^^^^^^^^^^^^^^^^
[INFO] [stderr] 
[INFO] [stderr] warning: unused import: `assert_cmd::prelude`
[INFO] [stderr]  --> backhand-test/tests/test.rs:5:5
[INFO] [stderr]   |
[INFO] [stderr] 5 | use assert_cmd::prelude::*;
[INFO] [stderr]   |     ^^^^^^^^^^^^^^^^^^^
[INFO] [stderr] 
[INFO] [stderr] warning: unused imports: `test_bin_unsquashfs` and `test_squashfs_tools_unsquashfs`
[INFO] [stderr]  --> backhand-test/tests/mutate.rs:6:14
[INFO] [stderr]   |
[INFO] [stderr] 6 | use common::{test_bin_unsquashfs, test_squashfs_tools_unsquashfs};
[INFO] [stderr]   |              ^^^^^^^^^^^^^^^^^^^  ^^^^^^^^^^^^^^^^^^^^^^^^^^^^^^
[INFO] [stderr] 
[INFO] [stderr] warning: unused import: `Write`
[INFO] [stderr]  --> backhand-test/tests/non_standard.rs:3:37
[INFO] [stderr]   |
[INFO] [stderr] 3 | use std::io::{BufReader, BufWriter, Write};
[INFO] [stderr]   |                                     ^^^^^
[INFO] [stderr] 
[INFO] [stderr] warning: `tests` (test "test") generated 20 warnings (6 duplicates) (run `cargo fix --test "test"` to apply 3 suggestions)
[INFO] [stderr] warning: `tests` (test "mutate") generated 10 warnings (9 duplicates) (run `cargo fix --test "mutate"` to apply 1 suggestion)
[INFO] [stderr] warning: `tests` (test "unsquashfs") generated 7 warnings (7 duplicates)
[INFO] [stderr] warning: `tests` (test "non_standard") generated 10 warnings (9 duplicates) (run `cargo fix --test "non_standard"` to apply 1 suggestion)
[INFO] [stderr]     Finished `test` profile [unoptimized + debuginfo] target(s) in 0.25s
[INFO] [stderr]      Running unittests src/lib.rs (/opt/rustwide/target/debug/deps/backhand-e3901fc0da7a717e)
[INFO] [stdout] 
[INFO] [stdout] running 4 tests
[INFO] [stdout] test dir::tests::no_invalid_dir_entry ... ok
[INFO] [stdout] test entry::tests::test_entry ... ok
[INFO] [stdout] test data::tests::test_duplicate_check ... ok
[INFO] [stdout] test data::tests::test_no_duplicate_check ... ok
[INFO] [stdout] 
[INFO] [stdout] test result: ok. 4 passed; 0 failed; 0 ignored; 0 measured; 0 filtered out; finished in 0.13s
[INFO] [stderr]      Running unittests src/lib.rs (/opt/rustwide/target/debug/deps/backhand_cli-3b831aac8a14c6f7)
[INFO] [stdout] 
[INFO] [stdout] 
[INFO] [stdout] running 0 tests
[INFO] [stdout] 
[INFO] [stdout] test result: ok. 0 passed; 0 failed; 0 ignored; 0 measured; 0 filtered out; finished in 0.00s
[INFO] [stdout] 
[INFO] [stderr]      Running unittests src/bin/add.rs (/opt/rustwide/target/debug/deps/add_backhand-79bb3035d5dc45dc)
[INFO] [stdout] 
[INFO] [stdout] running 0 tests
[INFO] [stdout] 
[INFO] [stdout] test result: ok. 0 passed; 0 failed; 0 ignored; 0 measured; 0 filtered out; finished in 0.00s
[INFO] [stdout] 
[INFO] [stderr]      Running unittests src/bin/replace.rs (/opt/rustwide/target/debug/deps/replace_backhand-5cd14e79aa6fa1b8)
[INFO] [stdout] 
[INFO] [stdout] running 0 tests
[INFO] [stdout] 
[INFO] [stdout] test result: ok. 0 passed; 0 failed; 0 ignored; 0 measured; 0 filtered out; finished in 0.00s
[INFO] [stdout] 
[INFO] [stderr]      Running unittests src/bin/unsquashfs.rs (/opt/rustwide/target/debug/deps/unsquashfs_backhand-5f85a33c7bb2ef31)
[INFO] [stdout] 
[INFO] [stdout] running 0 tests
[INFO] [stdout] 
[INFO] [stdout] test result: ok. 0 passed; 0 failed; 0 ignored; 0 measured; 0 filtered out; finished in 0.00s
[INFO] [stdout] 
[INFO] [stderr]      Running unittests src/lib.rs (/opt/rustwide/target/debug/deps/tests-d7dfa28c64f47a83)
[INFO] [stdout] 
[INFO] [stdout] running 0 tests
[INFO] [stdout] 
[INFO] [stdout] test result: ok. 0 passed; 0 failed; 0 ignored; 0 measured; 0 filtered out; finished in 0.00s
[INFO] [stdout] 
[INFO] [stderr]      Running tests/add.rs (/opt/rustwide/target/debug/deps/add-68016ff4767dbe7a)
[INFO] [stdout] 
[INFO] [stdout] running 2 tests
[INFO] [stdout] test test_dont_emit_compression_options ... FAILED
[INFO] [stdout] test test_add ... FAILED
[INFO] [stdout] 
[INFO] [stdout] failures:
[INFO] [stdout] 
[INFO] [stdout] ---- test_dont_emit_compression_options stdout ----
[INFO] [stdout] 
[INFO] [stdout] thread 'test_dont_emit_compression_options' panicked at /opt/rustwide/cargo-home/registry/src/index.crates.io-1949cf8c6b5b557f/test-assets-ureq-0.3.0/src/lib.rs:224:80:
[INFO] [stdout] called `Result::unwrap()` on an `Err` value: Io(Os { code: 30, kind: ReadOnlyFilesystem, message: "Read-only file system" })
[INFO] [stdout] stack backtrace:
[INFO] [stdout]    0:     0x59c5813dbf0a - std::backtrace_rs::backtrace::libunwind::trace::hb059275cfc8d6126
[INFO] [stdout]                                at /rustc/6067b36314ab5eb2eb47cecc464545ba58e1ad24/library/std/src/../../backtrace/src/backtrace/libunwind.rs:116:5
[INFO] [stdout]    1:     0x59c5813dbf0a - std::backtrace_rs::backtrace::trace_unsynchronized::h2da071e4327ce3ee
[INFO] [stdout]                                at /rustc/6067b36314ab5eb2eb47cecc464545ba58e1ad24/library/std/src/../../backtrace/src/backtrace/mod.rs:66:5
[INFO] [stdout]    2:     0x59c5813dbf0a - std::sys::backtrace::_print_fmt::h842a1474e6f8d23f
[INFO] [stdout]                                at /rustc/6067b36314ab5eb2eb47cecc464545ba58e1ad24/library/std/src/sys/backtrace.rs:66:9
[INFO] [stdout]    3:     0x59c5813dbf0a - <std::sys::backtrace::BacktraceLock::print::DisplayBacktrace as core::fmt::Display>::fmt::h71a62eb3b9696b12
[INFO] [stdout]                                at /rustc/6067b36314ab5eb2eb47cecc464545ba58e1ad24/library/std/src/sys/backtrace.rs:39:26
[INFO] [stdout]    4:     0x59c58140a093 - core::fmt::rt::Argument::fmt::hdb6b616786b41dc1
[INFO] [stdout]                                at /rustc/6067b36314ab5eb2eb47cecc464545ba58e1ad24/library/core/src/fmt/rt.rs:177:76
[INFO] [stdout]    5:     0x59c58140a093 - core::fmt::write::h2cc1698af7e2d686
[INFO] [stdout]                                at /rustc/6067b36314ab5eb2eb47cecc464545ba58e1ad24/library/core/src/fmt/mod.rs:1440:21
[INFO] [stdout]    6:     0x59c5813d7513 - std::io::Write::write_fmt::hab1b4cd059a79022
[INFO] [stdout]                                at /rustc/6067b36314ab5eb2eb47cecc464545ba58e1ad24/library/std/src/io/mod.rs:1887:15
[INFO] [stdout]    7:     0x59c5813dbd52 - std::sys::backtrace::BacktraceLock::print::h147fe35b4ea13b08
[INFO] [stdout]                                at /rustc/6067b36314ab5eb2eb47cecc464545ba58e1ad24/library/std/src/sys/backtrace.rs:42:9
[INFO] [stdout]    8:     0x59c5813dd3af - std::panicking::default_hook::{{closure}}::hbd44223dbdc0d208
[INFO] [stdout]                                at /rustc/6067b36314ab5eb2eb47cecc464545ba58e1ad24/library/std/src/panicking.rs:298:22
[INFO] [stdout]    9:     0x59c5813dd1c8 - std::panicking::default_hook::h20f81eb0576efcec
[INFO] [stdout]                                at /rustc/6067b36314ab5eb2eb47cecc464545ba58e1ad24/library/std/src/panicking.rs:322:9
[INFO] [stdout]   10:     0x59c580cdd123 - <alloc::boxed::Box<F,A> as core::ops::function::Fn<Args>>::call::hdb53814c496a4d34
[INFO] [stdout]                                at /rustc/6067b36314ab5eb2eb47cecc464545ba58e1ad24/library/alloc/src/boxed.rs:2027:9
[INFO] [stdout]   11:     0x59c580cdd123 - test::test_main::{{closure}}::hc0a4963c59427c24
[INFO] [stdout]                                at /rustc/6067b36314ab5eb2eb47cecc464545ba58e1ad24/library/test/src/lib.rs:134:21
[INFO] [stdout]   12:     0x59c5813ddea3 - <alloc::boxed::Box<F,A> as core::ops::function::Fn<Args>>::call::h591b2225413a77e9
[INFO] [stdout]                                at /rustc/6067b36314ab5eb2eb47cecc464545ba58e1ad24/library/alloc/src/boxed.rs:2027:9
[INFO] [stdout]   13:     0x59c5813ddea3 - std::panicking::rust_panic_with_hook::h625eea43051b2edc
[INFO] [stdout]                                at /rustc/6067b36314ab5eb2eb47cecc464545ba58e1ad24/library/std/src/panicking.rs:839:13
[INFO] [stdout]   14:     0x59c5813ddb5a - std::panicking::begin_panic_handler::{{closure}}::h4f9159cfbc3f6bd3
[INFO] [stdout]                                at /rustc/6067b36314ab5eb2eb47cecc464545ba58e1ad24/library/std/src/panicking.rs:704:13
[INFO] [stdout]   15:     0x59c5813dc409 - std::sys::backtrace::__rust_end_short_backtrace::h0390abce48353151
[INFO] [stdout]                                at /rustc/6067b36314ab5eb2eb47cecc464545ba58e1ad24/library/std/src/sys/backtrace.rs:168:18
[INFO] [stdout]   16:     0x59c5813dd7ed - rust_begin_unwind
[INFO] [stdout]                                at /rustc/6067b36314ab5eb2eb47cecc464545ba58e1ad24/library/std/src/panicking.rs:695:5
[INFO] [stdout]   17:     0x59c5814079a0 - core::panicking::panic_fmt::h9e7c637e9e5f29c9
[INFO] [stdout]                                at /rustc/6067b36314ab5eb2eb47cecc464545ba58e1ad24/library/core/src/panicking.rs:75:14
[INFO] [stdout]   18:     0x59c581407e16 - core::result::unwrap_failed::h7979f09313fe1849
[INFO] [stdout]                                at /rustc/6067b36314ab5eb2eb47cecc464545ba58e1ad24/library/core/src/result.rs:1704:5
[INFO] [stdout]   19:     0x59c580e1e25a - core::result::Result<T,E>::unwrap::he81c8c61f096a2a4
[INFO] [stdout]                                at /rustc/6067b36314ab5eb2eb47cecc464545ba58e1ad24/library/core/src/result.rs:1109:23
[INFO] [stdout]   20:     0x59c580e1e25a - test_assets_ureq::dl_test_files_backoff::hee741e390105b4c8
[INFO] [stdout]                                at /opt/rustwide/cargo-home/registry/src/index.crates.io-1949cf8c6b5b557f/test-assets-ureq-0.3.0/src/lib.rs:224:5
[INFO] [stdout]   21:     0x59c580ca089b - add::common::download_backoff::h22bf32f8150ed1df
[INFO] [stdout]                                at /opt/rustwide/workdir/backhand-test/tests/common/mod.rs:13:5
[INFO] [stdout]   22:     0x59c580c96f67 - add::test_dont_emit_compression_options::hfdcce05d1d32b1b8
[INFO] [stdout]                                at /opt/rustwide/workdir/backhand-test/tests/add.rs:144:5
[INFO] [stdout]   23:     0x59c580c96d37 - add::test_dont_emit_compression_options::{{closure}}::h499af64bf4c0c802
[INFO] [stdout]                                at /opt/rustwide/workdir/backhand-test/tests/add.rs:127:40
[INFO] [stdout]   24:     0x59c580c910e6 - core::ops::function::FnOnce::call_once::h035e412a4a0d25eb
[INFO] [stdout]                                at /rustc/6067b36314ab5eb2eb47cecc464545ba58e1ad24/library/core/src/ops/function.rs:250:5
[INFO] [stdout]   25:     0x59c580ce287b - core::ops::function::FnOnce::call_once::he27718dfdd183f43
[INFO] [stdout]                                at /rustc/6067b36314ab5eb2eb47cecc464545ba58e1ad24/library/core/src/ops/function.rs:250:5
[INFO] [stdout]   26:     0x59c580ce287b - test::__rust_begin_short_backtrace::h4e84902998457a5d
[INFO] [stdout]                                at /rustc/6067b36314ab5eb2eb47cecc464545ba58e1ad24/library/test/src/lib.rs:632:18
[INFO] [stdout]   27:     0x59c580ce17b3 - test::run_test_in_process::{{closure}}::h7176fd18fc1feca0
[INFO] [stdout]                                at /rustc/6067b36314ab5eb2eb47cecc464545ba58e1ad24/library/test/src/lib.rs:655:60
[INFO] [stdout]   28:     0x59c580ce17b3 - <core::panic::unwind_safe::AssertUnwindSafe<F> as core::ops::function::FnOnce<()>>::call_once::hf79cff2a624d8cf7
[INFO] [stdout]                                at /rustc/6067b36314ab5eb2eb47cecc464545ba58e1ad24/library/core/src/panic/unwind_safe.rs:272:9
[INFO] [stdout]   29:     0x59c580ce17b3 - std::panicking::try::do_call::h3da0561d9ab99c25
[INFO] [stdout]                                at /rustc/6067b36314ab5eb2eb47cecc464545ba58e1ad24/library/std/src/panicking.rs:587:40
[INFO] [stdout]   30:     0x59c580ce17b3 - std::panicking::try::h41c9fa508bc61df6
[INFO] [stdout]                                at /rustc/6067b36314ab5eb2eb47cecc464545ba58e1ad24/library/std/src/panicking.rs:550:19
[INFO] [stdout]   31:     0x59c580ce17b3 - std::panic::catch_unwind::h6b3ff07bb5afad93
[INFO] [stdout]                                at /rustc/6067b36314ab5eb2eb47cecc464545ba58e1ad24/library/std/src/panic.rs:358:14
[INFO] [stdout]   32:     0x59c580ce17b3 - test::run_test_in_process::hc7253dd11b39b9f4
[INFO] [stdout]                                at /rustc/6067b36314ab5eb2eb47cecc464545ba58e1ad24/library/test/src/lib.rs:655:27
[INFO] [stdout]   33:     0x59c580ce17b3 - test::run_test::{{closure}}::hfb2007f8649c30bb
[INFO] [stdout]                                at /rustc/6067b36314ab5eb2eb47cecc464545ba58e1ad24/library/test/src/lib.rs:576:43
[INFO] [stdout]   34:     0x59c580ca4895 - test::run_test::{{closure}}::h56a17aa7a282a9f4
[INFO] [stdout]                                at /rustc/6067b36314ab5eb2eb47cecc464545ba58e1ad24/library/test/src/lib.rs:606:41
[INFO] [stdout]   35:     0x59c580ca4895 - std::sys::backtrace::__rust_begin_short_backtrace::hd2d2d2fb8e8c6aac
[INFO] [stdout]                                at /rustc/6067b36314ab5eb2eb47cecc464545ba58e1ad24/library/std/src/sys/backtrace.rs:152:18
[INFO] [stdout]   36:     0x59c580ca817a - std::thread::Builder::spawn_unchecked_::{{closure}}::{{closure}}::h4faa3f9db6133423
[INFO] [stdout]                                at /rustc/6067b36314ab5eb2eb47cecc464545ba58e1ad24/library/std/src/thread/mod.rs:559:17
[INFO] [stdout]   37:     0x59c580ca817a - <core::panic::unwind_safe::AssertUnwindSafe<F> as core::ops::function::FnOnce<()>>::call_once::hf2e855a36a4ea846
[INFO] [stdout]                                at /rustc/6067b36314ab5eb2eb47cecc464545ba58e1ad24/library/core/src/panic/unwind_safe.rs:272:9
[INFO] [stdout]   38:     0x59c580ca817a - std::panicking::try::do_call::h2f73af3616c35465
[INFO] [stdout]                                at /rustc/6067b36314ab5eb2eb47cecc464545ba58e1ad24/library/std/src/panicking.rs:587:40
[INFO] [stdout]   39:     0x59c580ca817a - std::panicking::try::hd1660ce9efadef5a
[INFO] [stdout]                                at /rustc/6067b36314ab5eb2eb47cecc464545ba58e1ad24/library/std/src/panicking.rs:550:19
[INFO] [stdout]   40:     0x59c580ca817a - std::panic::catch_unwind::h5ee8d7823b8ca744
[INFO] [stdout]                                at /rustc/6067b36314ab5eb2eb47cecc464545ba58e1ad24/library/std/src/panic.rs:358:14
[INFO] [stdout]   41:     0x59c580ca817a - std::thread::Builder::spawn_unchecked_::{{closure}}::h53c3a1894dce8407
[INFO] [stdout]                                at /rustc/6067b36314ab5eb2eb47cecc464545ba58e1ad24/library/std/src/thread/mod.rs:557:30
[INFO] [stdout]   42:     0x59c580ca817a - core::ops::function::FnOnce::call_once{{vtable.shim}}::h048ce291ad4f62bf
[INFO] [stdout]                                at /rustc/6067b36314ab5eb2eb47cecc464545ba58e1ad24/library/core/src/ops/function.rs:250:5
[INFO] [stdout]   43:     0x59c5813e327b - <alloc::boxed::Box<F,A> as core::ops::function::FnOnce<Args>>::call_once::ha52bedf99a3b4981
[INFO] [stdout]                                at /rustc/6067b36314ab5eb2eb47cecc464545ba58e1ad24/library/alloc/src/boxed.rs:2013:9
[INFO] [stdout]   44:     0x59c5813e327b - <alloc::boxed::Box<F,A> as core::ops::function::FnOnce<Args>>::call_once::h567748934d80ccf8
[INFO] [stdout]                                at /rustc/6067b36314ab5eb2eb47cecc464545ba58e1ad24/library/alloc/src/boxed.rs:2013:9
[INFO] [stdout]   45:     0x59c5813e327b - std::sys::pal::unix::thread::Thread::new::thread_start::h2d970728ae887adc
[INFO] [stdout]                                at /rustc/6067b36314ab5eb2eb47cecc464545ba58e1ad24/library/std/src/sys/pal/unix/thread.rs:106:17
[INFO] [stdout]   46:     0x7b504e4d6ac3 - <unknown>
[INFO] [stdout]   47:     0x7b504e567a04 - clone
[INFO] [stdout]   48:                0x0 - <unknown>
[INFO] [stdout] 
[INFO] [stdout] ---- test_add stdout ----
[INFO] [stdout] 
[INFO] [stdout] thread 'test_add' panicked at /opt/rustwide/cargo-home/registry/src/index.crates.io-1949cf8c6b5b557f/test-assets-ureq-0.3.0/src/lib.rs:224:80:
[INFO] [stdout] called `Result::unwrap()` on an `Err` value: Io(Os { code: 30, kind: ReadOnlyFilesystem, message: "Read-only file system" })
[INFO] [stdout] stack backtrace:
[INFO] [stdout]    0:     0x59c5813dbf0a - std::backtrace_rs::backtrace::libunwind::trace::hb059275cfc8d6126
[INFO] [stdout]                                at /rustc/6067b36314ab5eb2eb47cecc464545ba58e1ad24/library/std/src/../../backtrace/src/backtrace/libunwind.rs:116:5
[INFO] [stdout]    1:     0x59c5813dbf0a - std::backtrace_rs::backtrace::trace_unsynchronized::h2da071e4327ce3ee
[INFO] [stdout]                                at /rustc/6067b36314ab5eb2eb47cecc464545ba58e1ad24/library/std/src/../../backtrace/src/backtrace/mod.rs:66:5
[INFO] [stdout]    2:     0x59c5813dbf0a - std::sys::backtrace::_print_fmt::h842a1474e6f8d23f
[INFO] [stdout]                                at /rustc/6067b36314ab5eb2eb47cecc464545ba58e1ad24/library/std/src/sys/backtrace.rs:66:9
[INFO] [stdout]    3:     0x59c5813dbf0a - <std::sys::backtrace::BacktraceLock::print::DisplayBacktrace as core::fmt::Display>::fmt::h71a62eb3b9696b12
[INFO] [stdout]                                at /rustc/6067b36314ab5eb2eb47cecc464545ba58e1ad24/library/std/src/sys/backtrace.rs:39:26
[INFO] [stdout]    4:     0x59c58140a093 - core::fmt::rt::Argument::fmt::hdb6b616786b41dc1
[INFO] [stdout]                                at /rustc/6067b36314ab5eb2eb47cecc464545ba58e1ad24/library/core/src/fmt/rt.rs:177:76
[INFO] [stdout]    5:     0x59c58140a093 - core::fmt::write::h2cc1698af7e2d686
[INFO] [stdout]                                at /rustc/6067b36314ab5eb2eb47cecc464545ba58e1ad24/library/core/src/fmt/mod.rs:1440:21
[INFO] [stdout]    6:     0x59c5813d7513 - std::io::Write::write_fmt::hab1b4cd059a79022
[INFO] [stdout]                                at /rustc/6067b36314ab5eb2eb47cecc464545ba58e1ad24/library/std/src/io/mod.rs:1887:15
[INFO] [stdout]    7:     0x59c5813dbd52 - std::sys::backtrace::BacktraceLock::print::h147fe35b4ea13b08
[INFO] [stdout]                                at /rustc/6067b36314ab5eb2eb47cecc464545ba58e1ad24/library/std/src/sys/backtrace.rs:42:9
[INFO] [stdout]    8:     0x59c5813dd3af - std::panicking::default_hook::{{closure}}::hbd44223dbdc0d208
[INFO] [stdout]                                at /rustc/6067b36314ab5eb2eb47cecc464545ba58e1ad24/library/std/src/panicking.rs:298:22
[INFO] [stdout]    9:     0x59c5813dd1c8 - std::panicking::default_hook::h20f81eb0576efcec
[INFO] [stdout]                                at /rustc/6067b36314ab5eb2eb47cecc464545ba58e1ad24/library/std/src/panicking.rs:322:9
[INFO] [stdout]   10:     0x59c580cdd123 - <alloc::boxed::Box<F,A> as core::ops::function::Fn<Args>>::call::hdb53814c496a4d34
[INFO] [stdout]                                at /rustc/6067b36314ab5eb2eb47cecc464545ba58e1ad24/library/alloc/src/boxed.rs:2027:9
[INFO] [stdout]   11:     0x59c580cdd123 - test::test_main::{{closure}}::hc0a4963c59427c24
[INFO] [stdout]                                at /rustc/6067b36314ab5eb2eb47cecc464545ba58e1ad24/library/test/src/lib.rs:134:21
[INFO] [stdout]   12:     0x59c5813ddea3 - <alloc::boxed::Box<F,A> as core::ops::function::Fn<Args>>::call::h591b2225413a77e9
[INFO] [stdout]                                at /rustc/6067b36314ab5eb2eb47cecc464545ba58e1ad24/library/alloc/src/boxed.rs:2027:9
[INFO] [stdout]   13:     0x59c5813ddea3 - std::panicking::rust_panic_with_hook::h625eea43051b2edc
[INFO] [stdout]                                at /rustc/6067b36314ab5eb2eb47cecc464545ba58e1ad24/library/std/src/panicking.rs:839:13
[INFO] [stdout]   14:     0x59c5813ddb5a - std::panicking::begin_panic_handler::{{closure}}::h4f9159cfbc3f6bd3
[INFO] [stdout]                                at /rustc/6067b36314ab5eb2eb47cecc464545ba58e1ad24/library/std/src/panicking.rs:704:13
[INFO] [stdout]   15:     0x59c5813dc409 - std::sys::backtrace::__rust_end_short_backtrace::h0390abce48353151
[INFO] [stdout]                                at /rustc/6067b36314ab5eb2eb47cecc464545ba58e1ad24/library/std/src/sys/backtrace.rs:168:18
[INFO] [stdout]   16:     0x59c5813dd7ed - rust_begin_unwind
[INFO] [stdout]                                at /rustc/6067b36314ab5eb2eb47cecc464545ba58e1ad24/library/std/src/panicking.rs:695:5
[INFO] [stdout]   17:     0x59c5814079a0 - core::panicking::panic_fmt::h9e7c637e9e5f29c9
[INFO] [stdout]                                at /rustc/6067b36314ab5eb2eb47cecc464545ba58e1ad24/library/core/src/panicking.rs:75:14
[INFO] [stdout]   18:     0x59c581407e16 - core::result::unwrap_failed::h7979f09313fe1849
[INFO] [stdout]                                at /rustc/6067b36314ab5eb2eb47cecc464545ba58e1ad24/library/core/src/result.rs:1704:5
[INFO] [stdout]   19:     0x59c580e1e25a - core::result::Result<T,E>::unwrap::he81c8c61f096a2a4
[INFO] [stdout]                                at /rustc/6067b36314ab5eb2eb47cecc464545ba58e1ad24/library/core/src/result.rs:1109:23
[INFO] [stdout]   20:     0x59c580e1e25a - test_assets_ureq::dl_test_files_backoff::hee741e390105b4c8
[INFO] [stdout]                                at /opt/rustwide/cargo-home/registry/src/index.crates.io-1949cf8c6b5b557f/test-assets-ureq-0.3.0/src/lib.rs:224:5
[INFO] [stdout]   21:     0x59c580ca089b - add::common::download_backoff::h22bf32f8150ed1df
[INFO] [stdout]                                at /opt/rustwide/workdir/backhand-test/tests/common/mod.rs:13:5
[INFO] [stdout]   22:     0x59c580c9480e - add::test_add::hfec8c194dc9e1117
[INFO] [stdout]                                at /opt/rustwide/workdir/backhand-test/tests/add.rs:29:5
[INFO] [stdout]   23:     0x59c580c945c7 - add::test_add::{{closure}}::h922a1b83a73f394b
[INFO] [stdout]                                at /opt/rustwide/workdir/backhand-test/tests/add.rs:12:14
[INFO] [stdout]   24:     0x59c580c911c6 - core::ops::function::FnOnce::call_once::hf86028a9e3f34f6a
[INFO] [stdout]                                at /rustc/6067b36314ab5eb2eb47cecc464545ba58e1ad24/library/core/src/ops/function.rs:250:5
[INFO] [stdout]   25:     0x59c580ce287b - core::ops::function::FnOnce::call_once::he27718dfdd183f43
[INFO] [stdout]                                at /rustc/6067b36314ab5eb2eb47cecc464545ba58e1ad24/library/core/src/ops/function.rs:250:5
[INFO] [stdout]   26:     0x59c580ce287b - test::__rust_begin_short_backtrace::h4e84902998457a5d
[INFO] [stdout]                                at /rustc/6067b36314ab5eb2eb47cecc464545ba58e1ad24/library/test/src/lib.rs:632:18
[INFO] [stdout]   27:     0x59c580ce17b3 - test::run_test_in_process::{{closure}}::h7176fd18fc1feca0
[INFO] [stdout]                                at /rustc/6067b36314ab5eb2eb47cecc464545ba58e1ad24/library/test/src/lib.rs:655:60
[INFO] [stdout]   28:     0x59c580ce17b3 - <core::panic::unwind_safe::AssertUnwindSafe<F> as core::ops::function::FnOnce<()>>::call_once::hf79cff2a624d8cf7
[INFO] [stdout]                                at /rustc/6067b36314ab5eb2eb47cecc464545ba58e1ad24/library/core/src/panic/unwind_safe.rs:272:9
[INFO] [stdout]   29:     0x59c580ce17b3 - std::panicking::try::do_call::h3da0561d9ab99c25
[INFO] [stdout]                                at /rustc/6067b36314ab5eb2eb47cecc464545ba58e1ad24/library/std/src/panicking.rs:587:40
[INFO] [stdout]   30:     0x59c580ce17b3 - std::panicking::try::h41c9fa508bc61df6
[INFO] [stdout]                                at /rustc/6067b36314ab5eb2eb47cecc464545ba58e1ad24/library/std/src/panicking.rs:550:19
[INFO] [stdout]   31:     0x59c580ce17b3 - std::panic::catch_unwind::h6b3ff07bb5afad93
[INFO] [stdout]                                at /rustc/6067b36314ab5eb2eb47cecc464545ba58e1ad24/library/std/src/panic.rs:358:14
[INFO] [stdout]   32:     0x59c580ce17b3 - test::run_test_in_process::hc7253dd11b39b9f4
[INFO] [stdout]                                at /rustc/6067b36314ab5eb2eb47cecc464545ba58e1ad24/library/test/src/lib.rs:655:27
[INFO] [stdout]   33:     0x59c580ce17b3 - test::run_test::{{closure}}::hfb2007f8649c30bb
[INFO] [stdout]                                at /rustc/6067b36314ab5eb2eb47cecc464545ba58e1ad24/library/test/src/lib.rs:576:43
[INFO] [stdout]   34:     0x59c580ca4895 - test::run_test::{{closure}}::h56a17aa7a282a9f4
[INFO] [stdout]                                at /rustc/6067b36314ab5eb2eb47cecc464545ba58e1ad24/library/test/src/lib.rs:606:41
[INFO] [stdout]   35:     0x59c580ca4895 - std::sys::backtrace::__rust_begin_short_backtrace::hd2d2d2fb8e8c6aac
[INFO] [stdout]                                at /rustc/6067b36314ab5eb2eb47cecc464545ba58e1ad24/library/std/src/sys/backtrace.rs:152:18
[INFO] [stdout]   36:     0x59c580ca817a - std::thread::Builder::spawn_unchecked_::{{closure}}::{{closure}}::h4faa3f9db6133423
[INFO] [stdout]                                at /rustc/6067b36314ab5eb2eb47cecc464545ba58e1ad24/library/std/src/thread/mod.rs:559:17
[INFO] [stdout]   37:     0x59c580ca817a - <core::panic::unwind_safe::AssertUnwindSafe<F> as core::ops::function::FnOnce<()>>::call_once::hf2e855a36a4ea846
[INFO] [stdout]                                at /rustc/6067b36314ab5eb2eb47cecc464545ba58e1ad24/library/core/src/panic/unwind_safe.rs:272:9
[INFO] [stdout]   38:     0x59c580ca817a - std::panicking::try::do_call::h2f73af3616c35465
[INFO] [stdout]                                at /rustc/6067b36314ab5eb2eb47cecc464545ba58e1ad24/library/std/src/panicking.rs:587:40
[INFO] [stdout]   39:     0x59c580ca817a - std::panicking::try::hd1660ce9efadef5a
[INFO] [stdout]                                at /rustc/6067b36314ab5eb2eb47cecc464545ba58e1ad24/library/std/src/panicking.rs:550:19
[INFO] [stdout]   40:     0x59c580ca817a - std::panic::catch_unwind::h5ee8d7823b8ca744
[INFO] [stdout]                                at /rustc/6067b36314ab5eb2eb47cecc464545ba58e1ad24/library/std/src/panic.rs:358:14
[INFO] [stdout]   41:     0x59c580ca817a - std::thread::Builder::spawn_unchecked_::{{closure}}::h53c3a1894dce8407
[INFO] [stdout]                                at /rustc/6067b36314ab5eb2eb47cecc464545ba58e1ad24/library/std/src/thread/mod.rs:557:30
[INFO] [stdout]   42:     0x59c580ca817a - core::ops::function::FnOnce::call_once{{vtable.shim}}::h048ce291ad4f62bf
[INFO] [stdout]                                at /rustc/6067b36314ab5eb2eb47cecc464545ba58e1ad24/library/core/src/ops/function.rs:250:5
[INFO] [stdout]   43:     0x59c5813e327b - <alloc::boxed::Box<F,A> as core::ops::function::FnOnce<Args>>::call_once::ha52bedf99a3b4981
[INFO] [stdout]                                at /rustc/6067b36314ab5eb2eb47cecc464545ba58e1ad24/library/alloc/src/boxed.rs:2013:9
[INFO] [stdout]   44:     0x59c5813e327b - <alloc::boxed::Box<F,A> as core::ops::function::FnOnce<Args>>::call_once::h567748934d80ccf8
[INFO] [stdout]                                at /rustc/6067b36314ab5eb2eb47cecc464545ba58e1ad24/library/alloc/src/boxed.rs:2013:9
[INFO] [stdout]   45:     0x59c5813e327b - std::sys::pal::unix::thread::Thread::new::thread_start::h2d970728ae887adc
[INFO] [stdout]                                at /rustc/6067b36314ab5eb2eb47cecc464545ba58e1ad24/library/std/src/sys/pal/unix/thread.rs:106:17
[INFO] [stdout]   46:     0x7b504e4d6ac3 - <unknown>
[INFO] [stdout]   47:     0x7b504e567a04 - clone
[INFO] [stdout]   48:                0x0 - <unknown>
[INFO] [stdout] 
[INFO] [stdout] 
[INFO] [stdout] failures:
[INFO] [stdout]     test_add
[INFO] [stdout]     test_dont_emit_compression_options
[INFO] [stdout] 
[INFO] [stdout] test result: FAILED. 0 passed; 2 failed; 0 ignored; 0 measured; 0 filtered out; finished in 7.09s
[INFO] [stdout] 
[INFO] [stderr] error: test failed, to rerun pass `-p tests --test add`
[INFO] running `Command { std: "docker" "inspect" "c2033c73db8c362dda4a9fb56ce14af5aa238552a944997cbf3fd904cc35c9a4", kill_on_drop: false }`
[INFO] running `Command { std: "docker" "rm" "-f" "c2033c73db8c362dda4a9fb56ce14af5aa238552a944997cbf3fd904cc35c9a4", kill_on_drop: false }`
[INFO] [stdout] c2033c73db8c362dda4a9fb56ce14af5aa238552a944997cbf3fd904cc35c9a4
