[INFO] cloning repository https://github.com/vss96/t3elric-engine
[INFO] running `Command { std: "git" "-c" "credential.helper=" "-c" "credential.helper=/workspace/cargo-home/bin/git-credential-null" "clone" "--bare" "https://github.com/vss96/t3elric-engine" "/workspace/cache/git-repos/https%3A%2F%2Fgithub.com%2Fvss96%2Ft3elric-engine", kill_on_drop: false }`
[INFO] [stderr] Cloning into bare repository '/workspace/cache/git-repos/https%3A%2F%2Fgithub.com%2Fvss96%2Ft3elric-engine'...
[INFO] running `Command { std: "git" "rev-parse" "HEAD", kill_on_drop: false }`
[INFO] [stdout] d14a99db385405ec6276e5a484d81878613c67af
[INFO] testing vss96/t3elric-engine against nightly-2025-01-18 for randomize-layout-2
[INFO] running `Command { std: "git" "clone" "/workspace/cache/git-repos/https%3A%2F%2Fgithub.com%2Fvss96%2Ft3elric-engine" "/workspace/builds/worker-4-tc1/source", kill_on_drop: false }`
[INFO] [stderr] Cloning into '/workspace/builds/worker-4-tc1/source'...
[INFO] [stderr] done.
[INFO] validating manifest of git repo https://github.com/vss96/t3elric-engine on toolchain nightly-2025-01-18
[INFO] running `Command { std: CARGO_HOME="/workspace/cargo-home" RUSTUP_HOME="/workspace/rustup-home" "/workspace/cargo-home/bin/cargo" "+nightly-2025-01-18" "metadata" "--manifest-path" "Cargo.toml" "--no-deps", kill_on_drop: false }`
[INFO] started tweaking git repo https://github.com/vss96/t3elric-engine
[INFO] finished tweaking git repo https://github.com/vss96/t3elric-engine
[INFO] tweaked toml for git repo https://github.com/vss96/t3elric-engine written to /workspace/builds/worker-4-tc1/source/Cargo.toml
[INFO] crate git repo https://github.com/vss96/t3elric-engine already has a lockfile, it will not be regenerated
[INFO] running `Command { std: CARGO_HOME="/workspace/cargo-home" RUSTUP_HOME="/workspace/rustup-home" "/workspace/cargo-home/bin/cargo" "+nightly-2025-01-18" "fetch" "--manifest-path" "Cargo.toml", kill_on_drop: false }`
[INFO] running `Command { std: "docker" "create" "-v" "/var/lib/crater-agent-workspace/builds/worker-4-tc1/target:/opt/rustwide/target:rw,Z" "-v" "/var/lib/crater-agent-workspace/builds/worker-4-tc1/source:/opt/rustwide/workdir:ro,Z" "-v" "/var/lib/crater-agent-workspace/cargo-home:/opt/rustwide/cargo-home:ro,Z" "-v" "/var/lib/crater-agent-workspace/rustup-home:/opt/rustwide/rustup-home:ro,Z" "-e" "SOURCE_DIR=/opt/rustwide/workdir" "-e" "CARGO_TARGET_DIR=/opt/rustwide/target" "-e" "CARGO_HOME=/opt/rustwide/cargo-home" "-e" "RUSTUP_HOME=/opt/rustwide/rustup-home" "-w" "/opt/rustwide/workdir" "-m" "1610612736" "--user" "0:0" "--network" "none" "ghcr.io/rust-lang/crates-build-env/linux@sha256:819108c5571ea2e421544af4d832f968d213c87fbe3707a016657f43d2f853bc" "/opt/rustwide/cargo-home/bin/cargo" "+nightly-2025-01-18" "metadata" "--no-deps" "--format-version=1", kill_on_drop: false }`
[INFO] [stdout] 2631cc833a3503d23da020e9b89741f75e51ca3c9911c87949a2875825a53533
[INFO] running `Command { std: "docker" "start" "-a" "2631cc833a3503d23da020e9b89741f75e51ca3c9911c87949a2875825a53533", kill_on_drop: false }`
[INFO] running `Command { std: "docker" "inspect" "2631cc833a3503d23da020e9b89741f75e51ca3c9911c87949a2875825a53533", kill_on_drop: false }`
[INFO] running `Command { std: "docker" "rm" "-f" "2631cc833a3503d23da020e9b89741f75e51ca3c9911c87949a2875825a53533", kill_on_drop: false }`
[INFO] [stdout] 2631cc833a3503d23da020e9b89741f75e51ca3c9911c87949a2875825a53533
[INFO] running `Command { std: "docker" "create" "-v" "/var/lib/crater-agent-workspace/builds/worker-4-tc1/target:/opt/rustwide/target:rw,Z" "-v" "/var/lib/crater-agent-workspace/builds/worker-4-tc1/source:/opt/rustwide/workdir:ro,Z" "-v" "/var/lib/crater-agent-workspace/cargo-home:/opt/rustwide/cargo-home:ro,Z" "-v" "/var/lib/crater-agent-workspace/rustup-home:/opt/rustwide/rustup-home:ro,Z" "-e" "SOURCE_DIR=/opt/rustwide/workdir" "-e" "CARGO_TARGET_DIR=/opt/rustwide/target" "-e" "CARGO_INCREMENTAL=0" "-e" "RUST_BACKTRACE=full" "-e" "RUSTFLAGS=--cap-lints=forbid" "-e" "RUSTDOCFLAGS=--cap-lints=forbid" "-e" "CARGO_HOME=/opt/rustwide/cargo-home" "-e" "RUSTUP_HOME=/opt/rustwide/rustup-home" "-w" "/opt/rustwide/workdir" "-m" "1610612736" "--user" "0:0" "--network" "none" "ghcr.io/rust-lang/crates-build-env/linux@sha256:819108c5571ea2e421544af4d832f968d213c87fbe3707a016657f43d2f853bc" "/opt/rustwide/cargo-home/bin/cargo" "+nightly-2025-01-18" "build" "--frozen" "--message-format=json", kill_on_drop: false }`
[INFO] [stdout] 111296cf798312c0d5e47fc8064b907f7e434a63363e4c2860bb40f3dbaddfb6
[INFO] running `Command { std: "docker" "start" "-a" "111296cf798312c0d5e47fc8064b907f7e434a63363e4c2860bb40f3dbaddfb6", kill_on_drop: false }`
[INFO] [stderr]    Compiling either v1.9.0
[INFO] [stderr]    Compiling t3elric-engine v2.0.2 (/opt/rustwide/workdir)
[INFO] [stdout] warning: unused imports: `Parser` and `number_parser::Number`
[INFO] [stdout]   --> src/parser/time_parser.rs:43:25
[INFO] [stdout]    |
[INFO] [stdout] 43 |     use crate::parser::{number_parser::Number, Parser};
[INFO] [stdout]    |                         ^^^^^^^^^^^^^^^^^^^^^  ^^^^^^
[INFO] [stdout]    |
[INFO] [stdout]    = note: `#[warn(unused_imports)]` on by default
[INFO] [stdout] 
[INFO] [stdout] 
[INFO] [stdout] warning: unused import: `super::TotalTimeParser`
[INFO] [stdout]   --> src/parser/time_parser.rs:45:9
[INFO] [stdout]    |
[INFO] [stdout] 45 |     use super::TotalTimeParser;
[INFO] [stdout]    |         ^^^^^^^^^^^^^^^^^^^^^^
[INFO] [stdout] 
[INFO] [stdout] 
[INFO] [stdout] warning: unused import: `CommandParser`
[INFO] [stdout]   --> src/parser/mod.rs:19:35
[INFO] [stdout]    |
[INFO] [stdout] 19 | pub use command_parser::{Command, CommandParser, CommandResponse};
[INFO] [stdout]    |                                   ^^^^^^^^^^^^^
[INFO] [stdout] 
[INFO] [stdout] 
[INFO] [stdout] warning: unused import: `move_parser::Board`
[INFO] [stdout]   --> src/parser/mod.rs:23:9
[INFO] [stdout]    |
[INFO] [stdout] 23 | pub use move_parser::Board;
[INFO] [stdout]    |         ^^^^^^^^^^^^^^^^^^
[INFO] [stdout] 
[INFO] [stdout] 
[INFO] [stdout] warning: unused import: `step_parser::StepParser`
[INFO] [stdout]   --> src/parser/mod.rs:31:9
[INFO] [stdout]    |
[INFO] [stdout] 31 | pub use step_parser::StepParser;
[INFO] [stdout]    |         ^^^^^^^^^^^^^^^^^^^^^^^
[INFO] [stdout] 
[INFO] [stdout] 
[INFO] [stdout] warning: unused import: `time_parser::TimeSetting`
[INFO] [stdout]   --> src/parser/mod.rs:32:9
[INFO] [stdout]    |
[INFO] [stdout] 32 | pub use time_parser::TimeSetting;
[INFO] [stdout]    |         ^^^^^^^^^^^^^^^^^^^^^^^^
[INFO] [stdout] 
[INFO] [stdout] 
[INFO] [stdout] warning: unused import: `version_parser::Version`
[INFO] [stdout]   --> src/parser/mod.rs:33:9
[INFO] [stdout]    |
[INFO] [stdout] 33 | pub use version_parser::Version;
[INFO] [stdout]    |         ^^^^^^^^^^^^^^^^^^^^^^^
[INFO] [stdout] 
[INFO] [stdout] 
[INFO] [stdout] warning: unused import: `GreedySolver`
[INFO] [stdout]   --> src/main.rs:11:14
[INFO] [stdout]    |
[INFO] [stdout] 11 | use solver::{GreedySolver, LookAheadSolver};
[INFO] [stdout]    |              ^^^^^^^^^^^^
[INFO] [stdout] 
[INFO] [stdout] 
[INFO] [stdout] warning: unused import: `evaluator::Evaluator`
[INFO] [stdout]  --> src/solver/look_ahead_solver.rs:2:5
[INFO] [stdout]   |
[INFO] [stdout] 2 |     evaluator::Evaluator,
[INFO] [stdout]   |     ^^^^^^^^^^^^^^^^^^^^
[INFO] [stdout] 
[INFO] [stdout] 
[INFO] [stdout] warning: unused variable: `board_state`
[INFO] [stdout]  --> src/scorer/dumb.rs:8:21
[INFO] [stdout]   |
[INFO] [stdout] 8 |     fn score(&self, board_state: &mut crate::parser::BoardState) -> f32 {
[INFO] [stdout]   |                     ^^^^^^^^^^^ help: if this is intentional, prefix it with an underscore: `_board_state`
[INFO] [stdout]   |
[INFO] [stdout]   = note: `#[warn(unused_variables)]` on by default
[INFO] [stdout] 
[INFO] [stdout] 
[INFO] [stdout] warning: unused variable: `start`
[INFO] [stdout]   --> src/main.rs:21:13
[INFO] [stdout]    |
[INFO] [stdout] 21 |         let start = Instant::now();
[INFO] [stdout]    |             ^^^^^ help: if this is intentional, prefix it with an underscore: `_start`
[INFO] [stdout] 
[INFO] [stdout] 
[INFO] [stdout] warning: associated function `new` is never used
[INFO] [stdout]   --> src/parser/anything_parser.rs:17:12
[INFO] [stdout]    |
[INFO] [stdout] 16 | impl Anything {
[INFO] [stdout]    | ------------- associated function in this implementation
[INFO] [stdout] 17 |     pub fn new(value: String) -> Self {
[INFO] [stdout]    |            ^^^
[INFO] [stdout]    |
[INFO] [stdout]    = note: `#[warn(dead_code)]` on by default
[INFO] [stdout] 
[INFO] [stdout] 
[INFO] [stdout] warning: associated function `new` is never used
[INFO] [stdout]    --> src/parser/move_parser.rs:328:12
[INFO] [stdout]     |
[INFO] [stdout] 327 | impl Board {
[INFO] [stdout]     | ---------- associated function in this implementation
[INFO] [stdout] 328 |     pub fn new(rows: Vec<Vec<Cell>>) -> Self {
[INFO] [stdout]     |            ^^^
[INFO] [stdout] 
[INFO] [stdout] 
[INFO] [stdout] warning: struct `DumbScorer` is never constructed
[INFO] [stdout]  --> src/scorer/dumb.rs:5:8
[INFO] [stdout]   |
[INFO] [stdout] 5 | struct DumbScorer;
[INFO] [stdout]   |        ^^^^^^^^^^
[INFO] [stdout] 
[INFO] [stdout] 
[INFO] [stdout] warning: function `evaluate_line` is never used
[INFO] [stdout]   --> src/scorer/dumb.rs:13:4
[INFO] [stdout]    |
[INFO] [stdout] 13 | fn evaluate_line<const N: usize>(line: &[Cell], player: Player, win_length: usize) -> f32 {
[INFO] [stdout]    |    ^^^^^^^^^^^^^
[INFO] [stdout] 
[INFO] [stdout] 
[INFO] [stderr]     Finished `dev` profile [unoptimized + debuginfo] target(s) in 1.28s
[INFO] running `Command { std: "docker" "inspect" "111296cf798312c0d5e47fc8064b907f7e434a63363e4c2860bb40f3dbaddfb6", kill_on_drop: false }`
[INFO] running `Command { std: "docker" "rm" "-f" "111296cf798312c0d5e47fc8064b907f7e434a63363e4c2860bb40f3dbaddfb6", kill_on_drop: false }`
[INFO] [stdout] 111296cf798312c0d5e47fc8064b907f7e434a63363e4c2860bb40f3dbaddfb6
[INFO] running `Command { std: "docker" "create" "-v" "/var/lib/crater-agent-workspace/builds/worker-4-tc1/target:/opt/rustwide/target:rw,Z" "-v" "/var/lib/crater-agent-workspace/builds/worker-4-tc1/source:/opt/rustwide/workdir:ro,Z" "-v" "/var/lib/crater-agent-workspace/cargo-home:/opt/rustwide/cargo-home:ro,Z" "-v" "/var/lib/crater-agent-workspace/rustup-home:/opt/rustwide/rustup-home:ro,Z" "-e" "SOURCE_DIR=/opt/rustwide/workdir" "-e" "CARGO_TARGET_DIR=/opt/rustwide/target" "-e" "CARGO_INCREMENTAL=0" "-e" "RUST_BACKTRACE=full" "-e" "RUSTFLAGS=--cap-lints=forbid" "-e" "RUSTDOCFLAGS=--cap-lints=forbid" "-e" "CARGO_HOME=/opt/rustwide/cargo-home" "-e" "RUSTUP_HOME=/opt/rustwide/rustup-home" "-w" "/opt/rustwide/workdir" "-m" "1610612736" "--user" "0:0" "--network" "none" "ghcr.io/rust-lang/crates-build-env/linux@sha256:819108c5571ea2e421544af4d832f968d213c87fbe3707a016657f43d2f853bc" "/opt/rustwide/cargo-home/bin/cargo" "+nightly-2025-01-18" "test" "--frozen" "--no-run" "--message-format=json", kill_on_drop: false }`
[INFO] [stdout] 52c168c5ff93de13a32889e91cc619409c8d66b9b6cfff1dcf406978ae806723
[INFO] running `Command { std: "docker" "start" "-a" "52c168c5ff93de13a32889e91cc619409c8d66b9b6cfff1dcf406978ae806723", kill_on_drop: false }`
[INFO] [stderr]    Compiling t3elric-engine v2.0.2 (/opt/rustwide/workdir)
[INFO] [stdout] warning: unused import: `CommandParser`
[INFO] [stdout]   --> src/parser/mod.rs:19:35
[INFO] [stdout]    |
[INFO] [stdout] 19 | pub use command_parser::{Command, CommandParser, CommandResponse};
[INFO] [stdout]    |                                   ^^^^^^^^^^^^^
[INFO] [stdout]    |
[INFO] [stdout]    = note: `#[warn(unused_imports)]` on by default
[INFO] [stdout] 
[INFO] [stdout] 
[INFO] [stdout] warning: unused import: `step_parser::StepParser`
[INFO] [stdout]   --> src/parser/mod.rs:31:9
[INFO] [stdout]    |
[INFO] [stdout] 31 | pub use step_parser::StepParser;
[INFO] [stdout]    |         ^^^^^^^^^^^^^^^^^^^^^^^
[INFO] [stdout] 
[INFO] [stdout] 
[INFO] [stdout] warning: unused import: `version_parser::Version`
[INFO] [stdout]   --> src/parser/mod.rs:33:9
[INFO] [stdout]    |
[INFO] [stdout] 33 | pub use version_parser::Version;
[INFO] [stdout]    |         ^^^^^^^^^^^^^^^^^^^^^^^
[INFO] [stdout] 
[INFO] [stdout] 
[INFO] [stdout] warning: unused import: `Scorer`
[INFO] [stdout]    --> src/solver/look_ahead_solver.rs:108:32
[INFO] [stdout]     |
[INFO] [stdout] 108 |         scorer::{GreedyScorer, Scorer},
[INFO] [stdout]     |                                ^^^^^^
[INFO] [stdout] 
[INFO] [stdout] 
[INFO] [stdout] warning: unused imports: `BestMove` and `solver::Solver`
[INFO] [stdout]   --> src/scorer/greedy.rs:55:13
[INFO] [stdout]    |
[INFO] [stdout] 55 |             BestMove, Board, BoardState,
[INFO] [stdout]    |             ^^^^^^^^
[INFO] [stdout] ...
[INFO] [stdout] 60 |         solver::Solver,
[INFO] [stdout]    |         ^^^^^^^^^^^^^^
[INFO] [stdout] 
[INFO] [stdout] 
[INFO] [stdout] warning: unused import: `GreedySolver`
[INFO] [stdout]   --> src/main.rs:11:14
[INFO] [stdout]    |
[INFO] [stdout] 11 | use solver::{GreedySolver, LookAheadSolver};
[INFO] [stdout]    |              ^^^^^^^^^^^^
[INFO] [stdout] 
[INFO] [stdout] 
[INFO] [stdout] warning: unused import: `evaluator::Evaluator`
[INFO] [stdout]  --> src/solver/look_ahead_solver.rs:2:5
[INFO] [stdout]   |
[INFO] [stdout] 2 |     evaluator::Evaluator,
[INFO] [stdout]   |     ^^^^^^^^^^^^^^^^^^^^
[INFO] [stdout] 
[INFO] [stdout] 
[INFO] [stdout] warning: unused variable: `score`
[INFO] [stdout]    --> src/solver/look_ahead_solver.rs:126:19
[INFO] [stdout]     |
[INFO] [stdout] 126 |         let (mve, score) =
[INFO] [stdout]     |                   ^^^^^ help: if this is intentional, prefix it with an underscore: `_score`
[INFO] [stdout]     |
[INFO] [stdout]     = note: `#[warn(unused_variables)]` on by default
[INFO] [stdout] 
[INFO] [stdout] 
[INFO] [stdout] warning: unused variable: `board_state`
[INFO] [stdout]  --> src/scorer/dumb.rs:8:21
[INFO] [stdout]   |
[INFO] [stdout] 8 |     fn score(&self, board_state: &mut crate::parser::BoardState) -> f32 {
[INFO] [stdout]   |                     ^^^^^^^^^^^ help: if this is intentional, prefix it with an underscore: `_board_state`
[INFO] [stdout] 
[INFO] [stdout] 
[INFO] [stdout] warning: unused variable: `start`
[INFO] [stdout]   --> src/main.rs:21:13
[INFO] [stdout]    |
[INFO] [stdout] 21 |         let start = Instant::now();
[INFO] [stdout]    |             ^^^^^ help: if this is intentional, prefix it with an underscore: `_start`
[INFO] [stdout] 
[INFO] [stdout] 
[INFO] [stdout] warning: struct `DumbScorer` is never constructed
[INFO] [stdout]  --> src/scorer/dumb.rs:5:8
[INFO] [stdout]   |
[INFO] [stdout] 5 | struct DumbScorer;
[INFO] [stdout]   |        ^^^^^^^^^^
[INFO] [stdout]   |
[INFO] [stdout]   = note: `#[warn(dead_code)]` on by default
[INFO] [stdout] 
[INFO] [stdout] 
[INFO] [stdout] warning: function `evaluate_line` is never used
[INFO] [stdout]   --> src/scorer/dumb.rs:13:4
[INFO] [stdout]    |
[INFO] [stdout] 13 | fn evaluate_line<const N: usize>(line: &[Cell], player: Player, win_length: usize) -> f32 {
[INFO] [stdout]    |    ^^^^^^^^^^^^^
[INFO] [stdout] 
[INFO] [stdout] 
[INFO] [stderr]     Finished `test` profile [unoptimized + debuginfo] target(s) in 1.55s
[INFO] running `Command { std: "docker" "inspect" "52c168c5ff93de13a32889e91cc619409c8d66b9b6cfff1dcf406978ae806723", kill_on_drop: false }`
[INFO] running `Command { std: "docker" "rm" "-f" "52c168c5ff93de13a32889e91cc619409c8d66b9b6cfff1dcf406978ae806723", kill_on_drop: false }`
[INFO] [stdout] 52c168c5ff93de13a32889e91cc619409c8d66b9b6cfff1dcf406978ae806723
[INFO] running `Command { std: "docker" "create" "-v" "/var/lib/crater-agent-workspace/builds/worker-4-tc1/target:/opt/rustwide/target:rw,Z" "-v" "/var/lib/crater-agent-workspace/builds/worker-4-tc1/source:/opt/rustwide/workdir:ro,Z" "-v" "/var/lib/crater-agent-workspace/cargo-home:/opt/rustwide/cargo-home:ro,Z" "-v" "/var/lib/crater-agent-workspace/rustup-home:/opt/rustwide/rustup-home:ro,Z" "-e" "SOURCE_DIR=/opt/rustwide/workdir" "-e" "CARGO_TARGET_DIR=/opt/rustwide/target" "-e" "CARGO_INCREMENTAL=0" "-e" "RUST_BACKTRACE=full" "-e" "RUSTFLAGS=--cap-lints=forbid" "-e" "RUSTDOCFLAGS=--cap-lints=forbid" "-e" "CARGO_HOME=/opt/rustwide/cargo-home" "-e" "RUSTUP_HOME=/opt/rustwide/rustup-home" "-w" "/opt/rustwide/workdir" "-m" "1610612736" "--user" "0:0" "--network" "none" "ghcr.io/rust-lang/crates-build-env/linux@sha256:819108c5571ea2e421544af4d832f968d213c87fbe3707a016657f43d2f853bc" "/opt/rustwide/cargo-home/bin/cargo" "+nightly-2025-01-18" "test" "--frozen", kill_on_drop: false }`
[INFO] [stdout] fa28cd9bb98fc3b634c3893311f402f3fd86f1812595f24b19dc5fffbd832c19
[INFO] running `Command { std: "docker" "start" "-a" "fa28cd9bb98fc3b634c3893311f402f3fd86f1812595f24b19dc5fffbd832c19", kill_on_drop: false }`
[INFO] [stdout] 
[INFO] [stderr] warning: unused import: `CommandParser`
[INFO] [stdout] running 52 tests
[INFO] [stderr]   --> src/parser/mod.rs:19:35
[INFO] [stderr]    |
[INFO] [stderr] 19 | pub use command_parser::{Command, CommandParser, CommandResponse};
[INFO] [stderr]    |                                   ^^^^^^^^^^^^^
[INFO] [stderr]    |
[INFO] [stderr]    = note: `#[warn(unused_imports)]` on by default
[INFO] [stderr] 
[INFO] [stderr] warning: unused import: `step_parser::StepParser`
[INFO] [stderr]   --> src/parser/mod.rs:31:9
[INFO] [stderr]    |
[INFO] [stderr] 31 | pub use step_parser::StepParser;
[INFO] [stderr]    |         ^^^^^^^^^^^^^^^^^^^^^^^
[INFO] [stderr] 
[INFO] [stderr] warning: unused import: `version_parser::Version`
[INFO] [stderr]   --> src/parser/mod.rs:33:9
[INFO] [stderr]    |
[INFO] [stderr] 33 | pub use version_parser::Version;
[INFO] [stderr]    |         ^^^^^^^^^^^^^^^^^^^^^^^
[INFO] [stderr] 
[INFO] [stderr] warning: unused import: `Scorer`
[INFO] [stderr]    --> src/solver/look_ahead_solver.rs:108:32
[INFO] [stderr]     |
[INFO] [stderr] 108 |         scorer::{GreedyScorer, Scorer},
[INFO] [stderr]     |                                ^^^^^^
[INFO] [stderr] 
[INFO] [stderr] warning: unused imports: `BestMove` and `solver::Solver`
[INFO] [stderr]   --> src/scorer/greedy.rs:55:13
[INFO] [stderr]    |
[INFO] [stderr] 55 |             BestMove, Board, BoardState,
[INFO] [stderr]    |             ^^^^^^^^
[INFO] [stderr] ...
[INFO] [stderr] 60 |         solver::Solver,
[INFO] [stderr]    |         ^^^^^^^^^^^^^^
[INFO] [stderr] 
[INFO] [stderr] warning: unused import: `GreedySolver`
[INFO] [stderr]   --> src/main.rs:11:14
[INFO] [stderr]    |
[INFO] [stderr] 11 | use solver::{GreedySolver, LookAheadSolver};
[INFO] [stderr]    |              ^^^^^^^^^^^^
[INFO] [stderr] 
[INFO] [stderr] warning: unused import: `evaluator::Evaluator`
[INFO] [stderr]  --> src/solver/look_ahead_solver.rs:2:5
[INFO] [stderr]   |
[INFO] [stderr] 2 |     evaluator::Evaluator,
[INFO] [stderr]   |     ^^^^^^^^^^^^^^^^^^^^
[INFO] [stderr] 
[INFO] [stderr] warning: unused variable: `score`
[INFO] [stderr]    --> src/solver/look_ahead_solver.rs:126:19
[INFO] [stderr]     |
[INFO] [stderr] 126 |         let (mve, score) =
[INFO] [stderr]     |                   ^^^^^ help: if this is intentional, prefix it with an underscore: `_score`
[INFO] [stderr]     |
[INFO] [stderr]     = note: `#[warn(unused_variables)]` on by default
[INFO] [stderr] 
[INFO] [stderr] warning: unused variable: `board_state`
[INFO] [stderr]  --> src/scorer/dumb.rs:8:21
[INFO] [stderr]   |
[INFO] [stderr] 8 |     fn score(&self, board_state: &mut crate::parser::BoardState) -> f32 {
[INFO] [stderr]   |                     ^^^^^^^^^^^ help: if this is intentional, prefix it with an underscore: `_board_state`
[INFO] [stderr] 
[INFO] [stderr] warning: unused variable: `start`
[INFO] [stderr]   --> src/main.rs:21:13
[INFO] [stderr]    |
[INFO] [stderr] 21 |         let start = Instant::now();
[INFO] [stderr]    |             ^^^^^ help: if this is intentional, prefix it with an underscore: `_start`
[INFO] [stderr] 
[INFO] [stderr] warning: struct `DumbScorer` is never constructed
[INFO] [stderr]  --> src/scorer/dumb.rs:5:8
[INFO] [stderr]   |
[INFO] [stderr] 5 | struct DumbScorer;
[INFO] [stderr]   |        ^^^^^^^^^^
[INFO] [stderr]   |
[INFO] [stderr]   = note: `#[warn(dead_code)]` on by default
[INFO] [stderr] 
[INFO] [stderr] warning: function `evaluate_line` is never used
[INFO] [stderr]   --> src/scorer/dumb.rs:13:4
[INFO] [stderr]    |
[INFO] [stderr] 13 | fn evaluate_line<const N: usize>(line: &[Cell], player: Player, win_length: usize) -> f32 {
[INFO] [stderr]    |    ^^^^^^^^^^^^^
[INFO] [stderr] 
[INFO] [stderr] warning: `t3elric-engine` (bin "t3elric-engine" test) generated 12 warnings (run `cargo fix --bin "t3elric-engine" --tests` to apply 6 suggestions)
[INFO] [stderr]     Finished `test` profile [unoptimized + debuginfo] target(s) in 0.02s
[INFO] [stderr]      Running unittests src/main.rs (/opt/rustwide/target/debug/deps/t3elric_engine-b0482fa78be32f1f)
[INFO] [stdout] test evaluator::column_evaluator::test_column_evaluator::should_score_column_as_2_for_x ... ok
[INFO] [stdout] test parser::command_parser::test_command::test_move ... ok
[INFO] [stdout] test parser::identify_parser::test_identify_token_parser::error_invalid_token ... ok
[INFO] [stdout] test parser::move_parser::board_state_tests::test_draw_no_winner ... ok
[INFO] [stdout] test parser::move_parser::board_state_tests::test_game_ongoing_with_moves_remaining ... ok
[INFO] [stdout] test parser::move_parser::board_state_tests::test_get_diagonal_winner_player_x_wins ... ok
[INFO] [stdout] test parser::move_parser::board_state_tests::test_get_winner_ongoing_game_no_winner ... ok
[INFO] [stdout] test parser::move_parser::board_state_tests::test_get_winner_draw_no_winner ... ok
[INFO] [stdout] test parser::move_parser::board_state_tests::test_get_winner_player_o_wins ... ok
[INFO] [stdout] test parser::identify_parser::test_identify_token_parser::parse_version_token ... ok
[INFO] [stdout] test parser::move_parser::test_move_parser::parse_move_without_time ... ok
[INFO] [stdout] test parser::move_parser::test_t3nparser::parse_t3n_board ... ok
[INFO] [stdout] test parser::move_parser::test_t3nparser::parse_t3n_row ... ok
[INFO] [stdout] test parser::number_parser::test_number_parser::err_if_string_has_no_number ... ok
[INFO] [stdout] test parser::number_parser::test_number_parser::should_parse_number_from_string ... ok
[INFO] [stdout] test parser::number_parser::test_number_try_from::should_not_read_an_invalid_number_string ... ok
[INFO] [stdout] test parser::number_parser::test_number_try_from::should_read_a_valid_number_string ... ok
[INFO] [stdout] test parser::number_parser::test_number_try_from::should_read_a_valid_single_digit_string ... ok
[INFO] [stdout] test parser::or_parser::test_token_parser::err_if_both_parsers_fail ... ok
[INFO] [stdout] test parser::or_parser::test_token_parser::test_or_parser_first_parser_succeeds ... ok
[INFO] [stdout] test parser::or_parser::test_token_parser::test_or_parser_second_parser_succeeds ... ok
[INFO] [stdout] test parser::quit_parser::test_quit_token_parser::error_invalid_token ... ok
[INFO] [stdout] test parser::quit_parser::test_quit_token_parser::parse_version_token ... ok
[INFO] [stdout] test parser::step_parser::test_step_parser::parse_step ... ok
[INFO] [stdout] test parser::time_parser::test_time_parser::parse_valid_time ... ok
[INFO] [stdout] test parser::token_parser::test_generic_token_parser::test_dummy_token_parser ... ok
[INFO] [stdout] test parser::version_parser::test_version_number_parser::error_for_invalid_number ... ok
[INFO] [stdout] test parser::version_parser::test_version_number_parser::parse_version_number ... ok
[INFO] [stdout] test parser::version_parser::test_version_parser::parse_version ... ok
[INFO] [stdout] test parser::version_parser::test_version_token_parser::error_invalid_token ... ok
[INFO] [stdout] test parser::version_parser::test_version_token_parser::parse_version_token ... ok
[INFO] [stdout] test parser::move_parser::board_state_tests::test_get_winner_player_x_wins ... ok
[INFO] [stdout] test parser::move_parser::board_state_tests::test_is_game_over ... ok
[INFO] [stdout] test parser::move_parser::test_best_move::test_column_notation ... ok
[INFO] [stdout] test parser::move_parser::test_move_parser::parse_move_with_remaining_time ... ok
[INFO] [stdout] test parser::move_parser::test_move_parser::parse_move_with_total_time ... ok
[INFO] [stdout] test parser::move_parser::test_move_parser::parse_move_with_win_length ... ok
[INFO] [stdout] test parser::whitespace_parser::whitespace_parser_test::should_parse_string_starting_with_whitespace ... ok
[INFO] [stdout] test scorer::greedy::test_greedy_scorer::should_return_positive_score ... ok
[INFO] [stdout] test solver::greedy_solver::test_greedy_solver::should_block_winning_move1 ... ok
[INFO] [stdout] test solver::greedy_solver::test_greedy_solver::should_find_winning_move1 ... ok
[INFO] [stdout] test solver::greedy_solver::test_greedy_solver::should_find_winning_move3 ... ok
[INFO] [stdout] test solver::greedy_solver::test_greedy_solver::should_block_winning_move2 ... ok
[INFO] [stdout] test solver::greedy_solver::test_greedy_solver::should_block_winning_move3 ... ok
[INFO] [stdout] test solver::greedy_solver::test_greedy_solver::should_find_winning_move2 ... ok
[INFO] [stdout] test scorer::greedy::test_greedy_scorer::should_return_negative_score_for_game_where_o_already_won ... ok
[INFO] [stdout] test solver::greedy_solver::test_greedy_solver::should_find_winning_move4 ... ok
[INFO] [stdout] test solver::look_ahead_solver::tests::should_block ... ok
[INFO] [stdout] test scorer::greedy::test_greedy_scorer::should_return_negative_score ... FAILED
[INFO] [stdout] test solver::greedy_solver::test_greedy_solver::should_find_winning_move5 ... FAILED
[INFO] [stdout] test evaluator::column_evaluator::test_column_evaluator::should_score_column_as_0_for_x ... FAILED
[INFO] [stdout] test solver::greedy_solver::test_greedy_solver::should_find_winning_move6 ... FAILED
[INFO] [stdout] 
[INFO] [stdout] failures:
[INFO] [stdout] 
[INFO] [stdout] ---- scorer::greedy::test_greedy_scorer::should_return_negative_score stdout ----
[INFO] [stdout] 
[INFO] [stdout] thread 'scorer::greedy::test_greedy_scorer::should_return_negative_score' panicked at src/scorer/greedy.rs:94:9:
[INFO] [stdout] assertion failed: score < -3000f32
[INFO] [stdout] stack backtrace:
[INFO] [stdout]    0:     0x5dc22459620a - std::backtrace_rs::backtrace::libunwind::trace::hb059275cfc8d6126
[INFO] [stdout]                                at /rustc/6067b36314ab5eb2eb47cecc464545ba58e1ad24/library/std/src/../../backtrace/src/backtrace/libunwind.rs:116:5
[INFO] [stdout]    1:     0x5dc22459620a - std::backtrace_rs::backtrace::trace_unsynchronized::h2da071e4327ce3ee
[INFO] [stdout]                                at /rustc/6067b36314ab5eb2eb47cecc464545ba58e1ad24/library/std/src/../../backtrace/src/backtrace/mod.rs:66:5
[INFO] [stdout]    2:     0x5dc22459620a - std::sys::backtrace::_print_fmt::h842a1474e6f8d23f
[INFO] [stdout]                                at /rustc/6067b36314ab5eb2eb47cecc464545ba58e1ad24/library/std/src/sys/backtrace.rs:66:9
[INFO] [stdout]    3:     0x5dc22459620a - <std::sys::backtrace::BacktraceLock::print::DisplayBacktrace as core::fmt::Display>::fmt::h71a62eb3b9696b12
[INFO] [stdout]                                at /rustc/6067b36314ab5eb2eb47cecc464545ba58e1ad24/library/std/src/sys/backtrace.rs:39:26
[INFO] [stdout]    4:     0x5dc2245be373 - core::fmt::rt::Argument::fmt::hdb6b616786b41dc1
[INFO] [stdout]                                at /rustc/6067b36314ab5eb2eb47cecc464545ba58e1ad24/library/core/src/fmt/rt.rs:177:76
[INFO] [stdout]    5:     0x5dc2245be373 - core::fmt::write::h2cc1698af7e2d686
[INFO] [stdout]                                at /rustc/6067b36314ab5eb2eb47cecc464545ba58e1ad24/library/core/src/fmt/mod.rs:1440:21
[INFO] [stdout]    6:     0x5dc224592d63 - std::io::Write::write_fmt::hab1b4cd059a79022
[INFO] [stdout]                                at /rustc/6067b36314ab5eb2eb47cecc464545ba58e1ad24/library/std/src/io/mod.rs:1887:15
[INFO] [stdout]    7:     0x5dc224596052 - std::sys::backtrace::BacktraceLock::print::h147fe35b4ea13b08
[INFO] [stdout]                                at /rustc/6067b36314ab5eb2eb47cecc464545ba58e1ad24/library/std/src/sys/backtrace.rs:42:9
[INFO] [stdout]    8:     0x5dc22459762f - std::panicking::default_hook::{{closure}}::hbd44223dbdc0d208
[INFO] [stdout]                                at /rustc/6067b36314ab5eb2eb47cecc464545ba58e1ad24/library/std/src/panicking.rs:298:22
[INFO] [stdout]    9:     0x5dc224597448 - std::panicking::default_hook::h20f81eb0576efcec
[INFO] [stdout]                                at /rustc/6067b36314ab5eb2eb47cecc464545ba58e1ad24/library/std/src/panicking.rs:322:9
[INFO] [stdout]   10:     0x5dc224560263 - <alloc::boxed::Box<F,A> as core::ops::function::Fn<Args>>::call::hdb53814c496a4d34
[INFO] [stdout]                                at /rustc/6067b36314ab5eb2eb47cecc464545ba58e1ad24/library/alloc/src/boxed.rs:2027:9
[INFO] [stdout]   11:     0x5dc224560263 - test::test_main::{{closure}}::hc0a4963c59427c24
[INFO] [stdout]                                at /rustc/6067b36314ab5eb2eb47cecc464545ba58e1ad24/library/test/src/lib.rs:134:21
[INFO] [stdout]   12:     0x5dc224598123 - <alloc::boxed::Box<F,A> as core::ops::function::Fn<Args>>::call::h591b2225413a77e9
[INFO] [stdout]                                at /rustc/6067b36314ab5eb2eb47cecc464545ba58e1ad24/library/alloc/src/boxed.rs:2027:9
[INFO] [stdout]   13:     0x5dc224598123 - std::panicking::rust_panic_with_hook::h625eea43051b2edc
[INFO] [stdout]                                at /rustc/6067b36314ab5eb2eb47cecc464545ba58e1ad24/library/std/src/panicking.rs:839:13
[INFO] [stdout]   14:     0x5dc224597da6 - std::panicking::begin_panic_handler::{{closure}}::h4f9159cfbc3f6bd3
[INFO] [stdout]                                at /rustc/6067b36314ab5eb2eb47cecc464545ba58e1ad24/library/std/src/panicking.rs:697:13
[INFO] [stdout]   15:     0x5dc224596709 - std::sys::backtrace::__rust_end_short_backtrace::h0390abce48353151
[INFO] [stdout]                                at /rustc/6067b36314ab5eb2eb47cecc464545ba58e1ad24/library/std/src/sys/backtrace.rs:168:18
[INFO] [stdout]   16:     0x5dc224597a6d - rust_begin_unwind
[INFO] [stdout]                                at /rustc/6067b36314ab5eb2eb47cecc464545ba58e1ad24/library/std/src/panicking.rs:695:5
[INFO] [stdout]   17:     0x5dc2245bc320 - core::panicking::panic_fmt::h9e7c637e9e5f29c9
[INFO] [stdout]                                at /rustc/6067b36314ab5eb2eb47cecc464545ba58e1ad24/library/core/src/panicking.rs:75:14
[INFO] [stdout]   18:     0x5dc2245bc3ac - core::panicking::panic::haa3255ea20181a33
[INFO] [stdout]                                at /rustc/6067b36314ab5eb2eb47cecc464545ba58e1ad24/library/core/src/panicking.rs:145:5
[INFO] [stdout]   19:     0x5dc2245023c0 - t3elric_engine::scorer::greedy::test_greedy_scorer::should_return_negative_score::hb4bdf1ef5eafa414
[INFO] [stdout]                                at /opt/rustwide/workdir/src/scorer/greedy.rs:94:9
[INFO] [stdout]   20:     0x5dc224501f47 - t3elric_engine::scorer::greedy::test_greedy_scorer::should_return_negative_score::{{closure}}::h6a61cd918cb2e260
[INFO] [stdout]                                at /opt/rustwide/workdir/src/scorer/greedy.rs:82:38
[INFO] [stdout]   21:     0x5dc224503896 - core::ops::function::FnOnce::call_once::h9c9a7b164dc5332d
[INFO] [stdout]                                at /rustc/6067b36314ab5eb2eb47cecc464545ba58e1ad24/library/core/src/ops/function.rs:250:5
[INFO] [stdout]   22:     0x5dc2245659bb - core::ops::function::FnOnce::call_once::he27718dfdd183f43
[INFO] [stdout]                                at /rustc/6067b36314ab5eb2eb47cecc464545ba58e1ad24/library/core/src/ops/function.rs:250:5
[INFO] [stdout]   23:     0x5dc2245659bb - test::__rust_begin_short_backtrace::h4e84902998457a5d
[INFO] [stdout]                                at /rustc/6067b36314ab5eb2eb47cecc464545ba58e1ad24/library/test/src/lib.rs:632:18
[INFO] [stdout]   24:     0x5dc2245648f3 - test::run_test_in_process::{{closure}}::h7176fd18fc1feca0
[INFO] [stdout]                                at /rustc/6067b36314ab5eb2eb47cecc464545ba58e1ad24/library/test/src/lib.rs:655:60
[INFO] [stdout]   25:     0x5dc2245648f3 - <core::panic::unwind_safe::AssertUnwindSafe<F> as core::ops::function::FnOnce<()>>::call_once::hf79cff2a624d8cf7
[INFO] [stdout]                                at /rustc/6067b36314ab5eb2eb47cecc464545ba58e1ad24/library/core/src/panic/unwind_safe.rs:272:9
[INFO] [stdout]   26:     0x5dc2245648f3 - std::panicking::try::do_call::h3da0561d9ab99c25
[INFO] [stdout]                                at /rustc/6067b36314ab5eb2eb47cecc464545ba58e1ad24/library/std/src/panicking.rs:587:40
[INFO] [stdout]   27:     0x5dc2245648f3 - std::panicking::try::h41c9fa508bc61df6
[INFO] [stdout]                                at /rustc/6067b36314ab5eb2eb47cecc464545ba58e1ad24/library/std/src/panicking.rs:550:19
[INFO] [stdout]   28:     0x5dc2245648f3 - std::panic::catch_unwind::h6b3ff07bb5afad93
[INFO] [stdout]                                at /rustc/6067b36314ab5eb2eb47cecc464545ba58e1ad24/library/std/src/panic.rs:358:14
[INFO] [stdout]   29:     0x5dc2245648f3 - test::run_test_in_process::hc7253dd11b39b9f4
[INFO] [stdout]                                at /rustc/6067b36314ab5eb2eb47cecc464545ba58e1ad24/library/test/src/lib.rs:655:27
[INFO] [stdout]   30:     0x5dc2245648f3 - test::run_test::{{closure}}::hfb2007f8649c30bb
[INFO] [stdout]                                at /rustc/6067b36314ab5eb2eb47cecc464545ba58e1ad24/library/test/src/lib.rs:576:43
[INFO] [stdout]   31:     0x5dc2245279d5 - test::run_test::{{closure}}::h56a17aa7a282a9f4
[INFO] [stdout]                                at /rustc/6067b36314ab5eb2eb47cecc464545ba58e1ad24/library/test/src/lib.rs:606:41
[INFO] [stdout]   32:     0x5dc2245279d5 - std::sys::backtrace::__rust_begin_short_backtrace::hd2d2d2fb8e8c6aac
[INFO] [stdout]                                at /rustc/6067b36314ab5eb2eb47cecc464545ba58e1ad24/library/std/src/sys/backtrace.rs:152:18
[INFO] [stdout]   33:     0x5dc22452b2ba - std::thread::Builder::spawn_unchecked_::{{closure}}::{{closure}}::h4faa3f9db6133423
[INFO] [stdout]                                at /rustc/6067b36314ab5eb2eb47cecc464545ba58e1ad24/library/std/src/thread/mod.rs:559:17
[INFO] [stdout]   34:     0x5dc22452b2ba - <core::panic::unwind_safe::AssertUnwindSafe<F> as core::ops::function::FnOnce<()>>::call_once::hf2e855a36a4ea846
[INFO] [stdout]                                at /rustc/6067b36314ab5eb2eb47cecc464545ba58e1ad24/library/core/src/panic/unwind_safe.rs:272:9
[INFO] [stdout]   35:     0x5dc22452b2ba - std::panicking::try::do_call::h2f73af3616c35465
[INFO] [stdout]                                at /rustc/6067b36314ab5eb2eb47cecc464545ba58e1ad24/library/std/src/panicking.rs:587:40
[INFO] [stdout]   36:     0x5dc22452b2ba - std::panicking::try::hd1660ce9efadef5a
[INFO] [stdout]                                at /rustc/6067b36314ab5eb2eb47cecc464545ba58e1ad24/library/std/src/panicking.rs:550:19
[INFO] [stdout]   37:     0x5dc22452b2ba - std::panic::catch_unwind::h5ee8d7823b8ca744
[INFO] [stdout]                                at /rustc/6067b36314ab5eb2eb47cecc464545ba58e1ad24/library/std/src/panic.rs:358:14
[INFO] [stdout]   38:     0x5dc22452b2ba - std::thread::Builder::spawn_unchecked_::{{closure}}::h53c3a1894dce8407
[INFO] [stdout]                                at /rustc/6067b36314ab5eb2eb47cecc464545ba58e1ad24/library/std/src/thread/mod.rs:557:30
[INFO] [stdout]   39:     0x5dc22452b2ba - core::ops::function::FnOnce::call_once{{vtable.shim}}::h048ce291ad4f62bf
[INFO] [stdout]                                at /rustc/6067b36314ab5eb2eb47cecc464545ba58e1ad24/library/core/src/ops/function.rs:250:5
[INFO] [stdout]   40:     0x5dc22459c05b - <alloc::boxed::Box<F,A> as core::ops::function::FnOnce<Args>>::call_once::ha52bedf99a3b4981
[INFO] [stdout]                                at /rustc/6067b36314ab5eb2eb47cecc464545ba58e1ad24/library/alloc/src/boxed.rs:2013:9
[INFO] [stdout]   41:     0x5dc22459c05b - <alloc::boxed::Box<F,A> as core::ops::function::FnOnce<Args>>::call_once::h567748934d80ccf8
[INFO] [stdout]                                at /rustc/6067b36314ab5eb2eb47cecc464545ba58e1ad24/library/alloc/src/boxed.rs:2013:9
[INFO] [stdout]   42:     0x5dc22459c05b - std::sys::pal::unix::thread::Thread::new::thread_start::h2d970728ae887adc
[INFO] [stdout]                                at /rustc/6067b36314ab5eb2eb47cecc464545ba58e1ad24/library/std/src/sys/pal/unix/thread.rs:106:17
[INFO] [stdout]   43:     0x711fcefd3ac3 - <unknown>
[INFO] [stdout]   44:     0x711fcf064a04 - clone
[INFO] [stdout]   45:                0x0 - <unknown>
[INFO] [stdout] 
[INFO] [stdout] ---- solver::greedy_solver::test_greedy_solver::should_find_winning_move5 stdout ----
[INFO] [stdout] 
[INFO] [stdout] thread 'solver::greedy_solver::test_greedy_solver::should_find_winning_move5' panicked at src/solver/greedy_solver.rs:275:9:
[INFO] [stdout] assertion `left == right` failed
[INFO] [stdout]   left: Some(BestMove(0, 0))
[INFO] [stdout]  right: Some(BestMove(0, 2))
[INFO] [stdout] stack backtrace:
[INFO] [stdout]    0:     0x5dc22459620a - std::backtrace_rs::backtrace::libunwind::trace::hb059275cfc8d6126
[INFO] [stdout]                                at /rustc/6067b36314ab5eb2eb47cecc464545ba58e1ad24/library/std/src/../../backtrace/src/backtrace/libunwind.rs:116:5
[INFO] [stdout]    1:     0x5dc22459620a - std::backtrace_rs::backtrace::trace_unsynchronized::h2da071e4327ce3ee
[INFO] [stdout]                                at /rustc/6067b36314ab5eb2eb47cecc464545ba58e1ad24/library/std/src/../../backtrace/src/backtrace/mod.rs:66:5
[INFO] [stdout]    2:     0x5dc22459620a - std::sys::backtrace::_print_fmt::h842a1474e6f8d23f
[INFO] [stdout]                                at /rustc/6067b36314ab5eb2eb47cecc464545ba58e1ad24/library/std/src/sys/backtrace.rs:66:9
[INFO] [stdout]    3:     0x5dc22459620a - <std::sys::backtrace::BacktraceLock::print::DisplayBacktrace as core::fmt::Display>::fmt::h71a62eb3b9696b12
[INFO] [stdout]                                at /rustc/6067b36314ab5eb2eb47cecc464545ba58e1ad24/library/std/src/sys/backtrace.rs:39:26
[INFO] [stdout]    4:     0x5dc2245be373 - core::fmt::rt::Argument::fmt::hdb6b616786b41dc1
[INFO] [stdout]                                at /rustc/6067b36314ab5eb2eb47cecc464545ba58e1ad24/library/core/src/fmt/rt.rs:177:76
[INFO] [stdout]    5:     0x5dc2245be373 - core::fmt::write::h2cc1698af7e2d686
[INFO] [stdout]                                at /rustc/6067b36314ab5eb2eb47cecc464545ba58e1ad24/library/core/src/fmt/mod.rs:1440:21
[INFO] [stdout]    6:     0x5dc224592d63 - std::io::Write::write_fmt::hab1b4cd059a79022
[INFO] [stdout]                                at /rustc/6067b36314ab5eb2eb47cecc464545ba58e1ad24/library/std/src/io/mod.rs:1887:15
[INFO] [stdout]    7:     0x5dc224596052 - std::sys::backtrace::BacktraceLock::print::h147fe35b4ea13b08
[INFO] [stdout]                                at /rustc/6067b36314ab5eb2eb47cecc464545ba58e1ad24/library/std/src/sys/backtrace.rs:42:9
[INFO] [stdout]    8:     0x5dc22459762f - std::panicking::default_hook::{{closure}}::hbd44223dbdc0d208
[INFO] [stdout]                                at /rustc/6067b36314ab5eb2eb47cecc464545ba58e1ad24/library/std/src/panicking.rs:298:22
[INFO] [stdout]    9:     0x5dc224597448 - std::panicking::default_hook::h20f81eb0576efcec
[INFO] [stdout]                                at /rustc/6067b36314ab5eb2eb47cecc464545ba58e1ad24/library/std/src/panicking.rs:322:9
[INFO] [stdout]   10:     0x5dc224560263 - <alloc::boxed::Box<F,A> as core::ops::function::Fn<Args>>::call::hdb53814c496a4d34
[INFO] [stdout]                                at /rustc/6067b36314ab5eb2eb47cecc464545ba58e1ad24/library/alloc/src/boxed.rs:2027:9
[INFO] [stdout]   11:     0x5dc224560263 - test::test_main::{{closure}}::hc0a4963c59427c24
[INFO] [stdout]                                at /rustc/6067b36314ab5eb2eb47cecc464545ba58e1ad24/library/test/src/lib.rs:134:21
[INFO] [stdout]   12:     0x5dc224598123 - <alloc::boxed::Box<F,A> as core::ops::function::Fn<Args>>::call::h591b2225413a77e9
[INFO] [stdout]                                at /rustc/6067b36314ab5eb2eb47cecc464545ba58e1ad24/library/alloc/src/boxed.rs:2027:9
[INFO] [stdout]   13:     0x5dc224598123 - std::panicking::rust_panic_with_hook::h625eea43051b2edc
[INFO] [stdout]                                at /rustc/6067b36314ab5eb2eb47cecc464545ba58e1ad24/library/std/src/panicking.rs:839:13
[INFO] [stdout]   14:     0x5dc224597dda - std::panicking::begin_panic_handler::{{closure}}::h4f9159cfbc3f6bd3
[INFO] [stdout]                                at /rustc/6067b36314ab5eb2eb47cecc464545ba58e1ad24/library/std/src/panicking.rs:704:13
[INFO] [stdout]   15:     0x5dc224596709 - std::sys::backtrace::__rust_end_short_backtrace::h0390abce48353151
[INFO] [stdout]                                at /rustc/6067b36314ab5eb2eb47cecc464545ba58e1ad24/library/std/src/sys/backtrace.rs:168:18
[INFO] [stdout]   16:     0x5dc224597a6d - rust_begin_unwind
[INFO] [stdout]                                at /rustc/6067b36314ab5eb2eb47cecc464545ba58e1ad24/library/std/src/panicking.rs:695:5
[INFO] [stdout]   17:     0x5dc2245bc320 - core::panicking::panic_fmt::h9e7c637e9e5f29c9
[INFO] [stdout]                                at /rustc/6067b36314ab5eb2eb47cecc464545ba58e1ad24/library/core/src/panicking.rs:75:14
[INFO] [stdout]   18:     0x5dc2245bc6e2 - core::panicking::assert_failed_inner::h538bec7c1374cd9c
[INFO] [stdout]   19:     0x5dc2244fbb4c - core::panicking::assert_failed::hdf328e6e4f220213
[INFO] [stdout]                                at /rustc/6067b36314ab5eb2eb47cecc464545ba58e1ad24/library/core/src/panicking.rs:364:5
[INFO] [stdout]   20:     0x5dc2244f3c29 - t3elric_engine::solver::greedy_solver::test_greedy_solver::should_find_winning_move5::h6eab34874e83cb7f
[INFO] [stdout]                                at /opt/rustwide/workdir/src/solver/greedy_solver.rs:275:9
[INFO] [stdout]   21:     0x5dc2244f34d7 - t3elric_engine::solver::greedy_solver::test_greedy_solver::should_find_winning_move5::{{closure}}::hc0a0954f7e9c4e55
[INFO] [stdout]                                at /opt/rustwide/workdir/src/solver/greedy_solver.rs:261:35
[INFO] [stdout]   22:     0x5dc224503a36 - core::ops::function::FnOnce::call_once::hd298dec70268d9e8
[INFO] [stdout]                                at /rustc/6067b36314ab5eb2eb47cecc464545ba58e1ad24/library/core/src/ops/function.rs:250:5
[INFO] [stdout]   23:     0x5dc2245659bb - core::ops::function::FnOnce::call_once::he27718dfdd183f43
[INFO] [stdout]                                at /rustc/6067b36314ab5eb2eb47cecc464545ba58e1ad24/library/core/src/ops/function.rs:250:5
[INFO] [stdout]   24:     0x5dc2245659bb - test::__rust_begin_short_backtrace::h4e84902998457a5d
[INFO] [stdout]                                at /rustc/6067b36314ab5eb2eb47cecc464545ba58e1ad24/library/test/src/lib.rs:632:18
[INFO] [stdout]   25:     0x5dc2245648f3 - test::run_test_in_process::{{closure}}::h7176fd18fc1feca0
[INFO] [stdout]                                at /rustc/6067b36314ab5eb2eb47cecc464545ba58e1ad24/library/test/src/lib.rs:655:60
[INFO] [stdout]   26:     0x5dc2245648f3 - <core::panic::unwind_safe::AssertUnwindSafe<F> as core::ops::function::FnOnce<()>>::call_once::hf79cff2a624d8cf7
[INFO] [stdout]                                at /rustc/6067b36314ab5eb2eb47cecc464545ba58e1ad24/library/core/src/panic/unwind_safe.rs:272:9
[INFO] [stdout]   27:     0x5dc2245648f3 - std::panicking::try::do_call::h3da0561d9ab99c25
[INFO] [stdout]                                at /rustc/6067b36314ab5eb2eb47cecc464545ba58e1ad24/library/std/src/panicking.rs:587:40
[INFO] [stdout]   28:     0x5dc2245648f3 - std::panicking::try::h41c9fa508bc61df6
[INFO] [stdout]                                at /rustc/6067b36314ab5eb2eb47cecc464545ba58e1ad24/library/std/src/panicking.rs:550:19
[INFO] [stdout]   29:     0x5dc2245648f3 - std::panic::catch_unwind::h6b3ff07bb5afad93
[INFO] [stdout]                                at /rustc/6067b36314ab5eb2eb47cecc464545ba58e1ad24/library/std/src/panic.rs:358:14
[INFO] [stdout]   30:     0x5dc2245648f3 - test::run_test_in_process::hc7253dd11b39b9f4
[INFO] [stdout]                                at /rustc/6067b36314ab5eb2eb47cecc464545ba58e1ad24/library/test/src/lib.rs:655:27
[INFO] [stdout]   31:     0x5dc2245648f3 - test::run_test::{{closure}}::hfb2007f8649c30bb
[INFO] [stdout]                                at /rustc/6067b36314ab5eb2eb47cecc464545ba58e1ad24/library/test/src/lib.rs:576:43
[INFO] [stdout]   32:     0x5dc2245279d5 - test::run_test::{{closure}}::h56a17aa7a282a9f4
[INFO] [stdout]                                at /rustc/6067b36314ab5eb2eb47cecc464545ba58e1ad24/library/test/src/lib.rs:606:41
[INFO] [stdout]   33:     0x5dc2245279d5 - std::sys::backtrace::__rust_begin_short_backtrace::hd2d2d2fb8e8c6aac
[INFO] [stdout]                                at /rustc/6067b36314ab5eb2eb47cecc464545ba58e1ad24/library/std/src/sys/backtrace.rs:152:18
[INFO] [stdout]   34:     0x5dc22452b2ba - std::thread::Builder::spawn_unchecked_::{{closure}}::{{closure}}::h4faa3f9db6133423
[INFO] [stdout]                                at /rustc/6067b36314ab5eb2eb47cecc464545ba58e1ad24/library/std/src/thread/mod.rs:559:17
[INFO] [stdout]   35:     0x5dc22452b2ba - <core::panic::unwind_safe::AssertUnwindSafe<F> as core::ops::function::FnOnce<()>>::call_once::hf2e855a36a4ea846
[INFO] [stdout]                                at /rustc/6067b36314ab5eb2eb47cecc464545ba58e1ad24/library/core/src/panic/unwind_safe.rs:272:9
[INFO] [stdout]   36:     0x5dc22452b2ba - std::panicking::try::do_call::h2f73af3616c35465
[INFO] [stdout]                                at /rustc/6067b36314ab5eb2eb47cecc464545ba58e1ad24/library/std/src/panicking.rs:587:40
[INFO] [stdout]   37:     0x5dc22452b2ba - std::panicking::try::hd1660ce9efadef5a
[INFO] [stdout]                                at /rustc/6067b36314ab5eb2eb47cecc464545ba58e1ad24/library/std/src/panicking.rs:550:19
[INFO] [stdout]   38:     0x5dc22452b2ba - std::panic::catch_unwind::h5ee8d7823b8ca744
[INFO] [stdout]                                at /rustc/6067b36314ab5eb2eb47cecc464545ba58e1ad24/library/std/src/panic.rs:358:14
[INFO] [stdout]   39:     0x5dc22452b2ba - std::thread::Builder::spawn_unchecked_::{{closure}}::h53c3a1894dce8407
[INFO] [stdout]                                at /rustc/6067b36314ab5eb2eb47cecc464545ba58e1ad24/library/std/src/thread/mod.rs:557:30
[INFO] [stdout]   40:     0x5dc22452b2ba - core::ops::function::FnOnce::call_once{{vtable.shim}}::h048ce291ad4f62bf
[INFO] [stdout]                                at /rustc/6067b36314ab5eb2eb47cecc464545ba58e1ad24/library/core/src/ops/function.rs:250:5
[INFO] [stdout]   41:     0x5dc22459c05b - <alloc::boxed::Box<F,A> as core::ops::function::FnOnce<Args>>::call_once::ha52bedf99a3b4981
[INFO] [stdout]                                at /rustc/6067b36314ab5eb2eb47cecc464545ba58e1ad24/library/alloc/src/boxed.rs:2013:9
[INFO] [stdout]   42:     0x5dc22459c05b - <alloc::boxed::Box<F,A> as core::ops::function::FnOnce<Args>>::call_once::h567748934d80ccf8
[INFO] [stdout]                                at /rustc/6067b36314ab5eb2eb47cecc464545ba58e1ad24/library/alloc/src/boxed.rs:2013:9
[INFO] [stdout]   43:     0x5dc22459c05b - std::sys::pal::unix::thread::Thread::new::thread_start::h2d970728ae887adc
[INFO] [stdout]                                at /rustc/6067b36314ab5eb2eb47cecc464545ba58e1ad24/library/std/src/sys/pal/unix/thread.rs:106:17
[INFO] [stdout]   44:     0x711fcefd3ac3 - <unknown>
[INFO] [stdout]   45:     0x711fcf064a04 - clone
[INFO] [stdout]   46:                0x0 - <unknown>
[INFO] [stdout] 
[INFO] [stdout] ---- evaluator::column_evaluator::test_column_evaluator::should_score_column_as_0_for_x stdout ----
[INFO] [stdout] 
[INFO] [stdout] thread 'evaluator::column_evaluator::test_column_evaluator::should_score_column_as_0_for_x' panicked at src/evaluator/column_evaluator.rs:92:9:
[INFO] [stdout] assertion `left == right` failed
[INFO] [stdout]   left: 0.0
[INFO] [stdout]  right: 1.0
[INFO] [stdout] stack backtrace:
[INFO] [stdout]    0:     0x5dc22459620a - std::backtrace_rs::backtrace::libunwind::trace::hb059275cfc8d6126
[INFO] [stdout]                                at /rustc/6067b36314ab5eb2eb47cecc464545ba58e1ad24/library/std/src/../../backtrace/src/backtrace/libunwind.rs:116:5
[INFO] [stdout]    1:     0x5dc22459620a - std::backtrace_rs::backtrace::trace_unsynchronized::h2da071e4327ce3ee
[INFO] [stdout]                                at /rustc/6067b36314ab5eb2eb47cecc464545ba58e1ad24/library/std/src/../../backtrace/src/backtrace/mod.rs:66:5
[INFO] [stdout]    2:     0x5dc22459620a - std::sys::backtrace::_print_fmt::h842a1474e6f8d23f
[INFO] [stdout]                                at /rustc/6067b36314ab5eb2eb47cecc464545ba58e1ad24/library/std/src/sys/backtrace.rs:66:9
[INFO] [stdout]    3:     0x5dc22459620a - <std::sys::backtrace::BacktraceLock::print::DisplayBacktrace as core::fmt::Display>::fmt::h71a62eb3b9696b12
[INFO] [stdout]                                at /rustc/6067b36314ab5eb2eb47cecc464545ba58e1ad24/library/std/src/sys/backtrace.rs:39:26
[INFO] [stdout]    4:     0x5dc2245be373 - core::fmt::rt::Argument::fmt::hdb6b616786b41dc1
[INFO] [stdout]                                at /rustc/6067b36314ab5eb2eb47cecc464545ba58e1ad24/library/core/src/fmt/rt.rs:177:76
[INFO] [stdout]    5:     0x5dc2245be373 - core::fmt::write::h2cc1698af7e2d686
[INFO] [stdout]                                at /rustc/6067b36314ab5eb2eb47cecc464545ba58e1ad24/library/core/src/fmt/mod.rs:1440:21
[INFO] [stdout]    6:     0x5dc224592d63 - std::io::Write::write_fmt::hab1b4cd059a79022
[INFO] [stdout]                                at /rustc/6067b36314ab5eb2eb47cecc464545ba58e1ad24/library/std/src/io/mod.rs:1887:15
[INFO] [stdout]    7:     0x5dc224596052 - std::sys::backtrace::BacktraceLock::print::h147fe35b4ea13b08
[INFO] [stdout]                                at /rustc/6067b36314ab5eb2eb47cecc464545ba58e1ad24/library/std/src/sys/backtrace.rs:42:9
[INFO] [stdout]    8:     0x5dc22459762f - std::panicking::default_hook::{{closure}}::hbd44223dbdc0d208
[INFO] [stdout]                                at /rustc/6067b36314ab5eb2eb47cecc464545ba58e1ad24/library/std/src/panicking.rs:298:22
[INFO] [stdout]    9:     0x5dc224597448 - std::panicking::default_hook::h20f81eb0576efcec
[INFO] [stdout]                                at /rustc/6067b36314ab5eb2eb47cecc464545ba58e1ad24/library/std/src/panicking.rs:322:9
[INFO] [stdout]   10:     0x5dc224560263 - <alloc::boxed::Box<F,A> as core::ops::function::Fn<Args>>::call::hdb53814c496a4d34
[INFO] [stdout]                                at /rustc/6067b36314ab5eb2eb47cecc464545ba58e1ad24/library/alloc/src/boxed.rs:2027:9
[INFO] [stdout]   11:     0x5dc224560263 - test::test_main::{{closure}}::hc0a4963c59427c24
[INFO] [stdout]                                at /rustc/6067b36314ab5eb2eb47cecc464545ba58e1ad24/library/test/src/lib.rs:134:21
[INFO] [stdout]   12:     0x5dc224598123 - <alloc::boxed::Box<F,A> as core::ops::function::Fn<Args>>::call::h591b2225413a77e9
[INFO] [stdout]                                at /rustc/6067b36314ab5eb2eb47cecc464545ba58e1ad24/library/alloc/src/boxed.rs:2027:9
[INFO] [stdout]   13:     0x5dc224598123 - std::panicking::rust_panic_with_hook::h625eea43051b2edc
[INFO] [stdout]                                at /rustc/6067b36314ab5eb2eb47cecc464545ba58e1ad24/library/std/src/panicking.rs:839:13
[INFO] [stdout]   14:     0x5dc224597dda - std::panicking::begin_panic_handler::{{closure}}::h4f9159cfbc3f6bd3
[INFO] [stdout]                                at /rustc/6067b36314ab5eb2eb47cecc464545ba58e1ad24/library/std/src/panicking.rs:704:13
[INFO] [stdout]   15:     0x5dc224596709 - std::sys::backtrace::__rust_end_short_backtrace::h0390abce48353151
[INFO] [stdout]                                at /rustc/6067b36314ab5eb2eb47cecc464545ba58e1ad24/library/std/src/sys/backtrace.rs:168:18
[INFO] [stdout]   16:     0x5dc224597a6d - rust_begin_unwind
[INFO] [stdout]                                at /rustc/6067b36314ab5eb2eb47cecc464545ba58e1ad24/library/std/src/panicking.rs:695:5
[INFO] [stdout]   17:     0x5dc2245bc320 - core::panicking::panic_fmt::h9e7c637e9e5f29c9
[INFO] [stdout]                                at /rustc/6067b36314ab5eb2eb47cecc464545ba58e1ad24/library/core/src/panicking.rs:75:14
[INFO] [stdout]   18:     0x5dc2245bc6e2 - core::panicking::assert_failed_inner::h538bec7c1374cd9c
[INFO] [stdout]   19:     0x5dc2244fbb0e - core::panicking::assert_failed::hbb302097d3d1d62f
[INFO] [stdout]                                at /rustc/6067b36314ab5eb2eb47cecc464545ba58e1ad24/library/core/src/panicking.rs:364:5
[INFO] [stdout]   20:     0x5dc224500298 - t3elric_engine::evaluator::column_evaluator::test_column_evaluator::should_score_column_as_0_for_x::hac48ffbc102c7d84
[INFO] [stdout]                                at /opt/rustwide/workdir/src/evaluator/column_evaluator.rs:92:9
[INFO] [stdout]   21:     0x5dc2244ffe27 - t3elric_engine::evaluator::column_evaluator::test_column_evaluator::should_score_column_as_0_for_x::{{closure}}::h95dd037e512bd361
[INFO] [stdout]                                at /opt/rustwide/workdir/src/evaluator/column_evaluator.rs:80:40
[INFO] [stdout]   22:     0x5dc224503d86 - core::ops::function::FnOnce::call_once::hf509d075c76d8c9c
[INFO] [stdout]                                at /rustc/6067b36314ab5eb2eb47cecc464545ba58e1ad24/library/core/src/ops/function.rs:250:5
[INFO] [stdout]   23:     0x5dc2245659bb - core::ops::function::FnOnce::call_once::he27718dfdd183f43
[INFO] [stdout]                                at /rustc/6067b36314ab5eb2eb47cecc464545ba58e1ad24/library/core/src/ops/function.rs:250:5
[INFO] [stdout]   24:     0x5dc2245659bb - test::__rust_begin_short_backtrace::h4e84902998457a5d
[INFO] [stdout]                                at /rustc/6067b36314ab5eb2eb47cecc464545ba58e1ad24/library/test/src/lib.rs:632:18
[INFO] [stdout]   25:     0x5dc2245648f3 - test::run_test_in_process::{{closure}}::h7176fd18fc1feca0
[INFO] [stdout]                                at /rustc/6067b36314ab5eb2eb47cecc464545ba58e1ad24/library/test/src/lib.rs:655:60
[INFO] [stdout]   26:     0x5dc2245648f3 - <core::panic::unwind_safe::AssertUnwindSafe<F> as core::ops::function::FnOnce<()>>::call_once::hf79cff2a624d8cf7
[INFO] [stdout]                                at /rustc/6067b36314ab5eb2eb47cecc464545ba58e1ad24/library/core/src/panic/unwind_safe.rs:272:9
[INFO] [stdout]   27:     0x5dc2245648f3 - std::panicking::try::do_call::h3da0561d9ab99c25
[INFO] [stdout]                                at /rustc/6067b36314ab5eb2eb47cecc464545ba58e1ad24/library/std/src/panicking.rs:587:40
[INFO] [stdout]   28:     0x5dc2245648f3 - std::panicking::try::h41c9fa508bc61df6
[INFO] [stdout]                                at /rustc/6067b36314ab5eb2eb47cecc464545ba58e1ad24/library/std/src/panicking.rs:550:19
[INFO] [stdout]   29:     0x5dc2245648f3 - std::panic::catch_unwind::h6b3ff07bb5afad93
[INFO] [stdout]                                at /rustc/6067b36314ab5eb2eb47cecc464545ba58e1ad24/library/std/src/panic.rs:358:14
[INFO] [stdout]   30:     0x5dc2245648f3 - test::run_test_in_process::hc7253dd11b39b9f4
[INFO] [stdout]                                at /rustc/6067b36314ab5eb2eb47cecc464545ba58e1ad24/library/test/src/lib.rs:655:27
[INFO] [stdout]   31:     0x5dc2245648f3 - test::run_test::{{closure}}::hfb2007f8649c30bb
[INFO] [stdout]                                at /rustc/6067b36314ab5eb2eb47cecc464545ba58e1ad24/library/test/src/lib.rs:576:43
[INFO] [stdout]   32:     0x5dc2245279d5 - test::run_test::{{closure}}::h56a17aa7a282a9f4
[INFO] [stdout]                                at /rustc/6067b36314ab5eb2eb47cecc464545ba58e1ad24/library/test/src/lib.rs:606:41
[INFO] [stdout]   33:     0x5dc2245279d5 - std::sys::backtrace::__rust_begin_short_backtrace::hd2d2d2fb8e8c6aac
[INFO] [stdout]                                at /rustc/6067b36314ab5eb2eb47cecc464545ba58e1ad24/library/std/src/sys/backtrace.rs:152:18
[INFO] [stdout]   34:     0x5dc22452b2ba - std::thread::Builder::spawn_unchecked_::{{closure}}::{{closure}}::h4faa3f9db6133423
[INFO] [stdout]                                at /rustc/6067b36314ab5eb2eb47cecc464545ba58e1ad24/library/std/src/thread/mod.rs:559:17
[INFO] [stdout]   35:     0x5dc22452b2ba - <core::panic::unwind_safe::AssertUnwindSafe<F> as core::ops::function::FnOnce<()>>::call_once::hf2e855a36a4ea846
[INFO] [stdout]                                at /rustc/6067b36314ab5eb2eb47cecc464545ba58e1ad24/library/core/src/panic/unwind_safe.rs:272:9
[INFO] [stdout]   36:     0x5dc22452b2ba - std::panicking::try::do_call::h2f73af3616c35465
[INFO] [stdout]                                at /rustc/6067b36314ab5eb2eb47cecc464545ba58e1ad24/library/std/src/panicking.rs:587:40
[INFO] [stdout]   37:     0x5dc22452b2ba - std::panicking::try::hd1660ce9efadef5a
[INFO] [stdout]                                at /rustc/6067b36314ab5eb2eb47cecc464545ba58e1ad24/library/std/src/panicking.rs:550:19
[INFO] [stdout]   38:     0x5dc22452b2ba - std::panic::catch_unwind::h5ee8d7823b8ca744
[INFO] [stdout]                                at /rustc/6067b36314ab5eb2eb47cecc464545ba58e1ad24/library/std/src/panic.rs:358:14
[INFO] [stdout]   39:     0x5dc22452b2ba - std::thread::Builder::spawn_unchecked_::{{closure}}::h53c3a1894dce8407
[INFO] [stdout]                                at /rustc/6067b36314ab5eb2eb47cecc464545ba58e1ad24/library/std/src/thread/mod.rs:557:30
[INFO] [stdout]   40:     0x5dc22452b2ba - core::ops::function::FnOnce::call_once{{vtable.shim}}::h048ce291ad4f62bf
[INFO] [stdout]                                at /rustc/6067b36314ab5eb2eb47cecc464545ba58e1ad24/library/core/src/ops/function.rs:250:5
[INFO] [stdout]   41:     0x5dc22459c05b - <alloc::boxed::Box<F,A> as core::ops::function::FnOnce<Args>>::call_once::ha52bedf99a3b4981
[INFO] [stdout]                                at /rustc/6067b36314ab5eb2eb47cecc464545ba58e1ad24/library/alloc/src/boxed.rs:2013:9
[INFO] [stdout]   42:     0x5dc22459c05b - <alloc::boxed::Box<F,A> as core::ops::function::FnOnce<Args>>::call_once::h567748934d80ccf8
[INFO] [stdout]                                at /rustc/6067b36314ab5eb2eb47cecc464545ba58e1ad24/library/alloc/src/boxed.rs:2013:9
[INFO] [stdout]   43:     0x5dc22459c05b - std::sys::pal::unix::thread::Thread::new::thread_start::h2d970728ae887adc
[INFO] [stdout]                                at /rustc/6067b36314ab5eb2eb47cecc464545ba58e1ad24/library/std/src/sys/pal/unix/thread.rs:106:17
[INFO] [stdout]   44:     0x711fcefd3ac3 - <unknown>
[INFO] [stdout]   45:     0x711fcf064a04 - clone
[INFO] [stdout]   46:                0x0 - <unknown>
[INFO] [stdout] 
[INFO] [stdout] ---- solver::greedy_solver::test_greedy_solver::should_find_winning_move6 stdout ----
[INFO] [stdout] 
[INFO] [stdout] thread 'solver::greedy_solver::test_greedy_solver::should_find_winning_move6' panicked at src/solver/greedy_solver.rs:293:9:
[INFO] [stdout] assertion `left == right` failed
[INFO] [stdout]   left: Some(BestMove(0, 4))
[INFO] [stdout]  right: Some(BestMove(3, 0))
[INFO] [stdout] stack backtrace:
[INFO] [stdout]    0:     0x5dc22459620a - std::backtrace_rs::backtrace::libunwind::trace::hb059275cfc8d6126
[INFO] [stdout]                                at /rustc/6067b36314ab5eb2eb47cecc464545ba58e1ad24/library/std/src/../../backtrace/src/backtrace/libunwind.rs:116:5
[INFO] [stdout]    1:     0x5dc22459620a - std::backtrace_rs::backtrace::trace_unsynchronized::h2da071e4327ce3ee
[INFO] [stdout]                                at /rustc/6067b36314ab5eb2eb47cecc464545ba58e1ad24/library/std/src/../../backtrace/src/backtrace/mod.rs:66:5
[INFO] [stdout]    2:     0x5dc22459620a - std::sys::backtrace::_print_fmt::h842a1474e6f8d23f
[INFO] [stdout]                                at /rustc/6067b36314ab5eb2eb47cecc464545ba58e1ad24/library/std/src/sys/backtrace.rs:66:9
[INFO] [stdout]    3:     0x5dc22459620a - <std::sys::backtrace::BacktraceLock::print::DisplayBacktrace as core::fmt::Display>::fmt::h71a62eb3b9696b12
[INFO] [stdout]                                at /rustc/6067b36314ab5eb2eb47cecc464545ba58e1ad24/library/std/src/sys/backtrace.rs:39:26
[INFO] [stdout]    4:     0x5dc2245be373 - core::fmt::rt::Argument::fmt::hdb6b616786b41dc1
[INFO] [stdout]                                at /rustc/6067b36314ab5eb2eb47cecc464545ba58e1ad24/library/core/src/fmt/rt.rs:177:76
[INFO] [stdout]    5:     0x5dc2245be373 - core::fmt::write::h2cc1698af7e2d686
[INFO] [stdout]                                at /rustc/6067b36314ab5eb2eb47cecc464545ba58e1ad24/library/core/src/fmt/mod.rs:1440:21
[INFO] [stdout]    6:     0x5dc224592d63 - std::io::Write::write_fmt::hab1b4cd059a79022
[INFO] [stdout]                                at /rustc/6067b36314ab5eb2eb47cecc464545ba58e1ad24/library/std/src/io/mod.rs:1887:15
[INFO] [stdout]    7:     0x5dc224596052 - std::sys::backtrace::BacktraceLock::print::h147fe35b4ea13b08
[INFO] [stdout]                                at /rustc/6067b36314ab5eb2eb47cecc464545ba58e1ad24/library/std/src/sys/backtrace.rs:42:9
[INFO] [stdout]    8:     0x5dc22459762f - std::panicking::default_hook::{{closure}}::hbd44223dbdc0d208
[INFO] [stdout]                                at /rustc/6067b36314ab5eb2eb47cecc464545ba58e1ad24/library/std/src/panicking.rs:298:22
[INFO] [stdout]    9:     0x5dc224597448 - std::panicking::default_hook::h20f81eb0576efcec
[INFO] [stdout]                                at /rustc/6067b36314ab5eb2eb47cecc464545ba58e1ad24/library/std/src/panicking.rs:322:9
[INFO] [stdout]   10:     0x5dc224560263 - <alloc::boxed::Box<F,A> as core::ops::function::Fn<Args>>::call::hdb53814c496a4d34
[INFO] [stdout]                                at /rustc/6067b36314ab5eb2eb47cecc464545ba58e1ad24/library/alloc/src/boxed.rs:2027:9
[INFO] [stdout]   11:     0x5dc224560263 - test::test_main::{{closure}}::hc0a4963c59427c24
[INFO] [stdout]                                at /rustc/6067b36314ab5eb2eb47cecc464545ba58e1ad24/library/test/src/lib.rs:134:21
[INFO] [stdout]   12:     0x5dc224598123 - <alloc::boxed::Box<F,A> as core::ops::function::Fn<Args>>::call::h591b2225413a77e9
[INFO] [stdout]                                at /rustc/6067b36314ab5eb2eb47cecc464545ba58e1ad24/library/alloc/src/boxed.rs:2027:9
[INFO] [stdout]   13:     0x5dc224598123 - std::panicking::rust_panic_with_hook::h625eea43051b2edc
[INFO] [stdout]                                at /rustc/6067b36314ab5eb2eb47cecc464545ba58e1ad24/library/std/src/panicking.rs:839:13
[INFO] [stdout]   14:     0x5dc224597dda - std::panicking::begin_panic_handler::{{closure}}::h4f9159cfbc3f6bd3
[INFO] [stdout]                                at /rustc/6067b36314ab5eb2eb47cecc464545ba58e1ad24/library/std/src/panicking.rs:704:13
[INFO] [stdout]   15:     0x5dc224596709 - std::sys::backtrace::__rust_end_short_backtrace::h0390abce48353151
[INFO] [stdout]                                at /rustc/6067b36314ab5eb2eb47cecc464545ba58e1ad24/library/std/src/sys/backtrace.rs:168:18
[INFO] [stdout]   16:     0x5dc224597a6d - rust_begin_unwind
[INFO] [stdout]                                at /rustc/6067b36314ab5eb2eb47cecc464545ba58e1ad24/library/std/src/panicking.rs:695:5
[INFO] [stdout]   17:     0x5dc2245bc320 - core::panicking::panic_fmt::h9e7c637e9e5f29c9
[INFO] [stdout]                                at /rustc/6067b36314ab5eb2eb47cecc464545ba58e1ad24/library/core/src/panicking.rs:75:14
[INFO] [stdout]   18:     0x5dc2245bc6e2 - core::panicking::assert_failed_inner::h538bec7c1374cd9c
[INFO] [stdout]   19:     0x5dc2244fbb4c - core::panicking::assert_failed::hdf328e6e4f220213
[INFO] [stdout]                                at /rustc/6067b36314ab5eb2eb47cecc464545ba58e1ad24/library/core/src/panicking.rs:364:5
[INFO] [stdout]   20:     0x5dc2244f43ad - t3elric_engine::solver::greedy_solver::test_greedy_solver::should_find_winning_move6::heba5145c8ff67022
[INFO] [stdout]                                at /opt/rustwide/workdir/src/solver/greedy_solver.rs:293:9
[INFO] [stdout]   21:     0x5dc2244f3c77 - t3elric_engine::solver::greedy_solver::test_greedy_solver::should_find_winning_move6::{{closure}}::hf069a57482b85f80
[INFO] [stdout]                                at /opt/rustwide/workdir/src/solver/greedy_solver.rs:279:35
[INFO] [stdout]   22:     0x5dc224503136 - core::ops::function::FnOnce::call_once::h417636bce68cbbff
[INFO] [stdout]                                at /rustc/6067b36314ab5eb2eb47cecc464545ba58e1ad24/library/core/src/ops/function.rs:250:5
[INFO] [stdout]   23:     0x5dc2245659bb - core::ops::function::FnOnce::call_once::he27718dfdd183f43
[INFO] [stdout]                                at /rustc/6067b36314ab5eb2eb47cecc464545ba58e1ad24/library/core/src/ops/function.rs:250:5
[INFO] [stdout]   24:     0x5dc2245659bb - test::__rust_begin_short_backtrace::h4e84902998457a5d
[INFO] [stdout]                                at /rustc/6067b36314ab5eb2eb47cecc464545ba58e1ad24/library/test/src/lib.rs:632:18
[INFO] [stdout]   25:     0x5dc2245648f3 - test::run_test_in_process::{{closure}}::h7176fd18fc1feca0
[INFO] [stdout]                                at /rustc/6067b36314ab5eb2eb47cecc464545ba58e1ad24/library/test/src/lib.rs:655:60
[INFO] [stdout]   26:     0x5dc2245648f3 - <core::panic::unwind_safe::AssertUnwindSafe<F> as core::ops::function::FnOnce<()>>::call_once::hf79cff2a624d8cf7
[INFO] [stdout]                                at /rustc/6067b36314ab5eb2eb47cecc464545ba58e1ad24/library/core/src/panic/unwind_safe.rs:272:9
[INFO] [stdout]   27:     0x5dc2245648f3 - std::panicking::try::do_call::h3da0561d9ab99c25
[INFO] [stdout]                                at /rustc/6067b36314ab5eb2eb47cecc464545ba58e1ad24/library/std/src/panicking.rs:587:40
[INFO] [stdout]   28:     0x5dc2245648f3 - std::panicking::try::h41c9fa508bc61df6
[INFO] [stdout]                                at /rustc/6067b36314ab5eb2eb47cecc464545ba58e1ad24/library/std/src/panicking.rs:550:19
[INFO] [stdout]   29:     0x5dc2245648f3 - std::panic::catch_unwind::h6b3ff07bb5afad93
[INFO] [stdout]                                at /rustc/6067b36314ab5eb2eb47cecc464545ba58e1ad24/library/std/src/panic.rs:358:14
[INFO] [stdout]   30:     0x5dc2245648f3 - test::run_test_in_process::hc7253dd11b39b9f4
[INFO] [stdout]                                at /rustc/6067b36314ab5eb2eb47cecc464545ba58e1ad24/library/test/src/lib.rs:655:27
[INFO] [stdout]   31:     0x5dc2245648f3 - test::run_test::{{closure}}::hfb2007f8649c30bb
[INFO] [stdout]                                at /rustc/6067b36314ab5eb2eb47cecc464545ba58e1ad24/library/test/src/lib.rs:576:43
[INFO] [stdout]   32:     0x5dc2245279d5 - test::run_test::{{closure}}::h56a17aa7a282a9f4
[INFO] [stdout]                                at /rustc/6067b36314ab5eb2eb47cecc464545ba58e1ad24/library/test/src/lib.rs:606:41
[INFO] [stdout]   33:     0x5dc2245279d5 - std::sys::backtrace::__rust_begin_short_backtrace::hd2d2d2fb8e8c6aac
[INFO] [stdout]                                at /rustc/6067b36314ab5eb2eb47cecc464545ba58e1ad24/library/std/src/sys/backtrace.rs:152:18
[INFO] [stdout]   34:     0x5dc22452b2ba - std::thread::Builder::spawn_unchecked_::{{closure}}::{{closure}}::h4faa3f9db6133423
[INFO] [stdout]                                at /rustc/6067b36314ab5eb2eb47cecc464545ba58e1ad24/library/std/src/thread/mod.rs:559:17
[INFO] [stdout]   35:     0x5dc22452b2ba - <core::panic::unwind_safe::AssertUnwindSafe<F> as core::ops::function::FnOnce<()>>::call_once::hf2e855a36a4ea846
[INFO] [stdout]                                at /rustc/6067b36314ab5eb2eb47cecc464545ba58e1ad24/library/core/src/panic/unwind_safe.rs:272:9
[INFO] [stdout]   36:     0x5dc22452b2ba - std::panicking::try::do_call::h2f73af3616c35465
[INFO] [stdout]                                at /rustc/6067b36314ab5eb2eb47cecc464545ba58e1ad24/library/std/src/panicking.rs:587:40
[INFO] [stdout]   37:     0x5dc22452b2ba - std::panicking::try::hd1660ce9efadef5a
[INFO] [stdout]                                at /rustc/6067b36314ab5eb2eb47cecc464545ba58e1ad24/library/std/src/panicking.rs:550:19
[INFO] [stdout]   38:     0x5dc22452b2ba - std::panic::catch_unwind::h5ee8d7823b8ca744
[INFO] [stdout]                                at /rustc/6067b36314ab5eb2eb47cecc464545ba58e1ad24/library/std/src/panic.rs:358:14
[INFO] [stdout]   39:     0x5dc22452b2ba - std::thread::Builder::spawn_unchecked_::{{closure}}::h53c3a1894dce8407
[INFO] [stdout]                                at /rustc/6067b36314ab5eb2eb47cecc464545ba58e1ad24/library/std/src/thread/mod.rs:557:30
[INFO] [stdout]   40:     0x5dc22452b2ba - core::ops::function::FnOnce::call_once{{vtable.shim}}::h048ce291ad4f62bf
[INFO] [stdout]                                at /rustc/6067b36314ab5eb2eb47cecc464545ba58e1ad24/library/core/src/ops/function.rs:250:5
[INFO] [stdout]   41:     0x5dc22459c05b - <alloc::boxed::Box<F,A> as core::ops::function::FnOnce<Args>>::call_once::ha52bedf99a3b4981
[INFO] [stdout]                                at /rustc/6067b36314ab5eb2eb47cecc464545ba58e1ad24/library/alloc/src/boxed.rs:2013:9
[INFO] [stdout]   42:     0x5dc22459c05b - <alloc::boxed::Box<F,A> as core::ops::function::FnOnce<Args>>::call_once::h567748934d80ccf8
[INFO] [stdout]                                at /rustc/6067b36314ab5eb2eb47cecc464545ba58e1ad24/library/alloc/src/boxed.rs:2013:9
[INFO] [stdout]   43:     0x5dc22459c05b - std::sys::pal::unix::thread::Thread::new::thread_start::h2d970728ae887adc
[INFO] [stdout]                                at /rustc/6067b36314ab5eb2eb47cecc464545ba58e1ad24/library/std/src/sys/pal/unix/thread.rs:106:17
[INFO] [stdout]   44:     0x711fcefd3ac3 - <unknown>
[INFO] [stdout]   45:     0x711fcf064a04 - clone
[INFO] [stdout]   46:                0x0 - <unknown>
[INFO] [stdout] 
[INFO] [stdout] 
[INFO] [stdout] failures:
[INFO] [stdout]     evaluator::column_evaluator::test_column_evaluator::should_score_column_as_0_for_x
[INFO] [stdout]     scorer::greedy::test_greedy_scorer::should_return_negative_score
[INFO] [stdout]     solver::greedy_solver::test_greedy_solver::should_find_winning_move5
[INFO] [stdout]     solver::greedy_solver::test_greedy_solver::should_find_winning_move6
[INFO] [stdout] 
[INFO] [stdout] test result: FAILED. 48 passed; 4 failed; 0 ignored; 0 measured; 0 filtered out; finished in 0.05s
[INFO] [stdout] 
[INFO] [stderr] error: test failed, to rerun pass `--bin t3elric-engine`
[INFO] running `Command { std: "docker" "inspect" "fa28cd9bb98fc3b634c3893311f402f3fd86f1812595f24b19dc5fffbd832c19", kill_on_drop: false }`
[INFO] running `Command { std: "docker" "rm" "-f" "fa28cd9bb98fc3b634c3893311f402f3fd86f1812595f24b19dc5fffbd832c19", kill_on_drop: false }`
[INFO] [stdout] fa28cd9bb98fc3b634c3893311f402f3fd86f1812595f24b19dc5fffbd832c19
