[INFO] cloning repository https://github.com/vrnvu/aoc
[INFO] running `Command { std: "git" "-c" "credential.helper=" "-c" "credential.helper=/workspace/cargo-home/bin/git-credential-null" "clone" "--bare" "https://github.com/vrnvu/aoc" "/workspace/cache/git-repos/https%3A%2F%2Fgithub.com%2Fvrnvu%2Faoc", kill_on_drop: false }`
[INFO] [stderr] Cloning into bare repository '/workspace/cache/git-repos/https%3A%2F%2Fgithub.com%2Fvrnvu%2Faoc'...
[INFO] running `Command { std: "git" "rev-parse" "HEAD", kill_on_drop: false }`
[INFO] [stdout] 621dfb3e9c65a2636b62d09232db15edf6e13d15
[INFO] testing vrnvu/aoc against nightly-2025-01-18+rustflags=-Zrandomize-layout for randomize-layout-2
[INFO] running `Command { std: "git" "clone" "/workspace/cache/git-repos/https%3A%2F%2Fgithub.com%2Fvrnvu%2Faoc" "/workspace/builds/worker-4-tc2/source", kill_on_drop: false }`
[INFO] [stderr] Cloning into '/workspace/builds/worker-4-tc2/source'...
[INFO] [stderr] done.
[INFO] validating manifest of git repo https://github.com/vrnvu/aoc on toolchain nightly-2025-01-18
[INFO] running `Command { std: CARGO_HOME="/workspace/cargo-home" RUSTUP_HOME="/workspace/rustup-home" "/workspace/cargo-home/bin/cargo" "+nightly-2025-01-18" "metadata" "--manifest-path" "Cargo.toml" "--no-deps", kill_on_drop: false }`
[INFO] started tweaking git repo https://github.com/vrnvu/aoc
[INFO] finished tweaking git repo https://github.com/vrnvu/aoc
[INFO] tweaked toml for git repo https://github.com/vrnvu/aoc written to /workspace/builds/worker-4-tc2/source/Cargo.toml
[INFO] crate git repo https://github.com/vrnvu/aoc already has a lockfile, it will not be regenerated
[INFO] running `Command { std: CARGO_HOME="/workspace/cargo-home" RUSTUP_HOME="/workspace/rustup-home" "/workspace/cargo-home/bin/cargo" "+nightly-2025-01-18" "fetch" "--manifest-path" "Cargo.toml", kill_on_drop: false }`
[INFO] running `Command { std: "docker" "create" "-v" "/var/lib/crater-agent-workspace/builds/worker-4-tc2/target:/opt/rustwide/target:rw,Z" "-v" "/var/lib/crater-agent-workspace/builds/worker-4-tc2/source:/opt/rustwide/workdir:ro,Z" "-v" "/var/lib/crater-agent-workspace/cargo-home:/opt/rustwide/cargo-home:ro,Z" "-v" "/var/lib/crater-agent-workspace/rustup-home:/opt/rustwide/rustup-home:ro,Z" "-e" "SOURCE_DIR=/opt/rustwide/workdir" "-e" "CARGO_TARGET_DIR=/opt/rustwide/target" "-e" "CARGO_HOME=/opt/rustwide/cargo-home" "-e" "RUSTUP_HOME=/opt/rustwide/rustup-home" "-w" "/opt/rustwide/workdir" "-m" "1610612736" "--user" "0:0" "--network" "none" "ghcr.io/rust-lang/crates-build-env/linux@sha256:819108c5571ea2e421544af4d832f968d213c87fbe3707a016657f43d2f853bc" "/opt/rustwide/cargo-home/bin/cargo" "+nightly-2025-01-18" "metadata" "--no-deps" "--format-version=1", kill_on_drop: false }`
[INFO] [stdout] 044ec80b55fb7c563d85609dd438fee1886a4426098da92906f809ad460de161
[INFO] running `Command { std: "docker" "start" "-a" "044ec80b55fb7c563d85609dd438fee1886a4426098da92906f809ad460de161", kill_on_drop: false }`
[INFO] running `Command { std: "docker" "inspect" "044ec80b55fb7c563d85609dd438fee1886a4426098da92906f809ad460de161", kill_on_drop: false }`
[INFO] running `Command { std: "docker" "rm" "-f" "044ec80b55fb7c563d85609dd438fee1886a4426098da92906f809ad460de161", kill_on_drop: false }`
[INFO] [stdout] 044ec80b55fb7c563d85609dd438fee1886a4426098da92906f809ad460de161
[INFO] running `Command { std: "docker" "create" "-v" "/var/lib/crater-agent-workspace/builds/worker-4-tc2/target:/opt/rustwide/target:rw,Z" "-v" "/var/lib/crater-agent-workspace/builds/worker-4-tc2/source:/opt/rustwide/workdir:ro,Z" "-v" "/var/lib/crater-agent-workspace/cargo-home:/opt/rustwide/cargo-home:ro,Z" "-v" "/var/lib/crater-agent-workspace/rustup-home:/opt/rustwide/rustup-home:ro,Z" "-e" "SOURCE_DIR=/opt/rustwide/workdir" "-e" "CARGO_TARGET_DIR=/opt/rustwide/target" "-e" "CARGO_INCREMENTAL=0" "-e" "RUST_BACKTRACE=full" "-e" "RUSTFLAGS=--cap-lints=forbid -Zrandomize-layout" "-e" "RUSTDOCFLAGS=--cap-lints=forbid" "-e" "CARGO_HOME=/opt/rustwide/cargo-home" "-e" "RUSTUP_HOME=/opt/rustwide/rustup-home" "-w" "/opt/rustwide/workdir" "-m" "1610612736" "--user" "0:0" "--network" "none" "ghcr.io/rust-lang/crates-build-env/linux@sha256:819108c5571ea2e421544af4d832f968d213c87fbe3707a016657f43d2f853bc" "/opt/rustwide/cargo-home/bin/cargo" "+nightly-2025-01-18" "build" "--frozen" "--message-format=json", kill_on_drop: false }`
[INFO] [stdout] 7d25cfee07ab524b357c24a21ea53eebfd7437960099565cc532fc388e92adc5
[INFO] running `Command { std: "docker" "start" "-a" "7d25cfee07ab524b357c24a21ea53eebfd7437960099565cc532fc388e92adc5", kill_on_drop: false }`
[INFO] [stderr]    Compiling proc-macro2 v1.0.92
[INFO] [stderr]    Compiling unicode-ident v1.0.14
[INFO] [stderr]    Compiling libc v0.2.168
[INFO] [stderr]    Compiling crossbeam-utils v0.8.20
[INFO] [stderr]    Compiling cfg-if v1.0.0
[INFO] [stderr]    Compiling byteorder v1.5.0
[INFO] [stderr]    Compiling rayon-core v1.12.1
[INFO] [stderr]    Compiling autocfg v1.4.0
[INFO] [stderr]    Compiling memchr v2.7.4
[INFO] [stderr]    Compiling anyhow v1.0.94
[INFO] [stderr]    Compiling regex-syntax v0.8.5
[INFO] [stderr]    Compiling either v1.13.0
[INFO] [stderr]    Compiling md5 v0.7.0
[INFO] [stderr]    Compiling json v0.12.4
[INFO] [stderr]    Compiling fs-err v3.0.0
[INFO] [stderr]    Compiling aho-corasick v1.1.3
[INFO] [stderr]    Compiling crossbeam-epoch v0.9.18
[INFO] [stderr]    Compiling quote v1.0.37
[INFO] [stderr]    Compiling syn v2.0.90
[INFO] [stderr]    Compiling crossbeam-deque v0.8.5
[INFO] [stderr]    Compiling getrandom v0.2.15
[INFO] [stderr]    Compiling rand_core v0.6.4
[INFO] [stderr]    Compiling rayon v1.10.0
[INFO] [stderr]    Compiling regex-automata v0.4.9
[INFO] [stderr]    Compiling zerocopy-derive v0.7.35
[INFO] [stderr]    Compiling zerocopy v0.7.35
[INFO] [stderr]    Compiling regex v1.11.1
[INFO] [stderr]    Compiling ppv-lite86 v0.2.20
[INFO] [stderr]    Compiling rand_chacha v0.3.1
[INFO] [stderr]    Compiling rand v0.8.5
[INFO] [stderr]    Compiling aoc v0.1.0 (/opt/rustwide/workdir)
[INFO] [stdout] warning: unused import: `BinaryHeap`
[INFO] [stdout]  --> src/year2024/day16.rs:2:24
[INFO] [stdout]   |
[INFO] [stdout] 2 | use std::collections::{BinaryHeap, HashMap, HashSet};
[INFO] [stdout]   |                        ^^^^^^^^^^
[INFO] [stdout]   |
[INFO] [stdout]   = note: `#[warn(unused_imports)]` on by default
[INFO] [stdout] 
[INFO] [stdout] 
[INFO] [stdout] warning: unused imports: `Arc` and `Mutex`
[INFO] [stdout]  --> src/year2024/day16.rs:3:17
[INFO] [stdout]   |
[INFO] [stdout] 3 | use std::sync::{Arc, Mutex};
[INFO] [stdout]   |                 ^^^  ^^^^^
[INFO] [stdout] 
[INFO] [stdout] 
[INFO] [stdout] warning: unused import: `std::thread`
[INFO] [stdout]  --> src/year2024/day16.rs:4:5
[INFO] [stdout]   |
[INFO] [stdout] 4 | use std::thread;
[INFO] [stdout]   |     ^^^^^^^^^^^
[INFO] [stdout] 
[INFO] [stdout] 
[INFO] [stdout] warning: unused variable: `input`
[INFO] [stdout]   --> src/year2024/day14.rs:31:14
[INFO] [stdout]    |
[INFO] [stdout] 31 | pub fn part1(input: &(Grid<u16>, Vec<(Position, Velocity)>)) -> usize {
[INFO] [stdout]    |              ^^^^^ help: if this is intentional, prefix it with an underscore: `_input`
[INFO] [stdout]    |
[INFO] [stdout]    = note: `#[warn(unused_variables)]` on by default
[INFO] [stdout] 
[INFO] [stdout] 
[INFO] [stdout] warning: unused variable: `input`
[INFO] [stdout]   --> src/year2024/day14.rs:35:14
[INFO] [stdout]    |
[INFO] [stdout] 35 | pub fn part2(input: &(Grid<u16>, Vec<(Position, Velocity)>)) -> usize {
[INFO] [stdout]    |              ^^^^^ help: if this is intentional, prefix it with an underscore: `_input`
[INFO] [stdout] 
[INFO] [stdout] 
[INFO] [stdout] warning: struct `State` is never constructed
[INFO] [stdout]    --> src/year2024/day16.rs:115:8
[INFO] [stdout]     |
[INFO] [stdout] 115 | struct State {
[INFO] [stdout]     |        ^^^^^
[INFO] [stdout]     |
[INFO] [stdout]     = note: `#[warn(dead_code)]` on by default
[INFO] [stdout] 
[INFO] [stdout] 
[INFO] [stderr]     Finished `dev` profile [unoptimized + debuginfo] target(s) in 13.41s
[INFO] running `Command { std: "docker" "inspect" "7d25cfee07ab524b357c24a21ea53eebfd7437960099565cc532fc388e92adc5", kill_on_drop: false }`
[INFO] running `Command { std: "docker" "rm" "-f" "7d25cfee07ab524b357c24a21ea53eebfd7437960099565cc532fc388e92adc5", kill_on_drop: false }`
[INFO] [stdout] 7d25cfee07ab524b357c24a21ea53eebfd7437960099565cc532fc388e92adc5
[INFO] running `Command { std: "docker" "create" "-v" "/var/lib/crater-agent-workspace/builds/worker-4-tc2/target:/opt/rustwide/target:rw,Z" "-v" "/var/lib/crater-agent-workspace/builds/worker-4-tc2/source:/opt/rustwide/workdir:ro,Z" "-v" "/var/lib/crater-agent-workspace/cargo-home:/opt/rustwide/cargo-home:ro,Z" "-v" "/var/lib/crater-agent-workspace/rustup-home:/opt/rustwide/rustup-home:ro,Z" "-e" "SOURCE_DIR=/opt/rustwide/workdir" "-e" "CARGO_TARGET_DIR=/opt/rustwide/target" "-e" "CARGO_INCREMENTAL=0" "-e" "RUST_BACKTRACE=full" "-e" "RUSTFLAGS=--cap-lints=forbid -Zrandomize-layout" "-e" "RUSTDOCFLAGS=--cap-lints=forbid" "-e" "CARGO_HOME=/opt/rustwide/cargo-home" "-e" "RUSTUP_HOME=/opt/rustwide/rustup-home" "-w" "/opt/rustwide/workdir" "-m" "1610612736" "--user" "0:0" "--network" "none" "ghcr.io/rust-lang/crates-build-env/linux@sha256:819108c5571ea2e421544af4d832f968d213c87fbe3707a016657f43d2f853bc" "/opt/rustwide/cargo-home/bin/cargo" "+nightly-2025-01-18" "test" "--frozen" "--no-run" "--message-format=json", kill_on_drop: false }`
[INFO] [stdout] 912e669420663e893e7a19a0e65bec0cee81a4d3f1f36ad3887750651d8b22a8
[INFO] running `Command { std: "docker" "start" "-a" "912e669420663e893e7a19a0e65bec0cee81a4d3f1f36ad3887750651d8b22a8", kill_on_drop: false }`
[INFO] [stdout] warning: unused import: `BinaryHeap`
[INFO] [stdout]  --> src/year2024/day16.rs:2:24
[INFO] [stdout]   |
[INFO] [stdout] 2 | use std::collections::{BinaryHeap, HashMap, HashSet};
[INFO] [stdout]   |                        ^^^^^^^^^^
[INFO] [stdout]   |
[INFO] [stdout]   = note: `#[warn(unused_imports)]` on by default
[INFO] [stdout] 
[INFO] [stdout] 
[INFO] [stdout] warning: unused imports: `Arc` and `Mutex`
[INFO] [stdout]  --> src/year2024/day16.rs:3:17
[INFO] [stdout]   |
[INFO] [stdout] 3 | use std::sync::{Arc, Mutex};
[INFO] [stdout]   |                 ^^^  ^^^^^
[INFO] [stdout] 
[INFO] [stdout] 
[INFO] [stdout] warning: unused import: `std::thread`
[INFO] [stdout]  --> src/year2024/day16.rs:4:5
[INFO] [stdout]   |
[INFO] [stdout] 4 | use std::thread;
[INFO] [stdout]   |     ^^^^^^^^^^^
[INFO] [stdout] 
[INFO] [stdout] 
[INFO] [stdout] warning: unused variable: `input`
[INFO] [stdout]   --> src/year2024/day14.rs:31:14
[INFO] [stdout]    |
[INFO] [stdout] 31 | pub fn part1(input: &(Grid<u16>, Vec<(Position, Velocity)>)) -> usize {
[INFO] [stdout]    |              ^^^^^ help: if this is intentional, prefix it with an underscore: `_input`
[INFO] [stdout]    |
[INFO] [stdout]    = note: `#[warn(unused_variables)]` on by default
[INFO] [stdout] 
[INFO] [stdout] 
[INFO] [stdout] warning: unused variable: `input`
[INFO] [stdout]   --> src/year2024/day14.rs:35:14
[INFO] [stdout]    |
[INFO] [stdout] 35 | pub fn part2(input: &(Grid<u16>, Vec<(Position, Velocity)>)) -> usize {
[INFO] [stdout]    |              ^^^^^ help: if this is intentional, prefix it with an underscore: `_input`
[INFO] [stdout] 
[INFO] [stdout] 
[INFO] [stderr]    Compiling aoc v0.1.0 (/opt/rustwide/workdir)
[INFO] [stdout] warning: struct `State` is never constructed
[INFO] [stdout]    --> src/year2024/day16.rs:115:8
[INFO] [stdout]     |
[INFO] [stdout] 115 | struct State {
[INFO] [stdout]     |        ^^^^^
[INFO] [stdout]     |
[INFO] [stdout]     = note: `#[warn(dead_code)]` on by default
[INFO] [stdout] 
[INFO] [stdout] 
[INFO] [stdout] warning: unused import: `aoc::year2024::day14::*`
[INFO] [stdout]  --> tests/year2024/day14_test.rs:1:5
[INFO] [stdout]   |
[INFO] [stdout] 1 | use aoc::year2024::day14::*;
[INFO] [stdout]   |     ^^^^^^^^^^^^^^^^^^^^^^^
[INFO] [stdout]   |
[INFO] [stdout]   = note: `#[warn(unused_imports)]` on by default
[INFO] [stdout] 
[INFO] [stdout] 
[INFO] [stdout] warning: unused import: `BinaryHeap`
[INFO] [stdout]  --> src/year2024/day16.rs:2:24
[INFO] [stdout]   |
[INFO] [stdout] 2 | use std::collections::{BinaryHeap, HashMap, HashSet};
[INFO] [stdout]   |                        ^^^^^^^^^^
[INFO] [stdout]   |
[INFO] [stdout]   = note: `#[warn(unused_imports)]` on by default
[INFO] [stdout] 
[INFO] [stdout] 
[INFO] [stdout] warning: unused imports: `Arc` and `Mutex`
[INFO] [stdout]  --> src/year2024/day16.rs:3:17
[INFO] [stdout]   |
[INFO] [stdout] 3 | use std::sync::{Arc, Mutex};
[INFO] [stdout]   |                 ^^^  ^^^^^
[INFO] [stdout] 
[INFO] [stdout] 
[INFO] [stdout] warning: unused import: `std::thread`
[INFO] [stdout]  --> src/year2024/day16.rs:4:5
[INFO] [stdout]   |
[INFO] [stdout] 4 | use std::thread;
[INFO] [stdout]   |     ^^^^^^^^^^^
[INFO] [stdout] 
[INFO] [stdout] 
[INFO] [stdout] warning: constant `EXAMPLE` is never used
[INFO] [stdout]  --> tests/year2024/day14_test.rs:3:7
[INFO] [stdout]   |
[INFO] [stdout] 3 | const EXAMPLE: &str = "\
[INFO] [stdout]   |       ^^^^^^^
[INFO] [stdout]   |
[INFO] [stdout]   = note: `#[warn(dead_code)]` on by default
[INFO] [stdout] 
[INFO] [stdout] 
[INFO] [stdout] warning: unused variable: `input`
[INFO] [stdout]   --> src/year2024/day14.rs:31:14
[INFO] [stdout]    |
[INFO] [stdout] 31 | pub fn part1(input: &(Grid<u16>, Vec<(Position, Velocity)>)) -> usize {
[INFO] [stdout]    |              ^^^^^ help: if this is intentional, prefix it with an underscore: `_input`
[INFO] [stdout]    |
[INFO] [stdout]    = note: `#[warn(unused_variables)]` on by default
[INFO] [stdout] 
[INFO] [stdout] 
[INFO] [stdout] warning: unused variable: `input`
[INFO] [stdout]   --> src/year2024/day14.rs:35:14
[INFO] [stdout]    |
[INFO] [stdout] 35 | pub fn part2(input: &(Grid<u16>, Vec<(Position, Velocity)>)) -> usize {
[INFO] [stdout]    |              ^^^^^ help: if this is intentional, prefix it with an underscore: `_input`
[INFO] [stdout] 
[INFO] [stdout] 
[INFO] [stdout] warning: struct `State` is never constructed
[INFO] [stdout]    --> src/year2024/day16.rs:115:8
[INFO] [stdout]     |
[INFO] [stdout] 115 | struct State {
[INFO] [stdout]     |        ^^^^^
[INFO] [stdout]     |
[INFO] [stdout]     = note: `#[warn(dead_code)]` on by default
[INFO] [stdout] 
[INFO] [stdout] 
[INFO] [stderr]     Finished `test` profile [unoptimized + debuginfo] target(s) in 1.36s
[INFO] running `Command { std: "docker" "inspect" "912e669420663e893e7a19a0e65bec0cee81a4d3f1f36ad3887750651d8b22a8", kill_on_drop: false }`
[INFO] running `Command { std: "docker" "rm" "-f" "912e669420663e893e7a19a0e65bec0cee81a4d3f1f36ad3887750651d8b22a8", kill_on_drop: false }`
[INFO] [stdout] 912e669420663e893e7a19a0e65bec0cee81a4d3f1f36ad3887750651d8b22a8
[INFO] running `Command { std: "docker" "create" "-v" "/var/lib/crater-agent-workspace/builds/worker-4-tc2/target:/opt/rustwide/target:rw,Z" "-v" "/var/lib/crater-agent-workspace/builds/worker-4-tc2/source:/opt/rustwide/workdir:ro,Z" "-v" "/var/lib/crater-agent-workspace/cargo-home:/opt/rustwide/cargo-home:ro,Z" "-v" "/var/lib/crater-agent-workspace/rustup-home:/opt/rustwide/rustup-home:ro,Z" "-e" "SOURCE_DIR=/opt/rustwide/workdir" "-e" "CARGO_TARGET_DIR=/opt/rustwide/target" "-e" "CARGO_INCREMENTAL=0" "-e" "RUST_BACKTRACE=full" "-e" "RUSTFLAGS=--cap-lints=forbid -Zrandomize-layout" "-e" "RUSTDOCFLAGS=--cap-lints=forbid" "-e" "CARGO_HOME=/opt/rustwide/cargo-home" "-e" "RUSTUP_HOME=/opt/rustwide/rustup-home" "-w" "/opt/rustwide/workdir" "-m" "1610612736" "--user" "0:0" "--network" "none" "ghcr.io/rust-lang/crates-build-env/linux@sha256:819108c5571ea2e421544af4d832f968d213c87fbe3707a016657f43d2f853bc" "/opt/rustwide/cargo-home/bin/cargo" "+nightly-2025-01-18" "test" "--frozen", kill_on_drop: false }`
[INFO] [stdout] 28cfa6c1a6fc927f32d95007897d39c41589a18b539e2fccfacde511d6b38ed9
[INFO] running `Command { std: "docker" "start" "-a" "28cfa6c1a6fc927f32d95007897d39c41589a18b539e2fccfacde511d6b38ed9", kill_on_drop: false }`
[INFO] [stderr] warning: unused import: `BinaryHeap`
[INFO] [stderr]  --> src/year2024/day16.rs:2:24
[INFO] [stderr]   |
[INFO] [stderr] 2 | use std::collections::{BinaryHeap, HashMap, HashSet};
[INFO] [stderr]   |                        ^^^^^^^^^^
[INFO] [stderr]   |
[INFO] [stderr]   = note: `#[warn(unused_imports)]` on by default
[INFO] [stderr] 
[INFO] [stderr] warning: unused imports: `Arc` and `Mutex`
[INFO] [stderr]  --> src/year2024/day16.rs:3:17
[INFO] [stderr]   |
[INFO] [stderr] 3 | use std::sync::{Arc, Mutex};
[INFO] [stderr]   |                 ^^^  ^^^^^
[INFO] [stderr] 
[INFO] [stderr] warning: unused import: `std::thread`
[INFO] [stderr]  --> src/year2024/day16.rs:4:5
[INFO] [stderr]   |
[INFO] [stderr] 4 | use std::thread;
[INFO] [stderr]   |     ^^^^^^^^^^^
[INFO] [stderr] 
[INFO] [stderr] warning: unused variable: `input`
[INFO] [stderr]   --> src/year2024/day14.rs:31:14
[INFO] [stderr]    |
[INFO] [stderr] 31 | pub fn part1(input: &(Grid<u16>, Vec<(Position, Velocity)>)) -> usize {
[INFO] [stderr]    |              ^^^^^ help: if this is intentional, prefix it with an underscore: `_input`
[INFO] [stderr]    |
[INFO] [stderr]    = note: `#[warn(unused_variables)]` on by default
[INFO] [stderr] 
[INFO] [stderr] warning: unused variable: `input`
[INFO] [stderr]   --> src/year2024/day14.rs:35:14
[INFO] [stderr]    |
[INFO] [stderr] 35 | pub fn part2(input: &(Grid<u16>, Vec<(Position, Velocity)>)) -> usize {
[INFO] [stderr]    |              ^^^^^ help: if this is intentional, prefix it with an underscore: `_input`
[INFO] [stderr] 
[INFO] [stderr] warning: struct `State` is never constructed
[INFO] [stderr]    --> src/year2024/day16.rs:115:8
[INFO] [stderr]     |
[INFO] [stderr] 115 | struct State {
[INFO] [stderr]     |        ^^^^^
[INFO] [stderr]     |
[INFO] [stderr]     = note: `#[warn(dead_code)]` on by default
[INFO] [stderr] 
[INFO] [stderr] warning: `aoc` (lib) generated 6 warnings (run `cargo fix --lib -p aoc` to apply 3 suggestions)
[INFO] [stderr] warning: `aoc` (lib test) generated 6 warnings (6 duplicates)
[INFO] [stderr] warning: unused import: `aoc::year2024::day14::*`
[INFO] [stderr]  --> tests/year2024/day14_test.rs:1:5
[INFO] [stderr]   |
[INFO] [stderr] 1 | use aoc::year2024::day14::*;
[INFO] [stderr]   |     ^^^^^^^^^^^^^^^^^^^^^^^
[INFO] [stderr]   |
[INFO] [stderr]   = note: `#[warn(unused_imports)]` on by default
[INFO] [stderr] 
[INFO] [stderr] warning: constant `EXAMPLE` is never used
[INFO] [stderr]  --> tests/year2024/day14_test.rs:3:7
[INFO] [stderr]   |
[INFO] [stderr] 3 | const EXAMPLE: &str = "\
[INFO] [stderr]   |       ^^^^^^^
[INFO] [stderr]   |
[INFO] [stderr]   = note: `#[warn(dead_code)]` on by default
[INFO] [stderr] 
[INFO] [stderr] warning: `aoc` (test "test") generated 2 warnings (run `cargo fix --test "test"` to apply 1 suggestion)
[INFO] [stderr]     Finished `test` profile [unoptimized + debuginfo] target(s) in 0.05s
[INFO] [stderr]      Running unittests src/lib.rs (/opt/rustwide/target/debug/deps/aoc-f59833303479a606)
[INFO] [stdout] 
[INFO] [stdout] running 5 tests
[INFO] [stdout] test utils::grid::tests::test_grid_get ... ok
[INFO] [stdout] test utils::grid::tests::test_vector_multiplication ... ok
[INFO] [stdout] test utils::grid::tests::test_grid_get_from ... ok
[INFO] [stdout] test utils::grid::tests::test_vector_addition ... ok
[INFO] [stdout] test utils::grid::tests::test_vector_clockwise ... FAILED
[INFO] [stdout] 
[INFO] [stdout] failures:
[INFO] [stdout] 
[INFO] [stdout] ---- utils::grid::tests::test_vector_clockwise stdout ----
[INFO] [stdout] 
[INFO] [stdout] thread 'utils::grid::tests::test_vector_clockwise' panicked at src/utils/grid.rs:345:9:
[INFO] [stdout] assertion `left == right` failed
[INFO] [stdout]   left: true
[INFO] [stdout]  right: false
[INFO] [stdout] stack backtrace:
[INFO] [stdout]    0:     0x562a93990e7a - std::backtrace_rs::backtrace::libunwind::trace::hb059275cfc8d6126
[INFO] [stdout]                                at /rustc/6067b36314ab5eb2eb47cecc464545ba58e1ad24/library/std/src/../../backtrace/src/backtrace/libunwind.rs:116:5
[INFO] [stdout]    1:     0x562a93990e7a - std::backtrace_rs::backtrace::trace_unsynchronized::h2da071e4327ce3ee
[INFO] [stdout]                                at /rustc/6067b36314ab5eb2eb47cecc464545ba58e1ad24/library/std/src/../../backtrace/src/backtrace/mod.rs:66:5
[INFO] [stdout]    2:     0x562a93990e7a - std::sys::backtrace::_print_fmt::h842a1474e6f8d23f
[INFO] [stdout]                                at /rustc/6067b36314ab5eb2eb47cecc464545ba58e1ad24/library/std/src/sys/backtrace.rs:66:9
[INFO] [stdout]    3:     0x562a93990e7a - <std::sys::backtrace::BacktraceLock::print::DisplayBacktrace as core::fmt::Display>::fmt::h71a62eb3b9696b12
[INFO] [stdout]                                at /rustc/6067b36314ab5eb2eb47cecc464545ba58e1ad24/library/std/src/sys/backtrace.rs:39:26
[INFO] [stdout]    4:     0x562a939b8483 - core::fmt::rt::Argument::fmt::hdb6b616786b41dc1
[INFO] [stdout]                                at /rustc/6067b36314ab5eb2eb47cecc464545ba58e1ad24/library/core/src/fmt/rt.rs:177:76
[INFO] [stdout]    5:     0x562a939b8483 - core::fmt::write::h2cc1698af7e2d686
[INFO] [stdout]                                at /rustc/6067b36314ab5eb2eb47cecc464545ba58e1ad24/library/core/src/fmt/mod.rs:1440:21
[INFO] [stdout]    6:     0x562a9398d9d3 - std::io::Write::write_fmt::hab1b4cd059a79022
[INFO] [stdout]                                at /rustc/6067b36314ab5eb2eb47cecc464545ba58e1ad24/library/std/src/io/mod.rs:1887:15
[INFO] [stdout]    7:     0x562a93990cc2 - std::sys::backtrace::BacktraceLock::print::h147fe35b4ea13b08
[INFO] [stdout]                                at /rustc/6067b36314ab5eb2eb47cecc464545ba58e1ad24/library/std/src/sys/backtrace.rs:42:9
[INFO] [stdout]    8:     0x562a9399229f - std::panicking::default_hook::{{closure}}::hbd44223dbdc0d208
[INFO] [stdout]                                at /rustc/6067b36314ab5eb2eb47cecc464545ba58e1ad24/library/std/src/panicking.rs:298:22
[INFO] [stdout]    9:     0x562a939920b8 - std::panicking::default_hook::h20f81eb0576efcec
[INFO] [stdout]                                at /rustc/6067b36314ab5eb2eb47cecc464545ba58e1ad24/library/std/src/panicking.rs:322:9
[INFO] [stdout]   10:     0x562a9395a533 - <alloc::boxed::Box<F,A> as core::ops::function::Fn<Args>>::call::hdb53814c496a4d34
[INFO] [stdout]                                at /rustc/6067b36314ab5eb2eb47cecc464545ba58e1ad24/library/alloc/src/boxed.rs:2027:9
[INFO] [stdout]   11:     0x562a9395a533 - test::test_main::{{closure}}::hc0a4963c59427c24
[INFO] [stdout]                                at /rustc/6067b36314ab5eb2eb47cecc464545ba58e1ad24/library/test/src/lib.rs:134:21
[INFO] [stdout]   12:     0x562a93992d93 - <alloc::boxed::Box<F,A> as core::ops::function::Fn<Args>>::call::h591b2225413a77e9
[INFO] [stdout]                                at /rustc/6067b36314ab5eb2eb47cecc464545ba58e1ad24/library/alloc/src/boxed.rs:2027:9
[INFO] [stdout]   13:     0x562a93992d93 - std::panicking::rust_panic_with_hook::h625eea43051b2edc
[INFO] [stdout]                                at /rustc/6067b36314ab5eb2eb47cecc464545ba58e1ad24/library/std/src/panicking.rs:839:13
[INFO] [stdout]   14:     0x562a93992a4a - std::panicking::begin_panic_handler::{{closure}}::h4f9159cfbc3f6bd3
[INFO] [stdout]                                at /rustc/6067b36314ab5eb2eb47cecc464545ba58e1ad24/library/std/src/panicking.rs:704:13
[INFO] [stdout]   15:     0x562a93991379 - std::sys::backtrace::__rust_end_short_backtrace::h0390abce48353151
[INFO] [stdout]                                at /rustc/6067b36314ab5eb2eb47cecc464545ba58e1ad24/library/std/src/sys/backtrace.rs:168:18
[INFO] [stdout]   16:     0x562a939926dd - rust_begin_unwind
[INFO] [stdout]                                at /rustc/6067b36314ab5eb2eb47cecc464545ba58e1ad24/library/std/src/panicking.rs:695:5
[INFO] [stdout]   17:     0x562a939b6e90 - core::panicking::panic_fmt::h9e7c637e9e5f29c9
[INFO] [stdout]                                at /rustc/6067b36314ab5eb2eb47cecc464545ba58e1ad24/library/core/src/panicking.rs:75:14
[INFO] [stdout]   18:     0x562a939b7252 - core::panicking::assert_failed_inner::h538bec7c1374cd9c
[INFO] [stdout]   19:     0x562a9391a6ff - core::panicking::assert_failed::h2a27834205af1aff
[INFO] [stdout]                                at /rustc/6067b36314ab5eb2eb47cecc464545ba58e1ad24/library/core/src/panicking.rs:364:5
[INFO] [stdout]   20:     0x562a9391fbb1 - aoc::utils::grid::tests::test_vector_clockwise::h0e2afced157c5606
[INFO] [stdout]                                at /opt/rustwide/workdir/src/utils/grid.rs:345:9
[INFO] [stdout]   21:     0x562a9391fb17 - aoc::utils::grid::tests::test_vector_clockwise::{{closure}}::hb35c64f2174d4e3b
[INFO] [stdout]                                at /opt/rustwide/workdir/src/utils/grid.rs:344:31
[INFO] [stdout]   22:     0x562a93919e76 - core::ops::function::FnOnce::call_once::h0cafd49fa3c1bbbd
[INFO] [stdout]                                at /rustc/6067b36314ab5eb2eb47cecc464545ba58e1ad24/library/core/src/ops/function.rs:250:5
[INFO] [stdout]   23:     0x562a9395fc8b - core::ops::function::FnOnce::call_once::he27718dfdd183f43
[INFO] [stdout]                                at /rustc/6067b36314ab5eb2eb47cecc464545ba58e1ad24/library/core/src/ops/function.rs:250:5
[INFO] [stdout]   24:     0x562a9395fc8b - test::__rust_begin_short_backtrace::h4e84902998457a5d
[INFO] [stdout]                                at /rustc/6067b36314ab5eb2eb47cecc464545ba58e1ad24/library/test/src/lib.rs:632:18
[INFO] [stdout]   25:     0x562a9395ebc3 - test::run_test_in_process::{{closure}}::h7176fd18fc1feca0
[INFO] [stdout]                                at /rustc/6067b36314ab5eb2eb47cecc464545ba58e1ad24/library/test/src/lib.rs:655:60
[INFO] [stdout]   26:     0x562a9395ebc3 - <core::panic::unwind_safe::AssertUnwindSafe<F> as core::ops::function::FnOnce<()>>::call_once::hf79cff2a624d8cf7
[INFO] [stdout]                                at /rustc/6067b36314ab5eb2eb47cecc464545ba58e1ad24/library/core/src/panic/unwind_safe.rs:272:9
[INFO] [stdout]   27:     0x562a9395ebc3 - std::panicking::try::do_call::h3da0561d9ab99c25
[INFO] [stdout]                                at /rustc/6067b36314ab5eb2eb47cecc464545ba58e1ad24/library/std/src/panicking.rs:587:40
[INFO] [stdout]   28:     0x562a9395ebc3 - std::panicking::try::h41c9fa508bc61df6
[INFO] [stdout]                                at /rustc/6067b36314ab5eb2eb47cecc464545ba58e1ad24/library/std/src/panicking.rs:550:19
[INFO] [stdout]   29:     0x562a9395ebc3 - std::panic::catch_unwind::h6b3ff07bb5afad93
[INFO] [stdout]                                at /rustc/6067b36314ab5eb2eb47cecc464545ba58e1ad24/library/std/src/panic.rs:358:14
[INFO] [stdout]   30:     0x562a9395ebc3 - test::run_test_in_process::hc7253dd11b39b9f4
[INFO] [stdout]                                at /rustc/6067b36314ab5eb2eb47cecc464545ba58e1ad24/library/test/src/lib.rs:655:27
[INFO] [stdout]   31:     0x562a9395ebc3 - test::run_test::{{closure}}::hfb2007f8649c30bb
[INFO] [stdout]                                at /rustc/6067b36314ab5eb2eb47cecc464545ba58e1ad24/library/test/src/lib.rs:576:43
[INFO] [stdout]   32:     0x562a93921ca5 - test::run_test::{{closure}}::h56a17aa7a282a9f4
[INFO] [stdout]                                at /rustc/6067b36314ab5eb2eb47cecc464545ba58e1ad24/library/test/src/lib.rs:606:41
[INFO] [stdout]   33:     0x562a93921ca5 - std::sys::backtrace::__rust_begin_short_backtrace::hd2d2d2fb8e8c6aac
[INFO] [stdout]                                at /rustc/6067b36314ab5eb2eb47cecc464545ba58e1ad24/library/std/src/sys/backtrace.rs:152:18
[INFO] [stdout]   34:     0x562a9392558a - std::thread::Builder::spawn_unchecked_::{{closure}}::{{closure}}::h4faa3f9db6133423
[INFO] [stdout]                                at /rustc/6067b36314ab5eb2eb47cecc464545ba58e1ad24/library/std/src/thread/mod.rs:559:17
[INFO] [stdout]   35:     0x562a9392558a - <core::panic::unwind_safe::AssertUnwindSafe<F> as core::ops::function::FnOnce<()>>::call_once::hf2e855a36a4ea846
[INFO] [stdout]                                at /rustc/6067b36314ab5eb2eb47cecc464545ba58e1ad24/library/core/src/panic/unwind_safe.rs:272:9
[INFO] [stdout]   36:     0x562a9392558a - std::panicking::try::do_call::h2f73af3616c35465
[INFO] [stdout]                                at /rustc/6067b36314ab5eb2eb47cecc464545ba58e1ad24/library/std/src/panicking.rs:587:40
[INFO] [stdout]   37:     0x562a9392558a - std::panicking::try::hd1660ce9efadef5a
[INFO] [stdout]                                at /rustc/6067b36314ab5eb2eb47cecc464545ba58e1ad24/library/std/src/panicking.rs:550:19
[INFO] [stdout]   38:     0x562a9392558a - std::panic::catch_unwind::h5ee8d7823b8ca744
[INFO] [stdout]                                at /rustc/6067b36314ab5eb2eb47cecc464545ba58e1ad24/library/std/src/panic.rs:358:14
[INFO] [stdout]   39:     0x562a9392558a - std::thread::Builder::spawn_unchecked_::{{closure}}::h53c3a1894dce8407
[INFO] [stdout]                                at /rustc/6067b36314ab5eb2eb47cecc464545ba58e1ad24/library/std/src/thread/mod.rs:557:30
[INFO] [stdout]   40:     0x562a9392558a - core::ops::function::FnOnce::call_once{{vtable.shim}}::h048ce291ad4f62bf
[INFO] [stdout]                                at /rustc/6067b36314ab5eb2eb47cecc464545ba58e1ad24/library/core/src/ops/function.rs:250:5
[INFO] [stdout]   41:     0x562a93996ccb - <alloc::boxed::Box<F,A> as core::ops::function::FnOnce<Args>>::call_once::ha52bedf99a3b4981
[INFO] [stdout]                                at /rustc/6067b36314ab5eb2eb47cecc464545ba58e1ad24/library/alloc/src/boxed.rs:2013:9
[INFO] [stdout]   42:     0x562a93996ccb - <alloc::boxed::Box<F,A> as core::ops::function::FnOnce<Args>>::call_once::h567748934d80ccf8
[INFO] [stdout]                                at /rustc/6067b36314ab5eb2eb47cecc464545ba58e1ad24/library/alloc/src/boxed.rs:2013:9
[INFO] [stdout]   43:     0x562a93996ccb - std::sys::pal::unix::thread::Thread::new::thread_start::h2d970728ae887adc
[INFO] [stdout]                                at /rustc/6067b36314ab5eb2eb47cecc464545ba58e1ad24/library/std/src/sys/pal/unix/thread.rs:106:17
[INFO] [stdout]   44:     0x7d93ec1c9ac3 - <unknown>
[INFO] [stdout]   45:     0x7d93ec25aa04 - clone
[INFO] [stdout]   46:                0x0 - <unknown>
[INFO] [stdout] 
[INFO] [stdout] 
[INFO] [stdout] failures:
[INFO] [stdout]     utils::grid::tests::test_vector_clockwise
[INFO] [stdout] 
[INFO] [stdout] test result: FAILED. 4 passed; 1 failed; 0 ignored; 0 measured; 0 filtered out; finished in 0.05s
[INFO] [stdout] 
[INFO] [stderr] error: test failed, to rerun pass `--lib`
[INFO] running `Command { std: "docker" "inspect" "28cfa6c1a6fc927f32d95007897d39c41589a18b539e2fccfacde511d6b38ed9", kill_on_drop: false }`
[INFO] running `Command { std: "docker" "rm" "-f" "28cfa6c1a6fc927f32d95007897d39c41589a18b539e2fccfacde511d6b38ed9", kill_on_drop: false }`
[INFO] [stdout] 28cfa6c1a6fc927f32d95007897d39c41589a18b539e2fccfacde511d6b38ed9
