[INFO] cloning repository https://github.com/vrmiguel/steambot
[INFO] running `Command { std: "git" "-c" "credential.helper=" "-c" "credential.helper=/workspace/cargo-home/bin/git-credential-null" "clone" "--bare" "https://github.com/vrmiguel/steambot" "/workspace/cache/git-repos/https%3A%2F%2Fgithub.com%2Fvrmiguel%2Fsteambot", kill_on_drop: false }`
[INFO] [stderr] Cloning into bare repository '/workspace/cache/git-repos/https%3A%2F%2Fgithub.com%2Fvrmiguel%2Fsteambot'...
[INFO] running `Command { std: "git" "rev-parse" "HEAD", kill_on_drop: false }`
[INFO] [stdout] 345c762c8e9326e4c083e5c83cdf788268e2942f
[INFO] testing vrmiguel/steambot against nightly-2025-01-18 for randomize-layout-2
[INFO] running `Command { std: "git" "clone" "/workspace/cache/git-repos/https%3A%2F%2Fgithub.com%2Fvrmiguel%2Fsteambot" "/workspace/builds/worker-3-tc1/source", kill_on_drop: false }`
[INFO] [stderr] Cloning into '/workspace/builds/worker-3-tc1/source'...
[INFO] [stderr] done.
[INFO] validating manifest of git repo https://github.com/vrmiguel/steambot on toolchain nightly-2025-01-18
[INFO] running `Command { std: CARGO_HOME="/workspace/cargo-home" RUSTUP_HOME="/workspace/rustup-home" "/workspace/cargo-home/bin/cargo" "+nightly-2025-01-18" "metadata" "--manifest-path" "Cargo.toml" "--no-deps", kill_on_drop: false }`
[INFO] started tweaking git repo https://github.com/vrmiguel/steambot
[INFO] finished tweaking git repo https://github.com/vrmiguel/steambot
[INFO] tweaked toml for git repo https://github.com/vrmiguel/steambot written to /workspace/builds/worker-3-tc1/source/Cargo.toml
[INFO] crate git repo https://github.com/vrmiguel/steambot already has a lockfile, it will not be regenerated
[INFO] running `Command { std: CARGO_HOME="/workspace/cargo-home" RUSTUP_HOME="/workspace/rustup-home" "/workspace/cargo-home/bin/cargo" "+nightly-2025-01-18" "fetch" "--manifest-path" "Cargo.toml", kill_on_drop: false }`
[INFO] [stderr]     Updating crates.io index
[INFO] [stderr]  Downloading crates ...
[INFO] [stderr]   Downloaded slicedisplay v0.2.2
[INFO] [stderr]   Downloaded frankenstein v0.30.8
[INFO] running `Command { std: "docker" "create" "-v" "/var/lib/crater-agent-workspace/builds/worker-3-tc1/target:/opt/rustwide/target:rw,Z" "-v" "/var/lib/crater-agent-workspace/builds/worker-3-tc1/source:/opt/rustwide/workdir:ro,Z" "-v" "/var/lib/crater-agent-workspace/cargo-home:/opt/rustwide/cargo-home:ro,Z" "-v" "/var/lib/crater-agent-workspace/rustup-home:/opt/rustwide/rustup-home:ro,Z" "-e" "SOURCE_DIR=/opt/rustwide/workdir" "-e" "CARGO_TARGET_DIR=/opt/rustwide/target" "-e" "CARGO_HOME=/opt/rustwide/cargo-home" "-e" "RUSTUP_HOME=/opt/rustwide/rustup-home" "-w" "/opt/rustwide/workdir" "-m" "1610612736" "--user" "0:0" "--network" "none" "ghcr.io/rust-lang/crates-build-env/linux@sha256:819108c5571ea2e421544af4d832f968d213c87fbe3707a016657f43d2f853bc" "/opt/rustwide/cargo-home/bin/cargo" "+nightly-2025-01-18" "metadata" "--no-deps" "--format-version=1", kill_on_drop: false }`
[INFO] [stdout] 10cfde38baa996f6e5ed085c6702491d5ffd77ce33b0864ed557535678526f83
[INFO] running `Command { std: "docker" "start" "-a" "10cfde38baa996f6e5ed085c6702491d5ffd77ce33b0864ed557535678526f83", kill_on_drop: false }`
[INFO] running `Command { std: "docker" "inspect" "10cfde38baa996f6e5ed085c6702491d5ffd77ce33b0864ed557535678526f83", kill_on_drop: false }`
[INFO] running `Command { std: "docker" "rm" "-f" "10cfde38baa996f6e5ed085c6702491d5ffd77ce33b0864ed557535678526f83", kill_on_drop: false }`
[INFO] [stdout] 10cfde38baa996f6e5ed085c6702491d5ffd77ce33b0864ed557535678526f83
[INFO] running `Command { std: "docker" "create" "-v" "/var/lib/crater-agent-workspace/builds/worker-3-tc1/target:/opt/rustwide/target:rw,Z" "-v" "/var/lib/crater-agent-workspace/builds/worker-3-tc1/source:/opt/rustwide/workdir:ro,Z" "-v" "/var/lib/crater-agent-workspace/cargo-home:/opt/rustwide/cargo-home:ro,Z" "-v" "/var/lib/crater-agent-workspace/rustup-home:/opt/rustwide/rustup-home:ro,Z" "-e" "SOURCE_DIR=/opt/rustwide/workdir" "-e" "CARGO_TARGET_DIR=/opt/rustwide/target" "-e" "CARGO_INCREMENTAL=0" "-e" "RUST_BACKTRACE=full" "-e" "RUSTFLAGS=--cap-lints=forbid" "-e" "RUSTDOCFLAGS=--cap-lints=forbid" "-e" "CARGO_HOME=/opt/rustwide/cargo-home" "-e" "RUSTUP_HOME=/opt/rustwide/rustup-home" "-w" "/opt/rustwide/workdir" "-m" "1610612736" "--user" "0:0" "--network" "none" "ghcr.io/rust-lang/crates-build-env/linux@sha256:819108c5571ea2e421544af4d832f968d213c87fbe3707a016657f43d2f853bc" "/opt/rustwide/cargo-home/bin/cargo" "+nightly-2025-01-18" "build" "--frozen" "--message-format=json", kill_on_drop: false }`
[INFO] [stdout] 61f97a9490a22977ea908282e0ba4f8ff87551af8a8e3ad99028ad217b14ad24
[INFO] running `Command { std: "docker" "start" "-a" "61f97a9490a22977ea908282e0ba4f8ff87551af8a8e3ad99028ad217b14ad24", kill_on_drop: false }`
[INFO] [stderr]    Compiling proc-macro2 v1.0.76
[INFO] [stderr]    Compiling unicode-ident v1.0.12
[INFO] [stderr]    Compiling libc v0.2.152
[INFO] [stderr]    Compiling cfg-if v1.0.0
[INFO] [stderr]    Compiling once_cell v1.19.0
[INFO] [stderr]    Compiling log v0.4.20
[INFO] [stderr]    Compiling bytes v1.5.0
[INFO] [stderr]    Compiling pin-project-lite v0.2.13
[INFO] [stderr]    Compiling itoa v1.0.10
[INFO] [stderr]    Compiling fnv v1.0.7
[INFO] [stderr]    Compiling futures-core v0.3.30
[INFO] [stderr]    Compiling futures-task v0.3.30
[INFO] [stderr]    Compiling pin-utils v0.1.0
[INFO] [stderr]    Compiling autocfg v1.1.0
[INFO] [stderr]    Compiling pkg-config v0.3.29
[INFO] [stderr]    Compiling vcpkg v0.2.15
[INFO] [stderr]    Compiling httparse v1.8.0
[INFO] [stderr]    Compiling try-lock v0.2.5
[INFO] [stderr]    Compiling version_check v0.9.4
[INFO] [stderr]    Compiling rustls-pki-types v1.7.0
[INFO] [stderr]    Compiling futures-util v0.3.30
[INFO] [stderr]    Compiling tracing-core v0.1.32
[INFO] [stderr]    Compiling bitflags v2.4.2
[INFO] [stderr]    Compiling want v0.3.1
[INFO] [stderr]    Compiling futures-channel v0.3.30
[INFO] [stderr]    Compiling tinyvec_macros v0.1.1
[INFO] [stderr]    Compiling untrusted v0.9.0
[INFO] [stderr]    Compiling spin v0.9.8
[INFO] [stderr]    Compiling tower-service v0.3.2
[INFO] [stderr]    Compiling unicase v2.7.0
[INFO] [stderr]    Compiling tinyvec v1.6.0
[INFO] [stderr]    Compiling rustls v0.22.4
[INFO] [stderr]    Compiling futures-sink v0.3.30
[INFO] [stderr]    Compiling serde v1.0.195
[INFO] [stderr]    Compiling http v1.1.0
[INFO] [stderr]    Compiling percent-encoding v2.3.1
[INFO] [stderr]    Compiling slab v0.4.9
[INFO] [stderr]    Compiling form_urlencoded v1.2.1
[INFO] [stderr]    Compiling foreign-types-shared v0.1.1
[INFO] [stderr]    Compiling smallvec v1.13.1
[INFO] [stderr]    Compiling unicode-bidi v0.3.15
[INFO] [stderr]    Compiling openssl v0.10.62
[INFO] [stderr]    Compiling zeroize v1.7.0
[INFO] [stderr]    Compiling subtle v2.5.0
[INFO] [stderr]    Compiling quote v1.0.35
[INFO] [stderr]    Compiling mime_guess v2.0.4
[INFO] [stderr]    Compiling foreign-types v0.3.2
[INFO] [stderr]    Compiling http v0.2.11
[INFO] [stderr]    Compiling hashbrown v0.14.3
[INFO] [stderr]    Compiling native-tls v0.2.11
[INFO] [stderr]    Compiling ryu v1.0.16
[INFO] [stderr]    Compiling mime v0.3.17
[INFO] [stderr]    Compiling syn v2.0.48
[INFO] [stderr]    Compiling num_cpus v1.16.0
[INFO] [stderr]    Compiling socket2 v0.5.5
[INFO] [stderr]    Compiling mio v0.8.10
[INFO] [stderr]    Compiling getrandom v0.2.12
[INFO] [stderr]    Compiling equivalent v1.0.1
[INFO] [stderr]    Compiling tower-layer v0.3.2
[INFO] [stderr]    Compiling cc v1.0.83
[INFO] [stderr]    Compiling rustix v0.38.30
[INFO] [stderr]    Compiling unicode-normalization v0.1.22
[INFO] [stderr]    Compiling crc32fast v1.4.0
[INFO] [stderr]    Compiling http-body v1.0.0
[INFO] [stderr]    Compiling rand_core v0.6.4
[INFO] [stderr]    Compiling adler v1.0.2
[INFO] [stderr]    Compiling indexmap v2.1.0
[INFO] [stderr]    Compiling serde_json v1.0.111
[INFO] [stderr]    Compiling linux-raw-sys v0.4.13
[INFO] [stderr]    Compiling openssl-probe v0.1.5
[INFO] [stderr]    Compiling ppv-lite86 v0.2.17
[INFO] [stderr]    Compiling base64 v0.22.1
[INFO] [stderr]    Compiling http-body v0.4.6
[INFO] [stderr]    Compiling idna v0.5.0
[INFO] [stderr]    Compiling miniz_oxide v0.7.1
[INFO] [stderr]    Compiling num-traits v0.2.17
[INFO] [stderr]    Compiling webpki-roots v0.26.1
[INFO] [stderr]    Compiling ipnet v2.9.0
[INFO] [stderr]    Compiling httpdate v1.0.3
[INFO] [stderr]    Compiling thiserror v1.0.56
[INFO] [stderr]    Compiling fastrand v2.0.1
[INFO] [stderr]    Compiling rand_chacha v0.3.1
[INFO] [stderr]    Compiling rustls-pemfile v2.1.2
[INFO] [stderr]    Compiling flate2 v1.0.30
[INFO] [stderr]    Compiling http-body-util v0.1.1
[INFO] [stderr]    Compiling lazy_static v1.4.0
[INFO] [stderr]    Compiling url v2.5.0
[INFO] [stderr]    Compiling rand v0.8.5
[INFO] [stderr]    Compiling anyhow v1.0.79
[INFO] [stderr]    Compiling overload v0.1.1
[INFO] [stderr]    Compiling sync_wrapper v0.1.2
[INFO] [stderr]    Compiling nu-ansi-term v0.46.0
[INFO] [stderr]    Compiling sharded-slab v0.1.7
[INFO] [stderr]    Compiling tracing-log v0.2.0
[INFO] [stderr]    Compiling ring v0.17.8
[INFO] [stderr]    Compiling openssl-sys v0.9.98
[INFO] [stderr]    Compiling thread_local v1.1.7
[INFO] [stderr]    Compiling encoding_rs v0.8.33
[INFO] [stderr]    Compiling base64 v0.21.7
[INFO] [stderr]    Compiling iana-time-zone v0.1.59
[INFO] [stderr]    Compiling slicedisplay v0.2.2
[INFO] [stderr]    Compiling urlencoding v2.1.3
[INFO] [stderr]    Compiling arrayvec v0.7.4
[INFO] [stderr]    Compiling tracing-subscriber v0.3.18
[INFO] [stderr]    Compiling chrono v0.4.31
[INFO] [stderr]    Compiling tempfile v3.9.0
[INFO] [stderr]    Compiling multipart v0.18.0
[INFO] [stderr]    Compiling tokio-macros v2.2.0
[INFO] [stderr]    Compiling tracing-attributes v0.1.27
[INFO] [stderr]    Compiling pin-project-internal v1.1.3
[INFO] [stderr]    Compiling serde_derive v1.0.195
[INFO] [stderr]    Compiling openssl-macros v0.1.1
[INFO] [stderr]    Compiling typed-builder-macro v0.18.2
[INFO] [stderr]    Compiling thiserror-impl v1.0.56
[INFO] [stderr]    Compiling async-trait v0.1.80
[INFO] [stderr]    Compiling tokio v1.35.1
[INFO] [stderr]    Compiling pin-project v1.1.3
[INFO] [stderr]    Compiling typed-builder v0.18.2
[INFO] [stderr]    Compiling tracing v0.1.40
[INFO] [stderr]    Compiling rustls-webpki v0.102.3
[INFO] [stderr]    Compiling ureq v2.9.7
[INFO] [stderr]    Compiling tokio-util v0.7.10
[INFO] [stderr]    Compiling tower v0.4.13
[INFO] [stderr]    Compiling hyper v1.3.1
[INFO] [stderr]    Compiling tokio-rustls v0.25.0
[INFO] [stderr]    Compiling tokio-native-tls v0.3.1
[INFO] [stderr]    Compiling h2 v0.3.24
[INFO] [stderr]    Compiling hyper-util v0.1.3
[INFO] [stderr]    Compiling serde_urlencoded v0.7.1
[INFO] [stderr]    Compiling hyper-rustls v0.26.0
[INFO] [stderr]    Compiling reqwest v0.12.4
[INFO] [stderr]    Compiling frankenstein v0.30.8
[INFO] [stderr]    Compiling hyper v0.14.28
[INFO] [stderr]    Compiling hyper-tls v0.5.0
[INFO] [stderr]    Compiling reqwest v0.11.23
[INFO] [stderr]    Compiling steamer v0.1.0 (/opt/rustwide/workdir)
[INFO] [stdout] warning: fields `small_cap` and `type` are never read
[INFO] [stdout]   --> src/steam_api/suggest.rs:13:9
[INFO] [stdout]    |
[INFO] [stdout] 7  | pub struct Suggestion {
[INFO] [stdout]    |            ---------- fields in this struct
[INFO] [stdout] ...
[INFO] [stdout] 13 |     pub small_cap: String,
[INFO] [stdout]    |         ^^^^^^^^^
[INFO] [stdout] 14 |     #[serde(rename = "type")]
[INFO] [stdout] 15 |     pub r#type: String,
[INFO] [stdout]    |         ^^^^^^
[INFO] [stdout]    |
[INFO] [stdout]    = note: `Suggestion` has a derived impl for the trait `Debug`, but this is intentionally ignored during dead code analysis
[INFO] [stdout]    = note: `#[warn(dead_code)]` on by default
[INFO] [stdout] 
[INFO] [stdout] 
[INFO] [stderr]     Finished `dev` profile [unoptimized + debuginfo] target(s) in 54.66s
[INFO] running `Command { std: "docker" "inspect" "61f97a9490a22977ea908282e0ba4f8ff87551af8a8e3ad99028ad217b14ad24", kill_on_drop: false }`
[INFO] running `Command { std: "docker" "rm" "-f" "61f97a9490a22977ea908282e0ba4f8ff87551af8a8e3ad99028ad217b14ad24", kill_on_drop: false }`
[INFO] [stdout] 61f97a9490a22977ea908282e0ba4f8ff87551af8a8e3ad99028ad217b14ad24
[INFO] running `Command { std: "docker" "create" "-v" "/var/lib/crater-agent-workspace/builds/worker-3-tc1/target:/opt/rustwide/target:rw,Z" "-v" "/var/lib/crater-agent-workspace/builds/worker-3-tc1/source:/opt/rustwide/workdir:ro,Z" "-v" "/var/lib/crater-agent-workspace/cargo-home:/opt/rustwide/cargo-home:ro,Z" "-v" "/var/lib/crater-agent-workspace/rustup-home:/opt/rustwide/rustup-home:ro,Z" "-e" "SOURCE_DIR=/opt/rustwide/workdir" "-e" "CARGO_TARGET_DIR=/opt/rustwide/target" "-e" "CARGO_INCREMENTAL=0" "-e" "RUST_BACKTRACE=full" "-e" "RUSTFLAGS=--cap-lints=forbid" "-e" "RUSTDOCFLAGS=--cap-lints=forbid" "-e" "CARGO_HOME=/opt/rustwide/cargo-home" "-e" "RUSTUP_HOME=/opt/rustwide/rustup-home" "-w" "/opt/rustwide/workdir" "-m" "1610612736" "--user" "0:0" "--network" "none" "ghcr.io/rust-lang/crates-build-env/linux@sha256:819108c5571ea2e421544af4d832f968d213c87fbe3707a016657f43d2f853bc" "/opt/rustwide/cargo-home/bin/cargo" "+nightly-2025-01-18" "test" "--frozen" "--no-run" "--message-format=json", kill_on_drop: false }`
[INFO] [stdout] a75b12a519bd82e8533cc8724f3ac6650c183a78ddba5e75d5e4d2d0ab12dd9f
[INFO] running `Command { std: "docker" "start" "-a" "a75b12a519bd82e8533cc8724f3ac6650c183a78ddba5e75d5e4d2d0ab12dd9f", kill_on_drop: false }`
[INFO] [stderr]    Compiling steamer v0.1.0 (/opt/rustwide/workdir)
[INFO] [stdout] warning: fields `small_cap` and `type` are never read
[INFO] [stdout]   --> src/steam_api/suggest.rs:13:9
[INFO] [stdout]    |
[INFO] [stdout] 7  | pub struct Suggestion {
[INFO] [stdout]    |            ---------- fields in this struct
[INFO] [stdout] ...
[INFO] [stdout] 13 |     pub small_cap: String,
[INFO] [stdout]    |         ^^^^^^^^^
[INFO] [stdout] 14 |     #[serde(rename = "type")]
[INFO] [stdout] 15 |     pub r#type: String,
[INFO] [stdout]    |         ^^^^^^
[INFO] [stdout]    |
[INFO] [stdout]    = note: `Suggestion` has a derived impl for the trait `Debug`, but this is intentionally ignored during dead code analysis
[INFO] [stdout]    = note: `#[warn(dead_code)]` on by default
[INFO] [stdout] 
[INFO] [stdout] 
[INFO] [stderr]     Finished `test` profile [unoptimized + debuginfo] target(s) in 2.02s
[INFO] running `Command { std: "docker" "inspect" "a75b12a519bd82e8533cc8724f3ac6650c183a78ddba5e75d5e4d2d0ab12dd9f", kill_on_drop: false }`
[INFO] running `Command { std: "docker" "rm" "-f" "a75b12a519bd82e8533cc8724f3ac6650c183a78ddba5e75d5e4d2d0ab12dd9f", kill_on_drop: false }`
[INFO] [stdout] a75b12a519bd82e8533cc8724f3ac6650c183a78ddba5e75d5e4d2d0ab12dd9f
[INFO] running `Command { std: "docker" "create" "-v" "/var/lib/crater-agent-workspace/builds/worker-3-tc1/target:/opt/rustwide/target:rw,Z" "-v" "/var/lib/crater-agent-workspace/builds/worker-3-tc1/source:/opt/rustwide/workdir:ro,Z" "-v" "/var/lib/crater-agent-workspace/cargo-home:/opt/rustwide/cargo-home:ro,Z" "-v" "/var/lib/crater-agent-workspace/rustup-home:/opt/rustwide/rustup-home:ro,Z" "-e" "SOURCE_DIR=/opt/rustwide/workdir" "-e" "CARGO_TARGET_DIR=/opt/rustwide/target" "-e" "CARGO_INCREMENTAL=0" "-e" "RUST_BACKTRACE=full" "-e" "RUSTFLAGS=--cap-lints=forbid" "-e" "RUSTDOCFLAGS=--cap-lints=forbid" "-e" "CARGO_HOME=/opt/rustwide/cargo-home" "-e" "RUSTUP_HOME=/opt/rustwide/rustup-home" "-w" "/opt/rustwide/workdir" "-m" "1610612736" "--user" "0:0" "--network" "none" "ghcr.io/rust-lang/crates-build-env/linux@sha256:819108c5571ea2e421544af4d832f968d213c87fbe3707a016657f43d2f853bc" "/opt/rustwide/cargo-home/bin/cargo" "+nightly-2025-01-18" "test" "--frozen", kill_on_drop: false }`
[INFO] [stdout] 74102eeaf22293d45e943b40e58a1955ccba7861a067c51339b83a4a2339fd9f
[INFO] running `Command { std: "docker" "start" "-a" "74102eeaf22293d45e943b40e58a1955ccba7861a067c51339b83a4a2339fd9f", kill_on_drop: false }`
[INFO] [stderr] warning: fields `small_cap` and `type` are never read
[INFO] [stderr]   --> src/steam_api/suggest.rs:13:9
[INFO] [stderr]    |
[INFO] [stderr] 7  | pub struct Suggestion {
[INFO] [stderr]    |            ---------- fields in this struct
[INFO] [stderr] ...
[INFO] [stderr] 13 |     pub small_cap: String,
[INFO] [stderr]    |         ^^^^^^^^^
[INFO] [stderr] 14 |     #[serde(rename = "type")]
[INFO] [stderr] 15 |     pub r#type: String,
[INFO] [stderr]    |         ^^^^^^
[INFO] [stderr]    |
[INFO] [stderr]    = note: `Suggestion` has a derived impl for the trait `Debug`, but this is intentionally ignored during dead code analysis
[INFO] [stderr]    = note: `#[warn(dead_code)]` on by default
[INFO] [stderr] 
[INFO] [stderr] warning: `steamer` (bin "steamer" test) generated 1 warning
[INFO] [stderr]     Finished `test` profile [unoptimized + debuginfo] target(s) in 0.15s
[INFO] [stderr]      Running unittests src/main.rs (/opt/rustwide/target/debug/deps/steamer-97a8f7503ff0fec0)
[INFO] [stdout] 
[INFO] [stdout] running 1 test
[INFO] [stdout] test steam_api::suggest::gets_suggestions ... FAILED
[INFO] [stdout] 
[INFO] [stdout] failures:
[INFO] [stdout] 
[INFO] [stdout] ---- steam_api::suggest::gets_suggestions stdout ----
[INFO] [stdout] 
[INFO] [stdout] thread 'steam_api::suggest::gets_suggestions' panicked at src/steam_api/suggest.rs:35:10:
[INFO] [stdout] called `Result::unwrap()` on an `Err` value: error sending request for url (https://store.steampowered.com/search/suggest?cc=BR&l=brazilian&realm=1&origin=https:%2F%2Fstore.steampowered.com&f=jsonfull&term=tf2&require_type=game,software): error trying to connect: dns error: failed to lookup address information: Temporary failure in name resolution
[INFO] [stdout] 
[INFO] [stdout] Caused by:
[INFO] [stdout]     0: error trying to connect: dns error: failed to lookup address information: Temporary failure in name resolution
[INFO] [stdout]     1: dns error: failed to lookup address information: Temporary failure in name resolution
[INFO] [stdout]     2: failed to lookup address information: Temporary failure in name resolution
[INFO] [stdout] 
[INFO] [stdout] Stack backtrace:
[INFO] [stdout]    0: anyhow::error::<impl core::convert::From<E> for anyhow::Error>::from
[INFO] [stdout]              at /opt/rustwide/cargo-home/registry/src/index.crates.io-1949cf8c6b5b557f/anyhow-1.0.79/src/backtrace.rs:27:14
[INFO] [stdout]    1: <core::result::Result<T,F> as core::ops::try_trait::FromResidual<core::result::Result<core::convert::Infallible,E>>>::from_residual
[INFO] [stdout]              at /rustc/6067b36314ab5eb2eb47cecc464545ba58e1ad24/library/core/src/result.rs:2014:27
[INFO] [stdout]    2: steamer::steam_api::suggest::get_suggestions::{{closure}}
[INFO] [stdout]              at ./src/steam_api/suggest.rs:22:5
[INFO] [stdout]    3: steamer::steam_api::suggest::gets_suggestions::{{closure}}
[INFO] [stdout]              at ./src/steam_api/suggest.rs:34:10
[INFO] [stdout]    4: <core::pin::Pin<P> as core::future::future::Future>::poll
[INFO] [stdout]              at /rustc/6067b36314ab5eb2eb47cecc464545ba58e1ad24/library/core/src/future/future.rs:124:9
[INFO] [stdout]    5: <core::pin::Pin<P> as core::future::future::Future>::poll
[INFO] [stdout]              at /rustc/6067b36314ab5eb2eb47cecc464545ba58e1ad24/library/core/src/future/future.rs:124:9
[INFO] [stdout]    6: tokio::runtime::scheduler::current_thread::CoreGuard::block_on::{{closure}}::{{closure}}::{{closure}}
[INFO] [stdout]              at /opt/rustwide/cargo-home/registry/src/index.crates.io-1949cf8c6b5b557f/tokio-1.35.1/src/runtime/scheduler/current_thread/mod.rs:665:57
[INFO] [stdout]    7: tokio::runtime::coop::with_budget
[INFO] [stdout]              at /opt/rustwide/cargo-home/registry/src/index.crates.io-1949cf8c6b5b557f/tokio-1.35.1/src/runtime/coop.rs:107:5
[INFO] [stdout]    8: tokio::runtime::coop::budget
[INFO] [stdout]              at /opt/rustwide/cargo-home/registry/src/index.crates.io-1949cf8c6b5b557f/tokio-1.35.1/src/runtime/coop.rs:73:5
[INFO] [stdout]    9: tokio::runtime::scheduler::current_thread::CoreGuard::block_on::{{closure}}::{{closure}}
[INFO] [stdout]              at /opt/rustwide/cargo-home/registry/src/index.crates.io-1949cf8c6b5b557f/tokio-1.35.1/src/runtime/scheduler/current_thread/mod.rs:665:25
[INFO] [stdout]   10: tokio::runtime::scheduler::current_thread::Context::enter
[INFO] [stdout]              at /opt/rustwide/cargo-home/registry/src/index.crates.io-1949cf8c6b5b557f/tokio-1.35.1/src/runtime/scheduler/current_thread/mod.rs:410:19
[INFO] [stdout]   11: tokio::runtime::scheduler::current_thread::CoreGuard::block_on::{{closure}}
[INFO] [stdout]              at /opt/rustwide/cargo-home/registry/src/index.crates.io-1949cf8c6b5b557f/tokio-1.35.1/src/runtime/scheduler/current_thread/mod.rs:664:36
[INFO] [stdout]   12: tokio::runtime::scheduler::current_thread::CoreGuard::enter::{{closure}}
[INFO] [stdout]              at /opt/rustwide/cargo-home/registry/src/index.crates.io-1949cf8c6b5b557f/tokio-1.35.1/src/runtime/scheduler/current_thread/mod.rs:743:68
[INFO] [stdout]   13: tokio::runtime::context::scoped::Scoped<T>::set
[INFO] [stdout]              at /opt/rustwide/cargo-home/registry/src/index.crates.io-1949cf8c6b5b557f/tokio-1.35.1/src/runtime/context/scoped.rs:40:9
[INFO] [stdout]   14: tokio::runtime::context::set_scheduler::{{closure}}
[INFO] [stdout]              at /opt/rustwide/cargo-home/registry/src/index.crates.io-1949cf8c6b5b557f/tokio-1.35.1/src/runtime/context.rs:176:26
[INFO] [stdout]   15: std::thread::local::LocalKey<T>::try_with
[INFO] [stdout]              at /rustc/6067b36314ab5eb2eb47cecc464545ba58e1ad24/library/std/src/thread/local.rs:308:12
[INFO] [stdout]   16: std::thread::local::LocalKey<T>::with
[INFO] [stdout]              at /rustc/6067b36314ab5eb2eb47cecc464545ba58e1ad24/library/std/src/thread/local.rs:272:9
[INFO] [stdout]   17: tokio::runtime::context::set_scheduler
[INFO] [stdout]              at /opt/rustwide/cargo-home/registry/src/index.crates.io-1949cf8c6b5b557f/tokio-1.35.1/src/runtime/context.rs:176:9
[INFO] [stdout]   18: tokio::runtime::scheduler::current_thread::CoreGuard::enter
[INFO] [stdout]              at /opt/rustwide/cargo-home/registry/src/index.crates.io-1949cf8c6b5b557f/tokio-1.35.1/src/runtime/scheduler/current_thread/mod.rs:743:27
[INFO] [stdout]   19: tokio::runtime::scheduler::current_thread::CoreGuard::block_on
[INFO] [stdout]              at /opt/rustwide/cargo-home/registry/src/index.crates.io-1949cf8c6b5b557f/tokio-1.35.1/src/runtime/scheduler/current_thread/mod.rs:652:19
[INFO] [stdout]   20: tokio::runtime::scheduler::current_thread::CurrentThread::block_on::{{closure}}
[INFO] [stdout]              at /opt/rustwide/cargo-home/registry/src/index.crates.io-1949cf8c6b5b557f/tokio-1.35.1/src/runtime/scheduler/current_thread/mod.rs:175:28
[INFO] [stdout]   21: tokio::runtime::context::runtime::enter_runtime
[INFO] [stdout]              at /opt/rustwide/cargo-home/registry/src/index.crates.io-1949cf8c6b5b557f/tokio-1.35.1/src/runtime/context/runtime.rs:65:16
[INFO] [stdout]   22: tokio::runtime::scheduler::current_thread::CurrentThread::block_on
[INFO] [stdout]              at /opt/rustwide/cargo-home/registry/src/index.crates.io-1949cf8c6b5b557f/tokio-1.35.1/src/runtime/scheduler/current_thread/mod.rs:167:9
[INFO] [stdout]   23: tokio::runtime::runtime::Runtime::block_on
[INFO] [stdout]              at /opt/rustwide/cargo-home/registry/src/index.crates.io-1949cf8c6b5b557f/tokio-1.35.1/src/runtime/runtime.rs:348:47
[INFO] [stdout]   24: steamer::steam_api::suggest::gets_suggestions
[INFO] [stdout]              at ./src/steam_api/suggest.rs:33:5
[INFO] [stdout]   25: steamer::steam_api::suggest::gets_suggestions::{{closure}}
[INFO] [stdout]              at ./src/steam_api/suggest.rs:32:28
[INFO] [stdout]   26: core::ops::function::FnOnce::call_once
[INFO] [stdout]              at /rustc/6067b36314ab5eb2eb47cecc464545ba58e1ad24/library/core/src/ops/function.rs:250:5
[INFO] [stdout]   27: core::ops::function::FnOnce::call_once
[INFO] [stdout]              at /rustc/6067b36314ab5eb2eb47cecc464545ba58e1ad24/library/core/src/ops/function.rs:250:5
[INFO] [stdout]   28: test::__rust_begin_short_backtrace
[INFO] [stdout]              at /rustc/6067b36314ab5eb2eb47cecc464545ba58e1ad24/library/test/src/lib.rs:632:18
[INFO] [stdout]   29: test::run_test_in_process::{{closure}}
[INFO] [stdout]              at /rustc/6067b36314ab5eb2eb47cecc464545ba58e1ad24/library/test/src/lib.rs:655:60
[INFO] [stdout]   30: <core::panic::unwind_safe::AssertUnwindSafe<F> as core::ops::function::FnOnce<()>>::call_once
[INFO] [stdout]              at /rustc/6067b36314ab5eb2eb47cecc464545ba58e1ad24/library/core/src/panic/unwind_safe.rs:272:9
[INFO] [stdout]   31: std::panicking::try::do_call
[INFO] [stdout]              at /rustc/6067b36314ab5eb2eb47cecc464545ba58e1ad24/library/std/src/panicking.rs:587:40
[INFO] [stdout]   32: std::panicking::try
[INFO] [stdout]              at /rustc/6067b36314ab5eb2eb47cecc464545ba58e1ad24/library/std/src/panicking.rs:550:19
[INFO] [stdout]   33: std::panic::catch_unwind
[INFO] [stdout]              at /rustc/6067b36314ab5eb2eb47cecc464545ba58e1ad24/library/std/src/panic.rs:358:14
[INFO] [stdout]   34: test::run_test_in_process
[INFO] [stdout]              at /rustc/6067b36314ab5eb2eb47cecc464545ba58e1ad24/library/test/src/lib.rs:655:27
[INFO] [stdout]   35: test::run_test::{{closure}}
[INFO] [stdout]              at /rustc/6067b36314ab5eb2eb47cecc464545ba58e1ad24/library/test/src/lib.rs:576:43
[INFO] [stdout]   36: test::run_test::{{closure}}
[INFO] [stdout]              at /rustc/6067b36314ab5eb2eb47cecc464545ba58e1ad24/library/test/src/lib.rs:606:41
[INFO] [stdout]   37: std::sys::backtrace::__rust_begin_short_backtrace
[INFO] [stdout]              at /rustc/6067b36314ab5eb2eb47cecc464545ba58e1ad24/library/std/src/sys/backtrace.rs:152:18
[INFO] [stdout]   38: std::thread::Builder::spawn_unchecked_::{{closure}}::{{closure}}
[INFO] [stdout]              at /rustc/6067b36314ab5eb2eb47cecc464545ba58e1ad24/library/std/src/thread/mod.rs:559:17
[INFO] [stdout]   39: <core::panic::unwind_safe::AssertUnwindSafe<F> as core::ops::function::FnOnce<()>>::call_once
[INFO] [stdout]              at /rustc/6067b36314ab5eb2eb47cecc464545ba58e1ad24/library/core/src/panic/unwind_safe.rs:272:9
[INFO] [stdout]   40: std::panicking::try::do_call
[INFO] [stdout]              at /rustc/6067b36314ab5eb2eb47cecc464545ba58e1ad24/library/std/src/panicking.rs:587:40
[INFO] [stdout]   41: std::panicking::try
[INFO] [stdout]              at /rustc/6067b36314ab5eb2eb47cecc464545ba58e1ad24/library/std/src/panicking.rs:550:19
[INFO] [stdout]   42: std::panic::catch_unwind
[INFO] [stdout]              at /rustc/6067b36314ab5eb2eb47cecc464545ba58e1ad24/library/std/src/panic.rs:358:14
[INFO] [stdout]   43: std::thread::Builder::spawn_unchecked_::{{closure}}
[INFO] [stdout]              at /rustc/6067b36314ab5eb2eb47cecc464545ba58e1ad24/library/std/src/thread/mod.rs:557:30
[INFO] [stdout]   44: core::ops::function::FnOnce::call_once{{vtable.shim}}
[INFO] [stdout]              at /rustc/6067b36314ab5eb2eb47cecc464545ba58e1ad24/library/core/src/ops/function.rs:250:5
[INFO] [stdout]   45: <alloc::boxed::Box<F,A> as core::ops::function::FnOnce<Args>>::call_once
[INFO] [stdout]              at /rustc/6067b36314ab5eb2eb47cecc464545ba58e1ad24/library/alloc/src/boxed.rs:2013:9
[INFO] [stdout]   46: <alloc::boxed::Box<F,A> as core::ops::function::FnOnce<Args>>::call_once
[INFO] [stdout]              at /rustc/6067b36314ab5eb2eb47cecc464545ba58e1ad24/library/alloc/src/boxed.rs:2013:9
[INFO] [stdout]   47: std::sys::pal::unix::thread::Thread::new::thread_start
[INFO] [stdout]              at /rustc/6067b36314ab5eb2eb47cecc464545ba58e1ad24/library/std/src/sys/pal/unix/thread.rs:106:17
[INFO] [stdout]   48: <unknown>
[INFO] [stdout]   49: clone
[INFO] [stdout] stack backtrace:
[INFO] [stdout]    0:     0x5b952c76d88a - std::backtrace_rs::backtrace::libunwind::trace::hb059275cfc8d6126
[INFO] [stdout]                                at /rustc/6067b36314ab5eb2eb47cecc464545ba58e1ad24/library/std/src/../../backtrace/src/backtrace/libunwind.rs:116:5
[INFO] [stdout]    1:     0x5b952c76d88a - std::backtrace_rs::backtrace::trace_unsynchronized::h2da071e4327ce3ee
[INFO] [stdout]                                at /rustc/6067b36314ab5eb2eb47cecc464545ba58e1ad24/library/std/src/../../backtrace/src/backtrace/mod.rs:66:5
[INFO] [stdout]    2:     0x5b952c76d88a - std::sys::backtrace::_print_fmt::h842a1474e6f8d23f
[INFO] [stdout]                                at /rustc/6067b36314ab5eb2eb47cecc464545ba58e1ad24/library/std/src/sys/backtrace.rs:66:9
[INFO] [stdout]    3:     0x5b952c76d88a - <std::sys::backtrace::BacktraceLock::print::DisplayBacktrace as core::fmt::Display>::fmt::h71a62eb3b9696b12
[INFO] [stdout]                                at /rustc/6067b36314ab5eb2eb47cecc464545ba58e1ad24/library/std/src/sys/backtrace.rs:39:26
[INFO] [stdout]    4:     0x5b952c798de3 - core::fmt::rt::Argument::fmt::hdb6b616786b41dc1
[INFO] [stdout]                                at /rustc/6067b36314ab5eb2eb47cecc464545ba58e1ad24/library/core/src/fmt/rt.rs:177:76
[INFO] [stdout]    5:     0x5b952c798de3 - core::fmt::write::h2cc1698af7e2d686
[INFO] [stdout]                                at /rustc/6067b36314ab5eb2eb47cecc464545ba58e1ad24/library/core/src/fmt/mod.rs:1440:21
[INFO] [stdout]    6:     0x5b952c7695c3 - std::io::Write::write_fmt::hab1b4cd059a79022
[INFO] [stdout]                                at /rustc/6067b36314ab5eb2eb47cecc464545ba58e1ad24/library/std/src/io/mod.rs:1887:15
[INFO] [stdout]    7:     0x5b952c76d6d2 - std::sys::backtrace::BacktraceLock::print::h147fe35b4ea13b08
[INFO] [stdout]                                at /rustc/6067b36314ab5eb2eb47cecc464545ba58e1ad24/library/std/src/sys/backtrace.rs:42:9
[INFO] [stdout]    8:     0x5b952c76ecaf - std::panicking::default_hook::{{closure}}::hbd44223dbdc0d208
[INFO] [stdout]                                at /rustc/6067b36314ab5eb2eb47cecc464545ba58e1ad24/library/std/src/panicking.rs:298:22
[INFO] [stdout]    9:     0x5b952c76eac8 - std::panicking::default_hook::h20f81eb0576efcec
[INFO] [stdout]                                at /rustc/6067b36314ab5eb2eb47cecc464545ba58e1ad24/library/std/src/panicking.rs:322:9
[INFO] [stdout]   10:     0x5b952c627b13 - <alloc::boxed::Box<F,A> as core::ops::function::Fn<Args>>::call::hdb53814c496a4d34
[INFO] [stdout]                                at /rustc/6067b36314ab5eb2eb47cecc464545ba58e1ad24/library/alloc/src/boxed.rs:2027:9
[INFO] [stdout]   11:     0x5b952c627b13 - test::test_main::{{closure}}::hc0a4963c59427c24
[INFO] [stdout]                                at /rustc/6067b36314ab5eb2eb47cecc464545ba58e1ad24/library/test/src/lib.rs:134:21
[INFO] [stdout]   12:     0x5b952c76f7a3 - <alloc::boxed::Box<F,A> as core::ops::function::Fn<Args>>::call::h591b2225413a77e9
[INFO] [stdout]                                at /rustc/6067b36314ab5eb2eb47cecc464545ba58e1ad24/library/alloc/src/boxed.rs:2027:9
[INFO] [stdout]   13:     0x5b952c76f7a3 - std::panicking::rust_panic_with_hook::h625eea43051b2edc
[INFO] [stdout]                                at /rustc/6067b36314ab5eb2eb47cecc464545ba58e1ad24/library/std/src/panicking.rs:839:13
[INFO] [stdout]   14:     0x5b952c76f45a - std::panicking::begin_panic_handler::{{closure}}::h4f9159cfbc3f6bd3
[INFO] [stdout]                                at /rustc/6067b36314ab5eb2eb47cecc464545ba58e1ad24/library/std/src/panicking.rs:704:13
[INFO] [stdout]   15:     0x5b952c76dd89 - std::sys::backtrace::__rust_end_short_backtrace::h0390abce48353151
[INFO] [stdout]                                at /rustc/6067b36314ab5eb2eb47cecc464545ba58e1ad24/library/std/src/sys/backtrace.rs:168:18
[INFO] [stdout]   16:     0x5b952c76f0ed - rust_begin_unwind
[INFO] [stdout]                                at /rustc/6067b36314ab5eb2eb47cecc464545ba58e1ad24/library/std/src/panicking.rs:695:5
[INFO] [stdout]   17:     0x5b952c7969e0 - core::panicking::panic_fmt::h9e7c637e9e5f29c9
[INFO] [stdout]                                at /rustc/6067b36314ab5eb2eb47cecc464545ba58e1ad24/library/core/src/panicking.rs:75:14
[INFO] [stdout]   18:     0x5b952c796eb6 - core::result::unwrap_failed::h7979f09313fe1849
[INFO] [stdout]                                at /rustc/6067b36314ab5eb2eb47cecc464545ba58e1ad24/library/core/src/result.rs:1704:5
[INFO] [stdout]   19:     0x5b952c2a469e - core::result::Result<T,E>::unwrap::hee414b5446c9ee5d
[INFO] [stdout]                                at /rustc/6067b36314ab5eb2eb47cecc464545ba58e1ad24/library/core/src/result.rs:1109:23
[INFO] [stdout]   20:     0x5b952c2a469e - steamer::steam_api::suggest::gets_suggestions::{{closure}}::h0270e88926c35659
[INFO] [stdout]                                at /opt/rustwide/workdir/src/steam_api/suggest.rs:33:5
[INFO] [stdout]   21:     0x5b952c29c012 - <core::pin::Pin<P> as core::future::future::Future>::poll::h1fe040689a60b381
[INFO] [stdout]                                at /rustc/6067b36314ab5eb2eb47cecc464545ba58e1ad24/library/core/src/future/future.rs:124:9
[INFO] [stdout]   22:     0x5b952c29c04d - <core::pin::Pin<P> as core::future::future::Future>::poll::h89b68cf0fc8634cd
[INFO] [stdout]                                at /rustc/6067b36314ab5eb2eb47cecc464545ba58e1ad24/library/core/src/future/future.rs:124:9
[INFO] [stdout]   23:     0x5b952c29b3ef - tokio::runtime::scheduler::current_thread::CoreGuard::block_on::{{closure}}::{{closure}}::{{closure}}::h6c97a7a6b9a700ee
[INFO] [stdout]                                at /opt/rustwide/cargo-home/registry/src/index.crates.io-1949cf8c6b5b557f/tokio-1.35.1/src/runtime/scheduler/current_thread/mod.rs:665:57
[INFO] [stdout]   24:     0x5b952c29b325 - tokio::runtime::coop::with_budget::hd202fb3ea025118b
[INFO] [stdout]                                at /opt/rustwide/cargo-home/registry/src/index.crates.io-1949cf8c6b5b557f/tokio-1.35.1/src/runtime/coop.rs:107:5
[INFO] [stdout]   25:     0x5b952c29b325 - tokio::runtime::coop::budget::h16729ea8dec68483
[INFO] [stdout]                                at /opt/rustwide/cargo-home/registry/src/index.crates.io-1949cf8c6b5b557f/tokio-1.35.1/src/runtime/coop.rs:73:5
[INFO] [stdout]   26:     0x5b952c29b325 - tokio::runtime::scheduler::current_thread::CoreGuard::block_on::{{closure}}::{{closure}}::h95aff854270f81ca
[INFO] [stdout]                                at /opt/rustwide/cargo-home/registry/src/index.crates.io-1949cf8c6b5b557f/tokio-1.35.1/src/runtime/scheduler/current_thread/mod.rs:665:25
[INFO] [stdout]   27:     0x5b952c299e10 - tokio::runtime::scheduler::current_thread::Context::enter::h1d71e4f30a100ae9
[INFO] [stdout]                                at /opt/rustwide/cargo-home/registry/src/index.crates.io-1949cf8c6b5b557f/tokio-1.35.1/src/runtime/scheduler/current_thread/mod.rs:410:19
[INFO] [stdout]   28:     0x5b952c29abab - tokio::runtime::scheduler::current_thread::CoreGuard::block_on::{{closure}}::h42bdfa0d0db4a930
[INFO] [stdout]                                at /opt/rustwide/cargo-home/registry/src/index.crates.io-1949cf8c6b5b557f/tokio-1.35.1/src/runtime/scheduler/current_thread/mod.rs:664:36
[INFO] [stdout]   29:     0x5b952c29a924 - tokio::runtime::scheduler::current_thread::CoreGuard::enter::{{closure}}::hf3e577540e80bce3
[INFO] [stdout]                                at /opt/rustwide/cargo-home/registry/src/index.crates.io-1949cf8c6b5b557f/tokio-1.35.1/src/runtime/scheduler/current_thread/mod.rs:743:68
[INFO] [stdout]   30:     0x5b952c298e7b - tokio::runtime::context::scoped::Scoped<T>::set::h27325a26f4529f08
[INFO] [stdout]                                at /opt/rustwide/cargo-home/registry/src/index.crates.io-1949cf8c6b5b557f/tokio-1.35.1/src/runtime/context/scoped.rs:40:9
[INFO] [stdout]   31:     0x5b952c298cb9 - tokio::runtime::context::set_scheduler::{{closure}}::h23fa766a1d148fd7
[INFO] [stdout]                                at /opt/rustwide/cargo-home/registry/src/index.crates.io-1949cf8c6b5b557f/tokio-1.35.1/src/runtime/context.rs:176:26
[INFO] [stdout]   32:     0x5b952c29daa2 - std::thread::local::LocalKey<T>::try_with::h5d1bde0107fedddb
[INFO] [stdout]                                at /rustc/6067b36314ab5eb2eb47cecc464545ba58e1ad24/library/std/src/thread/local.rs:308:12
[INFO] [stdout]   33:     0x5b952c29d55a - std::thread::local::LocalKey<T>::with::ha9f7f31e7f19f34a
[INFO] [stdout]                                at /rustc/6067b36314ab5eb2eb47cecc464545ba58e1ad24/library/std/src/thread/local.rs:272:9
[INFO] [stdout]   34:     0x5b952c298c6d - tokio::runtime::context::set_scheduler::h7559daee9d14424d
[INFO] [stdout]                                at /opt/rustwide/cargo-home/registry/src/index.crates.io-1949cf8c6b5b557f/tokio-1.35.1/src/runtime/context.rs:176:9
[INFO] [stdout]   35:     0x5b952c29a6d0 - tokio::runtime::scheduler::current_thread::CoreGuard::enter::hdb85f7b34af3baa2
[INFO] [stdout]                                at /opt/rustwide/cargo-home/registry/src/index.crates.io-1949cf8c6b5b557f/tokio-1.35.1/src/runtime/scheduler/current_thread/mod.rs:743:27
[INFO] [stdout]   36:     0x5b952c29a943 - tokio::runtime::scheduler::current_thread::CoreGuard::block_on::h0105d1d3fa2b999b
[INFO] [stdout]                                at /opt/rustwide/cargo-home/registry/src/index.crates.io-1949cf8c6b5b557f/tokio-1.35.1/src/runtime/scheduler/current_thread/mod.rs:652:19
[INFO] [stdout]   37:     0x5b952c29994d - tokio::runtime::scheduler::current_thread::CurrentThread::block_on::{{closure}}::hcf0790492b3b1027
[INFO] [stdout]                                at /opt/rustwide/cargo-home/registry/src/index.crates.io-1949cf8c6b5b557f/tokio-1.35.1/src/runtime/scheduler/current_thread/mod.rs:175:28
[INFO] [stdout]   38:     0x5b952c2991c6 - tokio::runtime::context::runtime::enter_runtime::h964f53ccf693982d
[INFO] [stdout]                                at /opt/rustwide/cargo-home/registry/src/index.crates.io-1949cf8c6b5b557f/tokio-1.35.1/src/runtime/context/runtime.rs:65:16
[INFO] [stdout]   39:     0x5b952c299861 - tokio::runtime::scheduler::current_thread::CurrentThread::block_on::hc4073f60e312b18d
[INFO] [stdout]                                at /opt/rustwide/cargo-home/registry/src/index.crates.io-1949cf8c6b5b557f/tokio-1.35.1/src/runtime/scheduler/current_thread/mod.rs:167:9
[INFO] [stdout]   40:     0x5b952c29f94d - tokio::runtime::runtime::Runtime::block_on::h93257998c21d9af0
[INFO] [stdout]                                at /opt/rustwide/cargo-home/registry/src/index.crates.io-1949cf8c6b5b557f/tokio-1.35.1/src/runtime/runtime.rs:348:47
[INFO] [stdout]   41:     0x5b952c2a43e1 - steamer::steam_api::suggest::gets_suggestions::h1c1dd2dda6534692
[INFO] [stdout]                                at /opt/rustwide/workdir/src/steam_api/suggest.rs:33:5
[INFO] [stdout]   42:     0x5b952c2a4287 - steamer::steam_api::suggest::gets_suggestions::{{closure}}::h59e570e7eb72ccd0
[INFO] [stdout]                                at /opt/rustwide/workdir/src/steam_api/suggest.rs:32:28
[INFO] [stdout]   43:     0x5b952c295466 - core::ops::function::FnOnce::call_once::h5fb200eab296e23e
[INFO] [stdout]                                at /rustc/6067b36314ab5eb2eb47cecc464545ba58e1ad24/library/core/src/ops/function.rs:250:5
[INFO] [stdout]   44:     0x5b952c62d26b - core::ops::function::FnOnce::call_once::he27718dfdd183f43
[INFO] [stdout]                                at /rustc/6067b36314ab5eb2eb47cecc464545ba58e1ad24/library/core/src/ops/function.rs:250:5
[INFO] [stdout]   45:     0x5b952c62d26b - test::__rust_begin_short_backtrace::h4e84902998457a5d
[INFO] [stdout]                                at /rustc/6067b36314ab5eb2eb47cecc464545ba58e1ad24/library/test/src/lib.rs:632:18
[INFO] [stdout]   46:     0x5b952c62c1a3 - test::run_test_in_process::{{closure}}::h7176fd18fc1feca0
[INFO] [stdout]                                at /rustc/6067b36314ab5eb2eb47cecc464545ba58e1ad24/library/test/src/lib.rs:655:60
[INFO] [stdout]   47:     0x5b952c62c1a3 - <core::panic::unwind_safe::AssertUnwindSafe<F> as core::ops::function::FnOnce<()>>::call_once::hf79cff2a624d8cf7
[INFO] [stdout]                                at /rustc/6067b36314ab5eb2eb47cecc464545ba58e1ad24/library/core/src/panic/unwind_safe.rs:272:9
[INFO] [stdout]   48:     0x5b952c62c1a3 - std::panicking::try::do_call::h3da0561d9ab99c25
[INFO] [stdout]                                at /rustc/6067b36314ab5eb2eb47cecc464545ba58e1ad24/library/std/src/panicking.rs:587:40
[INFO] [stdout]   49:     0x5b952c62c1a3 - std::panicking::try::h41c9fa508bc61df6
[INFO] [stdout]                                at /rustc/6067b36314ab5eb2eb47cecc464545ba58e1ad24/library/std/src/panicking.rs:550:19
[INFO] [stdout]   50:     0x5b952c62c1a3 - std::panic::catch_unwind::h6b3ff07bb5afad93
[INFO] [stdout]                                at /rustc/6067b36314ab5eb2eb47cecc464545ba58e1ad24/library/std/src/panic.rs:358:14
[INFO] [stdout]   51:     0x5b952c62c1a3 - test::run_test_in_process::hc7253dd11b39b9f4
[INFO] [stdout]                                at /rustc/6067b36314ab5eb2eb47cecc464545ba58e1ad24/library/test/src/lib.rs:655:27
[INFO] [stdout]   52:     0x5b952c62c1a3 - test::run_test::{{closure}}::hfb2007f8649c30bb
[INFO] [stdout]                                at /rustc/6067b36314ab5eb2eb47cecc464545ba58e1ad24/library/test/src/lib.rs:576:43
[INFO] [stdout]   53:     0x5b952c5ef285 - test::run_test::{{closure}}::h56a17aa7a282a9f4
[INFO] [stdout]                                at /rustc/6067b36314ab5eb2eb47cecc464545ba58e1ad24/library/test/src/lib.rs:606:41
[INFO] [stdout]   54:     0x5b952c5ef285 - std::sys::backtrace::__rust_begin_short_backtrace::hd2d2d2fb8e8c6aac
[INFO] [stdout]                                at /rustc/6067b36314ab5eb2eb47cecc464545ba58e1ad24/library/std/src/sys/backtrace.rs:152:18
[INFO] [stdout]   55:     0x5b952c5f2b6a - std::thread::Builder::spawn_unchecked_::{{closure}}::{{closure}}::h4faa3f9db6133423
[INFO] [stdout]                                at /rustc/6067b36314ab5eb2eb47cecc464545ba58e1ad24/library/std/src/thread/mod.rs:559:17
[INFO] [stdout]   56:     0x5b952c5f2b6a - <core::panic::unwind_safe::AssertUnwindSafe<F> as core::ops::function::FnOnce<()>>::call_once::hf2e855a36a4ea846
[INFO] [stdout]                                at /rustc/6067b36314ab5eb2eb47cecc464545ba58e1ad24/library/core/src/panic/unwind_safe.rs:272:9
[INFO] [stdout]   57:     0x5b952c5f2b6a - std::panicking::try::do_call::h2f73af3616c35465
[INFO] [stdout]                                at /rustc/6067b36314ab5eb2eb47cecc464545ba58e1ad24/library/std/src/panicking.rs:587:40
[INFO] [stdout]   58:     0x5b952c5f2b6a - std::panicking::try::hd1660ce9efadef5a
[INFO] [stdout]                                at /rustc/6067b36314ab5eb2eb47cecc464545ba58e1ad24/library/std/src/panicking.rs:550:19
[INFO] [stdout]   59:     0x5b952c5f2b6a - std::panic::catch_unwind::h5ee8d7823b8ca744
[INFO] [stdout]                                at /rustc/6067b36314ab5eb2eb47cecc464545ba58e1ad24/library/std/src/panic.rs:358:14
[INFO] [stdout]   60:     0x5b952c5f2b6a - std::thread::Builder::spawn_unchecked_::{{closure}}::h53c3a1894dce8407
[INFO] [stdout]                                at /rustc/6067b36314ab5eb2eb47cecc464545ba58e1ad24/library/std/src/thread/mod.rs:557:30
[INFO] [stdout]   61:     0x5b952c5f2b6a - core::ops::function::FnOnce::call_once{{vtable.shim}}::h048ce291ad4f62bf
[INFO] [stdout]                                at /rustc/6067b36314ab5eb2eb47cecc464545ba58e1ad24/library/core/src/ops/function.rs:250:5
[INFO] [stdout]   62:     0x5b952c773b1b - <alloc::boxed::Box<F,A> as core::ops::function::FnOnce<Args>>::call_once::ha52bedf99a3b4981
[INFO] [stdout]                                at /rustc/6067b36314ab5eb2eb47cecc464545ba58e1ad24/library/alloc/src/boxed.rs:2013:9
[INFO] [stdout]   63:     0x5b952c773b1b - <alloc::boxed::Box<F,A> as core::ops::function::FnOnce<Args>>::call_once::h567748934d80ccf8
[INFO] [stdout]                                at /rustc/6067b36314ab5eb2eb47cecc464545ba58e1ad24/library/alloc/src/boxed.rs:2013:9
[INFO] [stdout]   64:     0x5b952c773b1b - std::sys::pal::unix::thread::Thread::new::thread_start::h2d970728ae887adc
[INFO] [stdout]                                at /rustc/6067b36314ab5eb2eb47cecc464545ba58e1ad24/library/std/src/sys/pal/unix/thread.rs:106:17
[INFO] [stdout]   65:     0x7bf75815eac3 - <unknown>
[INFO] [stdout]   66:     0x7bf7581efa04 - clone
[INFO] [stdout]   67:                0x0 - <unknown>
[INFO] [stdout] 
[INFO] [stdout] 
[INFO] [stdout] failures:
[INFO] [stdout]     steam_api::suggest::gets_suggestions
[INFO] [stdout] 
[INFO] [stdout] test result: FAILED. 0 passed; 1 failed; 0 ignored; 0 measured; 0 filtered out; finished in 0.19s
[INFO] [stdout] 
[INFO] [stderr] error: test failed, to rerun pass `--bin steamer`
[INFO] running `Command { std: "docker" "inspect" "74102eeaf22293d45e943b40e58a1955ccba7861a067c51339b83a4a2339fd9f", kill_on_drop: false }`
[INFO] running `Command { std: "docker" "rm" "-f" "74102eeaf22293d45e943b40e58a1955ccba7861a067c51339b83a4a2339fd9f", kill_on_drop: false }`
[INFO] [stdout] 74102eeaf22293d45e943b40e58a1955ccba7861a067c51339b83a4a2339fd9f
