[INFO] cloning repository https://github.com/vmalzinskas/Euler
[INFO] running `Command { std: "git" "-c" "credential.helper=" "-c" "credential.helper=/workspace/cargo-home/bin/git-credential-null" "clone" "--bare" "https://github.com/vmalzinskas/Euler" "/workspace/cache/git-repos/https%3A%2F%2Fgithub.com%2Fvmalzinskas%2FEuler", kill_on_drop: false }`
[INFO] [stderr] Cloning into bare repository '/workspace/cache/git-repos/https%3A%2F%2Fgithub.com%2Fvmalzinskas%2FEuler'...
[INFO] running `Command { std: "git" "rev-parse" "HEAD", kill_on_drop: false }`
[INFO] [stdout] 0a3efcd244183eaaa495e97dfe70562baeb79743
[INFO] testing vmalzinskas/Euler against nightly-2025-01-18+rustflags=-Zrandomize-layout for randomize-layout-2
[INFO] running `Command { std: "git" "clone" "/workspace/cache/git-repos/https%3A%2F%2Fgithub.com%2Fvmalzinskas%2FEuler" "/workspace/builds/worker-5-tc2/source", kill_on_drop: false }`
[INFO] [stderr] Cloning into '/workspace/builds/worker-5-tc2/source'...
[INFO] [stderr] error: copy-fd: write returned: No space left on device
[INFO] [stderr] fatal: cannot copy '/usr/share/git-core/templates/hooks/commit-msg.sample' to '/workspace/builds/worker-5-tc2/source/.git/hooks/commit-msg.sample': No space left on device
[INFO] testing vmalzinskas/Euler against nightly-2025-01-18+rustflags=-Zrandomize-layout for randomize-layout-2
[INFO] running `Command { std: "git" "clone" "/workspace/cache/git-repos/https%3A%2F%2Fgithub.com%2Fvmalzinskas%2FEuler" "/workspace/builds/worker-5-tc2/source", kill_on_drop: false }`
[INFO] [stderr] fatal: could not create work tree dir '/workspace/builds/worker-5-tc2/source': No space left on device
[INFO] testing vmalzinskas/Euler against nightly-2025-01-18+rustflags=-Zrandomize-layout for randomize-layout-2
[INFO] running `Command { std: "git" "clone" "/workspace/cache/git-repos/https%3A%2F%2Fgithub.com%2Fvmalzinskas%2FEuler" "/workspace/builds/worker-5-tc2/source", kill_on_drop: false }`
[INFO] [stderr] fatal: could not create work tree dir '/workspace/builds/worker-5-tc2/source': No space left on device
[INFO] testing vmalzinskas/Euler against nightly-2025-01-18+rustflags=-Zrandomize-layout for randomize-layout-2
[INFO] running `Command { std: "git" "clone" "/workspace/cache/git-repos/https%3A%2F%2Fgithub.com%2Fvmalzinskas%2FEuler" "/workspace/builds/worker-5-tc2/source", kill_on_drop: false }`
[INFO] [stderr] Cloning into '/workspace/builds/worker-5-tc2/source'...
[INFO] [stderr] done.
[INFO] validating manifest of git repo https://github.com/vmalzinskas/Euler on toolchain nightly-2025-01-18
[INFO] running `Command { std: CARGO_HOME="/workspace/cargo-home" RUSTUP_HOME="/workspace/rustup-home" "/workspace/cargo-home/bin/cargo" "+nightly-2025-01-18" "metadata" "--manifest-path" "Cargo.toml" "--no-deps", kill_on_drop: false }`
[INFO] started tweaking git repo https://github.com/vmalzinskas/Euler
[INFO] finished tweaking git repo https://github.com/vmalzinskas/Euler
[INFO] tweaked toml for git repo https://github.com/vmalzinskas/Euler written to /workspace/builds/worker-5-tc2/source/Cargo.toml
[INFO] crate git repo https://github.com/vmalzinskas/Euler already has a lockfile, it will not be regenerated
[INFO] running `Command { std: CARGO_HOME="/workspace/cargo-home" RUSTUP_HOME="/workspace/rustup-home" "/workspace/cargo-home/bin/cargo" "+nightly-2025-01-18" "fetch" "--manifest-path" "Cargo.toml", kill_on_drop: false }`
[INFO] running `Command { std: "docker" "create" "-v" "/var/lib/crater-agent-workspace/builds/worker-5-tc2/target:/opt/rustwide/target:rw,Z" "-v" "/var/lib/crater-agent-workspace/builds/worker-5-tc2/source:/opt/rustwide/workdir:ro,Z" "-v" "/var/lib/crater-agent-workspace/cargo-home:/opt/rustwide/cargo-home:ro,Z" "-v" "/var/lib/crater-agent-workspace/rustup-home:/opt/rustwide/rustup-home:ro,Z" "-e" "SOURCE_DIR=/opt/rustwide/workdir" "-e" "CARGO_TARGET_DIR=/opt/rustwide/target" "-e" "CARGO_HOME=/opt/rustwide/cargo-home" "-e" "RUSTUP_HOME=/opt/rustwide/rustup-home" "-w" "/opt/rustwide/workdir" "-m" "1610612736" "--user" "0:0" "--network" "none" "ghcr.io/rust-lang/crates-build-env/linux@sha256:819108c5571ea2e421544af4d832f968d213c87fbe3707a016657f43d2f853bc" "/opt/rustwide/cargo-home/bin/cargo" "+nightly-2025-01-18" "metadata" "--no-deps" "--format-version=1", kill_on_drop: false }`
[INFO] [stdout] 49fb9d1fd0e5916452bedb7f557218d15743b148f628ac7e99f7c34ed0b0f514
[INFO] running `Command { std: "docker" "start" "-a" "49fb9d1fd0e5916452bedb7f557218d15743b148f628ac7e99f7c34ed0b0f514", kill_on_drop: false }`
[INFO] running `Command { std: "docker" "inspect" "49fb9d1fd0e5916452bedb7f557218d15743b148f628ac7e99f7c34ed0b0f514", kill_on_drop: false }`
[INFO] running `Command { std: "docker" "rm" "-f" "49fb9d1fd0e5916452bedb7f557218d15743b148f628ac7e99f7c34ed0b0f514", kill_on_drop: false }`
[INFO] [stdout] 49fb9d1fd0e5916452bedb7f557218d15743b148f628ac7e99f7c34ed0b0f514
[INFO] running `Command { std: "docker" "create" "-v" "/var/lib/crater-agent-workspace/builds/worker-5-tc2/target:/opt/rustwide/target:rw,Z" "-v" "/var/lib/crater-agent-workspace/builds/worker-5-tc2/source:/opt/rustwide/workdir:ro,Z" "-v" "/var/lib/crater-agent-workspace/cargo-home:/opt/rustwide/cargo-home:ro,Z" "-v" "/var/lib/crater-agent-workspace/rustup-home:/opt/rustwide/rustup-home:ro,Z" "-e" "SOURCE_DIR=/opt/rustwide/workdir" "-e" "CARGO_TARGET_DIR=/opt/rustwide/target" "-e" "CARGO_INCREMENTAL=0" "-e" "RUST_BACKTRACE=full" "-e" "RUSTFLAGS=--cap-lints=forbid -Zrandomize-layout" "-e" "RUSTDOCFLAGS=--cap-lints=forbid" "-e" "CARGO_HOME=/opt/rustwide/cargo-home" "-e" "RUSTUP_HOME=/opt/rustwide/rustup-home" "-w" "/opt/rustwide/workdir" "-m" "1610612736" "--user" "0:0" "--network" "none" "ghcr.io/rust-lang/crates-build-env/linux@sha256:819108c5571ea2e421544af4d832f968d213c87fbe3707a016657f43d2f853bc" "/opt/rustwide/cargo-home/bin/cargo" "+nightly-2025-01-18" "build" "--frozen" "--message-format=json", kill_on_drop: false }`
[INFO] [stdout] b882ba31cef27488dd30892c1e819ec2507bf1cd84aca03fa21b296b4627159e
[INFO] running `Command { std: "docker" "start" "-a" "b882ba31cef27488dd30892c1e819ec2507bf1cd84aca03fa21b296b4627159e", kill_on_drop: false }`
[INFO] [stderr]    Compiling autocfg v1.4.0
[INFO] [stderr]    Compiling num-traits v0.2.19
[INFO] [stderr]    Compiling num-integer v0.1.46
[INFO] [stderr]    Compiling num-bigint v0.4.6
[INFO] [stderr]    Compiling Euler v0.1.0 (/opt/rustwide/workdir)
[INFO] [stdout] warning: unused import: `crate::prob6::problem_6`
[INFO] [stdout]  --> src/prob100.rs:1:5
[INFO] [stdout]   |
[INFO] [stdout] 1 | use crate::prob6::problem_6;
[INFO] [stdout]   |     ^^^^^^^^^^^^^^^^^^^^^^^
[INFO] [stdout]   |
[INFO] [stdout]   = note: `#[warn(unused_imports)]` on by default
[INFO] [stdout] 
[INFO] [stdout] 
[INFO] [stdout] warning: unused import: `ToPrimitive`
[INFO] [stdout]  --> src/prob100.rs:3:23
[INFO] [stdout]   |
[INFO] [stdout] 3 | use num_traits::{One, ToPrimitive, Zero};
[INFO] [stdout]   |                       ^^^^^^^^^^^
[INFO] [stdout] 
[INFO] [stdout] 
[INFO] [stdout] warning: unused variable: `b`
[INFO] [stdout]   --> src/prob100.rs:32:9
[INFO] [stdout]    |
[INFO] [stdout] 32 |     let b: Box = Box::check_range(red, blue,blue*100).unwrap();
[INFO] [stdout]    |         ^ help: if this is intentional, prefix it with an underscore: `_b`
[INFO] [stdout]    |
[INFO] [stdout]    = note: `#[warn(unused_variables)]` on by default
[INFO] [stdout] 
[INFO] [stdout] 
[INFO] [stdout] warning: unused variable: `red`
[INFO] [stdout]    --> src/prob100.rs:136:20
[INFO] [stdout]     |
[INFO] [stdout] 136 |         let (blue, red) = self.get_box_tally();
[INFO] [stdout]     |                    ^^^ help: if this is intentional, prefix it with an underscore: `_red`
[INFO] [stdout] 
[INFO] [stdout] 
[INFO] [stdout] warning: unused variable: `red`
[INFO] [stdout]    --> src/prob100.rs:150:20
[INFO] [stdout]     |
[INFO] [stdout] 150 |         let (blue, red) =  b.get_box_tally();
[INFO] [stdout]     |                    ^^^ help: if this is intentional, prefix it with an underscore: `_red`
[INFO] [stdout] 
[INFO] [stdout] 
[INFO] [stdout] warning: associated items `new` and `get_single_disk_ratio` are never used
[INFO] [stdout]    --> src/prob100.rs:49:8
[INFO] [stdout]     |
[INFO] [stdout] 48  | impl Box {
[INFO] [stdout]     | -------- associated items in this implementation
[INFO] [stdout] 49  |     fn new() -> Self {
[INFO] [stdout]     |        ^^^
[INFO] [stdout] ...
[INFO] [stdout] 142 |     fn get_single_disk_ratio(&self) -> f32 {
[INFO] [stdout]     |        ^^^^^^^^^^^^^^^^^^^^^
[INFO] [stdout]     |
[INFO] [stdout]     = note: `#[warn(dead_code)]` on by default
[INFO] [stdout] 
[INFO] [stdout] 
[INFO] [stdout] warning: crate `Euler` should have a snake case name
[INFO] [stdout]   |
[INFO] [stdout]   = help: convert the identifier to snake case: `euler`
[INFO] [stdout]   = note: `#[warn(non_snake_case)]` on by default
[INFO] [stdout] 
[INFO] [stdout] 
[INFO] [stdout] warning: variable `numVec` should have a snake case name
[INFO] [stdout]   --> src/lib.rs:53:13
[INFO] [stdout]    |
[INFO] [stdout] 53 |         let numVec: Vec<i32> = (start..end).rev().collect();
[INFO] [stdout]    |             ^^^^^^ help: convert the identifier to snake case: `num_vec`
[INFO] [stdout] 
[INFO] [stdout] 
[INFO] [stdout] warning: unused imports: `prob6`, `problem_1`, and `problem_4`
[INFO] [stdout]  --> src/main.rs:1:13
[INFO] [stdout]   |
[INFO] [stdout] 1 | use Euler::{problem_1, problem_4, prob6, prob100};
[INFO] [stdout]   |             ^^^^^^^^^  ^^^^^^^^^  ^^^^^
[INFO] [stdout]   |
[INFO] [stdout]   = note: `#[warn(unused_imports)]` on by default
[INFO] [stdout] 
[INFO] [stdout] 
[INFO] [stderr]     Finished `dev` profile [unoptimized + debuginfo] target(s) in 4.55s
[INFO] running `Command { std: "docker" "inspect" "b882ba31cef27488dd30892c1e819ec2507bf1cd84aca03fa21b296b4627159e", kill_on_drop: false }`
[INFO] running `Command { std: "docker" "rm" "-f" "b882ba31cef27488dd30892c1e819ec2507bf1cd84aca03fa21b296b4627159e", kill_on_drop: false }`
[INFO] [stdout] b882ba31cef27488dd30892c1e819ec2507bf1cd84aca03fa21b296b4627159e
[INFO] running `Command { std: "docker" "create" "-v" "/var/lib/crater-agent-workspace/builds/worker-5-tc2/target:/opt/rustwide/target:rw,Z" "-v" "/var/lib/crater-agent-workspace/builds/worker-5-tc2/source:/opt/rustwide/workdir:ro,Z" "-v" "/var/lib/crater-agent-workspace/cargo-home:/opt/rustwide/cargo-home:ro,Z" "-v" "/var/lib/crater-agent-workspace/rustup-home:/opt/rustwide/rustup-home:ro,Z" "-e" "SOURCE_DIR=/opt/rustwide/workdir" "-e" "CARGO_TARGET_DIR=/opt/rustwide/target" "-e" "CARGO_INCREMENTAL=0" "-e" "RUST_BACKTRACE=full" "-e" "RUSTFLAGS=--cap-lints=forbid -Zrandomize-layout" "-e" "RUSTDOCFLAGS=--cap-lints=forbid" "-e" "CARGO_HOME=/opt/rustwide/cargo-home" "-e" "RUSTUP_HOME=/opt/rustwide/rustup-home" "-w" "/opt/rustwide/workdir" "-m" "1610612736" "--user" "0:0" "--network" "none" "ghcr.io/rust-lang/crates-build-env/linux@sha256:819108c5571ea2e421544af4d832f968d213c87fbe3707a016657f43d2f853bc" "/opt/rustwide/cargo-home/bin/cargo" "+nightly-2025-01-18" "test" "--frozen" "--no-run" "--message-format=json", kill_on_drop: false }`
[INFO] [stdout] c60b314e98062a4d491bcede4e44b5030bed558e94a9f7f77d6ebf0b24cda4e7
[INFO] running `Command { std: "docker" "start" "-a" "c60b314e98062a4d491bcede4e44b5030bed558e94a9f7f77d6ebf0b24cda4e7", kill_on_drop: false }`
[INFO] [stderr]    Compiling Euler v0.1.0 (/opt/rustwide/workdir)
[INFO] [stdout] warning: unused import: `crate::prob6::problem_6`
[INFO] [stdout]  --> src/prob100.rs:1:5
[INFO] [stdout]   |
[INFO] [stdout] 1 | use crate::prob6::problem_6;
[INFO] [stdout]   |     ^^^^^^^^^^^^^^^^^^^^^^^
[INFO] [stdout]   |
[INFO] [stdout]   = note: `#[warn(unused_imports)]` on by default
[INFO] [stdout] 
[INFO] [stdout] 
[INFO] [stdout] warning: unused import: `ToPrimitive`
[INFO] [stdout]  --> src/prob100.rs:3:23
[INFO] [stdout]   |
[INFO] [stdout] 3 | use num_traits::{One, ToPrimitive, Zero};
[INFO] [stdout]   |                       ^^^^^^^^^^^
[INFO] [stdout] 
[INFO] [stdout] 
[INFO] [stdout] warning: unused variable: `b`
[INFO] [stdout]   --> src/prob100.rs:32:9
[INFO] [stdout]    |
[INFO] [stdout] 32 |     let b: Box = Box::check_range(red, blue,blue*100).unwrap();
[INFO] [stdout]    |         ^ help: if this is intentional, prefix it with an underscore: `_b`
[INFO] [stdout]    |
[INFO] [stdout]    = note: `#[warn(unused_variables)]` on by default
[INFO] [stdout] 
[INFO] [stdout] 
[INFO] [stdout] warning: unused variable: `red`
[INFO] [stdout]    --> src/prob100.rs:136:20
[INFO] [stdout]     |
[INFO] [stdout] 136 |         let (blue, red) = self.get_box_tally();
[INFO] [stdout]     |                    ^^^ help: if this is intentional, prefix it with an underscore: `_red`
[INFO] [stdout] 
[INFO] [stdout] 
[INFO] [stdout] warning: unused variable: `red`
[INFO] [stdout]    --> src/prob100.rs:150:20
[INFO] [stdout]     |
[INFO] [stdout] 150 |         let (blue, red) =  b.get_box_tally();
[INFO] [stdout]     |                    ^^^ help: if this is intentional, prefix it with an underscore: `_red`
[INFO] [stdout] 
[INFO] [stdout] 
[INFO] [stdout] warning: associated items `new` and `get_single_disk_ratio` are never used
[INFO] [stdout]    --> src/prob100.rs:49:8
[INFO] [stdout]     |
[INFO] [stdout] 48  | impl Box {
[INFO] [stdout]     | -------- associated items in this implementation
[INFO] [stdout] 49  |     fn new() -> Self {
[INFO] [stdout]     |        ^^^
[INFO] [stdout] ...
[INFO] [stdout] 142 |     fn get_single_disk_ratio(&self) -> f32 {
[INFO] [stdout]     |        ^^^^^^^^^^^^^^^^^^^^^
[INFO] [stdout]     |
[INFO] [stdout]     = note: `#[warn(dead_code)]` on by default
[INFO] [stdout] 
[INFO] [stdout] 
[INFO] [stdout] warning: crate `Euler` should have a snake case name
[INFO] [stdout]   |
[INFO] [stdout]   = help: convert the identifier to snake case: `euler`
[INFO] [stdout]   = note: `#[warn(non_snake_case)]` on by default
[INFO] [stdout] 
[INFO] [stdout] 
[INFO] [stdout] warning: variable `numVec` should have a snake case name
[INFO] [stdout]   --> src/lib.rs:53:13
[INFO] [stdout]    |
[INFO] [stdout] 53 |         let numVec: Vec<i32> = (start..end).rev().collect();
[INFO] [stdout]    |             ^^^^^^ help: convert the identifier to snake case: `num_vec`
[INFO] [stdout] 
[INFO] [stdout] 
[INFO] [stdout] warning: unused imports: `prob6`, `problem_1`, and `problem_4`
[INFO] [stdout]  --> src/main.rs:1:13
[INFO] [stdout]   |
[INFO] [stdout] 1 | use Euler::{problem_1, problem_4, prob6, prob100};
[INFO] [stdout]   |             ^^^^^^^^^  ^^^^^^^^^  ^^^^^
[INFO] [stdout]   |
[INFO] [stdout]   = note: `#[warn(unused_imports)]` on by default
[INFO] [stdout] 
[INFO] [stdout] 
[INFO] [stdout] warning: unused import: `crate::prob6::problem_6`
[INFO] [stdout]  --> src/prob100.rs:1:5
[INFO] [stdout]   |
[INFO] [stdout] 1 | use crate::prob6::problem_6;
[INFO] [stdout]   |     ^^^^^^^^^^^^^^^^^^^^^^^
[INFO] [stdout]   |
[INFO] [stdout]   = note: `#[warn(unused_imports)]` on by default
[INFO] [stdout] 
[INFO] [stdout] 
[INFO] [stdout] warning: unused import: `ToPrimitive`
[INFO] [stdout]  --> src/prob100.rs:3:23
[INFO] [stdout]   |
[INFO] [stdout] 3 | use num_traits::{One, ToPrimitive, Zero};
[INFO] [stdout]   |                       ^^^^^^^^^^^
[INFO] [stdout] 
[INFO] [stdout] 
[INFO] [stdout] warning: unused variable: `b`
[INFO] [stdout]   --> src/prob100.rs:32:9
[INFO] [stdout]    |
[INFO] [stdout] 32 |     let b: Box = Box::check_range(red, blue,blue*100).unwrap();
[INFO] [stdout]    |         ^ help: if this is intentional, prefix it with an underscore: `_b`
[INFO] [stdout]    |
[INFO] [stdout]    = note: `#[warn(unused_variables)]` on by default
[INFO] [stdout] 
[INFO] [stdout] 
[INFO] [stdout] warning: unused variable: `red`
[INFO] [stdout]    --> src/prob100.rs:136:20
[INFO] [stdout]     |
[INFO] [stdout] 136 |         let (blue, red) = self.get_box_tally();
[INFO] [stdout]     |                    ^^^ help: if this is intentional, prefix it with an underscore: `_red`
[INFO] [stdout] 
[INFO] [stdout] 
[INFO] [stdout] warning: unused variable: `red`
[INFO] [stdout]    --> src/prob100.rs:150:20
[INFO] [stdout]     |
[INFO] [stdout] 150 |         let (blue, red) =  b.get_box_tally();
[INFO] [stdout]     |                    ^^^ help: if this is intentional, prefix it with an underscore: `_red`
[INFO] [stdout] 
[INFO] [stdout] 
[INFO] [stdout] warning: variable `numVec` should have a snake case name
[INFO] [stdout]   --> src/lib.rs:53:13
[INFO] [stdout]    |
[INFO] [stdout] 53 |         let numVec: Vec<i32> = (start..end).rev().collect();
[INFO] [stdout]    |             ^^^^^^ help: convert the identifier to snake case: `num_vec`
[INFO] [stdout]    |
[INFO] [stdout]    = note: `#[warn(non_snake_case)]` on by default
[INFO] [stdout] 
[INFO] [stdout] 
[INFO] [stdout] warning: unused `Result` that must be used
[INFO] [stdout]    --> src/prob100.rs:240:5
[INFO] [stdout]     |
[INFO] [stdout] 240 |     Box::check_range(200,100, 500);
[INFO] [stdout]     |     ^^^^^^^^^^^^^^^^^^^^^^^^^^^^^^
[INFO] [stdout]     |
[INFO] [stdout]     = note: this `Result` may be an `Err` variant, which should be handled
[INFO] [stdout]     = note: `#[warn(unused_must_use)]` on by default
[INFO] [stdout] help: use `let _ = ...` to ignore the resulting value
[INFO] [stdout]     |
[INFO] [stdout] 240 |     let _ = Box::check_range(200,100, 500);
[INFO] [stdout]     |     +++++++
[INFO] [stdout] 
[INFO] [stdout] 
[INFO] [stderr]     Finished `test` profile [unoptimized + debuginfo] target(s) in 0.87s
[INFO] running `Command { std: "docker" "inspect" "c60b314e98062a4d491bcede4e44b5030bed558e94a9f7f77d6ebf0b24cda4e7", kill_on_drop: false }`
[INFO] running `Command { std: "docker" "rm" "-f" "c60b314e98062a4d491bcede4e44b5030bed558e94a9f7f77d6ebf0b24cda4e7", kill_on_drop: false }`
[INFO] [stdout] c60b314e98062a4d491bcede4e44b5030bed558e94a9f7f77d6ebf0b24cda4e7
[INFO] running `Command { std: "docker" "create" "-v" "/var/lib/crater-agent-workspace/builds/worker-5-tc2/target:/opt/rustwide/target:rw,Z" "-v" "/var/lib/crater-agent-workspace/builds/worker-5-tc2/source:/opt/rustwide/workdir:ro,Z" "-v" "/var/lib/crater-agent-workspace/cargo-home:/opt/rustwide/cargo-home:ro,Z" "-v" "/var/lib/crater-agent-workspace/rustup-home:/opt/rustwide/rustup-home:ro,Z" "-e" "SOURCE_DIR=/opt/rustwide/workdir" "-e" "CARGO_TARGET_DIR=/opt/rustwide/target" "-e" "CARGO_INCREMENTAL=0" "-e" "RUST_BACKTRACE=full" "-e" "RUSTFLAGS=--cap-lints=forbid -Zrandomize-layout" "-e" "RUSTDOCFLAGS=--cap-lints=forbid" "-e" "CARGO_HOME=/opt/rustwide/cargo-home" "-e" "RUSTUP_HOME=/opt/rustwide/rustup-home" "-w" "/opt/rustwide/workdir" "-m" "1610612736" "--user" "0:0" "--network" "none" "ghcr.io/rust-lang/crates-build-env/linux@sha256:819108c5571ea2e421544af4d832f968d213c87fbe3707a016657f43d2f853bc" "/opt/rustwide/cargo-home/bin/cargo" "+nightly-2025-01-18" "test" "--frozen", kill_on_drop: false }`
[INFO] [stdout] 360fce5fcb7a5906d22e09ecadb1f4122aa772013a6ae1d51e14c79b9968c7ad
[INFO] running `Command { std: "docker" "start" "-a" "360fce5fcb7a5906d22e09ecadb1f4122aa772013a6ae1d51e14c79b9968c7ad", kill_on_drop: false }`
[INFO] [stderr] warning: unused import: `crate::prob6::problem_6`
[INFO] [stderr]  --> src/prob100.rs:1:5
[INFO] [stderr]   |
[INFO] [stderr] 1 | use crate::prob6::problem_6;
[INFO] [stderr]   |     ^^^^^^^^^^^^^^^^^^^^^^^
[INFO] [stderr]   |
[INFO] [stderr]   = note: `#[warn(unused_imports)]` on by default
[INFO] [stderr] 
[INFO] [stderr] warning: unused import: `ToPrimitive`
[INFO] [stderr]  --> src/prob100.rs:3:23
[INFO] [stderr]   |
[INFO] [stderr] 3 | use num_traits::{One, ToPrimitive, Zero};
[INFO] [stderr]   |                       ^^^^^^^^^^^
[INFO] [stderr] 
[INFO] [stderr] warning: unused variable: `b`
[INFO] [stderr]   --> src/prob100.rs:32:9
[INFO] [stderr]    |
[INFO] [stderr] 32 |     let b: Box = Box::check_range(red, blue,blue*100).unwrap();
[INFO] [stderr]    |         ^ help: if this is intentional, prefix it with an underscore: `_b`
[INFO] [stderr]    |
[INFO] [stderr]    = note: `#[warn(unused_variables)]` on by default
[INFO] [stderr] 
[INFO] [stderr] warning: unused variable: `red`
[INFO] [stderr]    --> src/prob100.rs:136:20
[INFO] [stderr]     |
[INFO] [stderr] 136 |         let (blue, red) = self.get_box_tally();
[INFO] [stderr]     |                    ^^^ help: if this is intentional, prefix it with an underscore: `_red`
[INFO] [stderr] 
[INFO] [stderr] warning: unused variable: `red`
[INFO] [stderr]    --> src/prob100.rs:150:20
[INFO] [stderr]     |
[INFO] [stderr] 150 |         let (blue, red) =  b.get_box_tally();
[INFO] [stderr]     |                    ^^^ help: if this is intentional, prefix it with an underscore: `_red`
[INFO] [stderr] 
[INFO] [stderr] warning: associated items `new` and `get_single_disk_ratio` are never used
[INFO] [stderr]    --> src/prob100.rs:49:8
[INFO] [stderr]     |
[INFO] [stderr] 48  | impl Box {
[INFO] [stderr]     | -------- associated items in this implementation
[INFO] [stderr] 49  |     fn new() -> Self {
[INFO] [stderr]     |        ^^^
[INFO] [stderr] ...
[INFO] [stderr] 142 |     fn get_single_disk_ratio(&self) -> f32 {
[INFO] [stderr]     |        ^^^^^^^^^^^^^^^^^^^^^
[INFO] [stderr]     |
[INFO] [stderr]     = note: `#[warn(dead_code)]` on by default
[INFO] [stderr] 
[INFO] [stderr] warning: crate `Euler` should have a snake case name
[INFO] [stderr]   |
[INFO] [stderr]   = help: convert the identifier to snake case: `euler`
[INFO] [stderr]   = note: `#[warn(non_snake_case)]` on by default
[INFO] [stderr] 
[INFO] [stderr] warning: variable `numVec` should have a snake case name
[INFO] [stderr]   --> src/lib.rs:53:13
[INFO] [stderr]    |
[INFO] [stderr] 53 |         let numVec: Vec<i32> = (start..end).rev().collect();
[INFO] [stderr]    |             ^^^^^^ help: convert the identifier to snake case: `num_vec`
[INFO] [stderr] 
[INFO] [stderr] warning: `Euler` (lib) generated 8 warnings (run `cargo fix --lib -p Euler` to apply 2 suggestions)
[INFO] [stderr] warning: unused imports: `prob6`, `problem_1`, and `problem_4`
[INFO] [stderr]  --> src/main.rs:1:13
[INFO] [stderr]   |
[INFO] [stderr] 1 | use Euler::{problem_1, problem_4, prob6, prob100};
[INFO] [stderr]   |             ^^^^^^^^^  ^^^^^^^^^  ^^^^^
[INFO] [stderr]   |
[INFO] [stderr]   = note: `#[warn(unused_imports)]` on by default
[INFO] [stderr] 
[INFO] [stderr] warning: `Euler` (bin "Euler" test) generated 1 warning (run `cargo fix --bin "Euler" --tests` to apply 1 suggestion)
[INFO] [stderr] warning: variable `numVec` should have a snake case name
[INFO] [stderr]   --> src/lib.rs:53:13
[INFO] [stderr]    |
[INFO] [stderr] 53 |         let numVec: Vec<i32> = (start..end).rev().collect();
[INFO] [stderr]    |             ^^^^^^ help: convert the identifier to snake case: `num_vec`
[INFO] [stderr]    |
[INFO] [stderr]    = note: `#[warn(non_snake_case)]` on by default
[INFO] [stderr] 
[INFO] [stderr] warning: unused `Result` that must be used
[INFO] [stderr]    --> src/prob100.rs:240:5
[INFO] [stderr]     |
[INFO] [stderr] 240 |     Box::check_range(200,100, 500);
[INFO] [stderr]     |     ^^^^^^^^^^^^^^^^^^^^^^^^^^^^^^
[INFO] [stderr]     |
[INFO] [stderr]     = note: this `Result` may be an `Err` variant, which should be handled
[INFO] [stderr]     = note: `#[warn(unused_must_use)]` on by default
[INFO] [stderr] help: use `let _ = ...` to ignore the resulting value
[INFO] [stderr]     |
[INFO] [stderr] 240 |     let _ = Box::check_range(200,100, 500);
[INFO] [stderr]     |     +++++++
[INFO] [stderr] 
[INFO] [stderr] warning: `Euler` (lib test) generated 7 warnings (5 duplicates)
[INFO] [stderr]     Finished `test` profile [unoptimized + debuginfo] target(s) in 0.02s
[INFO] [stderr]      Running unittests src/lib.rs (/opt/rustwide/target/debug/deps/Euler-cf1f7c28b7a5793a)
[INFO] [stdout] 
[INFO] [stdout] running 18 tests
[INFO] [stdout] test prob100::test_box_tally ... ok
[INFO] [stdout] test prob100::test_check_ratio ... ok
[INFO] [stdout] test prob100::test_function_solve ... ok
[INFO] [stdout] test prob100::test_balance ... ok
[INFO] [stdout] test prob100::test_predict ... ok
[INFO] [stdout] test prob6::test_sum_squares ... ok
[INFO] [stdout] test prob100::test_single_disk_ratio ... ok
[INFO] [stdout] test prob6::test_problem_6 ... ok
[INFO] [stdout] test prob6::test_square_sums ... ok
[INFO] [stdout] test tests::test_get_all_multiples ... ok
[INFO] [stdout] test tests::test_get_all_numbers_of_len_n ... ok
[INFO] [stdout] test tests::test_get_multiples ... ok
[INFO] [stdout] test tests::test_get_multiples_1 ... ok
[INFO] [stdout] test tests::test_is_palidrome ... ok
[INFO] [stdout] test tests::test_removal_duplicates ... ok
[INFO] [stdout] test tests::test_reversed ... ok
[INFO] [stdout] test tests::test_sum_all_multiples ... ok
[INFO] [stdout] test prob100::test_prob_two_blue ... FAILED
[INFO] [stdout] 
[INFO] [stdout] failures:
[INFO] [stdout] 
[INFO] [stdout] ---- prob100::test_prob_two_blue stdout ----
[INFO] [stdout] 
[INFO] [stdout] thread 'prob100::test_prob_two_blue' panicked at src/prob100.rs:217:5:
[INFO] [stdout] assertion failed: prob_box.check_prob().unwrap()
[INFO] [stdout] stack backtrace:
[INFO] [stdout]    0:     0x637a2678910a - std::backtrace_rs::backtrace::libunwind::trace::hb059275cfc8d6126
[INFO] [stdout]                                at /rustc/6067b36314ab5eb2eb47cecc464545ba58e1ad24/library/std/src/../../backtrace/src/backtrace/libunwind.rs:116:5
[INFO] [stdout]    1:     0x637a2678910a - std::backtrace_rs::backtrace::trace_unsynchronized::h2da071e4327ce3ee
[INFO] [stdout]                                at /rustc/6067b36314ab5eb2eb47cecc464545ba58e1ad24/library/std/src/../../backtrace/src/backtrace/mod.rs:66:5
[INFO] [stdout]    2:     0x637a2678910a - std::sys::backtrace::_print_fmt::h842a1474e6f8d23f
[INFO] [stdout]                                at /rustc/6067b36314ab5eb2eb47cecc464545ba58e1ad24/library/std/src/sys/backtrace.rs:66:9
[INFO] [stdout]    3:     0x637a2678910a - <std::sys::backtrace::BacktraceLock::print::DisplayBacktrace as core::fmt::Display>::fmt::h71a62eb3b9696b12
[INFO] [stdout]                                at /rustc/6067b36314ab5eb2eb47cecc464545ba58e1ad24/library/std/src/sys/backtrace.rs:39:26
[INFO] [stdout]    4:     0x637a267b12a3 - core::fmt::rt::Argument::fmt::hdb6b616786b41dc1
[INFO] [stdout]                                at /rustc/6067b36314ab5eb2eb47cecc464545ba58e1ad24/library/core/src/fmt/rt.rs:177:76
[INFO] [stdout]    5:     0x637a267b12a3 - core::fmt::write::h2cc1698af7e2d686
[INFO] [stdout]                                at /rustc/6067b36314ab5eb2eb47cecc464545ba58e1ad24/library/core/src/fmt/mod.rs:1440:21
[INFO] [stdout]    6:     0x637a26785c63 - std::io::Write::write_fmt::hab1b4cd059a79022
[INFO] [stdout]                                at /rustc/6067b36314ab5eb2eb47cecc464545ba58e1ad24/library/std/src/io/mod.rs:1887:15
[INFO] [stdout]    7:     0x637a26788f52 - std::sys::backtrace::BacktraceLock::print::h147fe35b4ea13b08
[INFO] [stdout]                                at /rustc/6067b36314ab5eb2eb47cecc464545ba58e1ad24/library/std/src/sys/backtrace.rs:42:9
[INFO] [stdout]    8:     0x637a2678a52f - std::panicking::default_hook::{{closure}}::hbd44223dbdc0d208
[INFO] [stdout]                                at /rustc/6067b36314ab5eb2eb47cecc464545ba58e1ad24/library/std/src/panicking.rs:298:22
[INFO] [stdout]    9:     0x637a2678a348 - std::panicking::default_hook::h20f81eb0576efcec
[INFO] [stdout]                                at /rustc/6067b36314ab5eb2eb47cecc464545ba58e1ad24/library/std/src/panicking.rs:322:9
[INFO] [stdout]   10:     0x637a26738773 - <alloc::boxed::Box<F,A> as core::ops::function::Fn<Args>>::call::hdb53814c496a4d34
[INFO] [stdout]                                at /rustc/6067b36314ab5eb2eb47cecc464545ba58e1ad24/library/alloc/src/boxed.rs:2027:9
[INFO] [stdout]   11:     0x637a26738773 - test::test_main::{{closure}}::hc0a4963c59427c24
[INFO] [stdout]                                at /rustc/6067b36314ab5eb2eb47cecc464545ba58e1ad24/library/test/src/lib.rs:134:21
[INFO] [stdout]   12:     0x637a2678b023 - <alloc::boxed::Box<F,A> as core::ops::function::Fn<Args>>::call::h591b2225413a77e9
[INFO] [stdout]                                at /rustc/6067b36314ab5eb2eb47cecc464545ba58e1ad24/library/alloc/src/boxed.rs:2027:9
[INFO] [stdout]   13:     0x637a2678b023 - std::panicking::rust_panic_with_hook::h625eea43051b2edc
[INFO] [stdout]                                at /rustc/6067b36314ab5eb2eb47cecc464545ba58e1ad24/library/std/src/panicking.rs:839:13
[INFO] [stdout]   14:     0x637a2678aca6 - std::panicking::begin_panic_handler::{{closure}}::h4f9159cfbc3f6bd3
[INFO] [stdout]                                at /rustc/6067b36314ab5eb2eb47cecc464545ba58e1ad24/library/std/src/panicking.rs:697:13
[INFO] [stdout]   15:     0x637a26789609 - std::sys::backtrace::__rust_end_short_backtrace::h0390abce48353151
[INFO] [stdout]                                at /rustc/6067b36314ab5eb2eb47cecc464545ba58e1ad24/library/std/src/sys/backtrace.rs:168:18
[INFO] [stdout]   16:     0x637a2678a96d - rust_begin_unwind
[INFO] [stdout]                                at /rustc/6067b36314ab5eb2eb47cecc464545ba58e1ad24/library/std/src/panicking.rs:695:5
[INFO] [stdout]   17:     0x637a267af220 - core::panicking::panic_fmt::h9e7c637e9e5f29c9
[INFO] [stdout]                                at /rustc/6067b36314ab5eb2eb47cecc464545ba58e1ad24/library/core/src/panicking.rs:75:14
[INFO] [stdout]   18:     0x637a267af2ac - core::panicking::panic::haa3255ea20181a33
[INFO] [stdout]                                at /rustc/6067b36314ab5eb2eb47cecc464545ba58e1ad24/library/core/src/panicking.rs:145:5
[INFO] [stdout]   19:     0x637a266f688d - Euler::prob100::test_prob_two_blue::heea6d037452fc5b4
[INFO] [stdout]                                at /opt/rustwide/workdir/src/prob100.rs:217:5
[INFO] [stdout]   20:     0x637a266f6157 - Euler::prob100::test_prob_two_blue::{{closure}}::h63c6f8f623a478f5
[INFO] [stdout]                                at /opt/rustwide/workdir/src/prob100.rs:201:24
[INFO] [stdout]   21:     0x637a266fb356 - core::ops::function::FnOnce::call_once::h35b6f443aea7a7cd
[INFO] [stdout]                                at /rustc/6067b36314ab5eb2eb47cecc464545ba58e1ad24/library/core/src/ops/function.rs:250:5
[INFO] [stdout]   22:     0x637a2673decb - core::ops::function::FnOnce::call_once::he27718dfdd183f43
[INFO] [stdout]                                at /rustc/6067b36314ab5eb2eb47cecc464545ba58e1ad24/library/core/src/ops/function.rs:250:5
[INFO] [stdout]   23:     0x637a2673decb - test::__rust_begin_short_backtrace::h4e84902998457a5d
[INFO] [stdout]                                at /rustc/6067b36314ab5eb2eb47cecc464545ba58e1ad24/library/test/src/lib.rs:632:18
[INFO] [stdout]   24:     0x637a2673ce03 - test::run_test_in_process::{{closure}}::h7176fd18fc1feca0
[INFO] [stdout]                                at /rustc/6067b36314ab5eb2eb47cecc464545ba58e1ad24/library/test/src/lib.rs:655:60
[INFO] [stdout]   25:     0x637a2673ce03 - <core::panic::unwind_safe::AssertUnwindSafe<F> as core::ops::function::FnOnce<()>>::call_once::hf79cff2a624d8cf7
[INFO] [stdout]                                at /rustc/6067b36314ab5eb2eb47cecc464545ba58e1ad24/library/core/src/panic/unwind_safe.rs:272:9
[INFO] [stdout]   26:     0x637a2673ce03 - std::panicking::try::do_call::h3da0561d9ab99c25
[INFO] [stdout]                                at /rustc/6067b36314ab5eb2eb47cecc464545ba58e1ad24/library/std/src/panicking.rs:587:40
[INFO] [stdout]   27:     0x637a2673ce03 - std::panicking::try::h41c9fa508bc61df6
[INFO] [stdout]                                at /rustc/6067b36314ab5eb2eb47cecc464545ba58e1ad24/library/std/src/panicking.rs:550:19
[INFO] [stdout]   28:     0x637a2673ce03 - std::panic::catch_unwind::h6b3ff07bb5afad93
[INFO] [stdout]                                at /rustc/6067b36314ab5eb2eb47cecc464545ba58e1ad24/library/std/src/panic.rs:358:14
[INFO] [stdout]   29:     0x637a2673ce03 - test::run_test_in_process::hc7253dd11b39b9f4
[INFO] [stdout]                                at /rustc/6067b36314ab5eb2eb47cecc464545ba58e1ad24/library/test/src/lib.rs:655:27
[INFO] [stdout]   30:     0x637a2673ce03 - test::run_test::{{closure}}::hfb2007f8649c30bb
[INFO] [stdout]                                at /rustc/6067b36314ab5eb2eb47cecc464545ba58e1ad24/library/test/src/lib.rs:576:43
[INFO] [stdout]   31:     0x637a266ffee5 - test::run_test::{{closure}}::h56a17aa7a282a9f4
[INFO] [stdout]                                at /rustc/6067b36314ab5eb2eb47cecc464545ba58e1ad24/library/test/src/lib.rs:606:41
[INFO] [stdout]   32:     0x637a266ffee5 - std::sys::backtrace::__rust_begin_short_backtrace::hd2d2d2fb8e8c6aac
[INFO] [stdout]                                at /rustc/6067b36314ab5eb2eb47cecc464545ba58e1ad24/library/std/src/sys/backtrace.rs:152:18
[INFO] [stdout]   33:     0x637a267037ca - std::thread::Builder::spawn_unchecked_::{{closure}}::{{closure}}::h4faa3f9db6133423
[INFO] [stdout]                                at /rustc/6067b36314ab5eb2eb47cecc464545ba58e1ad24/library/std/src/thread/mod.rs:559:17
[INFO] [stdout]   34:     0x637a267037ca - <core::panic::unwind_safe::AssertUnwindSafe<F> as core::ops::function::FnOnce<()>>::call_once::hf2e855a36a4ea846
[INFO] [stdout]                                at /rustc/6067b36314ab5eb2eb47cecc464545ba58e1ad24/library/core/src/panic/unwind_safe.rs:272:9
[INFO] [stdout]   35:     0x637a267037ca - std::panicking::try::do_call::h2f73af3616c35465
[INFO] [stdout]                                at /rustc/6067b36314ab5eb2eb47cecc464545ba58e1ad24/library/std/src/panicking.rs:587:40
[INFO] [stdout]   36:     0x637a267037ca - std::panicking::try::hd1660ce9efadef5a
[INFO] [stdout]                                at /rustc/6067b36314ab5eb2eb47cecc464545ba58e1ad24/library/std/src/panicking.rs:550:19
[INFO] [stdout]   37:     0x637a267037ca - std::panic::catch_unwind::h5ee8d7823b8ca744
[INFO] [stdout]                                at /rustc/6067b36314ab5eb2eb47cecc464545ba58e1ad24/library/std/src/panic.rs:358:14
[INFO] [stdout]   38:     0x637a267037ca - std::thread::Builder::spawn_unchecked_::{{closure}}::h53c3a1894dce8407
[INFO] [stdout]                                at /rustc/6067b36314ab5eb2eb47cecc464545ba58e1ad24/library/std/src/thread/mod.rs:557:30
[INFO] [stdout]   39:     0x637a267037ca - core::ops::function::FnOnce::call_once{{vtable.shim}}::h048ce291ad4f62bf
[INFO] [stdout]                                at /rustc/6067b36314ab5eb2eb47cecc464545ba58e1ad24/library/core/src/ops/function.rs:250:5
[INFO] [stdout]   40:     0x637a2678ef5b - <alloc::boxed::Box<F,A> as core::ops::function::FnOnce<Args>>::call_once::ha52bedf99a3b4981
[INFO] [stdout]                                at /rustc/6067b36314ab5eb2eb47cecc464545ba58e1ad24/library/alloc/src/boxed.rs:2013:9
[INFO] [stdout]   41:     0x637a2678ef5b - <alloc::boxed::Box<F,A> as core::ops::function::FnOnce<Args>>::call_once::h567748934d80ccf8
[INFO] [stdout]                                at /rustc/6067b36314ab5eb2eb47cecc464545ba58e1ad24/library/alloc/src/boxed.rs:2013:9
[INFO] [stdout]   42:     0x637a2678ef5b - std::sys::pal::unix::thread::Thread::new::thread_start::h2d970728ae887adc
[INFO] [stdout]                                at /rustc/6067b36314ab5eb2eb47cecc464545ba58e1ad24/library/std/src/sys/pal/unix/thread.rs:106:17
[INFO] [stdout]   43:     0x71eaf7f86ac3 - <unknown>
[INFO] [stdout]   44:     0x71eaf8017a04 - clone
[INFO] [stdout]   45:                0x0 - <unknown>
[INFO] [stdout] 
[INFO] [stdout] 
[INFO] [stdout] failures:
[INFO] [stdout]     prob100::test_prob_two_blue
[INFO] [stdout] 
[INFO] [stdout] test result: FAILED. 17 passed; 1 failed; 0 ignored; 0 measured; 0 filtered out; finished in 0.03s
[INFO] [stdout] 
[INFO] [stderr] error: test failed, to rerun pass `--lib`
[INFO] running `Command { std: "docker" "inspect" "360fce5fcb7a5906d22e09ecadb1f4122aa772013a6ae1d51e14c79b9968c7ad", kill_on_drop: false }`
[INFO] running `Command { std: "docker" "rm" "-f" "360fce5fcb7a5906d22e09ecadb1f4122aa772013a6ae1d51e14c79b9968c7ad", kill_on_drop: false }`
[INFO] [stdout] 360fce5fcb7a5906d22e09ecadb1f4122aa772013a6ae1d51e14c79b9968c7ad
