[INFO] cloning repository https://github.com/vluzko/Grace
[INFO] running `Command { std: "git" "-c" "credential.helper=" "-c" "credential.helper=/workspace/cargo-home/bin/git-credential-null" "clone" "--bare" "https://github.com/vluzko/Grace" "/workspace/cache/git-repos/https%3A%2F%2Fgithub.com%2Fvluzko%2FGrace", kill_on_drop: false }`
[INFO] [stderr] Cloning into bare repository '/workspace/cache/git-repos/https%3A%2F%2Fgithub.com%2Fvluzko%2FGrace'...
[INFO] running `Command { std: "git" "rev-parse" "HEAD", kill_on_drop: false }`
[INFO] [stdout] 2c170d26428f537b70e7c4958349a393865c6a63
[INFO] testing vluzko/Grace against nightly-2025-01-18 for randomize-layout-2
[INFO] running `Command { std: "git" "clone" "/workspace/cache/git-repos/https%3A%2F%2Fgithub.com%2Fvluzko%2FGrace" "/workspace/builds/worker-4-tc1/source", kill_on_drop: false }`
[INFO] [stderr] Cloning into '/workspace/builds/worker-4-tc1/source'...
[INFO] [stderr] done.
[INFO] validating manifest of git repo https://github.com/vluzko/Grace on toolchain nightly-2025-01-18
[INFO] running `Command { std: CARGO_HOME="/workspace/cargo-home" RUSTUP_HOME="/workspace/rustup-home" "/workspace/cargo-home/bin/cargo" "+nightly-2025-01-18" "metadata" "--manifest-path" "Cargo.toml" "--no-deps", kill_on_drop: false }`
[INFO] started tweaking git repo https://github.com/vluzko/Grace
[INFO] finished tweaking git repo https://github.com/vluzko/Grace
[INFO] tweaked toml for git repo https://github.com/vluzko/Grace written to /workspace/builds/worker-4-tc1/source/Cargo.toml
[INFO] running `Command { std: CARGO_HOME="/workspace/cargo-home" RUSTUP_HOME="/workspace/rustup-home" "/workspace/cargo-home/bin/cargo" "+nightly-2025-01-18" "generate-lockfile" "--manifest-path" "Cargo.toml", kill_on_drop: false }`
[INFO] [stderr]     Blocking waiting for file lock on package cache
[INFO] [stderr]     Updating crates.io index
[INFO] [stderr]      Locking 87 packages to latest compatible versions
[INFO] [stderr]       Adding nom v4.2.3 (available: v7.1.3)
[INFO] running `Command { std: CARGO_HOME="/workspace/cargo-home" RUSTUP_HOME="/workspace/rustup-home" "/workspace/cargo-home/bin/cargo" "+nightly-2025-01-18" "fetch" "--manifest-path" "Cargo.toml", kill_on_drop: false }`
[INFO] [stderr] warning: no edition set: defaulting to the 2015 edition while the latest is 2024
[INFO] [stderr]  Downloading crates ...
[INFO] [stderr]   Downloaded petgraph v0.7.1
[INFO] running `Command { std: "docker" "create" "-v" "/var/lib/crater-agent-workspace/builds/worker-4-tc1/target:/opt/rustwide/target:rw,Z" "-v" "/var/lib/crater-agent-workspace/builds/worker-4-tc1/source:/opt/rustwide/workdir:ro,Z" "-v" "/var/lib/crater-agent-workspace/cargo-home:/opt/rustwide/cargo-home:ro,Z" "-v" "/var/lib/crater-agent-workspace/rustup-home:/opt/rustwide/rustup-home:ro,Z" "-e" "SOURCE_DIR=/opt/rustwide/workdir" "-e" "CARGO_TARGET_DIR=/opt/rustwide/target" "-e" "CARGO_HOME=/opt/rustwide/cargo-home" "-e" "RUSTUP_HOME=/opt/rustwide/rustup-home" "-w" "/opt/rustwide/workdir" "-m" "1610612736" "--user" "0:0" "--network" "none" "ghcr.io/rust-lang/crates-build-env/linux@sha256:819108c5571ea2e421544af4d832f968d213c87fbe3707a016657f43d2f853bc" "/opt/rustwide/cargo-home/bin/cargo" "+nightly-2025-01-18" "metadata" "--no-deps" "--format-version=1", kill_on_drop: false }`
[INFO] [stdout] cc44af8c6cca6c7ea8b6e95fecf3535a9cbac833de5500602d0270de26b4e464
[INFO] running `Command { std: "docker" "start" "-a" "cc44af8c6cca6c7ea8b6e95fecf3535a9cbac833de5500602d0270de26b4e464", kill_on_drop: false }`
[INFO] running `Command { std: "docker" "inspect" "cc44af8c6cca6c7ea8b6e95fecf3535a9cbac833de5500602d0270de26b4e464", kill_on_drop: false }`
[INFO] running `Command { std: "docker" "rm" "-f" "cc44af8c6cca6c7ea8b6e95fecf3535a9cbac833de5500602d0270de26b4e464", kill_on_drop: false }`
[INFO] [stdout] cc44af8c6cca6c7ea8b6e95fecf3535a9cbac833de5500602d0270de26b4e464
[INFO] running `Command { std: "docker" "create" "-v" "/var/lib/crater-agent-workspace/builds/worker-4-tc1/target:/opt/rustwide/target:rw,Z" "-v" "/var/lib/crater-agent-workspace/builds/worker-4-tc1/source:/opt/rustwide/workdir:ro,Z" "-v" "/var/lib/crater-agent-workspace/cargo-home:/opt/rustwide/cargo-home:ro,Z" "-v" "/var/lib/crater-agent-workspace/rustup-home:/opt/rustwide/rustup-home:ro,Z" "-e" "SOURCE_DIR=/opt/rustwide/workdir" "-e" "CARGO_TARGET_DIR=/opt/rustwide/target" "-e" "CARGO_INCREMENTAL=0" "-e" "RUST_BACKTRACE=full" "-e" "RUSTFLAGS=--cap-lints=forbid" "-e" "RUSTDOCFLAGS=--cap-lints=forbid" "-e" "CARGO_HOME=/opt/rustwide/cargo-home" "-e" "RUSTUP_HOME=/opt/rustwide/rustup-home" "-w" "/opt/rustwide/workdir" "-m" "1610612736" "--user" "0:0" "--network" "none" "ghcr.io/rust-lang/crates-build-env/linux@sha256:819108c5571ea2e421544af4d832f968d213c87fbe3707a016657f43d2f853bc" "/opt/rustwide/cargo-home/bin/cargo" "+nightly-2025-01-18" "build" "--frozen" "--message-format=json", kill_on_drop: false }`
[INFO] [stdout] 61188d04e17165c4f8112f41d5176826e84202ebffaee5931fa1c70203ad8fb5
[INFO] running `Command { std: "docker" "start" "-a" "61188d04e17165c4f8112f41d5176826e84202ebffaee5931fa1c70203ad8fb5", kill_on_drop: false }`
[INFO] [stderr] warning: no edition set: defaulting to the 2015 edition while the latest is 2024
[INFO] [stderr]    Compiling proc-macro2 v1.0.93
[INFO] [stderr]    Compiling unicode-ident v1.0.14
[INFO] [stderr]    Compiling libc v0.2.169
[INFO] [stderr]    Compiling byteorder v1.5.0
[INFO] [stderr]    Compiling once_cell v1.20.2
[INFO] [stderr]    Compiling strsim v0.11.1
[INFO] [stderr]    Compiling ident_case v1.0.1
[INFO] [stderr]    Compiling version_check v0.9.5
[INFO] [stderr]    Compiling rustix v0.38.43
[INFO] [stderr]    Compiling memchr v2.7.4
[INFO] [stderr]    Compiling autocfg v1.4.0
[INFO] [stderr]    Compiling linux-raw-sys v0.4.15
[INFO] [stderr]    Compiling bitflags v2.8.0
[INFO] [stderr]    Compiling thiserror v1.0.69
[INFO] [stderr]    Compiling version_check v0.1.5
[INFO] [stderr]    Compiling regex-syntax v0.8.5
[INFO] [stderr]    Compiling fastrand v2.3.0
[INFO] [stderr]    Compiling quick-error v1.2.3
[INFO] [stderr]    Compiling allocator-api2 v0.2.21
[INFO] [stderr]    Compiling bit-vec v0.8.0
[INFO] [stderr]    Compiling hashbrown v0.15.2
[INFO] [stderr]    Compiling yansi v1.0.1
[INFO] [stderr]    Compiling unarray v0.1.4
[INFO] [stderr]    Compiling either v1.13.0
[INFO] [stderr]    Compiling ahash v0.8.11
[INFO] [stderr]    Compiling bit-set v0.8.0
[INFO] [stderr]    Compiling nom v4.2.3
[INFO] [stderr]    Compiling num-traits v0.2.19
[INFO] [stderr]    Compiling web-time v1.1.0
[INFO] [stderr]    Compiling lazy_static v1.5.0
[INFO] [stderr]    Compiling fixedbitset v0.5.7
[INFO] [stderr]    Compiling cached_proc_macro_types v0.1.1
[INFO] [stderr]    Compiling diff v0.1.13
[INFO] [stderr]    Compiling itertools v0.14.0
[INFO] [stderr]    Compiling log v0.4.25
[INFO] [stderr]    Compiling bytecount v0.6.8
[INFO] [stderr]    Compiling maplit v1.0.2
[INFO] [stderr]    Compiling difference v2.0.0
[INFO] [stderr]    Compiling pretty_assertions v1.4.1
[INFO] [stderr]    Compiling quote v1.0.38
[INFO] [stderr]    Compiling aho-corasick v1.1.3
[INFO] [stderr]    Compiling syn v2.0.96
[INFO] [stderr]    Compiling indexmap v2.7.1
[INFO] [stderr]    Compiling petgraph v0.7.1
[INFO] [stderr]    Compiling getrandom v0.2.15
[INFO] [stderr]    Compiling wait-timeout v0.2.0
[INFO] [stderr]    Compiling rand_core v0.6.4
[INFO] [stderr]    Compiling rand_xorshift v0.3.0
[INFO] [stderr]    Compiling regex-automata v0.4.9
[INFO] [stderr]    Compiling tempfile v3.15.0
[INFO] [stderr]    Compiling rusty-fork v0.3.0
[INFO] [stderr]    Compiling darling_core v0.20.10
[INFO] [stderr]    Compiling regex v1.11.1
[INFO] [stderr]    Compiling zerocopy-derive v0.7.35
[INFO] [stderr]    Compiling thiserror-impl v1.0.69
[INFO] [stderr]    Compiling zerocopy v0.7.35
[INFO] [stderr]    Compiling ppv-lite86 v0.2.20
[INFO] [stderr]    Compiling darling_macro v0.20.10
[INFO] [stderr]    Compiling hashbrown v0.14.5
[INFO] [stderr]    Compiling rand_chacha v0.3.1
[INFO] [stderr]    Compiling darling v0.20.10
[INFO] [stderr]    Compiling cached_proc_macro v0.23.0
[INFO] [stderr]    Compiling rand v0.8.5
[INFO] [stderr]    Compiling cached v0.54.0
[INFO] [stderr]    Compiling proptest v1.6.0
[INFO] [stderr]    Compiling grace v0.1.0 (/opt/rustwide/workdir)
[INFO] [stdout] warning: trait `UpToCfg` is never used
[INFO] [stdout]    --> src/compiler_layers.rs:536:18
[INFO] [stdout]     |
[INFO] [stdout] 536 | pub(crate) trait UpToCfg<T> {
[INFO] [stdout]     |                  ^^^^^^^
[INFO] [stdout]     |
[INFO] [stdout]     = note: `#[warn(dead_code)]` on by default
[INFO] [stdout] 
[INFO] [stdout] 
[INFO] [stdout] warning: variable `w_SelfT` should have a snake case name
[INFO] [stdout]   --> src/parser/module_parser.rs:48:9
[INFO] [stdout]    |
[INFO] [stdout] 48 |     let w_SelfT = ParserContext {
[INFO] [stdout]    |         ^^^^^^^ help: convert the identifier to snake case: `w_self_t`
[INFO] [stdout]    |
[INFO] [stdout]    = note: `#[warn(non_snake_case)]` on by default
[INFO] [stdout] 
[INFO] [stdout] 
[INFO] [stderr]     Finished `dev` profile [unoptimized + debuginfo] target(s) in 29.87s
[INFO] [stderr] warning: the following packages contain code that will be rejected by a future version of Rust: nom v4.2.3
[INFO] [stderr] note: to see what the problems were, use the option `--future-incompat-report`, or run `cargo report future-incompatibilities --id 1`
[INFO] running `Command { std: "docker" "inspect" "61188d04e17165c4f8112f41d5176826e84202ebffaee5931fa1c70203ad8fb5", kill_on_drop: false }`
[INFO] running `Command { std: "docker" "rm" "-f" "61188d04e17165c4f8112f41d5176826e84202ebffaee5931fa1c70203ad8fb5", kill_on_drop: false }`
[INFO] [stdout] 61188d04e17165c4f8112f41d5176826e84202ebffaee5931fa1c70203ad8fb5
[INFO] running `Command { std: "docker" "create" "-v" "/var/lib/crater-agent-workspace/builds/worker-4-tc1/target:/opt/rustwide/target:rw,Z" "-v" "/var/lib/crater-agent-workspace/builds/worker-4-tc1/source:/opt/rustwide/workdir:ro,Z" "-v" "/var/lib/crater-agent-workspace/cargo-home:/opt/rustwide/cargo-home:ro,Z" "-v" "/var/lib/crater-agent-workspace/rustup-home:/opt/rustwide/rustup-home:ro,Z" "-e" "SOURCE_DIR=/opt/rustwide/workdir" "-e" "CARGO_TARGET_DIR=/opt/rustwide/target" "-e" "CARGO_INCREMENTAL=0" "-e" "RUST_BACKTRACE=full" "-e" "RUSTFLAGS=--cap-lints=forbid" "-e" "RUSTDOCFLAGS=--cap-lints=forbid" "-e" "CARGO_HOME=/opt/rustwide/cargo-home" "-e" "RUSTUP_HOME=/opt/rustwide/rustup-home" "-w" "/opt/rustwide/workdir" "-m" "1610612736" "--user" "0:0" "--network" "none" "ghcr.io/rust-lang/crates-build-env/linux@sha256:819108c5571ea2e421544af4d832f968d213c87fbe3707a016657f43d2f853bc" "/opt/rustwide/cargo-home/bin/cargo" "+nightly-2025-01-18" "test" "--frozen" "--no-run" "--message-format=json", kill_on_drop: false }`
[INFO] [stdout] 83efbfdb43c59e54f569a428751a10dd2a2c35b7af3ae7ba521b362697da1225
[INFO] running `Command { std: "docker" "start" "-a" "83efbfdb43c59e54f569a428751a10dd2a2c35b7af3ae7ba521b362697da1225", kill_on_drop: false }`
[INFO] [stderr] warning: no edition set: defaulting to the 2015 edition while the latest is 2024
[INFO] [stderr]    Compiling grace v0.1.0 (/opt/rustwide/workdir)
[INFO] [stdout] warning: trait `UpToCfg` is never used
[INFO] [stdout]    --> src/compiler_layers.rs:536:18
[INFO] [stdout]     |
[INFO] [stdout] 536 | pub(crate) trait UpToCfg<T> {
[INFO] [stdout]     |                  ^^^^^^^
[INFO] [stdout]     |
[INFO] [stdout]     = note: `#[warn(dead_code)]` on by default
[INFO] [stdout] 
[INFO] [stdout] 
[INFO] [stdout] warning: variable `w_SelfT` should have a snake case name
[INFO] [stdout]   --> src/parser/module_parser.rs:48:9
[INFO] [stdout]    |
[INFO] [stdout] 48 |     let w_SelfT = ParserContext {
[INFO] [stdout]    |         ^^^^^^^ help: convert the identifier to snake case: `w_self_t`
[INFO] [stdout]    |
[INFO] [stdout]    = note: `#[warn(non_snake_case)]` on by default
[INFO] [stdout] 
[INFO] [stdout] 
[INFO] [stdout] warning: unused variable: `s`
[INFO] [stdout]    --> src/testing/minimal_examples.rs:355:9
[INFO] [stdout]     |
[INFO] [stdout] 355 |     let s = minimal_struct();
[INFO] [stdout]     |         ^ help: if this is intentional, prefix it with an underscore: `_s`
[INFO] [stdout]     |
[INFO] [stdout]     = note: `#[warn(unused_variables)]` on by default
[INFO] [stdout] 
[INFO] [stdout] 
[INFO] [stdout] warning: unused variable: `context`
[INFO] [stdout]    --> src/type_checking/type_check/stmt_type_tests.rs:138:10
[INFO] [stdout]     |
[INFO] [stdout] 138 |     let (context, _) = module.add_to_context(w_scopes).unwrap();
[INFO] [stdout]     |          ^^^^^^^ help: if this is intentional, prefix it with an underscore: `_context`
[INFO] [stdout] 
[INFO] [stdout] 
[INFO] [stdout] warning: function `minimal_self_struct` is never used
[INFO] [stdout]    --> src/testing/minimal_examples.rs:353:8
[INFO] [stdout]     |
[INFO] [stdout] 353 | pub fn minimal_self_struct() {
[INFO] [stdout]     |        ^^^^^^^^^^^^^^^^^^^
[INFO] [stdout]     |
[INFO] [stdout]     = note: `#[warn(dead_code)]` on by default
[INFO] [stdout] 
[INFO] [stdout] 
[INFO] [stdout] warning: function `minimal_module_with_impl` is never used
[INFO] [stdout]    --> src/testing/minimal_examples.rs:372:8
[INFO] [stdout]     |
[INFO] [stdout] 372 | pub fn minimal_module_with_impl() -> Node<expression::Module> {
[INFO] [stdout]     |        ^^^^^^^^^^^^^^^^^^^^^^^^
[INFO] [stdout] 
[INFO] [stdout] 
[INFO] [stdout] warning: variable `w_SelfT` should have a snake case name
[INFO] [stdout]   --> src/parser/module_parser.rs:48:9
[INFO] [stdout]    |
[INFO] [stdout] 48 |     let w_SelfT = ParserContext {
[INFO] [stdout]    |         ^^^^^^^ help: convert the identifier to snake case: `w_self_t`
[INFO] [stdout]    |
[INFO] [stdout]    = note: `#[warn(non_snake_case)]` on by default
[INFO] [stdout] 
[INFO] [stdout] 
[INFO] [stderr]     Finished `test` profile [unoptimized + debuginfo] target(s) in 8.09s
[INFO] [stderr] warning: the following packages contain code that will be rejected by a future version of Rust: nom v4.2.3
[INFO] [stderr] note: to see what the problems were, use the option `--future-incompat-report`, or run `cargo report future-incompatibilities --id 1`
[INFO] running `Command { std: "docker" "inspect" "83efbfdb43c59e54f569a428751a10dd2a2c35b7af3ae7ba521b362697da1225", kill_on_drop: false }`
[INFO] running `Command { std: "docker" "rm" "-f" "83efbfdb43c59e54f569a428751a10dd2a2c35b7af3ae7ba521b362697da1225", kill_on_drop: false }`
[INFO] [stdout] 83efbfdb43c59e54f569a428751a10dd2a2c35b7af3ae7ba521b362697da1225
[INFO] running `Command { std: "docker" "create" "-v" "/var/lib/crater-agent-workspace/builds/worker-4-tc1/target:/opt/rustwide/target:rw,Z" "-v" "/var/lib/crater-agent-workspace/builds/worker-4-tc1/source:/opt/rustwide/workdir:ro,Z" "-v" "/var/lib/crater-agent-workspace/cargo-home:/opt/rustwide/cargo-home:ro,Z" "-v" "/var/lib/crater-agent-workspace/rustup-home:/opt/rustwide/rustup-home:ro,Z" "-e" "SOURCE_DIR=/opt/rustwide/workdir" "-e" "CARGO_TARGET_DIR=/opt/rustwide/target" "-e" "CARGO_INCREMENTAL=0" "-e" "RUST_BACKTRACE=full" "-e" "RUSTFLAGS=--cap-lints=forbid" "-e" "RUSTDOCFLAGS=--cap-lints=forbid" "-e" "CARGO_HOME=/opt/rustwide/cargo-home" "-e" "RUSTUP_HOME=/opt/rustwide/rustup-home" "-w" "/opt/rustwide/workdir" "-m" "1610612736" "--user" "0:0" "--network" "none" "ghcr.io/rust-lang/crates-build-env/linux@sha256:819108c5571ea2e421544af4d832f968d213c87fbe3707a016657f43d2f853bc" "/opt/rustwide/cargo-home/bin/cargo" "+nightly-2025-01-18" "test" "--frozen", kill_on_drop: false }`
[INFO] [stdout] 07f566fddc55eda78076b85564d3bef7b2e0c3eeeac1ad593470096958a1c04c
[INFO] running `Command { std: "docker" "start" "-a" "07f566fddc55eda78076b85564d3bef7b2e0c3eeeac1ad593470096958a1c04c", kill_on_drop: false }`
[INFO] [stderr] warning: no edition set: defaulting to the 2015 edition while the latest is 2024
[INFO] [stderr] warning: trait `UpToCfg` is never used
[INFO] [stderr]    --> src/compiler_layers.rs:536:18
[INFO] [stderr]     |
[INFO] [stderr] 536 | pub(crate) trait UpToCfg<T> {
[INFO] [stderr]     |                  ^^^^^^^
[INFO] [stderr]     |
[INFO] [stderr]     = note: `#[warn(dead_code)]` on by default
[INFO] [stderr] 
[INFO] [stderr] warning: variable `w_SelfT` should have a snake case name
[INFO] [stderr]   --> src/parser/module_parser.rs:48:9
[INFO] [stderr]    |
[INFO] [stderr] 48 |     let w_SelfT = ParserContext {
[INFO] [stderr]    |         ^^^^^^^ help: convert the identifier to snake case: `w_self_t`
[INFO] [stderr]    |
[INFO] [stderr]    = note: `#[warn(non_snake_case)]` on by default
[INFO] [stderr] 
[INFO] [stderr] warning: unused variable: `s`
[INFO] [stderr]    --> src/testing/minimal_examples.rs:355:9
[INFO] [stderr]     |
[INFO] [stderr] 355 |     let s = minimal_struct();
[INFO] [stderr]     |         ^ help: if this is intentional, prefix it with an underscore: `_s`
[INFO] [stderr]     |
[INFO] [stderr]     = note: `#[warn(unused_variables)]` on by default
[INFO] [stderr] 
[INFO] [stderr] warning: unused variable: `context`
[INFO] [stderr]    --> src/type_checking/type_check/stmt_type_tests.rs:138:10
[INFO] [stderr]     |
[INFO] [stderr] 138 |     let (context, _) = module.add_to_context(w_scopes).unwrap();
[INFO] [stderr]     |          ^^^^^^^ help: if this is intentional, prefix it with an underscore: `_context`
[INFO] [stderr] 
[INFO] [stderr] warning: function `minimal_self_struct` is never used
[INFO] [stderr]    --> src/testing/minimal_examples.rs:353:8
[INFO] [stderr]     |
[INFO] [stderr] 353 | pub fn minimal_self_struct() {
[INFO] [stderr]     |        ^^^^^^^^^^^^^^^^^^^
[INFO] [stderr]     |
[INFO] [stderr]     = note: `#[warn(dead_code)]` on by default
[INFO] [stderr] 
[INFO] [stderr] warning: function `minimal_module_with_impl` is never used
[INFO] [stderr]    --> src/testing/minimal_examples.rs:372:8
[INFO] [stderr]     |
[INFO] [stderr] 372 | pub fn minimal_module_with_impl() -> Node<expression::Module> {
[INFO] [stderr]     |        ^^^^^^^^^^^^^^^^^^^^^^^^
[INFO] [stderr] 
[INFO] [stderr] warning: `grace` (lib) generated 2 warnings
[INFO] [stderr] warning: `grace` (lib test) generated 5 warnings (1 duplicate)
[INFO] [stderr]     Finished `test` profile [unoptimized + debuginfo] target(s) in 0.09s
[INFO] [stderr] warning: the following packages contain code that will be rejected by a future version of Rust: nom v4.2.3
[INFO] [stderr] note: to see what the problems were, use the option `--future-incompat-report`, or run `cargo report future-incompatibilities --id 1`
[INFO] [stderr]      Running unittests src/lib.rs (/opt/rustwide/target/debug/deps/grace_lib-abb8875af82a3deb)
[INFO] [stdout] 
[INFO] [stdout] running 132 tests
[INFO] [stdout] test general_utils::tests::test_vec_c_int ... ok
[INFO] [stdout] test llr::tests::exprs::attribute_access ... ok
[INFO] [stdout] test llr::tests::cfg_to_llr_test ... ok
[INFO] [stdout] test llr::tests::calculate_offset_test ... ok
[INFO] [stdout] test llr::tests::exprs::llr_constants ... ok
[INFO] [stdout] test llr::tests::exprs::function_call ... ok
[INFO] [stdout] test llr::tests::traits::trait_impl_test ... ignored
[INFO] [stdout] test llr::tests::stmts::test_return ... ok
[INFO] [stdout] test llr::tests::exprs::struct_literal ... ok
[INFO] [stdout] test llr::tests::test_get_contained_declarations ... ok
[INFO] [stdout] test llr::tests::exprs::binary_ops ... ok
[INFO] [stdout] test llr::tests::exprs::unary_ops ... ok
[INFO] [stdout] test llr::tests::import_test ... ok
[INFO] [stdout] test llr::tests::exprs::vec_literal ... ok
[INFO] [stdout] test llr::tests::vertex::test_block ... ok
[INFO] [stdout] test llr::tests::vertex::test_continue ... ok
[INFO] [stdout] test llr::tests::vertex::test_loop_start ... ok
[INFO] [stdout] test llr::tests::vertex::test_else ... ok
[INFO] [stdout] test llr::tests::module_test ... ok
[INFO] [stdout] test llr::tests::refined_function_test ... ok
[INFO] [stdout] test llr::tests::stmts::test_assignment ... ok
[INFO] [stdout] test llr::tests::vertex::test_entry ... ok
[INFO] [stdout] test llr::tests::vertex::test_break ... ok
[INFO] [stdout] test parser::base::tests::parse_block ... ok
[INFO] [stdout] test parser::base::tests::parse_module ... ok
[INFO] [stdout] test parser::base::tests::from_failures::parse_solitary_expression ... ok
[INFO] [stdout] test llr::tests::vertex::test_exit ... ok
[INFO] [stdout] test llr::tests::vertex::test_if_start ... ok
[INFO] [stdout] test llr::tests::exprs::tuple_literal ... ok
[INFO] [stdout] test llr::tests::vertex::test_end ... ok
[INFO] [stdout] test parser::expression_parser::tests::failures::failure_2019_12_14_1 ... ignored
[INFO] [stdout] test parser::expression_parser::tests::failures::failure_2019_12_14_2 ... ignored
[INFO] [stdout] test parser::expression_parser::tests::failures::failure_2019_12_14_3 ... ignored
[INFO] [stdout] test parser::expression_parser::tests::failures::failure_2019_12_14_4 ... ignored
[INFO] [stdout] test parser::expression_parser::tests::failures::failure_2019_12_14_5 ... ignored
[INFO] [stdout] test parser::expression_parser::tests::failures::failure_2020_02_07 ... ignored
[INFO] [stdout] test parser::base::tests::parse_struct_dec ... ok
[INFO] [stdout] test parser::expression_parser::tests::parse_binary_expr ... ok
[INFO] [stdout] test parser::base::tests::parse_trait_dec ... ok
[INFO] [stdout] test parser::expression_parser::tests::parse_expr_with_trailer ... ok
[INFO] [stdout] test parser::base::tests::parse_trait_impl ... ok
[INFO] [stdout] test parser::expression_parser::tests::parse_comprehensions ... ok
[INFO] [stdout] test parser::expression_parser::tests::parse_function_call ... ok
[INFO] [stdout] test parser::base::tests::parse_module_with_import ... ok
[INFO] [stdout] test parser::expression_parser::tests::parse_identifier_expr ... ok
[INFO] [stdout] test parser::expression_parser::tests::parse_module_access ... ok
[INFO] [stdout] test parser::base::property_based_tests::prop_expr_identity ... ok
[INFO] [stdout] test parser::expression_parser::tests::parse_collection_literals ... ok
[INFO] [stdout] test parser::expression_parser::tests::parse_post_ident ... ok
[INFO] [stdout] test parser::expression_parser::tests::parse_special_chars ... ok
[INFO] [stdout] test parser::expression_parser::tests::parse_comparison_expr ... ok
[INFO] [stdout] test parser::expression_parser::tests::subparsers::parse_atomic ... ok
[INFO] [stdout] test parser::expression_parser::tests::parse_struct_literal ... ok
[INFO] [stdout] test parser::parser_utils::tests::parse_new_line ... ok
[INFO] [stdout] test parser::parser_utils::tokens::tokens_test::parse_digits ... ok
[INFO] [stdout] test parser::parser_utils::tokens::tokens_test::parse_identifier_raw ... ok
[INFO] [stdout] test parser::parser_utils::tests::parse_single_line_comment ... ok
[INFO] [stdout] test parser::expression_parser::tests::subparsers::parse_post_index ... ok
[INFO] [stdout] test parser::expression_parser::tests::parse_wrapped ... ok
[INFO] [stdout] test parser::module_parser::tests::parse_imports ... ok
[INFO] [stdout] test parser::parser_utils::tests::parse_between_stmt ... ok
[INFO] [stdout] test parser::expression_parser::tests::parse_literals ... ok
[INFO] [stdout] test parser::expression_parser::tests::parse_unary_expr ... ok
[INFO] [stdout] test parser::expression_parser::tests::test_parenthetical_expressions ... ok
[INFO] [stdout] test parser::statement_parser::tests::parse_for_in_stmt ... ok
[INFO] [stdout] test parser::type_parser::test::test_simple_types ... ok
[INFO] [stdout] test parser::type_parser::test::test_sum_types ... ok
[INFO] [stdout] test pre_cfg_rewrites::test::exprs::test_refined_binary_expr ... ok
[INFO] [stdout] test parser::parser_utils::tests::parse_eof_or_line ... ok
[INFO] [stdout] test parser::expression_parser::tests::subparsers::parse_spec_literals ... ok
[INFO] [stdout] test parser::statement_parser::tests::parse_assignment_stmt ... ok
[INFO] [stdout] test pre_cfg_rewrites::test::statements::if_stmt_typing ... ok
[INFO] [stdout] test parser::base::property_based_tests::prop_expr_parse_at_all ... ok
[INFO] [stdout] test parser::statement_parser::tests::parse_func_dec_parts ... ok
[INFO] [stdout] test parser::statement_parser::tests::parse_func_dec ... ok
[INFO] [stdout] test parser::statement_parser::tests::parse_if_stmt ... ok
[INFO] [stdout] test parser::statement_parser::tests::parse_let_stmt ... ok
[INFO] [stdout] test parser::statement_parser::tests::parse_return_and_yield_stmts ... ok
[INFO] [stdout] test parser::statement_parser::tests::parse_simple_statements ... ok
[INFO] [stdout] test parser::statement_parser::tests::parse_while_stmt ... ok
[INFO] [stdout] test parser::type_parser::test::test_parameterized_types ... ok
[INFO] [stdout] test parser::type_parser::test::test_product_types ... ok
[INFO] [stdout] test pre_cfg_rewrites::test::types::test_flatten ... ok
[INFO] [stdout] test pre_cfg_rewrites::test::test_identifier_resolution ... ok
[INFO] [stdout] test type_checking::type_check::expr_type_tests::function_call_wrong_args ... ok
[INFO] [stdout] test parser::type_parser::test::test_refinements ... ok
[INFO] [stdout] test type_checking::scope::test::stmts::test_let_stmt ... ok
[INFO] [stdout] test type_checking::scope::test::exprs::test_literal_scope ... ok
[INFO] [stdout] test type_checking::scope::test::stmts::function_dec_with_args_and_let ... ok
[INFO] [stdout] test type_checking::scope::test::snippet_tests::refined_fn_scope ... ok
[INFO] [stdout] test type_checking::type_check::expr_type_tests::type_check_attribute_access ... ok
[INFO] [stdout] test type_checking::type_check::expr_type_tests::test_literals ... ok
[INFO] [stdout] test type_checking::scope::test::test_block_scope ... ok
[INFO] [stdout] test type_checking::type_check::expr_type_tests::type_check_binary_exprs ... ok
[INFO] [stdout] test type_checking::scope::test::stmts::test_function_decl ... ok
[INFO] [stdout] test type_checking::context::tests::literals_are_incompatible ... ok
[INFO] [stdout] test type_checking::type_check::expr_type_tests::type_check_complex_literals ... ok
[INFO] [stdout] test type_checking::type_check::expr_type_tests::type_check_function_call ... ok
[INFO] [stdout] test type_checking::type_check::expr_type_tests::type_check_module_access ... ok
[INFO] [stdout] test type_checking::type_check::expr_type_tests::type_check_identifier ... ok
[INFO] [stdout] test type_checking::type_check::expr_type_tests::type_check_comparison_exprs ... ok
[INFO] [stdout] test type_checking::type_check::expr_type_tests::type_check_module_access_fail ... ok
[INFO] [stdout] test type_checking::type_check::expr_type_tests::type_check_trait_access ... ok
[INFO] [stdout] test type_checking::type_check::expr_type_tests::type_check_struct_literals ... ok
[INFO] [stdout] test type_checking::type_check::expr_type_tests::type_check_nonexistent_attribute_access ... ok
[INFO] [stdout] test type_checking::type_check::expr_type_tests::type_check_struct_literal_fail ... ok
[INFO] [stdout] test type_checking::type_check::expr_type_tests::type_check_tuple_literal ... ok
[INFO] [stdout] test type_checking::type_check::expr_type_tests::type_check_unary_exprs_expect_fail ... ok
[INFO] [stdout] test type_checking::type_check::expr_type_tests::type_check_unary_exprs ... ok
[INFO] [stdout] test type_checking::type_check::expr_type_tests::type_check_vec_literal ... ok
[INFO] [stdout] test type_checking::type_check::stmt_type_tests::type_check_assignment ... ok
[INFO] [stdout] test type_checking::type_check::stmt_type_tests::method_dec ... ok
[INFO] [stdout] test type_checking::type_check::stmt_type_tests::type_check_function_def ... ok
[INFO] [stdout] test type_checking::type_check::stmt_type_tests::type_check_let_stmt ... ok
[INFO] [stdout] test type_checking::type_check::stmt_type_tests::type_check_struct_dec ... ok
[INFO] [stdout] test type_checking::type_check::trait_tests::trait_creation ... ok
[INFO] [stdout] test type_checking::type_check::trait_tests::traits_and_self ... ignored
[INFO] [stdout] test type_checking::type_check::stmt_type_tests::type_check_while ... ok
[INFO] [stdout] test type_checking::type_check::stmt_type_tests::type_check_if_statement ... ok
[INFO] [stdout] test type_checking::type_check::expr_type_tests::prop_tests::prop_type_check_int ... ok
[INFO] [stdout] test type_checking::type_check::expr_type_tests::prop_tests::prop_type_check_float ... ok
[INFO] [stdout] test parser::base::property_based_tests::lit_props ... ok
[INFO] [stdout] test type_checking::context::tests::empty_expr_type - should panic ... ok
[INFO] [stdout] test type_checking::type_check::expr_type_tests::expected_failures::add_incompatible - should panic ... ok
[INFO] [stdout] test type_checking::context::tests::empty_desired_test - should panic ... ok
[INFO] [stdout] test type_checking::context::tests::product_types - should panic ... ok
[INFO] [stdout] test type_checking::type_check::stmt_type_tests::if_stmt_mismatched_blocks - should panic ... ok
[INFO] [stdout] test type_checking::type_check::stmt_type_tests::if_stmt_non_boolean - should panic ... ok
[INFO] [stdout] test type_checking::type_check::stmt_type_tests::assignment_no_init - should panic ... ok
[INFO] [stdout] test type_checking::type_check::stmt_type_tests::method_call ... FAILED
[INFO] [stdout] test type_checking::type_check::stmt_type_tests::function_def_no_return_statement - should panic ... ok
[INFO] [stdout] test type_checking::type_check::stmt_type_tests::while_stmt_non_boolean - should panic ... ok
[INFO] [stdout] 
[INFO] [stdout] failures:
[INFO] [stdout] 
[INFO] [stdout] ---- type_checking::type_check::stmt_type_tests::method_call stdout ----
[INFO] [stdout] 
[INFO] [stdout] thread 'type_checking::type_check::stmt_type_tests::method_call' panicked at src/type_checking/type_check/stmt_type_tests.rs:145:5:
[INFO] [stdout] Unimplemented
[INFO] [stdout] stack backtrace:
[INFO] [stdout]    0:     0x64248892a1ca - std::backtrace_rs::backtrace::libunwind::trace::hb059275cfc8d6126
[INFO] [stdout]                                at /rustc/6067b36314ab5eb2eb47cecc464545ba58e1ad24/library/std/src/../../backtrace/src/backtrace/libunwind.rs:116:5
[INFO] [stdout]    1:     0x64248892a1ca - std::backtrace_rs::backtrace::trace_unsynchronized::h2da071e4327ce3ee
[INFO] [stdout]                                at /rustc/6067b36314ab5eb2eb47cecc464545ba58e1ad24/library/std/src/../../backtrace/src/backtrace/mod.rs:66:5
[INFO] [stdout]    2:     0x64248892a1ca - std::sys::backtrace::_print_fmt::h842a1474e6f8d23f
[INFO] [stdout]                                at /rustc/6067b36314ab5eb2eb47cecc464545ba58e1ad24/library/std/src/sys/backtrace.rs:66:9
[INFO] [stdout]    3:     0x64248892a1ca - <std::sys::backtrace::BacktraceLock::print::DisplayBacktrace as core::fmt::Display>::fmt::h71a62eb3b9696b12
[INFO] [stdout]                                at /rustc/6067b36314ab5eb2eb47cecc464545ba58e1ad24/library/std/src/sys/backtrace.rs:39:26
[INFO] [stdout]    4:     0x642488953623 - core::fmt::rt::Argument::fmt::hdb6b616786b41dc1
[INFO] [stdout]                                at /rustc/6067b36314ab5eb2eb47cecc464545ba58e1ad24/library/core/src/fmt/rt.rs:177:76
[INFO] [stdout]    5:     0x642488953623 - core::fmt::write::h2cc1698af7e2d686
[INFO] [stdout]                                at /rustc/6067b36314ab5eb2eb47cecc464545ba58e1ad24/library/core/src/fmt/mod.rs:1440:21
[INFO] [stdout]    6:     0x6424889266a3 - std::io::Write::write_fmt::hab1b4cd059a79022
[INFO] [stdout]                                at /rustc/6067b36314ab5eb2eb47cecc464545ba58e1ad24/library/std/src/io/mod.rs:1887:15
[INFO] [stdout]    7:     0x64248892a012 - std::sys::backtrace::BacktraceLock::print::h147fe35b4ea13b08
[INFO] [stdout]                                at /rustc/6067b36314ab5eb2eb47cecc464545ba58e1ad24/library/std/src/sys/backtrace.rs:42:9
[INFO] [stdout]    8:     0x64248892b5ef - std::panicking::default_hook::{{closure}}::hbd44223dbdc0d208
[INFO] [stdout]                                at /rustc/6067b36314ab5eb2eb47cecc464545ba58e1ad24/library/std/src/panicking.rs:298:22
[INFO] [stdout]    9:     0x64248892b408 - std::panicking::default_hook::h20f81eb0576efcec
[INFO] [stdout]                                at /rustc/6067b36314ab5eb2eb47cecc464545ba58e1ad24/library/std/src/panicking.rs:322:9
[INFO] [stdout]   10:     0x6424887a0103 - <alloc::boxed::Box<F,A> as core::ops::function::Fn<Args>>::call::hdb53814c496a4d34
[INFO] [stdout]                                at /rustc/6067b36314ab5eb2eb47cecc464545ba58e1ad24/library/alloc/src/boxed.rs:2027:9
[INFO] [stdout]   11:     0x6424887a0103 - test::test_main::{{closure}}::hc0a4963c59427c24
[INFO] [stdout]                                at /rustc/6067b36314ab5eb2eb47cecc464545ba58e1ad24/library/test/src/lib.rs:134:21
[INFO] [stdout]   12:     0x64248892c0e3 - <alloc::boxed::Box<F,A> as core::ops::function::Fn<Args>>::call::h591b2225413a77e9
[INFO] [stdout]                                at /rustc/6067b36314ab5eb2eb47cecc464545ba58e1ad24/library/alloc/src/boxed.rs:2027:9
[INFO] [stdout]   13:     0x64248892c0e3 - std::panicking::rust_panic_with_hook::h625eea43051b2edc
[INFO] [stdout]                                at /rustc/6067b36314ab5eb2eb47cecc464545ba58e1ad24/library/std/src/panicking.rs:839:13
[INFO] [stdout]   14:     0x64248892beec - std::panicking::begin_panic::{{closure}}::hb6f83f64bbc6469c
[INFO] [stdout]                                at /rustc/6067b36314ab5eb2eb47cecc464545ba58e1ad24/library/std/src/panicking.rs:768:9
[INFO] [stdout]   15:     0x64248892a6d9 - std::sys::backtrace::__rust_end_short_backtrace::h892ae3ae8be3daf3
[INFO] [stdout]                                at /rustc/6067b36314ab5eb2eb47cecc464545ba58e1ad24/library/std/src/sys/backtrace.rs:168:18
[INFO] [stdout]   16:     0x64248892bdf2 - std::panicking::begin_panic::h855074417e0a5787
[INFO] [stdout]                                at /rustc/6067b36314ab5eb2eb47cecc464545ba58e1ad24/library/std/src/panicking.rs:767:5
[INFO] [stdout]   17:     0x6424885d694d - grace_lib::type_checking::type_check::stmt_type_tests::method_call::h3cff4a21cc61b109
[INFO] [stdout]                                at /opt/rustwide/workdir/src/type_checking/type_check/stmt_type_tests.rs:145:5
[INFO] [stdout]   18:     0x6424885d6917 - grace_lib::type_checking::type_check::stmt_type_tests::method_call::{{closure}}::h6bb7bd7f7ba8349f
[INFO] [stdout]                                at /opt/rustwide/workdir/src/type_checking/type_check/stmt_type_tests.rs:142:17
[INFO] [stdout]   19:     0x642488583b66 - core::ops::function::FnOnce::call_once::he454a4f71d2f58bb
[INFO] [stdout]                                at /rustc/6067b36314ab5eb2eb47cecc464545ba58e1ad24/library/core/src/ops/function.rs:250:5
[INFO] [stdout]   20:     0x6424887a585b - core::ops::function::FnOnce::call_once::he27718dfdd183f43
[INFO] [stdout]                                at /rustc/6067b36314ab5eb2eb47cecc464545ba58e1ad24/library/core/src/ops/function.rs:250:5
[INFO] [stdout]   21:     0x6424887a585b - test::__rust_begin_short_backtrace::h4e84902998457a5d
[INFO] [stdout]                                at /rustc/6067b36314ab5eb2eb47cecc464545ba58e1ad24/library/test/src/lib.rs:632:18
[INFO] [stdout]   22:     0x6424887a4793 - test::run_test_in_process::{{closure}}::h7176fd18fc1feca0
[INFO] [stdout]                                at /rustc/6067b36314ab5eb2eb47cecc464545ba58e1ad24/library/test/src/lib.rs:655:60
[INFO] [stdout]   23:     0x6424887a4793 - <core::panic::unwind_safe::AssertUnwindSafe<F> as core::ops::function::FnOnce<()>>::call_once::hf79cff2a624d8cf7
[INFO] [stdout]                                at /rustc/6067b36314ab5eb2eb47cecc464545ba58e1ad24/library/core/src/panic/unwind_safe.rs:272:9
[INFO] [stdout]   24:     0x6424887a4793 - std::panicking::try::do_call::h3da0561d9ab99c25
[INFO] [stdout]                                at /rustc/6067b36314ab5eb2eb47cecc464545ba58e1ad24/library/std/src/panicking.rs:587:40
[INFO] [stdout]   25:     0x6424887a4793 - std::panicking::try::h41c9fa508bc61df6
[INFO] [stdout]                                at /rustc/6067b36314ab5eb2eb47cecc464545ba58e1ad24/library/std/src/panicking.rs:550:19
[INFO] [stdout]   26:     0x6424887a4793 - std::panic::catch_unwind::h6b3ff07bb5afad93
[INFO] [stdout]                                at /rustc/6067b36314ab5eb2eb47cecc464545ba58e1ad24/library/std/src/panic.rs:358:14
[INFO] [stdout]   27:     0x6424887a4793 - test::run_test_in_process::hc7253dd11b39b9f4
[INFO] [stdout]                                at /rustc/6067b36314ab5eb2eb47cecc464545ba58e1ad24/library/test/src/lib.rs:655:27
[INFO] [stdout]   28:     0x6424887a4793 - test::run_test::{{closure}}::hfb2007f8649c30bb
[INFO] [stdout]                                at /rustc/6067b36314ab5eb2eb47cecc464545ba58e1ad24/library/test/src/lib.rs:576:43
[INFO] [stdout]   29:     0x642488767875 - test::run_test::{{closure}}::h56a17aa7a282a9f4
[INFO] [stdout]                                at /rustc/6067b36314ab5eb2eb47cecc464545ba58e1ad24/library/test/src/lib.rs:606:41
[INFO] [stdout]   30:     0x642488767875 - std::sys::backtrace::__rust_begin_short_backtrace::hd2d2d2fb8e8c6aac
[INFO] [stdout]                                at /rustc/6067b36314ab5eb2eb47cecc464545ba58e1ad24/library/std/src/sys/backtrace.rs:152:18
[INFO] [stdout]   31:     0x64248876b15a - std::thread::Builder::spawn_unchecked_::{{closure}}::{{closure}}::h4faa3f9db6133423
[INFO] [stdout]                                at /rustc/6067b36314ab5eb2eb47cecc464545ba58e1ad24/library/std/src/thread/mod.rs:559:17
[INFO] [stdout]   32:     0x64248876b15a - <core::panic::unwind_safe::AssertUnwindSafe<F> as core::ops::function::FnOnce<()>>::call_once::hf2e855a36a4ea846
[INFO] [stdout]                                at /rustc/6067b36314ab5eb2eb47cecc464545ba58e1ad24/library/core/src/panic/unwind_safe.rs:272:9
[INFO] [stdout]   33:     0x64248876b15a - std::panicking::try::do_call::h2f73af3616c35465
[INFO] [stdout]                                at /rustc/6067b36314ab5eb2eb47cecc464545ba58e1ad24/library/std/src/panicking.rs:587:40
[INFO] [stdout]   34:     0x64248876b15a - std::panicking::try::hd1660ce9efadef5a
[INFO] [stdout]                                at /rustc/6067b36314ab5eb2eb47cecc464545ba58e1ad24/library/std/src/panicking.rs:550:19
[INFO] [stdout]   35:     0x64248876b15a - std::panic::catch_unwind::h5ee8d7823b8ca744
[INFO] [stdout]                                at /rustc/6067b36314ab5eb2eb47cecc464545ba58e1ad24/library/std/src/panic.rs:358:14
[INFO] [stdout]   36:     0x64248876b15a - std::thread::Builder::spawn_unchecked_::{{closure}}::h53c3a1894dce8407
[INFO] [stdout]                                at /rustc/6067b36314ab5eb2eb47cecc464545ba58e1ad24/library/std/src/thread/mod.rs:557:30
[INFO] [stdout]   37:     0x64248876b15a - core::ops::function::FnOnce::call_once{{vtable.shim}}::h048ce291ad4f62bf
[INFO] [stdout]                                at /rustc/6067b36314ab5eb2eb47cecc464545ba58e1ad24/library/core/src/ops/function.rs:250:5
[INFO] [stdout]   38:     0x64248893047b - <alloc::boxed::Box<F,A> as core::ops::function::FnOnce<Args>>::call_once::ha52bedf99a3b4981
[INFO] [stdout]                                at /rustc/6067b36314ab5eb2eb47cecc464545ba58e1ad24/library/alloc/src/boxed.rs:2013:9
[INFO] [stdout]   39:     0x64248893047b - <alloc::boxed::Box<F,A> as core::ops::function::FnOnce<Args>>::call_once::h567748934d80ccf8
[INFO] [stdout]                                at /rustc/6067b36314ab5eb2eb47cecc464545ba58e1ad24/library/alloc/src/boxed.rs:2013:9
[INFO] [stdout]   40:     0x64248893047b - std::sys::pal::unix::thread::Thread::new::thread_start::h2d970728ae887adc
[INFO] [stdout]                                at /rustc/6067b36314ab5eb2eb47cecc464545ba58e1ad24/library/std/src/sys/pal/unix/thread.rs:106:17
[INFO] [stdout]   41:     0x7a2ab20aaac3 - <unknown>
[INFO] [stdout]   42:     0x7a2ab213ba04 - clone
[INFO] [stdout]   43:                0x0 - <unknown>
[INFO] [stdout] 
[INFO] [stdout] 
[INFO] [stdout] failures:
[INFO] [stdout]     type_checking::type_check::stmt_type_tests::method_call
[INFO] [stdout] 
[INFO] [stdout] test result: FAILED. 123 passed; 1 failed; 8 ignored; 0 measured; 0 filtered out; finished in 0.19s
[INFO] [stdout] 
[INFO] [stderr] error: test failed, to rerun pass `--lib`
[INFO] running `Command { std: "docker" "inspect" "07f566fddc55eda78076b85564d3bef7b2e0c3eeeac1ad593470096958a1c04c", kill_on_drop: false }`
[INFO] running `Command { std: "docker" "rm" "-f" "07f566fddc55eda78076b85564d3bef7b2e0c3eeeac1ad593470096958a1c04c", kill_on_drop: false }`
[INFO] [stdout] 07f566fddc55eda78076b85564d3bef7b2e0c3eeeac1ad593470096958a1c04c
