[INFO] cloning repository https://github.com/vinegh4/metro
[INFO] running `Command { std: "git" "-c" "credential.helper=" "-c" "credential.helper=/workspace/cargo-home/bin/git-credential-null" "clone" "--bare" "https://github.com/vinegh4/metro" "/workspace/cache/git-repos/https%3A%2F%2Fgithub.com%2Fvinegh4%2Fmetro", kill_on_drop: false }`
[INFO] [stderr] Cloning into bare repository '/workspace/cache/git-repos/https%3A%2F%2Fgithub.com%2Fvinegh4%2Fmetro'...
[INFO] running `Command { std: "git" "rev-parse" "HEAD", kill_on_drop: false }`
[INFO] [stdout] 2db8f12da1e11332bd4cbdb4f1915733218bd563
[INFO] testing vinegh4/metro against nightly-2025-01-18+rustflags=-Zrandomize-layout for randomize-layout-2
[INFO] running `Command { std: "git" "clone" "/workspace/cache/git-repos/https%3A%2F%2Fgithub.com%2Fvinegh4%2Fmetro" "/workspace/builds/worker-5-tc2/source", kill_on_drop: false }`
[INFO] [stderr] Cloning into '/workspace/builds/worker-5-tc2/source'...
[INFO] [stderr] done.
[INFO] validating manifest of git repo https://github.com/vinegh4/metro on toolchain nightly-2025-01-18
[INFO] running `Command { std: CARGO_HOME="/workspace/cargo-home" RUSTUP_HOME="/workspace/rustup-home" "/workspace/cargo-home/bin/cargo" "+nightly-2025-01-18" "metadata" "--manifest-path" "Cargo.toml" "--no-deps", kill_on_drop: false }`
[INFO] started tweaking git repo https://github.com/vinegh4/metro
[INFO] finished tweaking git repo https://github.com/vinegh4/metro
[INFO] tweaked toml for git repo https://github.com/vinegh4/metro written to /workspace/builds/worker-5-tc2/source/Cargo.toml
[INFO] crate git repo https://github.com/vinegh4/metro already has a lockfile, it will not be regenerated
[INFO] running `Command { std: CARGO_HOME="/workspace/cargo-home" RUSTUP_HOME="/workspace/rustup-home" "/workspace/cargo-home/bin/cargo" "+nightly-2025-01-18" "fetch" "--manifest-path" "Cargo.toml", kill_on_drop: false }`
[INFO] running `Command { std: "docker" "create" "-v" "/var/lib/crater-agent-workspace/builds/worker-5-tc2/target:/opt/rustwide/target:rw,Z" "-v" "/var/lib/crater-agent-workspace/builds/worker-5-tc2/source:/opt/rustwide/workdir:ro,Z" "-v" "/var/lib/crater-agent-workspace/cargo-home:/opt/rustwide/cargo-home:ro,Z" "-v" "/var/lib/crater-agent-workspace/rustup-home:/opt/rustwide/rustup-home:ro,Z" "-e" "SOURCE_DIR=/opt/rustwide/workdir" "-e" "CARGO_TARGET_DIR=/opt/rustwide/target" "-e" "CARGO_HOME=/opt/rustwide/cargo-home" "-e" "RUSTUP_HOME=/opt/rustwide/rustup-home" "-w" "/opt/rustwide/workdir" "-m" "1610612736" "--user" "0:0" "--network" "none" "ghcr.io/rust-lang/crates-build-env/linux@sha256:819108c5571ea2e421544af4d832f968d213c87fbe3707a016657f43d2f853bc" "/opt/rustwide/cargo-home/bin/cargo" "+nightly-2025-01-18" "metadata" "--no-deps" "--format-version=1", kill_on_drop: false }`
[INFO] [stdout] eeac29166dcb0c0d7a2f3b4adfaf13656e525bddfad32ce9445be78958747130
[INFO] running `Command { std: "docker" "start" "-a" "eeac29166dcb0c0d7a2f3b4adfaf13656e525bddfad32ce9445be78958747130", kill_on_drop: false }`
[INFO] running `Command { std: "docker" "inspect" "eeac29166dcb0c0d7a2f3b4adfaf13656e525bddfad32ce9445be78958747130", kill_on_drop: false }`
[INFO] running `Command { std: "docker" "rm" "-f" "eeac29166dcb0c0d7a2f3b4adfaf13656e525bddfad32ce9445be78958747130", kill_on_drop: false }`
[INFO] [stdout] eeac29166dcb0c0d7a2f3b4adfaf13656e525bddfad32ce9445be78958747130
[INFO] running `Command { std: "docker" "create" "-v" "/var/lib/crater-agent-workspace/builds/worker-5-tc2/target:/opt/rustwide/target:rw,Z" "-v" "/var/lib/crater-agent-workspace/builds/worker-5-tc2/source:/opt/rustwide/workdir:ro,Z" "-v" "/var/lib/crater-agent-workspace/cargo-home:/opt/rustwide/cargo-home:ro,Z" "-v" "/var/lib/crater-agent-workspace/rustup-home:/opt/rustwide/rustup-home:ro,Z" "-e" "SOURCE_DIR=/opt/rustwide/workdir" "-e" "CARGO_TARGET_DIR=/opt/rustwide/target" "-e" "CARGO_INCREMENTAL=0" "-e" "RUST_BACKTRACE=full" "-e" "RUSTFLAGS=--cap-lints=forbid -Zrandomize-layout" "-e" "RUSTDOCFLAGS=--cap-lints=forbid" "-e" "CARGO_HOME=/opt/rustwide/cargo-home" "-e" "RUSTUP_HOME=/opt/rustwide/rustup-home" "-w" "/opt/rustwide/workdir" "-m" "1610612736" "--user" "0:0" "--network" "none" "ghcr.io/rust-lang/crates-build-env/linux@sha256:819108c5571ea2e421544af4d832f968d213c87fbe3707a016657f43d2f853bc" "/opt/rustwide/cargo-home/bin/cargo" "+nightly-2025-01-18" "build" "--frozen" "--message-format=json", kill_on_drop: false }`
[INFO] [stdout] 876ee2adec43bab69b69c99a950e7eb1877d1d948cc1ca5433627785de42e157
[INFO] running `Command { std: "docker" "start" "-a" "876ee2adec43bab69b69c99a950e7eb1877d1d948cc1ca5433627785de42e157", kill_on_drop: false }`
[INFO] [stderr]    Compiling metro v0.1.0 (/opt/rustwide/workdir)
[INFO] [stdout] warning: struct `MetroPacket` is never constructed
[INFO] [stdout]  --> src/lib.rs:4:8
[INFO] [stdout]   |
[INFO] [stdout] 4 | struct MetroPacket {
[INFO] [stdout]   |        ^^^^^^^^^^^
[INFO] [stdout]   |
[INFO] [stdout]   = note: `#[warn(dead_code)]` on by default
[INFO] [stdout] 
[INFO] [stdout] 
[INFO] [stdout] warning: associated function `new` is never used
[INFO] [stdout]   --> src/lib.rs:11:8
[INFO] [stdout]    |
[INFO] [stdout] 10 | impl MetroPacket {
[INFO] [stdout]    | ---------------- associated function in this implementation
[INFO] [stdout] 11 |     fn new() -> MetroPacket {
[INFO] [stdout]    |        ^^^
[INFO] [stdout] 
[INFO] [stdout] 
[INFO] [stdout] warning: trait `MetroApp` is never used
[INFO] [stdout]   --> src/lib.rs:33:7
[INFO] [stdout]    |
[INFO] [stdout] 33 | trait MetroApp<T: MetroTcvr> {
[INFO] [stdout]    |       ^^^^^^^^
[INFO] [stdout] 
[INFO] [stdout] 
[INFO] [stdout] warning: struct `Metro` is never constructed
[INFO] [stdout]   --> src/lib.rs:38:8
[INFO] [stdout]    |
[INFO] [stdout] 38 | struct Metro<T: MetroTcvr> {
[INFO] [stdout]    |        ^^^^^
[INFO] [stdout] 
[INFO] [stdout] 
[INFO] [stdout] warning: associated items `new`, `process`, and `send` are never used
[INFO] [stdout]   --> src/lib.rs:43:8
[INFO] [stdout]    |
[INFO] [stdout] 42 | impl<'a, T: MetroTcvr> Metro<T> {
[INFO] [stdout]    | ------------------------------- associated items in this implementation
[INFO] [stdout] 43 |     fn new(tcvr: T) -> Metro<T> {
[INFO] [stdout]    |        ^^^
[INFO] [stdout] ...
[INFO] [stdout] 47 |     fn process(&self, apps: &mut [Option<&'a mut dyn MetroApp<T>>]) {
[INFO] [stdout]    |        ^^^^^^^
[INFO] [stdout] ...
[INFO] [stdout] 56 |     fn send(&self, packet: MetroPacket) {
[INFO] [stdout]    |        ^^^^
[INFO] [stdout] 
[INFO] [stdout] 
[INFO] [stdout] warning: trait `MetroTcvr` is never used
[INFO] [stdout]   --> src/lib.rs:61:7
[INFO] [stdout]    |
[INFO] [stdout] 61 | trait MetroTcvr {
[INFO] [stdout]    |       ^^^^^^^^^
[INFO] [stdout] 
[INFO] [stdout] 
[INFO] [stderr]     Finished `dev` profile [unoptimized + debuginfo] target(s) in 0.34s
[INFO] running `Command { std: "docker" "inspect" "876ee2adec43bab69b69c99a950e7eb1877d1d948cc1ca5433627785de42e157", kill_on_drop: false }`
[INFO] running `Command { std: "docker" "rm" "-f" "876ee2adec43bab69b69c99a950e7eb1877d1d948cc1ca5433627785de42e157", kill_on_drop: false }`
[INFO] [stdout] 876ee2adec43bab69b69c99a950e7eb1877d1d948cc1ca5433627785de42e157
[INFO] running `Command { std: "docker" "create" "-v" "/var/lib/crater-agent-workspace/builds/worker-5-tc2/target:/opt/rustwide/target:rw,Z" "-v" "/var/lib/crater-agent-workspace/builds/worker-5-tc2/source:/opt/rustwide/workdir:ro,Z" "-v" "/var/lib/crater-agent-workspace/cargo-home:/opt/rustwide/cargo-home:ro,Z" "-v" "/var/lib/crater-agent-workspace/rustup-home:/opt/rustwide/rustup-home:ro,Z" "-e" "SOURCE_DIR=/opt/rustwide/workdir" "-e" "CARGO_TARGET_DIR=/opt/rustwide/target" "-e" "CARGO_INCREMENTAL=0" "-e" "RUST_BACKTRACE=full" "-e" "RUSTFLAGS=--cap-lints=forbid -Zrandomize-layout" "-e" "RUSTDOCFLAGS=--cap-lints=forbid" "-e" "CARGO_HOME=/opt/rustwide/cargo-home" "-e" "RUSTUP_HOME=/opt/rustwide/rustup-home" "-w" "/opt/rustwide/workdir" "-m" "1610612736" "--user" "0:0" "--network" "none" "ghcr.io/rust-lang/crates-build-env/linux@sha256:819108c5571ea2e421544af4d832f968d213c87fbe3707a016657f43d2f853bc" "/opt/rustwide/cargo-home/bin/cargo" "+nightly-2025-01-18" "test" "--frozen" "--no-run" "--message-format=json", kill_on_drop: false }`
[INFO] [stdout] 7ed694f09ec8ad62de455701bb35fb43d5ac9349ee7803cba5b4c422a17855d1
[INFO] running `Command { std: "docker" "start" "-a" "7ed694f09ec8ad62de455701bb35fb43d5ac9349ee7803cba5b4c422a17855d1", kill_on_drop: false }`
[INFO] [stdout] warning: struct `MetroPacket` is never constructed
[INFO] [stdout]  --> src/lib.rs:4:8
[INFO] [stdout]   |
[INFO] [stdout] 4 | struct MetroPacket {
[INFO] [stdout]   |        ^^^^^^^^^^^
[INFO] [stdout]   |
[INFO] [stdout]   = note: `#[warn(dead_code)]` on by default
[INFO] [stdout] 
[INFO] [stdout] 
[INFO] [stderr]    Compiling metro v0.1.0 (/opt/rustwide/workdir)
[INFO] [stdout] warning: associated function `new` is never used
[INFO] [stdout]   --> src/lib.rs:11:8
[INFO] [stdout]    |
[INFO] [stdout] 10 | impl MetroPacket {
[INFO] [stdout]    | ---------------- associated function in this implementation
[INFO] [stdout] 11 |     fn new() -> MetroPacket {
[INFO] [stdout]    |        ^^^
[INFO] [stdout] 
[INFO] [stdout] 
[INFO] [stdout] warning: trait `MetroApp` is never used
[INFO] [stdout]   --> src/lib.rs:33:7
[INFO] [stdout]    |
[INFO] [stdout] 33 | trait MetroApp<T: MetroTcvr> {
[INFO] [stdout]    |       ^^^^^^^^
[INFO] [stdout] 
[INFO] [stdout] 
[INFO] [stdout] warning: struct `Metro` is never constructed
[INFO] [stdout]   --> src/lib.rs:38:8
[INFO] [stdout]    |
[INFO] [stdout] 38 | struct Metro<T: MetroTcvr> {
[INFO] [stdout]    |        ^^^^^
[INFO] [stdout] 
[INFO] [stdout] 
[INFO] [stdout] warning: associated items `new`, `process`, and `send` are never used
[INFO] [stdout]   --> src/lib.rs:43:8
[INFO] [stdout]    |
[INFO] [stdout] 42 | impl<'a, T: MetroTcvr> Metro<T> {
[INFO] [stdout]    | ------------------------------- associated items in this implementation
[INFO] [stdout] 43 |     fn new(tcvr: T) -> Metro<T> {
[INFO] [stdout]    |        ^^^
[INFO] [stdout] ...
[INFO] [stdout] 47 |     fn process(&self, apps: &mut [Option<&'a mut dyn MetroApp<T>>]) {
[INFO] [stdout]    |        ^^^^^^^
[INFO] [stdout] ...
[INFO] [stdout] 56 |     fn send(&self, packet: MetroPacket) {
[INFO] [stdout]    |        ^^^^
[INFO] [stdout] 
[INFO] [stdout] 
[INFO] [stdout] warning: trait `MetroTcvr` is never used
[INFO] [stdout]   --> src/lib.rs:61:7
[INFO] [stdout]    |
[INFO] [stdout] 61 | trait MetroTcvr {
[INFO] [stdout]    |       ^^^^^^^^^
[INFO] [stdout] 
[INFO] [stdout] 
[INFO] [stdout] warning: field `last_tx_packet` is never read
[INFO] [stdout]    --> src/lib.rs:110:13
[INFO] [stdout]     |
[INFO] [stdout] 107 |     struct TestMetroApp {
[INFO] [stdout]     |            ------------ field in this struct
[INFO] [stdout] ...
[INFO] [stdout] 110 |         pub last_tx_packet: Option<MetroPacket>,
[INFO] [stdout]     |             ^^^^^^^^^^^^^^
[INFO] [stdout]     |
[INFO] [stdout]     = note: `#[warn(dead_code)]` on by default
[INFO] [stdout] 
[INFO] [stdout] 
[INFO] [stderr]     Finished `test` profile [unoptimized + debuginfo] target(s) in 0.52s
[INFO] running `Command { std: "docker" "inspect" "7ed694f09ec8ad62de455701bb35fb43d5ac9349ee7803cba5b4c422a17855d1", kill_on_drop: false }`
[INFO] running `Command { std: "docker" "rm" "-f" "7ed694f09ec8ad62de455701bb35fb43d5ac9349ee7803cba5b4c422a17855d1", kill_on_drop: false }`
[INFO] [stdout] 7ed694f09ec8ad62de455701bb35fb43d5ac9349ee7803cba5b4c422a17855d1
[INFO] running `Command { std: "docker" "create" "-v" "/var/lib/crater-agent-workspace/builds/worker-5-tc2/target:/opt/rustwide/target:rw,Z" "-v" "/var/lib/crater-agent-workspace/builds/worker-5-tc2/source:/opt/rustwide/workdir:ro,Z" "-v" "/var/lib/crater-agent-workspace/cargo-home:/opt/rustwide/cargo-home:ro,Z" "-v" "/var/lib/crater-agent-workspace/rustup-home:/opt/rustwide/rustup-home:ro,Z" "-e" "SOURCE_DIR=/opt/rustwide/workdir" "-e" "CARGO_TARGET_DIR=/opt/rustwide/target" "-e" "CARGO_INCREMENTAL=0" "-e" "RUST_BACKTRACE=full" "-e" "RUSTFLAGS=--cap-lints=forbid -Zrandomize-layout" "-e" "RUSTDOCFLAGS=--cap-lints=forbid" "-e" "CARGO_HOME=/opt/rustwide/cargo-home" "-e" "RUSTUP_HOME=/opt/rustwide/rustup-home" "-w" "/opt/rustwide/workdir" "-m" "1610612736" "--user" "0:0" "--network" "none" "ghcr.io/rust-lang/crates-build-env/linux@sha256:819108c5571ea2e421544af4d832f968d213c87fbe3707a016657f43d2f853bc" "/opt/rustwide/cargo-home/bin/cargo" "+nightly-2025-01-18" "test" "--frozen", kill_on_drop: false }`
[INFO] [stdout] 014db82f6c2844c30fea1c8f469eefeb9678f1cf6af1275952ade6c83d5a3910
[INFO] running `Command { std: "docker" "start" "-a" "014db82f6c2844c30fea1c8f469eefeb9678f1cf6af1275952ade6c83d5a3910", kill_on_drop: false }`
[INFO] [stderr] warning: struct `MetroPacket` is never constructed
[INFO] [stderr]  --> src/lib.rs:4:8
[INFO] [stderr]   |
[INFO] [stderr] 4 | struct MetroPacket {
[INFO] [stderr]   |        ^^^^^^^^^^^
[INFO] [stderr]   |
[INFO] [stderr]   = note: `#[warn(dead_code)]` on by default
[INFO] [stderr] 
[INFO] [stderr] warning: associated function `new` is never used
[INFO] [stderr]   --> src/lib.rs:11:8
[INFO] [stderr]    |
[INFO] [stderr] 10 | impl MetroPacket {
[INFO] [stderr]    | ---------------- associated function in this implementation
[INFO] [stderr] 11 |     fn new() -> MetroPacket {
[INFO] [stderr]    |        ^^^
[INFO] [stderr] 
[INFO] [stderr] warning: trait `MetroApp` is never used
[INFO] [stderr]   --> src/lib.rs:33:7
[INFO] [stderr]    |
[INFO] [stderr] 33 | trait MetroApp<T: MetroTcvr> {
[INFO] [stderr]    |       ^^^^^^^^
[INFO] [stderr] 
[INFO] [stderr] warning: struct `Metro` is never constructed
[INFO] [stderr]   --> src/lib.rs:38:8
[INFO] [stderr]    |
[INFO] [stderr] 38 | struct Metro<T: MetroTcvr> {
[INFO] [stderr]    |        ^^^^^
[INFO] [stderr] 
[INFO] [stderr] warning: associated items `new`, `process`, and `send` are never used
[INFO] [stderr]   --> src/lib.rs:43:8
[INFO] [stderr]    |
[INFO] [stderr] 42 | impl<'a, T: MetroTcvr> Metro<T> {
[INFO] [stderr]    | ------------------------------- associated items in this implementation
[INFO] [stderr] 43 |     fn new(tcvr: T) -> Metro<T> {
[INFO] [stderr]    |        ^^^
[INFO] [stderr] ...
[INFO] [stderr] 47 |     fn process(&self, apps: &mut [Option<&'a mut dyn MetroApp<T>>]) {
[INFO] [stderr]    |        ^^^^^^^
[INFO] [stderr] ...
[INFO] [stderr] 56 |     fn send(&self, packet: MetroPacket) {
[INFO] [stderr]    |        ^^^^
[INFO] [stderr] 
[INFO] [stderr] warning: trait `MetroTcvr` is never used
[INFO] [stderr]   --> src/lib.rs:61:7
[INFO] [stderr]    |
[INFO] [stderr] 61 | trait MetroTcvr {
[INFO] [stderr]    |       ^^^^^^^^^
[INFO] [stderr] 
[INFO] [stderr] warning: `metro` (lib) generated 6 warnings
[INFO] [stderr] warning: field `last_tx_packet` is never read
[INFO] [stderr]    --> src/lib.rs:110:13
[INFO] [stderr]     |
[INFO] [stderr] 107 |     struct TestMetroApp {
[INFO] [stderr]     |            ------------ field in this struct
[INFO] [stderr] ...
[INFO] [stderr] 110 |         pub last_tx_packet: Option<MetroPacket>,
[INFO] [stderr]     |             ^^^^^^^^^^^^^^
[INFO] [stderr]     |
[INFO] [stderr]     = note: `#[warn(dead_code)]` on by default
[INFO] [stderr] 
[INFO] [stderr] warning: `metro` (lib test) generated 1 warning
[INFO] [stderr]     Finished `test` profile [unoptimized + debuginfo] target(s) in 0.03s
[INFO] [stderr]      Running unittests src/lib.rs (/opt/rustwide/target/debug/deps/metro-cc3f84fb33554ad8)
[INFO] [stdout] 
[INFO] [stdout] running 1 test
[INFO] [stdout] test tests::test_send ... FAILED
[INFO] [stdout] 
[INFO] [stdout] failures:
[INFO] [stdout] 
[INFO] [stdout] ---- tests::test_send stdout ----
[INFO] [stdout] [src/lib.rs:169:9] packet_fifo_aobi.borrow().len() = 0
[INFO] [stdout] 
[INFO] [stdout] thread 'tests::test_send' panicked at src/lib.rs:175:9:
[INFO] [stdout] assertion `left == right` failed
[INFO] [stdout]   left: 0
[INFO] [stdout]  right: 1
[INFO] [stdout] stack backtrace:
[INFO] [stdout]    0:     0x56f51c89c47a - std::backtrace_rs::backtrace::libunwind::trace::hb059275cfc8d6126
[INFO] [stdout]                                at /rustc/6067b36314ab5eb2eb47cecc464545ba58e1ad24/library/std/src/../../backtrace/src/backtrace/libunwind.rs:116:5
[INFO] [stdout]    1:     0x56f51c89c47a - std::backtrace_rs::backtrace::trace_unsynchronized::h2da071e4327ce3ee
[INFO] [stdout]                                at /rustc/6067b36314ab5eb2eb47cecc464545ba58e1ad24/library/std/src/../../backtrace/src/backtrace/mod.rs:66:5
[INFO] [stdout]    2:     0x56f51c89c47a - std::sys::backtrace::_print_fmt::h842a1474e6f8d23f
[INFO] [stdout]                                at /rustc/6067b36314ab5eb2eb47cecc464545ba58e1ad24/library/std/src/sys/backtrace.rs:66:9
[INFO] [stdout]    3:     0x56f51c89c47a - <std::sys::backtrace::BacktraceLock::print::DisplayBacktrace as core::fmt::Display>::fmt::h71a62eb3b9696b12
[INFO] [stdout]                                at /rustc/6067b36314ab5eb2eb47cecc464545ba58e1ad24/library/std/src/sys/backtrace.rs:39:26
[INFO] [stdout]    4:     0x56f51c8c3a93 - core::fmt::rt::Argument::fmt::hdb6b616786b41dc1
[INFO] [stdout]                                at /rustc/6067b36314ab5eb2eb47cecc464545ba58e1ad24/library/core/src/fmt/rt.rs:177:76
[INFO] [stdout]    5:     0x56f51c8c3a93 - core::fmt::write::h2cc1698af7e2d686
[INFO] [stdout]                                at /rustc/6067b36314ab5eb2eb47cecc464545ba58e1ad24/library/core/src/fmt/mod.rs:1440:21
[INFO] [stdout]    6:     0x56f51c898fd3 - std::io::Write::write_fmt::hab1b4cd059a79022
[INFO] [stdout]                                at /rustc/6067b36314ab5eb2eb47cecc464545ba58e1ad24/library/std/src/io/mod.rs:1887:15
[INFO] [stdout]    7:     0x56f51c89c2c2 - std::sys::backtrace::BacktraceLock::print::h147fe35b4ea13b08
[INFO] [stdout]                                at /rustc/6067b36314ab5eb2eb47cecc464545ba58e1ad24/library/std/src/sys/backtrace.rs:42:9
[INFO] [stdout]    8:     0x56f51c89d89f - std::panicking::default_hook::{{closure}}::hbd44223dbdc0d208
[INFO] [stdout]                                at /rustc/6067b36314ab5eb2eb47cecc464545ba58e1ad24/library/std/src/panicking.rs:298:22
[INFO] [stdout]    9:     0x56f51c89d6b8 - std::panicking::default_hook::h20f81eb0576efcec
[INFO] [stdout]                                at /rustc/6067b36314ab5eb2eb47cecc464545ba58e1ad24/library/std/src/panicking.rs:322:9
[INFO] [stdout]   10:     0x56f51c8664d3 - <alloc::boxed::Box<F,A> as core::ops::function::Fn<Args>>::call::hdb53814c496a4d34
[INFO] [stdout]                                at /rustc/6067b36314ab5eb2eb47cecc464545ba58e1ad24/library/alloc/src/boxed.rs:2027:9
[INFO] [stdout]   11:     0x56f51c8664d3 - test::test_main::{{closure}}::hc0a4963c59427c24
[INFO] [stdout]                                at /rustc/6067b36314ab5eb2eb47cecc464545ba58e1ad24/library/test/src/lib.rs:134:21
[INFO] [stdout]   12:     0x56f51c89e393 - <alloc::boxed::Box<F,A> as core::ops::function::Fn<Args>>::call::h591b2225413a77e9
[INFO] [stdout]                                at /rustc/6067b36314ab5eb2eb47cecc464545ba58e1ad24/library/alloc/src/boxed.rs:2027:9
[INFO] [stdout]   13:     0x56f51c89e393 - std::panicking::rust_panic_with_hook::h625eea43051b2edc
[INFO] [stdout]                                at /rustc/6067b36314ab5eb2eb47cecc464545ba58e1ad24/library/std/src/panicking.rs:839:13
[INFO] [stdout]   14:     0x56f51c89e04a - std::panicking::begin_panic_handler::{{closure}}::h4f9159cfbc3f6bd3
[INFO] [stdout]                                at /rustc/6067b36314ab5eb2eb47cecc464545ba58e1ad24/library/std/src/panicking.rs:704:13
[INFO] [stdout]   15:     0x56f51c89c979 - std::sys::backtrace::__rust_end_short_backtrace::h0390abce48353151
[INFO] [stdout]                                at /rustc/6067b36314ab5eb2eb47cecc464545ba58e1ad24/library/std/src/sys/backtrace.rs:168:18
[INFO] [stdout]   16:     0x56f51c89dcdd - rust_begin_unwind
[INFO] [stdout]                                at /rustc/6067b36314ab5eb2eb47cecc464545ba58e1ad24/library/std/src/panicking.rs:695:5
[INFO] [stdout]   17:     0x56f51c8c2510 - core::panicking::panic_fmt::h9e7c637e9e5f29c9
[INFO] [stdout]                                at /rustc/6067b36314ab5eb2eb47cecc464545ba58e1ad24/library/core/src/panicking.rs:75:14
[INFO] [stdout]   18:     0x56f51c8c2862 - core::panicking::assert_failed_inner::h538bec7c1374cd9c
[INFO] [stdout]   19:     0x56f51c8c2719 - core::panicking::assert_failed::h7fe8c93d80615b71
[INFO] [stdout]                                at /rustc/6067b36314ab5eb2eb47cecc464545ba58e1ad24/library/core/src/panicking.rs:364:5
[INFO] [stdout]   20:     0x56f51c82c2dc - metro::tests::test_send::h030efed330f01c9b
[INFO] [stdout]                                at /opt/rustwide/workdir/src/lib.rs:175:9
[INFO] [stdout]   21:     0x56f51c82bb17 - metro::tests::test_send::{{closure}}::h6ca19adec0bc5d1e
[INFO] [stdout]                                at /opt/rustwide/workdir/src/lib.rs:138:19
[INFO] [stdout]   22:     0x56f51c828256 - core::ops::function::FnOnce::call_once::h548f2c6899d3add4
[INFO] [stdout]                                at /rustc/6067b36314ab5eb2eb47cecc464545ba58e1ad24/library/core/src/ops/function.rs:250:5
[INFO] [stdout]   23:     0x56f51c86bc2b - core::ops::function::FnOnce::call_once::he27718dfdd183f43
[INFO] [stdout]                                at /rustc/6067b36314ab5eb2eb47cecc464545ba58e1ad24/library/core/src/ops/function.rs:250:5
[INFO] [stdout]   24:     0x56f51c86bc2b - test::__rust_begin_short_backtrace::h4e84902998457a5d
[INFO] [stdout]                                at /rustc/6067b36314ab5eb2eb47cecc464545ba58e1ad24/library/test/src/lib.rs:632:18
[INFO] [stdout]   25:     0x56f51c86ab63 - test::run_test_in_process::{{closure}}::h7176fd18fc1feca0
[INFO] [stdout]                                at /rustc/6067b36314ab5eb2eb47cecc464545ba58e1ad24/library/test/src/lib.rs:655:60
[INFO] [stdout]   26:     0x56f51c86ab63 - <core::panic::unwind_safe::AssertUnwindSafe<F> as core::ops::function::FnOnce<()>>::call_once::hf79cff2a624d8cf7
[INFO] [stdout]                                at /rustc/6067b36314ab5eb2eb47cecc464545ba58e1ad24/library/core/src/panic/unwind_safe.rs:272:9
[INFO] [stdout]   27:     0x56f51c86ab63 - std::panicking::try::do_call::h3da0561d9ab99c25
[INFO] [stdout]                                at /rustc/6067b36314ab5eb2eb47cecc464545ba58e1ad24/library/std/src/panicking.rs:587:40
[INFO] [stdout]   28:     0x56f51c86ab63 - std::panicking::try::h41c9fa508bc61df6
[INFO] [stdout]                                at /rustc/6067b36314ab5eb2eb47cecc464545ba58e1ad24/library/std/src/panicking.rs:550:19
[INFO] [stdout]   29:     0x56f51c86ab63 - std::panic::catch_unwind::h6b3ff07bb5afad93
[INFO] [stdout]                                at /rustc/6067b36314ab5eb2eb47cecc464545ba58e1ad24/library/std/src/panic.rs:358:14
[INFO] [stdout]   30:     0x56f51c86ab63 - test::run_test_in_process::hc7253dd11b39b9f4
[INFO] [stdout]                                at /rustc/6067b36314ab5eb2eb47cecc464545ba58e1ad24/library/test/src/lib.rs:655:27
[INFO] [stdout]   31:     0x56f51c86ab63 - test::run_test::{{closure}}::hfb2007f8649c30bb
[INFO] [stdout]                                at /rustc/6067b36314ab5eb2eb47cecc464545ba58e1ad24/library/test/src/lib.rs:576:43
[INFO] [stdout]   32:     0x56f51c82dc45 - test::run_test::{{closure}}::h56a17aa7a282a9f4
[INFO] [stdout]                                at /rustc/6067b36314ab5eb2eb47cecc464545ba58e1ad24/library/test/src/lib.rs:606:41
[INFO] [stdout]   33:     0x56f51c82dc45 - std::sys::backtrace::__rust_begin_short_backtrace::hd2d2d2fb8e8c6aac
[INFO] [stdout]                                at /rustc/6067b36314ab5eb2eb47cecc464545ba58e1ad24/library/std/src/sys/backtrace.rs:152:18
[INFO] [stdout]   34:     0x56f51c83152a - std::thread::Builder::spawn_unchecked_::{{closure}}::{{closure}}::h4faa3f9db6133423
[INFO] [stdout]                                at /rustc/6067b36314ab5eb2eb47cecc464545ba58e1ad24/library/std/src/thread/mod.rs:559:17
[INFO] [stdout]   35:     0x56f51c83152a - <core::panic::unwind_safe::AssertUnwindSafe<F> as core::ops::function::FnOnce<()>>::call_once::hf2e855a36a4ea846
[INFO] [stdout]                                at /rustc/6067b36314ab5eb2eb47cecc464545ba58e1ad24/library/core/src/panic/unwind_safe.rs:272:9
[INFO] [stdout]   36:     0x56f51c83152a - std::panicking::try::do_call::h2f73af3616c35465
[INFO] [stdout]                                at /rustc/6067b36314ab5eb2eb47cecc464545ba58e1ad24/library/std/src/panicking.rs:587:40
[INFO] [stdout]   37:     0x56f51c83152a - std::panicking::try::hd1660ce9efadef5a
[INFO] [stdout]                                at /rustc/6067b36314ab5eb2eb47cecc464545ba58e1ad24/library/std/src/panicking.rs:550:19
[INFO] [stdout]   38:     0x56f51c83152a - std::panic::catch_unwind::h5ee8d7823b8ca744
[INFO] [stdout]                                at /rustc/6067b36314ab5eb2eb47cecc464545ba58e1ad24/library/std/src/panic.rs:358:14
[INFO] [stdout]   39:     0x56f51c83152a - std::thread::Builder::spawn_unchecked_::{{closure}}::h53c3a1894dce8407
[INFO] [stdout]                                at /rustc/6067b36314ab5eb2eb47cecc464545ba58e1ad24/library/std/src/thread/mod.rs:557:30
[INFO] [stdout]   40:     0x56f51c83152a - core::ops::function::FnOnce::call_once{{vtable.shim}}::h048ce291ad4f62bf
[INFO] [stdout]                                at /rustc/6067b36314ab5eb2eb47cecc464545ba58e1ad24/library/core/src/ops/function.rs:250:5
[INFO] [stdout]   41:     0x56f51c8a22cb - <alloc::boxed::Box<F,A> as core::ops::function::FnOnce<Args>>::call_once::ha52bedf99a3b4981
[INFO] [stdout]                                at /rustc/6067b36314ab5eb2eb47cecc464545ba58e1ad24/library/alloc/src/boxed.rs:2013:9
[INFO] [stdout]   42:     0x56f51c8a22cb - <alloc::boxed::Box<F,A> as core::ops::function::FnOnce<Args>>::call_once::h567748934d80ccf8
[INFO] [stdout]                                at /rustc/6067b36314ab5eb2eb47cecc464545ba58e1ad24/library/alloc/src/boxed.rs:2013:9
[INFO] [stdout]   43:     0x56f51c8a22cb - std::sys::pal::unix::thread::Thread::new::thread_start::h2d970728ae887adc
[INFO] [stdout]                                at /rustc/6067b36314ab5eb2eb47cecc464545ba58e1ad24/library/std/src/sys/pal/unix/thread.rs:106:17
[INFO] [stdout]   44:     0x7385cea95ac3 - <unknown>
[INFO] [stdout]   45:     0x7385ceb26a04 - clone
[INFO] [stderr] error: test failed, to rerun pass `--lib`
[INFO] [stdout]   46:                0x0 - <unknown>
[INFO] [stdout] 
[INFO] [stdout] 
[INFO] [stdout] failures:
[INFO] [stdout]     tests::test_send
[INFO] [stdout] 
[INFO] [stdout] test result: FAILED. 0 passed; 1 failed; 0 ignored; 0 measured; 0 filtered out; finished in 0.02s
[INFO] [stdout] 
[INFO] running `Command { std: "docker" "inspect" "014db82f6c2844c30fea1c8f469eefeb9678f1cf6af1275952ade6c83d5a3910", kill_on_drop: false }`
[INFO] running `Command { std: "docker" "rm" "-f" "014db82f6c2844c30fea1c8f469eefeb9678f1cf6af1275952ade6c83d5a3910", kill_on_drop: false }`
[INFO] [stdout] 014db82f6c2844c30fea1c8f469eefeb9678f1cf6af1275952ade6c83d5a3910
