[INFO] cloning repository https://github.com/vincent-herlemont/struct_db
[INFO] running `Command { std: "git" "-c" "credential.helper=" "-c" "credential.helper=/workspace/cargo-home/bin/git-credential-null" "clone" "--bare" "https://github.com/vincent-herlemont/struct_db" "/workspace/cache/git-repos/https%3A%2F%2Fgithub.com%2Fvincent-herlemont%2Fstruct_db", kill_on_drop: false }`
[INFO] [stderr] Cloning into bare repository '/workspace/cache/git-repos/https%3A%2F%2Fgithub.com%2Fvincent-herlemont%2Fstruct_db'...
[INFO] running `Command { std: "git" "rev-parse" "HEAD", kill_on_drop: false }`
[INFO] [stdout] 48d2becc813cc8eb0c5b8ddcb49fdf0fad8a16ce
[INFO] testing vincent-herlemont/struct_db against nightly-2025-01-18+rustflags=-Zrandomize-layout for randomize-layout-2
[INFO] running `Command { std: "git" "clone" "/workspace/cache/git-repos/https%3A%2F%2Fgithub.com%2Fvincent-herlemont%2Fstruct_db" "/workspace/builds/worker-5-tc2/source", kill_on_drop: false }`
[INFO] [stderr] Cloning into '/workspace/builds/worker-5-tc2/source'...
[INFO] [stderr] done.
[INFO] validating manifest of git repo https://github.com/vincent-herlemont/struct_db on toolchain nightly-2025-01-18
[INFO] running `Command { std: CARGO_HOME="/workspace/cargo-home" RUSTUP_HOME="/workspace/rustup-home" "/workspace/cargo-home/bin/cargo" "+nightly-2025-01-18" "metadata" "--manifest-path" "Cargo.toml" "--no-deps", kill_on_drop: false }`
[INFO] started tweaking git repo https://github.com/vincent-herlemont/struct_db
[INFO] finished tweaking git repo https://github.com/vincent-herlemont/struct_db
[INFO] tweaked toml for git repo https://github.com/vincent-herlemont/struct_db written to /workspace/builds/worker-5-tc2/source/Cargo.toml
[INFO] running `Command { std: CARGO_HOME="/workspace/cargo-home" RUSTUP_HOME="/workspace/rustup-home" "/workspace/cargo-home/bin/cargo" "+nightly-2025-01-18" "generate-lockfile" "--manifest-path" "Cargo.toml", kill_on_drop: false }`
[INFO] [stderr]     Updating crates.io index
[INFO] [stderr]     Blocking waiting for file lock on package cache
[INFO] [stderr]      Locking 182 packages to latest compatible versions
[INFO] [stderr]       Adding redb v1.5.1 (available: v2.4.0)
[INFO] running `Command { std: CARGO_HOME="/workspace/cargo-home" RUSTUP_HOME="/workspace/rustup-home" "/workspace/cargo-home/bin/cargo" "+nightly-2025-01-18" "fetch" "--manifest-path" "Cargo.toml", kill_on_drop: false }`
[INFO] [stderr]     Blocking waiting for file lock on package cache
[INFO] running `Command { std: "docker" "create" "-v" "/var/lib/crater-agent-workspace/builds/worker-5-tc2/target:/opt/rustwide/target:rw,Z" "-v" "/var/lib/crater-agent-workspace/builds/worker-5-tc2/source:/opt/rustwide/workdir:ro,Z" "-v" "/var/lib/crater-agent-workspace/cargo-home:/opt/rustwide/cargo-home:ro,Z" "-v" "/var/lib/crater-agent-workspace/rustup-home:/opt/rustwide/rustup-home:ro,Z" "-e" "SOURCE_DIR=/opt/rustwide/workdir" "-e" "CARGO_TARGET_DIR=/opt/rustwide/target" "-e" "CARGO_HOME=/opt/rustwide/cargo-home" "-e" "RUSTUP_HOME=/opt/rustwide/rustup-home" "-w" "/opt/rustwide/workdir" "-m" "1610612736" "--user" "0:0" "--network" "none" "ghcr.io/rust-lang/crates-build-env/linux@sha256:819108c5571ea2e421544af4d832f968d213c87fbe3707a016657f43d2f853bc" "/opt/rustwide/cargo-home/bin/cargo" "+nightly-2025-01-18" "metadata" "--no-deps" "--format-version=1", kill_on_drop: false }`
[INFO] [stdout] d81671e861fa23c24029e09101e82d6a48602f461e0a32cd365f9177f2c9e842
[INFO] running `Command { std: "docker" "start" "-a" "d81671e861fa23c24029e09101e82d6a48602f461e0a32cd365f9177f2c9e842", kill_on_drop: false }`
[INFO] running `Command { std: "docker" "inspect" "d81671e861fa23c24029e09101e82d6a48602f461e0a32cd365f9177f2c9e842", kill_on_drop: false }`
[INFO] running `Command { std: "docker" "rm" "-f" "d81671e861fa23c24029e09101e82d6a48602f461e0a32cd365f9177f2c9e842", kill_on_drop: false }`
[INFO] [stdout] d81671e861fa23c24029e09101e82d6a48602f461e0a32cd365f9177f2c9e842
[INFO] running `Command { std: "docker" "create" "-v" "/var/lib/crater-agent-workspace/builds/worker-5-tc2/target:/opt/rustwide/target:rw,Z" "-v" "/var/lib/crater-agent-workspace/builds/worker-5-tc2/source:/opt/rustwide/workdir:ro,Z" "-v" "/var/lib/crater-agent-workspace/cargo-home:/opt/rustwide/cargo-home:ro,Z" "-v" "/var/lib/crater-agent-workspace/rustup-home:/opt/rustwide/rustup-home:ro,Z" "-e" "SOURCE_DIR=/opt/rustwide/workdir" "-e" "CARGO_TARGET_DIR=/opt/rustwide/target" "-e" "CARGO_INCREMENTAL=0" "-e" "RUST_BACKTRACE=full" "-e" "RUSTFLAGS=--cap-lints=forbid -Zrandomize-layout" "-e" "RUSTDOCFLAGS=--cap-lints=forbid" "-e" "CARGO_HOME=/opt/rustwide/cargo-home" "-e" "RUSTUP_HOME=/opt/rustwide/rustup-home" "-w" "/opt/rustwide/workdir" "-m" "1610612736" "--user" "0:0" "--network" "none" "ghcr.io/rust-lang/crates-build-env/linux@sha256:819108c5571ea2e421544af4d832f968d213c87fbe3707a016657f43d2f853bc" "/opt/rustwide/cargo-home/bin/cargo" "+nightly-2025-01-18" "build" "--frozen" "--message-format=json", kill_on_drop: false }`
[INFO] [stdout] fdbe7a916d2015e284426f07cc3f7b3a82e3f11ea7f6a3dd5eb3e60fb6254d3f
[INFO] running `Command { std: "docker" "start" "-a" "fdbe7a916d2015e284426f07cc3f7b3a82e3f11ea7f6a3dd5eb3e60fb6254d3f", kill_on_drop: false }`
[INFO] [stderr]    Compiling proc-macro2 v1.0.93
[INFO] [stderr]    Compiling unicode-ident v1.0.14
[INFO] [stderr]    Compiling libc v0.2.169
[INFO] [stderr]    Compiling serde v1.0.217
[INFO] [stderr]    Compiling thiserror v2.0.11
[INFO] [stderr]    Compiling zerocopy v0.8.14
[INFO] [stderr]    Compiling doc-comment v0.3.3
[INFO] [stderr]    Compiling anyhow v1.0.95
[INFO] [stderr]    Compiling semver v1.0.25
[INFO] [stderr]    Compiling redb v2.4.0
[INFO] [stderr]    Compiling redb v1.5.1
[INFO] [stderr]    Compiling quote v1.0.38
[INFO] [stderr]    Compiling syn v2.0.96
[INFO] [stderr]    Compiling serde_derive v1.0.217
[INFO] [stderr]    Compiling thiserror-impl v2.0.11
[INFO] [stderr]    Compiling zerocopy-derive v0.8.14
[INFO] [stderr]    Compiling native_model_macro v0.6.1
[INFO] [stderr]    Compiling native_db_macro v0.8.1 (/opt/rustwide/workdir/native_db_macro)
[INFO] [stderr]    Compiling bincode v1.3.3
[INFO] [stderr]    Compiling native_model v0.6.1
[INFO] [stderr]    Compiling native_db v0.8.1 (/opt/rustwide/workdir)
[INFO] [stderr]     Finished `dev` profile [unoptimized + debuginfo] target(s) in 35.92s
[INFO] running `Command { std: "docker" "inspect" "fdbe7a916d2015e284426f07cc3f7b3a82e3f11ea7f6a3dd5eb3e60fb6254d3f", kill_on_drop: false }`
[INFO] running `Command { std: "docker" "rm" "-f" "fdbe7a916d2015e284426f07cc3f7b3a82e3f11ea7f6a3dd5eb3e60fb6254d3f", kill_on_drop: false }`
[INFO] [stdout] fdbe7a916d2015e284426f07cc3f7b3a82e3f11ea7f6a3dd5eb3e60fb6254d3f
[INFO] running `Command { std: "docker" "create" "-v" "/var/lib/crater-agent-workspace/builds/worker-5-tc2/target:/opt/rustwide/target:rw,Z" "-v" "/var/lib/crater-agent-workspace/builds/worker-5-tc2/source:/opt/rustwide/workdir:ro,Z" "-v" "/var/lib/crater-agent-workspace/cargo-home:/opt/rustwide/cargo-home:ro,Z" "-v" "/var/lib/crater-agent-workspace/rustup-home:/opt/rustwide/rustup-home:ro,Z" "-e" "SOURCE_DIR=/opt/rustwide/workdir" "-e" "CARGO_TARGET_DIR=/opt/rustwide/target" "-e" "CARGO_INCREMENTAL=0" "-e" "RUST_BACKTRACE=full" "-e" "RUSTFLAGS=--cap-lints=forbid -Zrandomize-layout" "-e" "RUSTDOCFLAGS=--cap-lints=forbid" "-e" "CARGO_HOME=/opt/rustwide/cargo-home" "-e" "RUSTUP_HOME=/opt/rustwide/rustup-home" "-w" "/opt/rustwide/workdir" "-m" "1610612736" "--user" "0:0" "--network" "none" "ghcr.io/rust-lang/crates-build-env/linux@sha256:819108c5571ea2e421544af4d832f968d213c87fbe3707a016657f43d2f853bc" "/opt/rustwide/cargo-home/bin/cargo" "+nightly-2025-01-18" "test" "--frozen" "--no-run" "--message-format=json", kill_on_drop: false }`
[INFO] [stdout] e3c4a5ed96e9b56a8e833d537a734a8d9bba95f1a80641da8d59d42f1320db01
[INFO] running `Command { std: "docker" "start" "-a" "e3c4a5ed96e9b56a8e833d537a734a8d9bba95f1a80641da8d59d42f1320db01", kill_on_drop: false }`
[INFO] [stderr]    Compiling syn v2.0.96
[INFO] [stderr]    Compiling autocfg v1.4.0
[INFO] [stderr]    Compiling cfg-if v1.0.0
[INFO] [stderr]    Compiling memchr v2.7.4
[INFO] [stderr]    Compiling serde v1.0.217
[INFO] [stderr]    Compiling crossbeam-utils v0.8.21
[INFO] [stderr]    Compiling regex-syntax v0.8.5
[INFO] [stderr]    Compiling anstyle v1.0.10
[INFO] [stderr]    Compiling getrandom v0.2.15
[INFO] [stderr]    Compiling log v0.4.25
[INFO] [stderr]    Compiling bitflags v2.8.0
[INFO] [stderr]    Compiling same-file v1.0.6
[INFO] [stderr]    Compiling walkdir v2.5.0
[INFO] [stderr]    Compiling futures-sink v0.3.31
[INFO] [stderr]    Compiling slab v0.4.9
[INFO] [stderr]    Compiling num-traits v0.2.19
[INFO] [stderr]    Compiling pin-project-lite v0.2.16
[INFO] [stderr]    Compiling shlex v1.3.0
[INFO] [stderr]    Compiling rustix v0.38.43
[INFO] [stderr]    Compiling aho-corasick v1.1.3
[INFO] [stderr]    Compiling bstr v1.11.3
[INFO] [stderr]    Compiling crossbeam-epoch v0.9.18
[INFO] [stderr]    Compiling either v1.13.0
[INFO] [stderr]    Compiling futures-core v0.3.31
[INFO] [stderr]    Compiling once_cell v1.20.2
[INFO] [stderr]    Compiling crossbeam-deque v0.8.6
[INFO] [stderr]    Compiling futures-channel v0.3.31
[INFO] [stderr]    Compiling cc v1.2.10
[INFO] [stderr]    Compiling lock_api v0.4.12
[INFO] [stderr]    Compiling byteorder v1.5.0
[INFO] [stderr]    Compiling serde_json v1.0.137
[INFO] [stderr]    Compiling parking_lot_core v0.9.10
[INFO] [stderr]    Compiling rayon-core v1.12.1
[INFO] [stderr]    Compiling smallvec v1.13.2
[INFO] [stderr]    Compiling futures-task v0.3.31
[INFO] [stderr]    Compiling futures-io v0.3.31
[INFO] [stderr]    Compiling linux-raw-sys v0.4.15
[INFO] [stderr]    Compiling pkg-config v0.3.31
[INFO] [stderr]    Compiling predicates-core v1.0.9
[INFO] [stderr]    Compiling pin-utils v0.1.0
[INFO] [stderr]    Compiling vcpkg v0.2.15
[INFO] [stderr]    Compiling futures-util v0.3.31
[INFO] [stderr]    Compiling regex-automata v0.4.9
[INFO] [stderr]    Compiling half v2.4.1
[INFO] [stderr]    Compiling termtree v0.5.1
[INFO] [stderr]    Compiling ciborium-io v0.2.2
[INFO] [stderr]    Compiling libsqlite3-sys v0.31.0
[INFO] [stderr]    Compiling scopeguard v1.2.0
[INFO] [stderr]    Compiling clap_lex v0.7.4
[INFO] [stderr]    Compiling camino v1.1.9
[INFO] [stderr]    Compiling itoa v1.0.14
[INFO] [stderr]    Compiling fastrand v2.3.0
[INFO] [stderr]    Compiling foldhash v0.1.4
[INFO] [stderr]    Compiling ryu v1.0.18
[INFO] [stderr]    Compiling plotters-backend v0.3.7
[INFO] [stderr]    Compiling difflib v0.4.0
[INFO] [stderr]    Compiling tempfile v3.15.0
[INFO] [stderr]    Compiling hashbrown v0.15.2
[INFO] [stderr]    Compiling plotters-svg v0.3.7
[INFO] [stderr]    Compiling predicates v3.1.3
[INFO] [stderr]    Compiling globset v0.4.15
[INFO] [stderr]    Compiling futures-executor v0.3.31
[INFO] [stderr]    Compiling clap_builder v4.5.27
[INFO] [stderr]    Compiling ignore v0.4.23
[INFO] [stderr]    Compiling ciborium-ll v0.2.2
[INFO] [stderr]    Compiling predicates-tree v1.0.12
[INFO] [stderr]    Compiling serde_derive v1.0.217
[INFO] [stderr]    Compiling zerocopy-derive v0.7.35
[INFO] [stderr]    Compiling thiserror-impl v2.0.11
[INFO] [stderr]    Compiling zerocopy v0.7.35
[INFO] [stderr]    Compiling zerocopy-derive v0.8.14
[INFO] [stderr]    Compiling ppv-lite86 v0.2.20
[INFO] [stderr]    Compiling globwalk v0.9.1
[INFO] [stderr]    Compiling thiserror v2.0.11
[INFO] [stderr]    Compiling native_model_macro v0.6.1
[INFO] [stderr]    Compiling itertools v0.10.5
[INFO] [stderr]    Compiling rand_core v0.6.4
[INFO] [stderr]    Compiling include_dir_macros v0.7.4
[INFO] [stderr]    Compiling sdd v3.0.5
[INFO] [stderr]    Compiling virtue v0.0.13
[INFO] [stderr]    Compiling zerocopy v0.8.14
[INFO] [stderr]    Compiling paste v1.0.15
[INFO] [stderr]    Compiling cast v0.3.0
[INFO] [stderr]    Compiling include_dir v0.7.4
[INFO] [stderr]    Compiling scc v2.3.0
[INFO] [stderr]    Compiling rand_chacha v0.3.1
[INFO] [stderr]    Compiling bincode_derive v2.0.0-rc.3
[INFO] [stderr]    Compiling criterion-plot v0.5.0
[INFO] [stderr]    Compiling parking_lot v0.12.3
[INFO] [stderr]    Compiling assert_fs v1.1.2
[INFO] [stderr]    Compiling clap v4.5.27
[INFO] [stderr]    Compiling rayon v1.10.0
[INFO] [stderr]    Compiling tokio-macros v2.5.0
[INFO] [stderr]    Compiling native_db_macro v0.8.1 (/opt/rustwide/workdir/native_db_macro)
[INFO] [stderr]    Compiling serial_test_derive v3.2.0
[INFO] [stderr]    Compiling futures v0.3.31
[INFO] [stderr]    Compiling hashlink v0.10.0
[INFO] [stderr]    Compiling regex v1.11.1
[INFO] [stderr]    Compiling plotters v0.3.7
[INFO] [stderr]    Compiling filetime v0.2.25
[INFO] [stderr]    Compiling is-terminal v0.4.13
[INFO] [stderr]    Compiling fslock v0.2.1
[INFO] [stderr]    Compiling fallible-streaming-iterator v0.1.9
[INFO] [stderr]    Compiling oorandom v11.1.4
[INFO] [stderr]    Compiling iana-time-zone v0.1.61
[INFO] [stderr]    Compiling fallible-iterator v0.3.0
[INFO] [stderr]    Compiling anes v0.1.6
[INFO] [stderr]    Compiling serial_test v3.2.0
[INFO] [stderr]    Compiling shortcut_assert_fs v0.1.0
[INFO] [stderr]    Compiling tokio v1.43.0
[INFO] [stderr]    Compiling rand v0.8.5
[INFO] [stderr]    Compiling concat-idents v1.1.5
[INFO] [stderr]    Compiling itertools v0.14.0
[INFO] [stderr]    Compiling dinghy-test v0.8.0
[INFO] [stderr]    Compiling bincode v1.3.3
[INFO] [stderr]    Compiling ciborium v0.2.2
[INFO] [stderr]    Compiling chrono v0.4.39
[INFO] [stderr]    Compiling bincode v2.0.0-rc.3
[INFO] [stderr]    Compiling uuid v1.12.0
[INFO] [stderr]    Compiling native_model v0.6.1
[INFO] [stderr]    Compiling native_db v0.8.1 (/opt/rustwide/workdir)
[INFO] [stderr]    Compiling tinytemplate v1.2.1
[INFO] [stderr]    Compiling criterion v0.5.1
[INFO] [stderr]    Compiling rusqlite v0.33.0
[INFO] [stdout] warning: use of deprecated method `native_db::transaction::RwTransaction::<'_>::update`: should be replaced by auto_update
[INFO] [stdout]   --> tests/query/insert_update_pk.rs:47:8
[INFO] [stdout]    |
[INFO] [stdout] 47 |     rw.update(item.clone(), item2.clone()).unwrap();
[INFO] [stdout]    |        ^^^^^^
[INFO] [stdout]    |
[INFO] [stdout]    = note: `#[warn(deprecated)]` on by default
[INFO] [stdout] 
[INFO] [stdout] 
[INFO] [stdout] warning: use of deprecated method `native_db::transaction::RwTransaction::<'_>::update`: should be replaced by auto_update
[INFO] [stdout]   --> tests/query/insert_update_sk.rs:53:8
[INFO] [stdout]    |
[INFO] [stdout] 53 |     rw.update(item.clone(), item_v2.clone()).unwrap();
[INFO] [stdout]    |        ^^^^^^
[INFO] [stdout] 
[INFO] [stdout] 
[INFO] [stdout] warning: use of deprecated method `native_db::transaction::RwTransaction::<'_>::update`: should be replaced by auto_update
[INFO] [stdout]    --> tests/watch/mod.rs:515:8
[INFO] [stdout]     |
[INFO] [stdout] 515 |     rw.update(item_a_1.clone(), item_a_2.clone()).unwrap();
[INFO] [stdout]     |        ^^^^^^
[INFO] [stdout] 
[INFO] [stdout] 
[INFO] [stderr]     Finished `test` profile [unoptimized + debuginfo] target(s) in 2m 08s
[INFO] running `Command { std: "docker" "inspect" "e3c4a5ed96e9b56a8e833d537a734a8d9bba95f1a80641da8d59d42f1320db01", kill_on_drop: false }`
[INFO] running `Command { std: "docker" "rm" "-f" "e3c4a5ed96e9b56a8e833d537a734a8d9bba95f1a80641da8d59d42f1320db01", kill_on_drop: false }`
[INFO] [stdout] e3c4a5ed96e9b56a8e833d537a734a8d9bba95f1a80641da8d59d42f1320db01
[INFO] running `Command { std: "docker" "create" "-v" "/var/lib/crater-agent-workspace/builds/worker-5-tc2/target:/opt/rustwide/target:rw,Z" "-v" "/var/lib/crater-agent-workspace/builds/worker-5-tc2/source:/opt/rustwide/workdir:ro,Z" "-v" "/var/lib/crater-agent-workspace/cargo-home:/opt/rustwide/cargo-home:ro,Z" "-v" "/var/lib/crater-agent-workspace/rustup-home:/opt/rustwide/rustup-home:ro,Z" "-e" "SOURCE_DIR=/opt/rustwide/workdir" "-e" "CARGO_TARGET_DIR=/opt/rustwide/target" "-e" "CARGO_INCREMENTAL=0" "-e" "RUST_BACKTRACE=full" "-e" "RUSTFLAGS=--cap-lints=forbid -Zrandomize-layout" "-e" "RUSTDOCFLAGS=--cap-lints=forbid" "-e" "CARGO_HOME=/opt/rustwide/cargo-home" "-e" "RUSTUP_HOME=/opt/rustwide/rustup-home" "-w" "/opt/rustwide/workdir" "-m" "1610612736" "--user" "0:0" "--network" "none" "ghcr.io/rust-lang/crates-build-env/linux@sha256:819108c5571ea2e421544af4d832f968d213c87fbe3707a016657f43d2f853bc" "/opt/rustwide/cargo-home/bin/cargo" "+nightly-2025-01-18" "test" "--frozen", kill_on_drop: false }`
[INFO] [stdout] f67612780021be3c2f1978967ce94a6d6e9734469e98754b3f8fac5651144d3b
[INFO] running `Command { std: "docker" "start" "-a" "f67612780021be3c2f1978967ce94a6d6e9734469e98754b3f8fac5651144d3b", kill_on_drop: false }`
[INFO] [stderr] warning: use of deprecated method `native_db::transaction::RwTransaction::<'_>::update`: should be replaced by auto_update
[INFO] [stderr]   --> tests/query/insert_update_pk.rs:47:8
[INFO] [stderr]    |
[INFO] [stderr] 47 |     rw.update(item.clone(), item2.clone()).unwrap();
[INFO] [stderr]    |        ^^^^^^
[INFO] [stderr]    |
[INFO] [stderr]    = note: `#[warn(deprecated)]` on by default
[INFO] [stderr] 
[INFO] [stderr] warning: use of deprecated method `native_db::transaction::RwTransaction::<'_>::update`: should be replaced by auto_update
[INFO] [stderr]   --> tests/query/insert_update_sk.rs:53:8
[INFO] [stderr]    |
[INFO] [stderr] 53 |     rw.update(item.clone(), item_v2.clone()).unwrap();
[INFO] [stderr]    |        ^^^^^^
[INFO] [stderr] 
[INFO] [stderr] warning: use of deprecated method `native_db::transaction::RwTransaction::<'_>::update`: should be replaced by auto_update
[INFO] [stderr]    --> tests/watch/mod.rs:515:8
[INFO] [stderr]     |
[INFO] [stderr] 515 |     rw.update(item_a_1.clone(), item_a_2.clone()).unwrap();
[INFO] [stderr]     |        ^^^^^^
[INFO] [stderr] 
[INFO] [stderr] warning: `native_db` (test "modules") generated 3 warnings
[INFO] [stderr]     Finished `test` profile [unoptimized + debuginfo] target(s) in 0.37s
[INFO] [stderr]      Running unittests src/lib.rs (/opt/rustwide/target/debug/deps/native_db-7ce73a568ab3b537)
[INFO] [stdout] 
[INFO] [stdout] running 2 tests
[INFO] [stdout] test db_type::key::inner_key_value_redb1::tests::test_range ... ok
[INFO] [stderr]      Running tests/check_integrity.rs (/opt/rustwide/target/debug/deps/check_integrity-a86eb4c2ba56a01f)
[INFO] [stdout] test db_type::key::key::tests::test_range ... ok
[INFO] [stdout] 
[INFO] [stdout] test result: ok. 2 passed; 0 failed; 0 ignored; 0 measured; 0 filtered out; finished in 0.50s
[INFO] [stdout] 
[INFO] [stdout] 
[INFO] [stdout] running 1 test
[INFO] [stdout] test test_check_integrity ... ok
[INFO] [stdout] 
[INFO] [stdout] test result: ok. 1 passed; 0 failed; 0 ignored; 0 measured; 0 filtered out; finished in 0.51s
[INFO] [stdout] 
[INFO] [stderr]      Running tests/compact.rs (/opt/rustwide/target/debug/deps/compact-c1e9c5b464bc18e6)
[INFO] [stdout] 
[INFO] [stdout] running 1 test
[INFO] [stdout] test test_compact ... ok
[INFO] [stdout] 
[INFO] [stdout] test result: ok. 1 passed; 0 failed; 0 ignored; 0 measured; 0 filtered out; finished in 0.51s
[INFO] [stdout] 
[INFO] [stderr]      Running tests/convert_all.rs (/opt/rustwide/target/debug/deps/convert_all-b5b55ef08fb11a48)
[INFO] [stdout] 
[INFO] [stdout] running 1 test
[INFO] [stdout] test convert_all ... ok
[INFO] [stdout] 
[INFO] [stdout] test result: ok. 1 passed; 0 failed; 0 ignored; 0 measured; 0 filtered out; finished in 0.48s
[INFO] [stdout] 
[INFO] [stderr]      Running tests/deserialization_error.rs (/opt/rustwide/target/debug/deps/deserialization_error-0406cd317c6d990e)
[INFO] [stdout] 
[INFO] [stdout] running 1 test
[INFO] [stdout] test create_local_database_for_tests ... ok
[INFO] [stdout] 
[INFO] [stdout] test result: ok. 1 passed; 0 failed; 0 ignored; 0 measured; 0 filtered out; finished in 0.23s
[INFO] [stdout] 
[INFO] [stderr]      Running tests/modules.rs (/opt/rustwide/target/debug/deps/modules-4d9a05158234f0ae)
[INFO] [stdout] 
[INFO] [stdout] running 93 tests
[INFO] [stdout] test check_type::all::test_i16_i16 ... ok
[INFO] [stdout] test check_type::all::test_i128_i128 ... ok
[INFO] [stdout] test check_type::all::test_i32_i32 ... ok
[INFO] [stdout] test check_type::all::test_char_char ... ok
[INFO] [stdout] test check_type::all::test_array_u32_u32 ... ok
[INFO] [stdout] test check_type::all::test_f64_f64 ... ok
[INFO] [stdout] test check_type::all::test_f32_f32 ... ok
[INFO] [stdout] test check_type::all::test_bool_bool ... ok
[INFO] [stdout] test check_type::all::test_i64_i64 ... ok
[INFO] [stdout] test check_type::all::test_i8_i8 ... ok
[INFO] [stdout] test check_type::all::test_string_string ... ok
[INFO] [stdout] test check_type::all::test_pkenum_pkenum ... ok
[INFO] [stdout] test check_type::all::test_option_u32_option_u32 ... ok
[INFO] [stdout] test check_type::all::test_string_str ... ok
[INFO] [stdout] test check_type::all::test_tuple_u32_string ... ok
[INFO] [stdout] test check_type::all::test_myuuid_myuuid ... ok
[INFO] [stdout] test check_type::all::test_u128_u128 ... ok
[INFO] [stdout] test check_type::all::test_u32_u32 ... ok
[INFO] [stdout] test check_type::all::test_u16_u16 ... ok
[INFO] [stdout] test custom_type::custom::insert_item_fields ... ok
[INFO] [stdout] test macro_def::primary_key::test_insert_my_item ... ok
[INFO] [stdout] test macro_def::primary_key_attribute::test_insert_my_item ... ok
[INFO] [stdout] test macro_def::secondary_key::test_secondary ... ok
[INFO] [stdout] test macro_def::secondary_key::test_secondary_optional ... ok
[INFO] [stdout] test macro_def::secondary_key::test_secondary_unique ... ok
[INFO] [stdout] test macro_def::secondary_key_attribute::test_secondary ... ok
[INFO] [stdout] test macro_def::secondary_key_attribute::test_secondary_optional ... ok
[INFO] [stdout] test macro_def::secondary_key_attribute::test_secondary_others ... ok
[INFO] [stdout] test macro_def::secondary_key_attribute::test_secondary_unique ... ok
[INFO] [stdout] test macro_def::secondary_key_mix::test_secondary ... ok
[INFO] [stdout] test check_type::struct_custom::test_get_primary_key_custom_pk ... ok
[INFO] [stdout] test macro_def::export_keys_attribute::test_insert_my_item ... ok
[INFO] [stdout] test check_type::struct_simple::test_get_primary_key_custom_pk ... ok
[INFO] [stdout] test check_type::all::test_vecu8_vecu8 ... ok
[INFO] [stdout] test check_type::all::test_u64_u64 ... ok
[INFO] [stdout] test check_type::all::test_u8_u8 ... ok
[INFO] [stdout] test custom_type::custom::test_item_functions ... ok
[INFO] [stdout] test primary_drain::only_primary_key::drain_all ... ok
[INFO] [stdout] test migrate::with_multiple_versions::test_skip_version_with_data_should_fail - should panic ... ok
[INFO] [stdout] test migrate::with_multiple_versions::test_skip_version ... ok
[INFO] [stdout] test migrate::only_primary_key::test_migrate ... ok
[INFO] [stdout] test migrate::with_secondary_keys::test_migrate_v3 ... ok
[INFO] [stdout] test migrate::with_secondary_keys::test_migrate ... ok
[INFO] [stdout] test primary_drain::with_secondary_keys::drain_all ... ok
[INFO] [stdout] test query::auto_update_pk::auto_update_multiple ... ok
[INFO] [stdout] test query::auto_update_pk::auto_update_existing ... ok
[INFO] [stdout] test metadata::current_version::test_current_version ... ok
[INFO] [stdout] test query::auto_update_sk::auto_update_existing_check_secondary_keys ... ok
[INFO] [stdout] test migrate::with_other_model::test_migrate ... ok
[INFO] [stdout] test query::auto_update_sk::auto_update_multiple_with_secondary_keys ... ok
[INFO] [stdout] test query::auto_update_pk::auto_update_non_existent ... ok
[INFO] [stdout] test query::auto_update_sk::auto_update_non_existent ... ok
[INFO] [stdout] test query::insert_get_pk::test_insert_duplicate_key ... ok
[INFO] [stdout] test query::insert_get_sk::insert_get_read_transaction ... ok
[INFO] [stdout] test query::insert_get_pk::insert_get ... ok
[INFO] [stdout] test query::insert_remove_pk::insert_get ... ok
[INFO] [stdout] test query::insert_get_sk::test_insert_optional ... ok
[INFO] [stdout] test query::insert_len_pk::insert_len_read_transaction ... ok
[INFO] [stdout] test query::insert_get_sk::insert_get_read_write_transaction ... ok
[INFO] [stdout] test query::insert_get_sk::test_insert_duplicate_key ... ok
[INFO] [stdout] test query::insert_remove_sk::insert_remove ... ok
[INFO] [stdout] test query::insert_len_sk::insert_len_read_transaction ... ok
[INFO] [stdout] test query::insert_remove_sk::test_remove_with_invalid_secondary_key ... ok
[INFO] [stdout] test query::insert_update_sk::insert_update_sk ... ok
[INFO] [stdout] test query::insert_remove_sk::insert_remove_unique_optional ... ok
[INFO] [stdout] test query::upsert_get_pk::test_upsert_duplicate_key ... ok
[INFO] [stdout] test query::insert_remove_sk::test_remove_with_invalid_secondary_key_without_catch_error ... ok
[INFO] [stdout] test query::insert_remove_sk::insert_remove_unique_optional_with_invalid_secondary_key ... ok
[INFO] [stdout] test query::upsert_get_pk::upsert_get ... ok
[INFO] [stdout] test query::insert_update_pk::insert_update_pk ... ok
[INFO] [stdout] test query::upsert_get_sk::upsert_get_read_transaction ... ok
[INFO] [stdout] test query::upsert_get_sk::test_upsert_optional ... ok
[INFO] [stdout] test query::upsert_get_sk::upsert_get_read_write_transaction ... ok
[INFO] [stdout] test query::upsert_get_sk::upsert_get_update_secondary_key ... ok
[INFO] [stdout] test query::upsert_get_sk::test_upsert_duplicate_key ... ok
[INFO] [stdout] test watch::unwatch_by_deleted_receiver ... ok
[INFO] [stdout] test watch::unwatch ... ok
[INFO] [stdout] test watch::watch_all_primary_key ... ok
[INFO] [stdout] test watch::watch_all_delete ... ok
[INFO] [stdout] test watch::watch_all_secondary_keys ... ok
[INFO] [stdout] test watch::watch_all_update ... ok
[INFO] [stdout] test watch::watch_one_primary_key ... ok
[INFO] [stdout] test watch::watch_multithreading ... ok
[INFO] [stdout] test upgrade::from_0_5_x_to_0_6_x::try_to_open_legacy_database_with_upgrade_feature_with_other_model ... ok
[INFO] [stdout] test watch::watch_one_secondary_key ... ok
[INFO] [stdout] test watch::watch_start_with ... ok
[INFO] [stdout] test watch::watch_optional::watch_one_secondary_key_some ... ok
[INFO] [stdout] test watch::watch_optional::watch_start_with_by_key ... ok
[INFO] [stdout] test upgrade::from_0_5_x_to_0_6_x::try_to_open_legacy_database_with_upgrade_feature ... ok
[INFO] [stdout] test watch::watch_outside ... ok
[INFO] [stdout] test upgrade::from_0_7_x_to_0_8_x::upgrade_from_0_7_x_to_0_8_x ... ok
[INFO] [stdout] test watch::watch_optional::watch_one_secondary_key_none ... ok
[INFO] [stdout] test watch::watch_start_with_by_key ... ok
[INFO] [stdout] 
[INFO] [stdout] test result: ok. 93 passed; 0 failed; 0 ignored; 0 measured; 0 filtered out; finished in 20.66s
[INFO] [stdout] 
[INFO] [stderr]      Running tests/native_model.rs (/opt/rustwide/target/debug/deps/native_model-01d3478ca152a86d)
[INFO] [stdout] 
[INFO] [stdout] running 1 test
[INFO] [stdout] test test_native_encode ... ok
[INFO] [stdout] 
[INFO] [stdout] test result: ok. 1 passed; 0 failed; 0 ignored; 0 measured; 0 filtered out; finished in 0.00s
[INFO] [stdout] 
[INFO] [stderr]      Running tests/refresh.rs (/opt/rustwide/target/debug/deps/refresh-7b30d48b5414810e)
[INFO] [stdout] 
[INFO] [stdout] running 1 test
[INFO] [stderr]      Running tests/scan.rs (/opt/rustwide/target/debug/deps/scan-c5c5242e4ca16dd9)
[INFO] [stdout] test test_refresh ... ok
[INFO] [stdout] 
[INFO] [stdout] test result: ok. 1 passed; 0 failed; 0 ignored; 0 measured; 0 filtered out; finished in 1.76s
[INFO] [stdout] 
[INFO] [stdout] 
[INFO] [stdout] running 15 tests
[INFO] [stdout] test test_low_level_scan_range ... ok
[INFO] [stdout] test test_iter ... ok
[INFO] [stdout] test test_iter_by_key ... ok
[INFO] [stdout] test test_iter_range ... ok
[INFO] [stdout] test test_double_ended_iter_by_key ... ok
[INFO] [stdout] test test_double_ended_iter ... ok
[INFO] [stdout] test test_double_ended_iter_by_key_range ... ok
[INFO] [stdout] test test_start_with_by_key_scenario_write_txn ... ok
[INFO] [stdout] test test_iter_many_items_to_be_bytes ... ok
[INFO] [stdout] test test_txn_write_iter_range ... ok
[INFO] [stdout] test test_start_with_by_key_scenario_readonly_txn ... ok
[INFO] [stdout] test test_txn_write_iter ... ok
[INFO] [stdout] test test_scan_range ... ok
[INFO] [stdout] test test_txn_write_start_with_scenario ... ok
[INFO] [stderr]      Running tests/simple_multithreads.rs (/opt/rustwide/target/debug/deps/simple_multithreads-a00c45f71eabeff8)
[INFO] [stdout] test test_start_with_scenario ... ok
[INFO] [stdout] 
[INFO] [stdout] test result: ok. 15 passed; 0 failed; 0 ignored; 0 measured; 0 filtered out; finished in 2.65s
[INFO] [stdout] 
[INFO] [stdout] 
[INFO] [stdout] running 1 test
[INFO] [stdout] test multi_threads ... ok
[INFO] [stdout] 
[INFO] [stdout] test result: ok. 1 passed; 0 failed; 0 ignored; 0 measured; 0 filtered out; finished in 0.56s
[INFO] [stdout] 
[INFO] [stderr]      Running tests/snapshot.rs (/opt/rustwide/target/debug/deps/snapshot-accfbf2879dc6d2c)
[INFO] [stdout] 
[INFO] [stdout] running 1 test
[INFO] [stdout] test test_snapshot ... ok
[INFO] [stderr]      Running tests/transaction.rs (/opt/rustwide/target/debug/deps/transaction-8bd1ceb10b3f08c6)
[INFO] [stdout] 
[INFO] [stdout] test result: ok. 1 passed; 0 failed; 0 ignored; 0 measured; 0 filtered out; finished in 0.97s
[INFO] [stdout] 
[INFO] [stdout] 
[INFO] [stdout] running 4 tests
[INFO] [stdout] test test_abort_transaction_obj_1_and_obj_2 ... ok
[INFO] [stdout] test test_transaction_obj_1 ... ok
[INFO] [stdout] test test_transaction_obj_1_and_obj_2 ... ok
[INFO] [stdout] test test_transaction_fail ... ok
[INFO] [stdout] 
[INFO] [stdout] test result: ok. 4 passed; 0 failed; 0 ignored; 0 measured; 0 filtered out; finished in 1.28s
[INFO] [stdout] 
[INFO] [stderr]      Running tests/util.rs (/opt/rustwide/target/debug/deps/util-9f7ad415d6f7d540)
[INFO] [stdout] 
[INFO] [stdout] running 5 tests
[INFO] [stdout] test test_open_unexisting_database ... ok
[INFO] [stdout] test create_local_database_for_tests ... FAILED
[INFO] [stdout] test test_builder ... ok
[INFO] [stdout] test test_open_existing_database ... ok
[INFO] [stdout] test test_builder_with_set_cache_size ... ok
[INFO] [stdout] 
[INFO] [stdout] failures:
[INFO] [stdout] 
[INFO] [stdout] ---- create_local_database_for_tests stdout ----
[INFO] [stdout] 
[INFO] [stdout] thread 'create_local_database_for_tests' panicked at tests/util.rs:88:61:
[INFO] [stdout] called `Result::unwrap()` on an `Err` value: RedbDatabaseError(Storage(Io(Os { code: 30, kind: ReadOnlyFilesystem, message: "Read-only file system" })))
[INFO] [stdout] stack backtrace:
[INFO] [stdout]    0:     0x5e3e2379e99a - std::backtrace_rs::backtrace::libunwind::trace::hb059275cfc8d6126
[INFO] [stdout]                                at /rustc/6067b36314ab5eb2eb47cecc464545ba58e1ad24/library/std/src/../../backtrace/src/backtrace/libunwind.rs:116:5
[INFO] [stdout]    1:     0x5e3e2379e99a - std::backtrace_rs::backtrace::trace_unsynchronized::h2da071e4327ce3ee
[INFO] [stdout]                                at /rustc/6067b36314ab5eb2eb47cecc464545ba58e1ad24/library/std/src/../../backtrace/src/backtrace/mod.rs:66:5
[INFO] [stdout]    2:     0x5e3e2379e99a - std::sys::backtrace::_print_fmt::h842a1474e6f8d23f
[INFO] [stdout]                                at /rustc/6067b36314ab5eb2eb47cecc464545ba58e1ad24/library/std/src/sys/backtrace.rs:66:9
[INFO] [stdout]    3:     0x5e3e2379e99a - <std::sys::backtrace::BacktraceLock::print::DisplayBacktrace as core::fmt::Display>::fmt::h71a62eb3b9696b12
[INFO] [stdout]                                at /rustc/6067b36314ab5eb2eb47cecc464545ba58e1ad24/library/std/src/sys/backtrace.rs:39:26
[INFO] [stdout]    4:     0x5e3e237c7b33 - core::fmt::rt::Argument::fmt::hdb6b616786b41dc1
[INFO] [stdout]                                at /rustc/6067b36314ab5eb2eb47cecc464545ba58e1ad24/library/core/src/fmt/rt.rs:177:76
[INFO] [stdout]    5:     0x5e3e237c7b33 - core::fmt::write::h2cc1698af7e2d686
[INFO] [stdout]                                at /rustc/6067b36314ab5eb2eb47cecc464545ba58e1ad24/library/core/src/fmt/mod.rs:1440:21
[INFO] [stdout]    6:     0x5e3e2379ac73 - std::io::Write::write_fmt::hab1b4cd059a79022
[INFO] [stdout]                                at /rustc/6067b36314ab5eb2eb47cecc464545ba58e1ad24/library/std/src/io/mod.rs:1887:15
[INFO] [stdout]    7:     0x5e3e2379e7e2 - std::sys::backtrace::BacktraceLock::print::h147fe35b4ea13b08
[INFO] [stdout]                                at /rustc/6067b36314ab5eb2eb47cecc464545ba58e1ad24/library/std/src/sys/backtrace.rs:42:9
[INFO] [stdout]    8:     0x5e3e2379fdbf - std::panicking::default_hook::{{closure}}::hbd44223dbdc0d208
[INFO] [stdout]                                at /rustc/6067b36314ab5eb2eb47cecc464545ba58e1ad24/library/std/src/panicking.rs:298:22
[INFO] [stdout]    9:     0x5e3e2379fbd8 - std::panicking::default_hook::h20f81eb0576efcec
[INFO] [stdout]                                at /rustc/6067b36314ab5eb2eb47cecc464545ba58e1ad24/library/std/src/panicking.rs:322:9
[INFO] [stdout]   10:     0x5e3e2348cf53 - <alloc::boxed::Box<F,A> as core::ops::function::Fn<Args>>::call::hdb53814c496a4d34
[INFO] [stdout]                                at /rustc/6067b36314ab5eb2eb47cecc464545ba58e1ad24/library/alloc/src/boxed.rs:2027:9
[INFO] [stdout]   11:     0x5e3e2348cf53 - test::test_main::{{closure}}::hc0a4963c59427c24
[INFO] [stdout]                                at /rustc/6067b36314ab5eb2eb47cecc464545ba58e1ad24/library/test/src/lib.rs:134:21
[INFO] [stdout]   12:     0x5e3e237a08b3 - <alloc::boxed::Box<F,A> as core::ops::function::Fn<Args>>::call::h591b2225413a77e9
[INFO] [stdout]                                at /rustc/6067b36314ab5eb2eb47cecc464545ba58e1ad24/library/alloc/src/boxed.rs:2027:9
[INFO] [stdout]   13:     0x5e3e237a08b3 - std::panicking::rust_panic_with_hook::h625eea43051b2edc
[INFO] [stdout]                                at /rustc/6067b36314ab5eb2eb47cecc464545ba58e1ad24/library/std/src/panicking.rs:839:13
[INFO] [stdout]   14:     0x5e3e237a056a - std::panicking::begin_panic_handler::{{closure}}::h4f9159cfbc3f6bd3
[INFO] [stdout]                                at /rustc/6067b36314ab5eb2eb47cecc464545ba58e1ad24/library/std/src/panicking.rs:704:13
[INFO] [stdout]   15:     0x5e3e2379ee99 - std::sys::backtrace::__rust_end_short_backtrace::h0390abce48353151
[INFO] [stdout]                                at /rustc/6067b36314ab5eb2eb47cecc464545ba58e1ad24/library/std/src/sys/backtrace.rs:168:18
[INFO] [stdout]   16:     0x5e3e237a01fd - rust_begin_unwind
[INFO] [stdout]                                at /rustc/6067b36314ab5eb2eb47cecc464545ba58e1ad24/library/std/src/panicking.rs:695:5
[INFO] [stdout]   17:     0x5e3e237c64d0 - core::panicking::panic_fmt::h9e7c637e9e5f29c9
[INFO] [stdout]                                at /rustc/6067b36314ab5eb2eb47cecc464545ba58e1ad24/library/core/src/panicking.rs:75:14
[INFO] [stdout]   18:     0x5e3e237c6946 - core::result::unwrap_failed::h7979f09313fe1849
[INFO] [stdout]                                at /rustc/6067b36314ab5eb2eb47cecc464545ba58e1ad24/library/core/src/result.rs:1704:5
[INFO] [stdout]   19:     0x5e3e23443d8e - core::result::Result<T,E>::unwrap::ha36a19aa292fb0cc
[INFO] [stdout]                                at /rustc/6067b36314ab5eb2eb47cecc464545ba58e1ad24/library/core/src/result.rs:1109:23
[INFO] [stdout]   20:     0x5e3e23443d8e - util::create_local_database_for_tests::h4837ca0ec264e41d
[INFO] [stdout]                                at /opt/rustwide/workdir/tests/util.rs:88:14
[INFO] [stdout]   21:     0x5e3e23443627 - util::create_local_database_for_tests::{{closure}}::h0de80eb3af898ce9
[INFO] [stdout]                                at /opt/rustwide/workdir/tests/util.rs:73:37
[INFO] [stdout]   22:     0x5e3e2344aab6 - core::ops::function::FnOnce::call_once::hd276f01c72a88538
[INFO] [stdout]                                at /rustc/6067b36314ab5eb2eb47cecc464545ba58e1ad24/library/core/src/ops/function.rs:250:5
[INFO] [stdout]   23:     0x5e3e234926ab - core::ops::function::FnOnce::call_once::he27718dfdd183f43
[INFO] [stdout]                                at /rustc/6067b36314ab5eb2eb47cecc464545ba58e1ad24/library/core/src/ops/function.rs:250:5
[INFO] [stdout]   24:     0x5e3e234926ab - test::__rust_begin_short_backtrace::h4e84902998457a5d
[INFO] [stdout]                                at /rustc/6067b36314ab5eb2eb47cecc464545ba58e1ad24/library/test/src/lib.rs:632:18
[INFO] [stdout]   25:     0x5e3e234915e3 - test::run_test_in_process::{{closure}}::h7176fd18fc1feca0
[INFO] [stdout]                                at /rustc/6067b36314ab5eb2eb47cecc464545ba58e1ad24/library/test/src/lib.rs:655:60
[INFO] [stdout]   26:     0x5e3e234915e3 - <core::panic::unwind_safe::AssertUnwindSafe<F> as core::ops::function::FnOnce<()>>::call_once::hf79cff2a624d8cf7
[INFO] [stdout]                                at /rustc/6067b36314ab5eb2eb47cecc464545ba58e1ad24/library/core/src/panic/unwind_safe.rs:272:9
[INFO] [stdout]   27:     0x5e3e234915e3 - std::panicking::try::do_call::h3da0561d9ab99c25
[INFO] [stdout]                                at /rustc/6067b36314ab5eb2eb47cecc464545ba58e1ad24/library/std/src/panicking.rs:587:40
[INFO] [stdout]   28:     0x5e3e234915e3 - std::panicking::try::h41c9fa508bc61df6
[INFO] [stdout]                                at /rustc/6067b36314ab5eb2eb47cecc464545ba58e1ad24/library/std/src/panicking.rs:550:19
[INFO] [stdout]   29:     0x5e3e234915e3 - std::panic::catch_unwind::h6b3ff07bb5afad93
[INFO] [stdout]                                at /rustc/6067b36314ab5eb2eb47cecc464545ba58e1ad24/library/std/src/panic.rs:358:14
[INFO] [stdout]   30:     0x5e3e234915e3 - test::run_test_in_process::hc7253dd11b39b9f4
[INFO] [stdout]                                at /rustc/6067b36314ab5eb2eb47cecc464545ba58e1ad24/library/test/src/lib.rs:655:27
[INFO] [stdout]   31:     0x5e3e234915e3 - test::run_test::{{closure}}::hfb2007f8649c30bb
[INFO] [stdout]                                at /rustc/6067b36314ab5eb2eb47cecc464545ba58e1ad24/library/test/src/lib.rs:576:43
[INFO] [stdout]   32:     0x5e3e234546c5 - test::run_test::{{closure}}::h56a17aa7a282a9f4
[INFO] [stdout]                                at /rustc/6067b36314ab5eb2eb47cecc464545ba58e1ad24/library/test/src/lib.rs:606:41
[INFO] [stdout]   33:     0x5e3e234546c5 - std::sys::backtrace::__rust_begin_short_backtrace::hd2d2d2fb8e8c6aac
[INFO] [stdout]                                at /rustc/6067b36314ab5eb2eb47cecc464545ba58e1ad24/library/std/src/sys/backtrace.rs:152:18
[INFO] [stdout]   34:     0x5e3e23457faa - std::thread::Builder::spawn_unchecked_::{{closure}}::{{closure}}::h4faa3f9db6133423
[INFO] [stdout]                                at /rustc/6067b36314ab5eb2eb47cecc464545ba58e1ad24/library/std/src/thread/mod.rs:559:17
[INFO] [stdout]   35:     0x5e3e23457faa - <core::panic::unwind_safe::AssertUnwindSafe<F> as core::ops::function::FnOnce<()>>::call_once::hf2e855a36a4ea846
[INFO] [stdout]                                at /rustc/6067b36314ab5eb2eb47cecc464545ba58e1ad24/library/core/src/panic/unwind_safe.rs:272:9
[INFO] [stdout]   36:     0x5e3e23457faa - std::panicking::try::do_call::h2f73af3616c35465
[INFO] [stdout]                                at /rustc/6067b36314ab5eb2eb47cecc464545ba58e1ad24/library/std/src/panicking.rs:587:40
[INFO] [stdout]   37:     0x5e3e23457faa - std::panicking::try::hd1660ce9efadef5a
[INFO] [stdout]                                at /rustc/6067b36314ab5eb2eb47cecc464545ba58e1ad24/library/std/src/panicking.rs:550:19
[INFO] [stdout]   38:     0x5e3e23457faa - std::panic::catch_unwind::h5ee8d7823b8ca744
[INFO] [stdout]                                at /rustc/6067b36314ab5eb2eb47cecc464545ba58e1ad24/library/std/src/panic.rs:358:14
[INFO] [stdout]   39:     0x5e3e23457faa - std::thread::Builder::spawn_unchecked_::{{closure}}::h53c3a1894dce8407
[INFO] [stdout]                                at /rustc/6067b36314ab5eb2eb47cecc464545ba58e1ad24/library/std/src/thread/mod.rs:557:30
[INFO] [stdout]   40:     0x5e3e23457faa - core::ops::function::FnOnce::call_once{{vtable.shim}}::h048ce291ad4f62bf
[INFO] [stdout]                                at /rustc/6067b36314ab5eb2eb47cecc464545ba58e1ad24/library/core/src/ops/function.rs:250:5
[INFO] [stdout]   41:     0x5e3e237a5a7b - <alloc::boxed::Box<F,A> as core::ops::function::FnOnce<Args>>::call_once::ha52bedf99a3b4981
[INFO] [stdout]                                at /rustc/6067b36314ab5eb2eb47cecc464545ba58e1ad24/library/alloc/src/boxed.rs:2013:9
[INFO] [stdout]   42:     0x5e3e237a5a7b - <alloc::boxed::Box<F,A> as core::ops::function::FnOnce<Args>>::call_once::h567748934d80ccf8
[INFO] [stdout]                                at /rustc/6067b36314ab5eb2eb47cecc464545ba58e1ad24/library/alloc/src/boxed.rs:2013:9
[INFO] [stdout]   43:     0x5e3e237a5a7b - std::sys::pal::unix::thread::Thread::new::thread_start::h2d970728ae887adc
[INFO] [stdout]                                at /rustc/6067b36314ab5eb2eb47cecc464545ba58e1ad24/library/std/src/sys/pal/unix/thread.rs:106:17
[INFO] [stdout]   44:     0x7fce3d301ac3 - <unknown>
[INFO] [stdout]   45:     0x7fce3d392a04 - clone
[INFO] [stdout]   46:                0x0 - <unknown>
[INFO] [stdout] 
[INFO] [stdout] 
[INFO] [stdout] failures:
[INFO] [stdout]     create_local_database_for_tests
[INFO] [stdout] 
[INFO] [stdout] test result: FAILED. 4 passed; 1 failed; 0 ignored; 0 measured; 0 filtered out; finished in 1.13s
[INFO] [stdout] 
[INFO] [stderr] error: test failed, to rerun pass `--test util`
[INFO] running `Command { std: "docker" "inspect" "f67612780021be3c2f1978967ce94a6d6e9734469e98754b3f8fac5651144d3b", kill_on_drop: false }`
[INFO] running `Command { std: "docker" "rm" "-f" "f67612780021be3c2f1978967ce94a6d6e9734469e98754b3f8fac5651144d3b", kill_on_drop: false }`
[INFO] [stdout] f67612780021be3c2f1978967ce94a6d6e9734469e98754b3f8fac5651144d3b
