[INFO] cloning repository https://github.com/vilhelmlindell/chess-engine
[INFO] running `Command { std: "git" "-c" "credential.helper=" "-c" "credential.helper=/workspace/cargo-home/bin/git-credential-null" "clone" "--bare" "https://github.com/vilhelmlindell/chess-engine" "/workspace/cache/git-repos/https%3A%2F%2Fgithub.com%2Fvilhelmlindell%2Fchess-engine", kill_on_drop: false }`
[INFO] [stderr] Cloning into bare repository '/workspace/cache/git-repos/https%3A%2F%2Fgithub.com%2Fvilhelmlindell%2Fchess-engine'...
[INFO] running `Command { std: "git" "rev-parse" "HEAD", kill_on_drop: false }`
[INFO] [stdout] a47dc77c75699e56977de02da0631e06d2b7b072
[INFO] testing vilhelmlindell/chess-engine against nightly-2025-01-18 for randomize-layout-2
[INFO] running `Command { std: "git" "clone" "/workspace/cache/git-repos/https%3A%2F%2Fgithub.com%2Fvilhelmlindell%2Fchess-engine" "/workspace/builds/worker-0-tc1/source", kill_on_drop: false }`
[INFO] [stderr] Cloning into '/workspace/builds/worker-0-tc1/source'...
[INFO] [stderr] done.
[INFO] validating manifest of git repo https://github.com/vilhelmlindell/chess-engine on toolchain nightly-2025-01-18
[INFO] running `Command { std: CARGO_HOME="/workspace/cargo-home" RUSTUP_HOME="/workspace/rustup-home" "/workspace/cargo-home/bin/cargo" "+nightly-2025-01-18" "metadata" "--manifest-path" "Cargo.toml" "--no-deps", kill_on_drop: false }`
[INFO] started tweaking git repo https://github.com/vilhelmlindell/chess-engine
[INFO] finished tweaking git repo https://github.com/vilhelmlindell/chess-engine
[INFO] tweaked toml for git repo https://github.com/vilhelmlindell/chess-engine written to /workspace/builds/worker-0-tc1/source/Cargo.toml
[INFO] crate git repo https://github.com/vilhelmlindell/chess-engine already has a lockfile, it will not be regenerated
[INFO] running `Command { std: CARGO_HOME="/workspace/cargo-home" RUSTUP_HOME="/workspace/rustup-home" "/workspace/cargo-home/bin/cargo" "+nightly-2025-01-18" "fetch" "--manifest-path" "Cargo.toml", kill_on_drop: false }`
[INFO] [stderr]     Blocking waiting for file lock on package cache
[INFO] [stderr]     Updating crates.io index
[INFO] [stderr]      Locking 131 packages to latest compatible versions
[INFO] [stderr]       Adding ab_glyph v0.2.29
[INFO] [stderr]       Adding ab_glyph_rasterizer v0.1.8
[INFO] [stderr]       Adding adler2 v2.0.0
[INFO] [stderr]       Adding aligned-vec v0.5.0
[INFO] [stderr]       Adding anyhow v1.0.95
[INFO] [stderr]       Adding approx v0.5.1
[INFO] [stderr]       Adding arbitrary v1.4.1
[INFO] [stderr]       Adding arg_enum_proc_macro v0.3.4
[INFO] [stderr]     Updating arrayvec v0.7.4 -> v0.7.6
[INFO] [stderr]       Adding autocfg v1.4.0
[INFO] [stderr]       Adding av1-grain v0.2.3
[INFO] [stderr]       Adding avif-serialize v0.8.2
[INFO] [stderr]       Adding bit_field v0.10.2
[INFO] [stderr]       Adding bitflags v1.3.2
[INFO] [stderr]       Adding bitstream-io v2.6.0
[INFO] [stderr]       Adding built v0.7.5
[INFO] [stderr]       Adding bumpalo v3.16.0
[INFO] [stderr]       Adding bytemuck v1.21.0
[INFO] [stderr]       Adding byteorder-lite v0.1.0
[INFO] [stderr]       Adding cc v1.2.10
[INFO] [stderr]       Adding cfg-expr v0.15.8
[INFO] [stderr]       Adding color_quant v1.1.0
[INFO] [stderr]     Updating convert_case v0.4.0 -> v0.6.0
[INFO] [stderr]       Adding crc32fast v1.4.2
[INFO] [stderr]       Adding crossbeam-deque v0.8.6
[INFO] [stderr]       Adding crossbeam-epoch v0.9.18
[INFO] [stderr]       Adding crossbeam-utils v0.8.21
[INFO] [stderr]       Adding crunchy v0.2.2
[INFO] [stderr]     Updating derive_more v0.99.17 -> v1.0.0
[INFO] [stderr]       Adding derive_more-impl v1.0.0
[INFO] [stderr]       Adding either v1.13.0
[INFO] [stderr]       Adding equivalent v1.0.1
[INFO] [stderr]       Adding exr v1.73.0
[INFO] [stderr]       Adding fdeflate v0.3.7
[INFO] [stderr]       Adding flate2 v1.0.35
[INFO] [stderr]       Adding gif v0.13.1
[INFO] [stderr]       Adding half v2.4.1
[INFO] [stderr]       Adding hashbrown v0.15.2
[INFO] [stderr]       Adding heck v0.5.0
[INFO] [stderr]       Adding image v0.25.5
[INFO] [stderr]       Adding image-webp v0.2.1
[INFO] [stderr]       Adding imageproc v0.25.0
[INFO] [stderr]       Adding imgref v1.11.0
[INFO] [stderr]       Adding indexmap v2.7.1
[INFO] [stderr]       Adding interpolate_name v0.2.4
[INFO] [stderr]       Adding itertools v0.12.1
[INFO] [stderr]       Adding jobserver v0.1.32
[INFO] [stderr]       Adding jpeg-decoder v0.3.1
[INFO] [stderr]       Adding js-sys v0.3.77
[INFO] [stderr]       Adding lebe v0.5.2
[INFO] [stderr]       Adding libfuzzer-sys v0.4.8
[INFO] [stderr]       Adding libm v0.2.11
[INFO] [stderr]       Adding log v0.4.25
[INFO] [stderr]       Adding loop9 v0.1.5
[INFO] [stderr]       Adding matrixmultiply v0.3.9
[INFO] [stderr]       Adding maybe-rayon v0.1.1
[INFO] [stderr]       Adding memchr v2.7.4
[INFO] [stderr]       Adding minimal-lexical v0.2.1
[INFO] [stderr]       Adding miniz_oxide v0.8.3
[INFO] [stderr]       Adding nalgebra v0.32.6
[INFO] [stderr]       Adding new_debug_unreachable v1.0.6
[INFO] [stderr]       Adding nom v7.1.3
[INFO] [stderr]       Adding noop_proc_macro v0.3.0
[INFO] [stderr]       Adding num v0.4.3
[INFO] [stderr]       Adding num-bigint v0.4.6
[INFO] [stderr]       Adding num-complex v0.4.6
[INFO] [stderr]       Adding num-derive v0.4.2
[INFO] [stderr]       Adding num-integer v0.1.46
[INFO] [stderr]       Adding num-iter v0.1.45
[INFO] [stderr]       Adding num-rational v0.4.2
[INFO] [stderr]       Adding num-traits v0.2.19
[INFO] [stderr]       Adding num_enum v0.7.3
[INFO] [stderr]       Adding num_enum_derive v0.7.3
[INFO] [stderr]     Updating once_cell v1.18.0 -> v1.20.2
[INFO] [stderr]       Adding owned_ttf_parser v0.15.2
[INFO] [stderr]       Adding owned_ttf_parser v0.25.0
[INFO] [stderr]       Adding paste v1.0.15
[INFO] [stderr]       Adding pkg-config v0.3.31
[INFO] [stderr]       Adding png v0.17.16
[INFO] [stderr]       Adding proc-macro-crate v3.2.0
[INFO] [stderr]     Updating proc-macro2 v1.0.66 -> v1.0.93
[INFO] [stderr]       Adding profiling v1.0.16
[INFO] [stderr]       Adding profiling-procmacros v1.0.16
[INFO] [stderr]       Adding qoi v0.4.1
[INFO] [stderr]       Adding quick-error v2.0.1
[INFO] [stderr]     Updating quote v1.0.32 -> v1.0.38
[INFO] [stderr]       Adding rand_distr v0.4.3
[INFO] [stderr]       Adding rav1e v0.7.1
[INFO] [stderr]       Adding ravif v0.11.11
[INFO] [stderr]       Adding rawpointer v0.2.1
[INFO] [stderr]       Adding rayon v1.10.0
[INFO] [stderr]       Adding rayon-core v1.12.1
[INFO] [stderr]       Adding rgb v0.8.50
[INFO] [stderr]       Adding rusttype v0.9.3
[INFO] [stderr]       Adding rustversion v1.0.19
[INFO] [stderr]       Adding safe_arch v0.7.4
[INFO] [stderr]       Adding serde v1.0.217
[INFO] [stderr]       Adding serde_derive v1.0.217
[INFO] [stderr]       Adding serde_spanned v0.6.8
[INFO] [stderr]       Adding shlex v1.3.0
[INFO] [stderr]       Adding simba v0.8.1
[INFO] [stderr]       Adding simd-adler32 v0.3.7
[INFO] [stderr]       Adding simd_helpers v0.1.0
[INFO] [stderr]       Adding smallvec v1.13.2
[INFO] [stderr]     Updating syn v1.0.109 -> v2.0.96
[INFO] [stderr]       Adding system-deps v6.2.2
[INFO] [stderr]       Adding target-lexicon v0.12.16
[INFO] [stderr]       Adding thiserror v1.0.69
[INFO] [stderr]       Adding thiserror-impl v1.0.69
[INFO] [stderr]       Adding tiff v0.9.1
[INFO] [stderr]       Adding toml v0.8.19
[INFO] [stderr]       Adding toml_datetime v0.6.8
[INFO] [stderr]       Adding toml_edit v0.22.22
[INFO] [stderr]       Adding ttf-parser v0.15.2
[INFO] [stderr]       Adding ttf-parser v0.25.1
[INFO] [stderr]       Adding typenum v1.17.0
[INFO] [stderr]       Adding unicode-segmentation v1.12.0
[INFO] [stderr]       Adding unicode-xid v0.2.6
[INFO] [stderr]       Adding v_frame v0.3.8
[INFO] [stderr]       Adding version-compare v0.2.0
[INFO] [stderr]       Adding wasm-bindgen v0.2.100
[INFO] [stderr]       Adding wasm-bindgen-backend v0.2.100
[INFO] [stderr]       Adding wasm-bindgen-macro v0.2.100
[INFO] [stderr]       Adding wasm-bindgen-macro-support v0.2.100
[INFO] [stderr]       Adding wasm-bindgen-shared v0.2.100
[INFO] [stderr]       Adding weezl v0.1.8
[INFO] [stderr]       Adding wide v0.7.32
[INFO] [stderr]       Adding winnow v0.6.24
[INFO] [stderr]       Adding zune-core v0.4.12
[INFO] [stderr]       Adding zune-inflate v0.2.54
[INFO] [stderr]       Adding zune-jpeg v0.4.14
[INFO] [stderr]  Downloading crates ...
[INFO] [stderr]   Downloaded convert_case v0.6.0
[INFO] [stderr]   Downloaded imageproc v0.25.0
[INFO] [stderr]   Downloaded image-webp v0.2.1
[INFO] [stderr]   Downloaded nalgebra v0.32.6
[INFO] running `Command { std: "docker" "create" "-v" "/var/lib/crater-agent-workspace/builds/worker-0-tc1/target:/opt/rustwide/target:rw,Z" "-v" "/var/lib/crater-agent-workspace/builds/worker-0-tc1/source:/opt/rustwide/workdir:ro,Z" "-v" "/var/lib/crater-agent-workspace/cargo-home:/opt/rustwide/cargo-home:ro,Z" "-v" "/var/lib/crater-agent-workspace/rustup-home:/opt/rustwide/rustup-home:ro,Z" "-e" "SOURCE_DIR=/opt/rustwide/workdir" "-e" "CARGO_TARGET_DIR=/opt/rustwide/target" "-e" "CARGO_HOME=/opt/rustwide/cargo-home" "-e" "RUSTUP_HOME=/opt/rustwide/rustup-home" "-w" "/opt/rustwide/workdir" "-m" "1610612736" "--user" "0:0" "--network" "none" "ghcr.io/rust-lang/crates-build-env/linux@sha256:819108c5571ea2e421544af4d832f968d213c87fbe3707a016657f43d2f853bc" "/opt/rustwide/cargo-home/bin/cargo" "+nightly-2025-01-18" "metadata" "--no-deps" "--format-version=1", kill_on_drop: false }`
[INFO] [stdout] 5df26beaa2f7937b8186d9dfa0a6ea072ce4f295d34c5532be90d9308f0c739e
[INFO] running `Command { std: "docker" "start" "-a" "5df26beaa2f7937b8186d9dfa0a6ea072ce4f295d34c5532be90d9308f0c739e", kill_on_drop: false }`
[INFO] running `Command { std: "docker" "inspect" "5df26beaa2f7937b8186d9dfa0a6ea072ce4f295d34c5532be90d9308f0c739e", kill_on_drop: false }`
[INFO] running `Command { std: "docker" "rm" "-f" "5df26beaa2f7937b8186d9dfa0a6ea072ce4f295d34c5532be90d9308f0c739e", kill_on_drop: false }`
[INFO] [stdout] 5df26beaa2f7937b8186d9dfa0a6ea072ce4f295d34c5532be90d9308f0c739e
[INFO] running `Command { std: "docker" "create" "-v" "/var/lib/crater-agent-workspace/builds/worker-0-tc1/target:/opt/rustwide/target:rw,Z" "-v" "/var/lib/crater-agent-workspace/builds/worker-0-tc1/source:/opt/rustwide/workdir:ro,Z" "-v" "/var/lib/crater-agent-workspace/cargo-home:/opt/rustwide/cargo-home:ro,Z" "-v" "/var/lib/crater-agent-workspace/rustup-home:/opt/rustwide/rustup-home:ro,Z" "-e" "SOURCE_DIR=/opt/rustwide/workdir" "-e" "CARGO_TARGET_DIR=/opt/rustwide/target" "-e" "CARGO_INCREMENTAL=0" "-e" "RUST_BACKTRACE=full" "-e" "RUSTFLAGS=--cap-lints=forbid" "-e" "RUSTDOCFLAGS=--cap-lints=forbid" "-e" "CARGO_HOME=/opt/rustwide/cargo-home" "-e" "RUSTUP_HOME=/opt/rustwide/rustup-home" "-w" "/opt/rustwide/workdir" "-m" "1610612736" "--user" "0:0" "--network" "none" "ghcr.io/rust-lang/crates-build-env/linux@sha256:819108c5571ea2e421544af4d832f968d213c87fbe3707a016657f43d2f853bc" "/opt/rustwide/cargo-home/bin/cargo" "+nightly-2025-01-18" "build" "--frozen" "--message-format=json", kill_on_drop: false }`
[INFO] [stdout] aaf67495bfebf5a84e04d99b0665b23d0ecd4e5fa6451571ef8556305ec71145
[INFO] running `Command { std: "docker" "start" "-a" "aaf67495bfebf5a84e04d99b0665b23d0ecd4e5fa6451571ef8556305ec71145", kill_on_drop: false }`
[INFO] [stderr]    Compiling autocfg v1.4.0
[INFO] [stderr]    Compiling libm v0.2.11
[INFO] [stderr]    Compiling proc-macro2 v1.0.93
[INFO] [stderr]    Compiling unicode-ident v1.0.11
[INFO] [stderr]    Compiling crossbeam-utils v0.8.21
[INFO] [stderr]    Compiling libc v0.2.150
[INFO] [stderr]    Compiling rayon-core v1.12.1
[INFO] [stderr]    Compiling simd-adler32 v0.3.7
[INFO] [stderr]    Compiling paste v1.0.15
[INFO] [stderr]    Compiling either v1.13.0
[INFO] [stderr]    Compiling anyhow v1.0.95
[INFO] [stderr]    Compiling adler2 v2.0.0
[INFO] [stderr]    Compiling bytemuck v1.21.0
[INFO] [stderr]    Compiling memchr v2.7.4
[INFO] [stderr]    Compiling aligned-vec v0.5.0
[INFO] [stderr]    Compiling arrayvec v0.7.6
[INFO] [stderr]    Compiling thiserror v1.0.69
[INFO] [stderr]    Compiling minimal-lexical v0.2.1
[INFO] [stderr]    Compiling built v0.7.5
[INFO] [stderr]    Compiling crc32fast v1.4.2
[INFO] [stderr]    Compiling equivalent v1.0.1
[INFO] [stderr]    Compiling hashbrown v0.15.2
[INFO] [stderr]    Compiling log v0.4.25
[INFO] [stderr]    Compiling miniz_oxide v0.8.3
[INFO] [stderr]    Compiling itertools v0.12.1
[INFO] [stderr]    Compiling num-traits v0.2.19
[INFO] [stderr]    Compiling matrixmultiply v0.3.9
[INFO] [stderr]    Compiling safe_arch v0.7.4
[INFO] [stderr]    Compiling noop_proc_macro v0.3.0
[INFO] [stderr]    Compiling nom v7.1.3
[INFO] [stderr]    Compiling imgref v1.11.0
[INFO] [stderr]    Compiling bitstream-io v2.6.0
[INFO] [stderr]    Compiling weezl v0.1.8
[INFO] [stderr]    Compiling rav1e v0.7.1
[INFO] [stderr]    Compiling crossbeam-epoch v0.9.18
[INFO] [stderr]    Compiling winnow v0.6.24
[INFO] [stderr]    Compiling crossbeam-deque v0.8.6
[INFO] [stderr]    Compiling getrandom v0.2.10
[INFO] [stderr]    Compiling rand_core v0.6.4
[INFO] [stderr]    Compiling indexmap v2.7.1
[INFO] [stderr]    Compiling flate2 v1.0.35
[INFO] [stderr]    Compiling new_debug_unreachable v1.0.6
[INFO] [stderr]    Compiling once_cell v1.20.2
[INFO] [stderr]    Compiling toml_datetime v0.6.8
[INFO] [stderr]    Compiling typenum v1.17.0
[INFO] [stderr]    Compiling quick-error v2.0.1
[INFO] [stderr]    Compiling ppv-lite86 v0.2.17
[INFO] [stderr]    Compiling wide v0.7.32
[INFO] [stderr]    Compiling loop9 v0.1.5
[INFO] [stderr]    Compiling quote v1.0.38
[INFO] [stderr]    Compiling fdeflate v0.3.7
[INFO] [stderr]    Compiling zune-inflate v0.2.54
[INFO] [stderr]    Compiling avif-serialize v0.8.2
[INFO] [stderr]    Compiling half v2.4.1
[INFO] [stderr]    Compiling jpeg-decoder v0.3.1
[INFO] [stderr]    Compiling smallvec v1.13.2
[INFO] [stderr]    Compiling syn v2.0.96
[INFO] [stderr]    Compiling simd_helpers v0.1.0
[INFO] [stderr]    Compiling num-integer v0.1.46
[INFO] [stderr]    Compiling v_frame v0.3.8
[INFO] [stderr]    Compiling rayon v1.10.0
[INFO] [stderr]    Compiling num-complex v0.4.6
[INFO] [stderr]    Compiling rand_chacha v0.3.1
[INFO] [stderr]    Compiling approx v0.5.1
[INFO] [stderr]    Compiling lebe v0.5.2
[INFO] [stderr]    Compiling ab_glyph_rasterizer v0.1.8
[INFO] [stderr]    Compiling unicode-segmentation v1.12.0
[INFO] [stderr]    Compiling color_quant v1.1.0
[INFO] [stderr]    Compiling bitflags v1.3.2
[INFO] [stderr]    Compiling num-bigint v0.4.6
[INFO] [stderr]    Compiling byteorder-lite v0.1.0
[INFO] [stderr]    Compiling bit_field v0.10.2
[INFO] [stderr]    Compiling rgb v0.8.50
[INFO] [stderr]    Compiling zune-core v0.4.12
[INFO] [stderr]    Compiling toml_edit v0.22.22
[INFO] [stderr]    Compiling ttf-parser v0.25.1
[INFO] [stderr]    Compiling exr v1.73.0
[INFO] [stderr]    Compiling zune-jpeg v0.4.14
[INFO] [stderr]    Compiling tiff v0.9.1
[INFO] [stderr]    Compiling convert_case v0.6.0
[INFO] [stderr]    Compiling gif v0.13.1
[INFO] [stderr]    Compiling rand v0.8.5
[INFO] [stderr]    Compiling png v0.17.16
[INFO] [stderr]    Compiling image-webp v0.2.1
[INFO] [stderr]    Compiling num-iter v0.1.45
[INFO] [stderr]    Compiling simba v0.8.1
[INFO] [stderr]    Compiling qoi v0.4.1
[INFO] [stderr]    Compiling ttf-parser v0.15.2
[INFO] [stderr]    Compiling unicode-xid v0.2.6
[INFO] [stderr]    Compiling bitflags v2.5.0
[INFO] [stderr]    Compiling owned_ttf_parser v0.25.0
[INFO] [stderr]    Compiling rand_distr v0.4.3
[INFO] [stderr]    Compiling ab_glyph v0.2.29
[INFO] [stderr]    Compiling num-rational v0.4.2
[INFO] [stderr]    Compiling av1-grain v0.2.3
[INFO] [stderr]    Compiling num v0.4.3
[INFO] [stderr]    Compiling maybe-rayon v0.1.1
[INFO] [stderr]    Compiling proc-macro-crate v3.2.0
[INFO] [stderr]    Compiling owned_ttf_parser v0.15.2
[INFO] [stderr]    Compiling rusttype v0.9.3
[INFO] [stderr]    Compiling thiserror-impl v1.0.69
[INFO] [stderr]    Compiling profiling-procmacros v1.0.16
[INFO] [stderr]    Compiling num-derive v0.4.2
[INFO] [stderr]    Compiling arg_enum_proc_macro v0.3.4
[INFO] [stderr]    Compiling derive_more-impl v1.0.0
[INFO] [stderr]    Compiling num_enum_derive v0.7.3
[INFO] [stderr]    Compiling profiling v1.0.16
[INFO] [stderr]    Compiling num_enum v0.7.3
[INFO] [stderr]    Compiling nalgebra v0.32.6
[INFO] [stderr]    Compiling derive_more v1.0.0
[INFO] [stderr]    Compiling ravif v0.11.11
[INFO] [stderr]    Compiling image v0.25.5
[INFO] [stderr]    Compiling imageproc v0.25.0
[INFO] [stderr]    Compiling chess_engine v0.1.0 (/opt/rustwide/workdir)
[INFO] [stdout] warning: unused import: `search`
[INFO] [stdout]  --> src/bench.rs:1:36
[INFO] [stdout]   |
[INFO] [stdout] 1 | use crate::{board::Board, search::{search, Search, SearchMode, SearchParams}};
[INFO] [stdout]   |                                    ^^^^^^
[INFO] [stdout]   |
[INFO] [stdout]   = note: `#[warn(unused_imports)]` on by default
[INFO] [stdout] 
[INFO] [stdout] 
[INFO] [stdout] warning: unused import: `crate::search::book_moves::get_book_move`
[INFO] [stdout]  --> src/search/search.rs:6:5
[INFO] [stdout]   |
[INFO] [stdout] 6 | use crate::search::book_moves::get_book_move;
[INFO] [stdout]   |     ^^^^^^^^^^^^^^^^^^^^^^^^^^^^^^^^^^^^^^^^
[INFO] [stdout] 
[INFO] [stdout] 
[INFO] [stdout] warning: unused variable: `prev_mov`
[INFO] [stdout]   --> src/perft.rs:80:23
[INFO] [stdout]    |
[INFO] [stdout] 80 | fn search(depth: u32, prev_mov: Move, board: &mut Board) -> PerftResult {
[INFO] [stdout]    |                       ^^^^^^^^ help: if this is intentional, prefix it with an underscore: `_prev_mov`
[INFO] [stdout]    |
[INFO] [stdout]    = note: `#[warn(unused_variables)]` on by default
[INFO] [stdout] 
[INFO] [stdout] 
[INFO] [stdout] warning: function `get_move_info` is never used
[INFO] [stdout]    --> src/perft.rs:101:4
[INFO] [stdout]     |
[INFO] [stdout] 101 | fn get_move_info(mov: Move, board: &Board, extra_info: bool) -> PerftResult {
[INFO] [stdout]     |    ^^^^^^^^^^^^^
[INFO] [stdout]     |
[INFO] [stdout]     = note: `#[warn(dead_code)]` on by default
[INFO] [stdout] 
[INFO] [stdout] 
[INFO] [stdout] warning: unused import: `spawn`
[INFO] [stdout]  --> src/bin/uci.rs:5:25
[INFO] [stdout]   |
[INFO] [stdout] 5 | use std::thread::{self, spawn, JoinHandle};
[INFO] [stdout]   |                         ^^^^^
[INFO] [stdout]   |
[INFO] [stdout]   = note: `#[warn(unused_imports)]` on by default
[INFO] [stdout] 
[INFO] [stdout] 
[INFO] [stdout] warning: unused import: `BufRead`
[INFO] [stdout]  --> src/bin/uci.rs:1:21
[INFO] [stdout]   |
[INFO] [stdout] 1 | use std::io::{self, BufRead};
[INFO] [stdout]   |                     ^^^^^^^
[INFO] [stdout] 
[INFO] [stdout] 
[INFO] [stdout] warning: fields `name` and `author` are never read
[INFO] [stdout]   --> src/bin/uci.rs:37:5
[INFO] [stdout]    |
[INFO] [stdout] 36 | pub struct Uci {
[INFO] [stdout]    |            --- fields in this struct
[INFO] [stdout] 37 |     name: String,
[INFO] [stdout]    |     ^^^^
[INFO] [stdout] 38 |     author: String,
[INFO] [stdout]    |     ^^^^^^
[INFO] [stdout]    |
[INFO] [stdout]    = note: `#[warn(dead_code)]` on by default
[INFO] [stdout] 
[INFO] [stdout] 
[INFO] [stdout] warning: method `ponder` is never used
[INFO] [stdout]    --> src/bin/uci.rs:253:8
[INFO] [stdout]     |
[INFO] [stdout] 46  | impl Uci {
[INFO] [stdout]     | -------- method in this implementation
[INFO] [stdout] ...
[INFO] [stdout] 253 |     fn ponder(&self) {}
[INFO] [stdout]     |        ^^^^^^
[INFO] [stdout] 
[INFO] [stdout] 
[INFO] [stdout] warning: unused imports: `DynamicImage` and `RgbImage`
[INFO] [stdout]  --> src/bin/image.rs:4:23
[INFO] [stdout]   |
[INFO] [stdout] 4 | use image::{imageops, DynamicImage, GenericImageView, RgbImage, Rgba, RgbaImage};
[INFO] [stdout]   |                       ^^^^^^^^^^^^                    ^^^^^^^^
[INFO] [stdout]   |
[INFO] [stdout]   = note: `#[warn(unused_imports)]` on by default
[INFO] [stdout] 
[INFO] [stdout] 
[INFO] [stdout] warning: unused import: `GenericImageView`
[INFO] [stdout]  --> src/bin/image.rs:4:37
[INFO] [stdout]   |
[INFO] [stdout] 4 | use image::{imageops, DynamicImage, GenericImageView, RgbImage, Rgba, RgbaImage};
[INFO] [stdout]   |                                     ^^^^^^^^^^^^^^^^
[INFO] [stdout] 
[INFO] [stdout] 
[INFO] [stdout] warning: unused import: `ScaleFont`
[INFO] [stdout]  --> src/bin/image.rs:9:53
[INFO] [stdout]   |
[INFO] [stdout] 9 | use ab_glyph::{Font, FontArc, PxScale, PxScaleFont, ScaleFont};
[INFO] [stdout]   |                                                     ^^^^^^^^^
[INFO] [stdout] 
[INFO] [stdout] 
[INFO] [stderr]     Finished `dev` profile [unoptimized + debuginfo] target(s) in 39.32s
[INFO] running `Command { std: "docker" "inspect" "aaf67495bfebf5a84e04d99b0665b23d0ecd4e5fa6451571ef8556305ec71145", kill_on_drop: false }`
[INFO] running `Command { std: "docker" "rm" "-f" "aaf67495bfebf5a84e04d99b0665b23d0ecd4e5fa6451571ef8556305ec71145", kill_on_drop: false }`
[INFO] [stdout] aaf67495bfebf5a84e04d99b0665b23d0ecd4e5fa6451571ef8556305ec71145
[INFO] running `Command { std: "docker" "create" "-v" "/var/lib/crater-agent-workspace/builds/worker-0-tc1/target:/opt/rustwide/target:rw,Z" "-v" "/var/lib/crater-agent-workspace/builds/worker-0-tc1/source:/opt/rustwide/workdir:ro,Z" "-v" "/var/lib/crater-agent-workspace/cargo-home:/opt/rustwide/cargo-home:ro,Z" "-v" "/var/lib/crater-agent-workspace/rustup-home:/opt/rustwide/rustup-home:ro,Z" "-e" "SOURCE_DIR=/opt/rustwide/workdir" "-e" "CARGO_TARGET_DIR=/opt/rustwide/target" "-e" "CARGO_INCREMENTAL=0" "-e" "RUST_BACKTRACE=full" "-e" "RUSTFLAGS=--cap-lints=forbid" "-e" "RUSTDOCFLAGS=--cap-lints=forbid" "-e" "CARGO_HOME=/opt/rustwide/cargo-home" "-e" "RUSTUP_HOME=/opt/rustwide/rustup-home" "-w" "/opt/rustwide/workdir" "-m" "1610612736" "--user" "0:0" "--network" "none" "ghcr.io/rust-lang/crates-build-env/linux@sha256:819108c5571ea2e421544af4d832f968d213c87fbe3707a016657f43d2f853bc" "/opt/rustwide/cargo-home/bin/cargo" "+nightly-2025-01-18" "test" "--frozen" "--no-run" "--message-format=json", kill_on_drop: false }`
[INFO] [stdout] e58ff684cd06b5f40538944cf4f3862d8e5487859a3d5b1c9e265a27385bf908
[INFO] running `Command { std: "docker" "start" "-a" "e58ff684cd06b5f40538944cf4f3862d8e5487859a3d5b1c9e265a27385bf908", kill_on_drop: false }`
[INFO] [stderr]    Compiling chess_engine v0.1.0 (/opt/rustwide/workdir)
[INFO] [stdout] warning: unused import: `search`
[INFO] [stdout]  --> src/bench.rs:1:36
[INFO] [stdout]   |
[INFO] [stdout] 1 | use crate::{board::Board, search::{search, Search, SearchMode, SearchParams}};
[INFO] [stdout]   |                                    ^^^^^^
[INFO] [stdout]   |
[INFO] [stdout]   = note: `#[warn(unused_imports)]` on by default
[INFO] [stdout] 
[INFO] [stdout] 
[INFO] [stdout] warning: unused import: `crate::search::book_moves::get_book_move`
[INFO] [stdout]  --> src/search/search.rs:6:5
[INFO] [stdout]   |
[INFO] [stdout] 6 | use crate::search::book_moves::get_book_move;
[INFO] [stdout]   |     ^^^^^^^^^^^^^^^^^^^^^^^^^^^^^^^^^^^^^^^^
[INFO] [stdout] 
[INFO] [stdout] 
[INFO] [stdout] warning: unused variable: `prev_mov`
[INFO] [stdout]   --> src/perft.rs:80:23
[INFO] [stdout]    |
[INFO] [stdout] 80 | fn search(depth: u32, prev_mov: Move, board: &mut Board) -> PerftResult {
[INFO] [stdout]    |                       ^^^^^^^^ help: if this is intentional, prefix it with an underscore: `_prev_mov`
[INFO] [stdout]    |
[INFO] [stdout]    = note: `#[warn(unused_variables)]` on by default
[INFO] [stdout] 
[INFO] [stdout] 
[INFO] [stdout] warning: function `get_move_info` is never used
[INFO] [stdout]    --> src/perft.rs:101:4
[INFO] [stdout]     |
[INFO] [stdout] 101 | fn get_move_info(mov: Move, board: &Board, extra_info: bool) -> PerftResult {
[INFO] [stdout]     |    ^^^^^^^^^^^^^
[INFO] [stdout]     |
[INFO] [stdout]     = note: `#[warn(dead_code)]` on by default
[INFO] [stdout] 
[INFO] [stdout] 
[INFO] [stdout] warning: unused import: `spawn`
[INFO] [stdout]  --> src/bin/uci.rs:5:25
[INFO] [stdout]   |
[INFO] [stdout] 5 | use std::thread::{self, spawn, JoinHandle};
[INFO] [stdout]   |                         ^^^^^
[INFO] [stdout]   |
[INFO] [stdout]   = note: `#[warn(unused_imports)]` on by default
[INFO] [stdout] 
[INFO] [stdout] 
[INFO] [stdout] warning: unused import: `BufRead`
[INFO] [stdout]  --> src/bin/uci.rs:1:21
[INFO] [stdout]   |
[INFO] [stdout] 1 | use std::io::{self, BufRead};
[INFO] [stdout]   |                     ^^^^^^^
[INFO] [stdout] 
[INFO] [stdout] 
[INFO] [stdout] warning: unused imports: `DynamicImage` and `RgbImage`
[INFO] [stdout]  --> src/bin/image.rs:4:23
[INFO] [stdout]   |
[INFO] [stdout] 4 | use image::{imageops, DynamicImage, GenericImageView, RgbImage, Rgba, RgbaImage};
[INFO] [stdout]   |                       ^^^^^^^^^^^^                    ^^^^^^^^
[INFO] [stdout]   |
[INFO] [stdout]   = note: `#[warn(unused_imports)]` on by default
[INFO] [stdout] 
[INFO] [stdout] 
[INFO] [stdout] warning: fields `name` and `author` are never read
[INFO] [stdout]   --> src/bin/uci.rs:37:5
[INFO] [stdout]    |
[INFO] [stdout] 36 | pub struct Uci {
[INFO] [stdout]    |            --- fields in this struct
[INFO] [stdout] 37 |     name: String,
[INFO] [stdout]    |     ^^^^
[INFO] [stdout] 38 |     author: String,
[INFO] [stdout]    |     ^^^^^^
[INFO] [stdout]    |
[INFO] [stdout]    = note: `#[warn(dead_code)]` on by default
[INFO] [stdout] 
[INFO] [stdout] 
[INFO] [stdout] warning: method `ponder` is never used
[INFO] [stdout]    --> src/bin/uci.rs:253:8
[INFO] [stdout]     |
[INFO] [stdout] 46  | impl Uci {
[INFO] [stdout]     | -------- method in this implementation
[INFO] [stdout] ...
[INFO] [stdout] 253 |     fn ponder(&self) {}
[INFO] [stdout]     |        ^^^^^^
[INFO] [stdout] 
[INFO] [stdout] 
[INFO] [stdout] warning: unused import: `GenericImageView`
[INFO] [stdout]  --> src/bin/image.rs:4:37
[INFO] [stdout]   |
[INFO] [stdout] 4 | use image::{imageops, DynamicImage, GenericImageView, RgbImage, Rgba, RgbaImage};
[INFO] [stdout]   |                                     ^^^^^^^^^^^^^^^^
[INFO] [stdout] 
[INFO] [stdout] 
[INFO] [stdout] warning: unused import: `ScaleFont`
[INFO] [stdout]  --> src/bin/image.rs:9:53
[INFO] [stdout]   |
[INFO] [stdout] 9 | use ab_glyph::{Font, FontArc, PxScale, PxScaleFont, ScaleFont};
[INFO] [stdout]   |                                                     ^^^^^^^^^
[INFO] [stdout] 
[INFO] [stdout] 
[INFO] [stdout] warning: unused import: `super::*`
[INFO] [stdout]    --> src/move_generation/move_generation.rs:375:9
[INFO] [stdout]     |
[INFO] [stdout] 375 |     use super::*;
[INFO] [stdout]     |         ^^^^^^^^
[INFO] [stdout]     |
[INFO] [stdout]     = note: `#[warn(unused_imports)]` on by default
[INFO] [stdout] 
[INFO] [stdout] 
[INFO] [stdout] warning: unused import: `search`
[INFO] [stdout]  --> src/bench.rs:1:36
[INFO] [stdout]   |
[INFO] [stdout] 1 | use crate::{board::Board, search::{search, Search, SearchMode, SearchParams}};
[INFO] [stdout]   |                                    ^^^^^^
[INFO] [stdout] 
[INFO] [stdout] 
[INFO] [stdout] warning: unused import: `crate::search::book_moves::get_book_move`
[INFO] [stdout]  --> src/search/search.rs:6:5
[INFO] [stdout]   |
[INFO] [stdout] 6 | use crate::search::book_moves::get_book_move;
[INFO] [stdout]   |     ^^^^^^^^^^^^^^^^^^^^^^^^^^^^^^^^^^^^^^^^
[INFO] [stdout] 
[INFO] [stdout] 
[INFO] [stdout] warning: unused variable: `prev_mov`
[INFO] [stdout]   --> src/perft.rs:80:23
[INFO] [stdout]    |
[INFO] [stdout] 80 | fn search(depth: u32, prev_mov: Move, board: &mut Board) -> PerftResult {
[INFO] [stdout]    |                       ^^^^^^^^ help: if this is intentional, prefix it with an underscore: `_prev_mov`
[INFO] [stdout]    |
[INFO] [stdout]    = note: `#[warn(unused_variables)]` on by default
[INFO] [stdout] 
[INFO] [stdout] 
[INFO] [stdout] warning: function `get_move_info` is never used
[INFO] [stdout]    --> src/perft.rs:101:4
[INFO] [stdout]     |
[INFO] [stdout] 101 | fn get_move_info(mov: Move, board: &Board, extra_info: bool) -> PerftResult {
[INFO] [stdout]     |    ^^^^^^^^^^^^^
[INFO] [stdout]     |
[INFO] [stdout]     = note: `#[warn(dead_code)]` on by default
[INFO] [stdout] 
[INFO] [stdout] 
[INFO] [stderr]     Finished `test` profile [unoptimized + debuginfo] target(s) in 2.95s
[INFO] running `Command { std: "docker" "inspect" "e58ff684cd06b5f40538944cf4f3862d8e5487859a3d5b1c9e265a27385bf908", kill_on_drop: false }`
[INFO] running `Command { std: "docker" "rm" "-f" "e58ff684cd06b5f40538944cf4f3862d8e5487859a3d5b1c9e265a27385bf908", kill_on_drop: false }`
[INFO] [stdout] e58ff684cd06b5f40538944cf4f3862d8e5487859a3d5b1c9e265a27385bf908
[INFO] running `Command { std: "docker" "create" "-v" "/var/lib/crater-agent-workspace/builds/worker-0-tc1/target:/opt/rustwide/target:rw,Z" "-v" "/var/lib/crater-agent-workspace/builds/worker-0-tc1/source:/opt/rustwide/workdir:ro,Z" "-v" "/var/lib/crater-agent-workspace/cargo-home:/opt/rustwide/cargo-home:ro,Z" "-v" "/var/lib/crater-agent-workspace/rustup-home:/opt/rustwide/rustup-home:ro,Z" "-e" "SOURCE_DIR=/opt/rustwide/workdir" "-e" "CARGO_TARGET_DIR=/opt/rustwide/target" "-e" "CARGO_INCREMENTAL=0" "-e" "RUST_BACKTRACE=full" "-e" "RUSTFLAGS=--cap-lints=forbid" "-e" "RUSTDOCFLAGS=--cap-lints=forbid" "-e" "CARGO_HOME=/opt/rustwide/cargo-home" "-e" "RUSTUP_HOME=/opt/rustwide/rustup-home" "-w" "/opt/rustwide/workdir" "-m" "1610612736" "--user" "0:0" "--network" "none" "ghcr.io/rust-lang/crates-build-env/linux@sha256:819108c5571ea2e421544af4d832f968d213c87fbe3707a016657f43d2f853bc" "/opt/rustwide/cargo-home/bin/cargo" "+nightly-2025-01-18" "test" "--frozen", kill_on_drop: false }`
[INFO] [stdout] b03dd8024e948824b24f126bfb5f82a8fa9e6257c6f342c746994c9c243dd4df
[INFO] running `Command { std: "docker" "start" "-a" "b03dd8024e948824b24f126bfb5f82a8fa9e6257c6f342c746994c9c243dd4df", kill_on_drop: false }`
[INFO] [stderr] warning: unused import: `search`
[INFO] [stderr]  --> src/bench.rs:1:36
[INFO] [stderr]   |
[INFO] [stderr] 1 | use crate::{board::Board, search::{search, Search, SearchMode, SearchParams}};
[INFO] [stderr]   |                                    ^^^^^^
[INFO] [stderr]   |
[INFO] [stderr]   = note: `#[warn(unused_imports)]` on by default
[INFO] [stderr] 
[INFO] [stderr] warning: unused import: `crate::search::book_moves::get_book_move`
[INFO] [stderr]  --> src/search/search.rs:6:5
[INFO] [stderr]   |
[INFO] [stderr] 6 | use crate::search::book_moves::get_book_move;
[INFO] [stderr]   |     ^^^^^^^^^^^^^^^^^^^^^^^^^^^^^^^^^^^^^^^^
[INFO] [stderr] 
[INFO] [stderr] warning: unused variable: `prev_mov`
[INFO] [stderr]   --> src/perft.rs:80:23
[INFO] [stderr]    |
[INFO] [stderr] 80 | fn search(depth: u32, prev_mov: Move, board: &mut Board) -> PerftResult {
[INFO] [stderr]    |                       ^^^^^^^^ help: if this is intentional, prefix it with an underscore: `_prev_mov`
[INFO] [stderr]    |
[INFO] [stderr]    = note: `#[warn(unused_variables)]` on by default
[INFO] [stderr] 
[INFO] [stderr] warning: function `get_move_info` is never used
[INFO] [stderr]    --> src/perft.rs:101:4
[INFO] [stderr]     |
[INFO] [stderr] 101 | fn get_move_info(mov: Move, board: &Board, extra_info: bool) -> PerftResult {
[INFO] [stderr]     |    ^^^^^^^^^^^^^
[INFO] [stderr]     |
[INFO] [stderr]     = note: `#[warn(dead_code)]` on by default
[INFO] [stderr] 
[INFO] [stderr] warning: unused import: `super::*`
[INFO] [stderr]    --> src/move_generation/move_generation.rs:375:9
[INFO] [stderr]     |
[INFO] [stderr] 375 |     use super::*;
[INFO] [stderr]     |         ^^^^^^^^
[INFO] [stderr]     |
[INFO] [stderr]     = note: `#[warn(unused_imports)]` on by default
[INFO] [stderr] 
[INFO] [stderr] warning: unused import: `search`
[INFO] [stderr]  --> src/bench.rs:1:36
[INFO] [stderr]   |
[INFO] [stderr] 1 | use crate::{board::Board, search::{search, Search, SearchMode, SearchParams}};
[INFO] [stderr]   |                                    ^^^^^^
[INFO] [stderr] 
[INFO] [stderr] warning: `chess_engine` (lib) generated 4 warnings (run `cargo fix --lib -p chess_engine` to apply 2 suggestions)
[INFO] [stderr] warning: `chess_engine` (lib test) generated 5 warnings (3 duplicates) (run `cargo fix --lib -p chess_engine --tests` to apply 2 suggestions)
[INFO] [stderr] warning: unused imports: `DynamicImage` and `RgbImage`
[INFO] [stderr]  --> src/bin/image.rs:4:23
[INFO] [stderr]   |
[INFO] [stderr] 4 | use image::{imageops, DynamicImage, GenericImageView, RgbImage, Rgba, RgbaImage};
[INFO] [stderr]   |                       ^^^^^^^^^^^^                    ^^^^^^^^
[INFO] [stderr]   |
[INFO] [stderr]   = note: `#[warn(unused_imports)]` on by default
[INFO] [stderr] 
[INFO] [stderr] warning: unused import: `GenericImageView`
[INFO] [stderr]  --> src/bin/image.rs:4:37
[INFO] [stderr]   |
[INFO] [stderr] 4 | use image::{imageops, DynamicImage, GenericImageView, RgbImage, Rgba, RgbaImage};
[INFO] [stderr]   |                                     ^^^^^^^^^^^^^^^^
[INFO] [stderr] 
[INFO] [stderr] warning: unused import: `ScaleFont`
[INFO] [stderr]  --> src/bin/image.rs:9:53
[INFO] [stderr]   |
[INFO] [stderr] 9 | use ab_glyph::{Font, FontArc, PxScale, PxScaleFont, ScaleFont};
[INFO] [stderr]   |                                                     ^^^^^^^^^
[INFO] [stderr] 
[INFO] [stderr] warning: unused import: `spawn`
[INFO] [stderr]  --> src/bin/uci.rs:5:25
[INFO] [stderr]   |
[INFO] [stderr] 5 | use std::thread::{self, spawn, JoinHandle};
[INFO] [stderr]   |                         ^^^^^
[INFO] [stderr]   |
[INFO] [stderr]   = note: `#[warn(unused_imports)]` on by default
[INFO] [stderr] 
[INFO] [stderr] warning: unused import: `BufRead`
[INFO] [stderr]  --> src/bin/uci.rs:1:21
[INFO] [stderr]   |
[INFO] [stderr] 1 | use std::io::{self, BufRead};
[INFO] [stderr]   |                     ^^^^^^^
[INFO] [stderr] 
[INFO] [stderr] warning: fields `name` and `author` are never read
[INFO] [stderr]   --> src/bin/uci.rs:37:5
[INFO] [stderr]    |
[INFO] [stderr] 36 | pub struct Uci {
[INFO] [stderr]    |            --- fields in this struct
[INFO] [stderr] 37 |     name: String,
[INFO] [stderr]    |     ^^^^
[INFO] [stderr] 38 |     author: String,
[INFO] [stderr]    |     ^^^^^^
[INFO] [stderr]    |
[INFO] [stderr]    = note: `#[warn(dead_code)]` on by default
[INFO] [stderr] 
[INFO] [stderr] warning: method `ponder` is never used
[INFO] [stderr]    --> src/bin/uci.rs:253:8
[INFO] [stderr]     |
[INFO] [stderr] 46  | impl Uci {
[INFO] [stderr]     | -------- method in this implementation
[INFO] [stderr] ...
[INFO] [stderr] 253 |     fn ponder(&self) {}
[INFO] [stderr]     |        ^^^^^^
[INFO] [stderr] 
[INFO] [stderr] warning: `chess_engine` (bin "image" test) generated 3 warnings (run `cargo fix --bin "image" --tests` to apply 1 suggestion)
[INFO] [stderr] warning: `chess_engine` (bin "uci" test) generated 4 warnings (run `cargo fix --bin "uci" --tests` to apply 1 suggestion)
[INFO] [stderr]     Finished `test` profile [unoptimized + debuginfo] target(s) in 0.23s
[INFO] [stderr]      Running unittests src/lib.rs (/opt/rustwide/target/debug/deps/chess_engine-d4d4ef759fc3a382)
[INFO] [stdout] 
[INFO] [stdout] running 14 tests
[INFO] [stdout] test board::bitboard::tests::shifts_bits_correctly ... ok
[INFO] [stdout] test move_generation::attack_tables::tests::test_number_of_squares_to_edge ... ok
[INFO] [stdout] test board::board::tests::test_aligned ... ok
[INFO] [stdout] test board::piece_move::test::parse_to_long_algebraic_notation ... ok
[INFO] [stdout] test board::board::tests::test_load_fen ... FAILED
[INFO] [stdout] test board::board::tests::sets_correct_bitboards_from_squares ... FAILED
[INFO] [stdout] test move_generation::attack_tables::tests::test_rook_magic_bitboards_indexing ... ok
[INFO] [stdout] test board::board::tests::make_unmake ... ok
[INFO] [stdout] test perft::tests::test_perft3 ... ok
[INFO] [stdout] test perft::tests::test_perft_startpos ... ok
[INFO] [stdout] test perft::tests::test_perft4 ... ok
[INFO] [stdout] test perft::tests::test_perft5 ... ok
[INFO] [stdout] test perft::tests::test_perft6 ... ok
[INFO] [stdout] test perft::tests::test_perft2 ... ok
[INFO] [stdout] 
[INFO] [stdout] failures:
[INFO] [stdout] 
[INFO] [stdout] ---- board::board::tests::test_load_fen stdout ----
[INFO] [stdout] 
[INFO] [stdout] thread 'board::board::tests::test_load_fen' panicked at src/board/board.rs:215:57:
[INFO] [stdout] called `Option::unwrap()` on a `None` value
[INFO] [stdout] stack backtrace:
[INFO] [stdout]    0:     0x654843e631fa - std::backtrace_rs::backtrace::libunwind::trace::hb059275cfc8d6126
[INFO] [stdout]                                at /rustc/6067b36314ab5eb2eb47cecc464545ba58e1ad24/library/std/src/../../backtrace/src/backtrace/libunwind.rs:116:5
[INFO] [stdout]    1:     0x654843e631fa - std::backtrace_rs::backtrace::trace_unsynchronized::h2da071e4327ce3ee
[INFO] [stdout]                                at /rustc/6067b36314ab5eb2eb47cecc464545ba58e1ad24/library/std/src/../../backtrace/src/backtrace/mod.rs:66:5
[INFO] [stdout]    2:     0x654843e631fa - std::sys::backtrace::_print_fmt::h842a1474e6f8d23f
[INFO] [stdout]                                at /rustc/6067b36314ab5eb2eb47cecc464545ba58e1ad24/library/std/src/sys/backtrace.rs:66:9
[INFO] [stdout]    3:     0x654843e631fa - <std::sys::backtrace::BacktraceLock::print::DisplayBacktrace as core::fmt::Display>::fmt::h71a62eb3b9696b12
[INFO] [stdout]                                at /rustc/6067b36314ab5eb2eb47cecc464545ba58e1ad24/library/std/src/sys/backtrace.rs:39:26
[INFO] [stdout]    4:     0x654843e8b463 - core::fmt::rt::Argument::fmt::hdb6b616786b41dc1
[INFO] [stdout]                                at /rustc/6067b36314ab5eb2eb47cecc464545ba58e1ad24/library/core/src/fmt/rt.rs:177:76
[INFO] [stdout]    5:     0x654843e8b463 - core::fmt::write::h2cc1698af7e2d686
[INFO] [stdout]                                at /rustc/6067b36314ab5eb2eb47cecc464545ba58e1ad24/library/core/src/fmt/mod.rs:1440:21
[INFO] [stdout]    6:     0x654843e5fd53 - std::io::Write::write_fmt::hab1b4cd059a79022
[INFO] [stdout]                                at /rustc/6067b36314ab5eb2eb47cecc464545ba58e1ad24/library/std/src/io/mod.rs:1887:15
[INFO] [stdout]    7:     0x654843e63042 - std::sys::backtrace::BacktraceLock::print::h147fe35b4ea13b08
[INFO] [stdout]                                at /rustc/6067b36314ab5eb2eb47cecc464545ba58e1ad24/library/std/src/sys/backtrace.rs:42:9
[INFO] [stdout]    8:     0x654843e6461f - std::panicking::default_hook::{{closure}}::hbd44223dbdc0d208
[INFO] [stdout]                                at /rustc/6067b36314ab5eb2eb47cecc464545ba58e1ad24/library/std/src/panicking.rs:298:22
[INFO] [stdout]    9:     0x654843e64438 - std::panicking::default_hook::h20f81eb0576efcec
[INFO] [stdout]                                at /rustc/6067b36314ab5eb2eb47cecc464545ba58e1ad24/library/std/src/panicking.rs:322:9
[INFO] [stdout]   10:     0x654843dfafe3 - <alloc::boxed::Box<F,A> as core::ops::function::Fn<Args>>::call::hdb53814c496a4d34
[INFO] [stdout]                                at /rustc/6067b36314ab5eb2eb47cecc464545ba58e1ad24/library/alloc/src/boxed.rs:2027:9
[INFO] [stdout]   11:     0x654843dfafe3 - test::test_main::{{closure}}::hc0a4963c59427c24
[INFO] [stdout]                                at /rustc/6067b36314ab5eb2eb47cecc464545ba58e1ad24/library/test/src/lib.rs:134:21
[INFO] [stdout]   12:     0x654843e65113 - <alloc::boxed::Box<F,A> as core::ops::function::Fn<Args>>::call::h591b2225413a77e9
[INFO] [stdout]                                at /rustc/6067b36314ab5eb2eb47cecc464545ba58e1ad24/library/alloc/src/boxed.rs:2027:9
[INFO] [stdout]   13:     0x654843e65113 - std::panicking::rust_panic_with_hook::h625eea43051b2edc
[INFO] [stdout]                                at /rustc/6067b36314ab5eb2eb47cecc464545ba58e1ad24/library/std/src/panicking.rs:839:13
[INFO] [stdout]   14:     0x654843e64d96 - std::panicking::begin_panic_handler::{{closure}}::h4f9159cfbc3f6bd3
[INFO] [stdout]                                at /rustc/6067b36314ab5eb2eb47cecc464545ba58e1ad24/library/std/src/panicking.rs:697:13
[INFO] [stdout]   15:     0x654843e636f9 - std::sys::backtrace::__rust_end_short_backtrace::h0390abce48353151
[INFO] [stdout]                                at /rustc/6067b36314ab5eb2eb47cecc464545ba58e1ad24/library/std/src/sys/backtrace.rs:168:18
[INFO] [stdout]   16:     0x654843e64a5d - rust_begin_unwind
[INFO] [stdout]                                at /rustc/6067b36314ab5eb2eb47cecc464545ba58e1ad24/library/std/src/panicking.rs:695:5
[INFO] [stdout]   17:     0x654843e89900 - core::panicking::panic_fmt::h9e7c637e9e5f29c9
[INFO] [stdout]                                at /rustc/6067b36314ab5eb2eb47cecc464545ba58e1ad24/library/core/src/panicking.rs:75:14
[INFO] [stdout]   18:     0x654843e8998c - core::panicking::panic::haa3255ea20181a33
[INFO] [stdout]                                at /rustc/6067b36314ab5eb2eb47cecc464545ba58e1ad24/library/core/src/panicking.rs:145:5
[INFO] [stdout]   19:     0x654843e89879 - core::option::unwrap_failed::h5e50c20db1c9e8f1
[INFO] [stdout]                                at /rustc/6067b36314ab5eb2eb47cecc464545ba58e1ad24/library/core/src/option.rs:2015:5
[INFO] [stdout]   20:     0x654843d99e96 - core::option::Option<T>::unwrap::h207244f9b65477d5
[INFO] [stdout]                                at /rustc/6067b36314ab5eb2eb47cecc464545ba58e1ad24/library/core/src/option.rs:978:21
[INFO] [stdout]   21:     0x654843d99e96 - chess_engine::board::board::Board::load_fen::h8d8620d238208f69
[INFO] [stdout]                                at /opt/rustwide/workdir/src/board/board.rs:215:43
[INFO] [stdout]   22:     0x654843d98ae9 - chess_engine::board::board::Board::from_fen::h6faae924706f6faa
[INFO] [stdout]                                at /opt/rustwide/workdir/src/board/board.rs:63:9
[INFO] [stdout]   23:     0x654843d94174 - chess_engine::board::board::tests::test_load_fen::h34997a7702e52dbb
[INFO] [stdout]                                at /opt/rustwide/workdir/src/board/board.rs:736:21
[INFO] [stdout]   24:     0x654843d93d47 - chess_engine::board::board::tests::test_load_fen::{{closure}}::h8842362ecd83c0da
[INFO] [stdout]                                at /opt/rustwide/workdir/src/board/board.rs:712:23
[INFO] [stdout]   25:     0x654843db4eb6 - core::ops::function::FnOnce::call_once::hbd24c8b277bbbc76
[INFO] [stdout]                                at /rustc/6067b36314ab5eb2eb47cecc464545ba58e1ad24/library/core/src/ops/function.rs:250:5
[INFO] [stdout]   26:     0x654843e0073b - core::ops::function::FnOnce::call_once::he27718dfdd183f43
[INFO] [stdout]                                at /rustc/6067b36314ab5eb2eb47cecc464545ba58e1ad24/library/core/src/ops/function.rs:250:5
[INFO] [stdout]   27:     0x654843e0073b - test::__rust_begin_short_backtrace::h4e84902998457a5d
[INFO] [stdout]                                at /rustc/6067b36314ab5eb2eb47cecc464545ba58e1ad24/library/test/src/lib.rs:632:18
[INFO] [stdout]   28:     0x654843dff673 - test::run_test_in_process::{{closure}}::h7176fd18fc1feca0
[INFO] [stdout]                                at /rustc/6067b36314ab5eb2eb47cecc464545ba58e1ad24/library/test/src/lib.rs:655:60
[INFO] [stdout]   29:     0x654843dff673 - <core::panic::unwind_safe::AssertUnwindSafe<F> as core::ops::function::FnOnce<()>>::call_once::hf79cff2a624d8cf7
[INFO] [stdout]                                at /rustc/6067b36314ab5eb2eb47cecc464545ba58e1ad24/library/core/src/panic/unwind_safe.rs:272:9
[INFO] [stdout]   30:     0x654843dff673 - std::panicking::try::do_call::h3da0561d9ab99c25
[INFO] [stdout]                                at /rustc/6067b36314ab5eb2eb47cecc464545ba58e1ad24/library/std/src/panicking.rs:587:40
[INFO] [stdout]   31:     0x654843dff673 - std::panicking::try::h41c9fa508bc61df6
[INFO] [stdout]                                at /rustc/6067b36314ab5eb2eb47cecc464545ba58e1ad24/library/std/src/panicking.rs:550:19
[INFO] [stdout]   32:     0x654843dff673 - std::panic::catch_unwind::h6b3ff07bb5afad93
[INFO] [stdout]                                at /rustc/6067b36314ab5eb2eb47cecc464545ba58e1ad24/library/std/src/panic.rs:358:14
[INFO] [stdout]   33:     0x654843dff673 - test::run_test_in_process::hc7253dd11b39b9f4
[INFO] [stdout]                                at /rustc/6067b36314ab5eb2eb47cecc464545ba58e1ad24/library/test/src/lib.rs:655:27
[INFO] [stdout]   34:     0x654843dff673 - test::run_test::{{closure}}::hfb2007f8649c30bb
[INFO] [stdout]                                at /rustc/6067b36314ab5eb2eb47cecc464545ba58e1ad24/library/test/src/lib.rs:576:43
[INFO] [stdout]   35:     0x654843dc2755 - test::run_test::{{closure}}::h56a17aa7a282a9f4
[INFO] [stdout]                                at /rustc/6067b36314ab5eb2eb47cecc464545ba58e1ad24/library/test/src/lib.rs:606:41
[INFO] [stdout]   36:     0x654843dc2755 - std::sys::backtrace::__rust_begin_short_backtrace::hd2d2d2fb8e8c6aac
[INFO] [stdout]                                at /rustc/6067b36314ab5eb2eb47cecc464545ba58e1ad24/library/std/src/sys/backtrace.rs:152:18
[INFO] [stdout]   37:     0x654843dc603a - std::thread::Builder::spawn_unchecked_::{{closure}}::{{closure}}::h4faa3f9db6133423
[INFO] [stdout]                                at /rustc/6067b36314ab5eb2eb47cecc464545ba58e1ad24/library/std/src/thread/mod.rs:559:17
[INFO] [stdout]   38:     0x654843dc603a - <core::panic::unwind_safe::AssertUnwindSafe<F> as core::ops::function::FnOnce<()>>::call_once::hf2e855a36a4ea846
[INFO] [stdout]                                at /rustc/6067b36314ab5eb2eb47cecc464545ba58e1ad24/library/core/src/panic/unwind_safe.rs:272:9
[INFO] [stdout]   39:     0x654843dc603a - std::panicking::try::do_call::h2f73af3616c35465
[INFO] [stdout]                                at /rustc/6067b36314ab5eb2eb47cecc464545ba58e1ad24/library/std/src/panicking.rs:587:40
[INFO] [stdout]   40:     0x654843dc603a - std::panicking::try::hd1660ce9efadef5a
[INFO] [stdout]                                at /rustc/6067b36314ab5eb2eb47cecc464545ba58e1ad24/library/std/src/panicking.rs:550:19
[INFO] [stdout]   41:     0x654843dc603a - std::panic::catch_unwind::h5ee8d7823b8ca744
[INFO] [stdout]                                at /rustc/6067b36314ab5eb2eb47cecc464545ba58e1ad24/library/std/src/panic.rs:358:14
[INFO] [stdout]   42:     0x654843dc603a - std::thread::Builder::spawn_unchecked_::{{closure}}::h53c3a1894dce8407
[INFO] [stdout]                                at /rustc/6067b36314ab5eb2eb47cecc464545ba58e1ad24/library/std/src/thread/mod.rs:557:30
[INFO] [stdout]   43:     0x654843dc603a - core::ops::function::FnOnce::call_once{{vtable.shim}}::h048ce291ad4f62bf
[INFO] [stdout]                                at /rustc/6067b36314ab5eb2eb47cecc464545ba58e1ad24/library/core/src/ops/function.rs:250:5
[INFO] [stdout]   44:     0x654843e6904b - <alloc::boxed::Box<F,A> as core::ops::function::FnOnce<Args>>::call_once::ha52bedf99a3b4981
[INFO] [stdout]                                at /rustc/6067b36314ab5eb2eb47cecc464545ba58e1ad24/library/alloc/src/boxed.rs:2013:9
[INFO] [stdout]   45:     0x654843e6904b - <alloc::boxed::Box<F,A> as core::ops::function::FnOnce<Args>>::call_once::h567748934d80ccf8
[INFO] [stdout]                                at /rustc/6067b36314ab5eb2eb47cecc464545ba58e1ad24/library/alloc/src/boxed.rs:2013:9
[INFO] [stdout]   46:     0x654843e6904b - std::sys::pal::unix::thread::Thread::new::thread_start::h2d970728ae887adc
[INFO] [stdout]                                at /rustc/6067b36314ab5eb2eb47cecc464545ba58e1ad24/library/std/src/sys/pal/unix/thread.rs:106:17
[INFO] [stdout]   47:     0x7ef5a21d6ac3 - <unknown>
[INFO] [stdout]   48:     0x7ef5a2267a04 - clone
[INFO] [stdout]   49:                0x0 - <unknown>
[INFO] [stdout] 
[INFO] [stdout] ---- board::board::tests::sets_correct_bitboards_from_squares stdout ----
[INFO] [stdout] 
[INFO] [stdout] thread 'board::board::tests::sets_correct_bitboards_from_squares' panicked at src/board/board.rs:215:57:
[INFO] [stdout] called `Option::unwrap()` on a `None` value
[INFO] [stdout] stack backtrace:
[INFO] [stdout]    0:     0x654843e631fa - std::backtrace_rs::backtrace::libunwind::trace::hb059275cfc8d6126
[INFO] [stdout]                                at /rustc/6067b36314ab5eb2eb47cecc464545ba58e1ad24/library/std/src/../../backtrace/src/backtrace/libunwind.rs:116:5
[INFO] [stdout]    1:     0x654843e631fa - std::backtrace_rs::backtrace::trace_unsynchronized::h2da071e4327ce3ee
[INFO] [stdout]                                at /rustc/6067b36314ab5eb2eb47cecc464545ba58e1ad24/library/std/src/../../backtrace/src/backtrace/mod.rs:66:5
[INFO] [stdout]    2:     0x654843e631fa - std::sys::backtrace::_print_fmt::h842a1474e6f8d23f
[INFO] [stdout]                                at /rustc/6067b36314ab5eb2eb47cecc464545ba58e1ad24/library/std/src/sys/backtrace.rs:66:9
[INFO] [stdout]    3:     0x654843e631fa - <std::sys::backtrace::BacktraceLock::print::DisplayBacktrace as core::fmt::Display>::fmt::h71a62eb3b9696b12
[INFO] [stdout]                                at /rustc/6067b36314ab5eb2eb47cecc464545ba58e1ad24/library/std/src/sys/backtrace.rs:39:26
[INFO] [stdout]    4:     0x654843e8b463 - core::fmt::rt::Argument::fmt::hdb6b616786b41dc1
[INFO] [stdout]                                at /rustc/6067b36314ab5eb2eb47cecc464545ba58e1ad24/library/core/src/fmt/rt.rs:177:76
[INFO] [stdout]    5:     0x654843e8b463 - core::fmt::write::h2cc1698af7e2d686
[INFO] [stdout]                                at /rustc/6067b36314ab5eb2eb47cecc464545ba58e1ad24/library/core/src/fmt/mod.rs:1440:21
[INFO] [stdout]    6:     0x654843e5fd53 - std::io::Write::write_fmt::hab1b4cd059a79022
[INFO] [stdout]                                at /rustc/6067b36314ab5eb2eb47cecc464545ba58e1ad24/library/std/src/io/mod.rs:1887:15
[INFO] [stdout]    7:     0x654843e63042 - std::sys::backtrace::BacktraceLock::print::h147fe35b4ea13b08
[INFO] [stdout]                                at /rustc/6067b36314ab5eb2eb47cecc464545ba58e1ad24/library/std/src/sys/backtrace.rs:42:9
[INFO] [stdout]    8:     0x654843e6461f - std::panicking::default_hook::{{closure}}::hbd44223dbdc0d208
[INFO] [stdout]                                at /rustc/6067b36314ab5eb2eb47cecc464545ba58e1ad24/library/std/src/panicking.rs:298:22
[INFO] [stdout]    9:     0x654843e64438 - std::panicking::default_hook::h20f81eb0576efcec
[INFO] [stdout]                                at /rustc/6067b36314ab5eb2eb47cecc464545ba58e1ad24/library/std/src/panicking.rs:322:9
[INFO] [stdout]   10:     0x654843dfafe3 - <alloc::boxed::Box<F,A> as core::ops::function::Fn<Args>>::call::hdb53814c496a4d34
[INFO] [stdout]                                at /rustc/6067b36314ab5eb2eb47cecc464545ba58e1ad24/library/alloc/src/boxed.rs:2027:9
[INFO] [stdout]   11:     0x654843dfafe3 - test::test_main::{{closure}}::hc0a4963c59427c24
[INFO] [stdout]                                at /rustc/6067b36314ab5eb2eb47cecc464545ba58e1ad24/library/test/src/lib.rs:134:21
[INFO] [stdout]   12:     0x654843e65113 - <alloc::boxed::Box<F,A> as core::ops::function::Fn<Args>>::call::h591b2225413a77e9
[INFO] [stdout]                                at /rustc/6067b36314ab5eb2eb47cecc464545ba58e1ad24/library/alloc/src/boxed.rs:2027:9
[INFO] [stdout]   13:     0x654843e65113 - std::panicking::rust_panic_with_hook::h625eea43051b2edc
[INFO] [stdout]                                at /rustc/6067b36314ab5eb2eb47cecc464545ba58e1ad24/library/std/src/panicking.rs:839:13
[INFO] [stdout]   14:     0x654843e64d96 - std::panicking::begin_panic_handler::{{closure}}::h4f9159cfbc3f6bd3
[INFO] [stdout]                                at /rustc/6067b36314ab5eb2eb47cecc464545ba58e1ad24/library/std/src/panicking.rs:697:13
[INFO] [stdout]   15:     0x654843e636f9 - std::sys::backtrace::__rust_end_short_backtrace::h0390abce48353151
[INFO] [stdout]                                at /rustc/6067b36314ab5eb2eb47cecc464545ba58e1ad24/library/std/src/sys/backtrace.rs:168:18
[INFO] [stdout]   16:     0x654843e64a5d - rust_begin_unwind
[INFO] [stdout]                                at /rustc/6067b36314ab5eb2eb47cecc464545ba58e1ad24/library/std/src/panicking.rs:695:5
[INFO] [stdout]   17:     0x654843e89900 - core::panicking::panic_fmt::h9e7c637e9e5f29c9
[INFO] [stdout]                                at /rustc/6067b36314ab5eb2eb47cecc464545ba58e1ad24/library/core/src/panicking.rs:75:14
[INFO] [stdout]   18:     0x654843e8998c - core::panicking::panic::haa3255ea20181a33
[INFO] [stdout]                                at /rustc/6067b36314ab5eb2eb47cecc464545ba58e1ad24/library/core/src/panicking.rs:145:5
[INFO] [stdout]   19:     0x654843e89879 - core::option::unwrap_failed::h5e50c20db1c9e8f1
[INFO] [stdout]                                at /rustc/6067b36314ab5eb2eb47cecc464545ba58e1ad24/library/core/src/option.rs:2015:5
[INFO] [stdout]   20:     0x654843d99e96 - core::option::Option<T>::unwrap::h207244f9b65477d5
[INFO] [stdout]                                at /rustc/6067b36314ab5eb2eb47cecc464545ba58e1ad24/library/core/src/option.rs:978:21
[INFO] [stdout]   21:     0x654843d99e96 - chess_engine::board::board::Board::load_fen::h8d8620d238208f69
[INFO] [stdout]                                at /opt/rustwide/workdir/src/board/board.rs:215:43
[INFO] [stdout]   22:     0x654843d98ae9 - chess_engine::board::board::Board::from_fen::h6faae924706f6faa
[INFO] [stdout]                                at /opt/rustwide/workdir/src/board/board.rs:63:9
[INFO] [stdout]   23:     0x654843d943cd - chess_engine::board::board::tests::sets_correct_bitboards_from_squares::h68ccf86540911c71
[INFO] [stdout]                                at /opt/rustwide/workdir/src/board/board.rs:741:21
[INFO] [stdout]   24:     0x654843d94397 - chess_engine::board::board::tests::sets_correct_bitboards_from_squares::{{closure}}::hffb3a689e0441d83
[INFO] [stdout]                                at /opt/rustwide/workdir/src/board/board.rs:740:45
[INFO] [stdout]   25:     0x654843db4696 - core::ops::function::FnOnce::call_once::h260945d518b9dffb
[INFO] [stdout]                                at /rustc/6067b36314ab5eb2eb47cecc464545ba58e1ad24/library/core/src/ops/function.rs:250:5
[INFO] [stdout]   26:     0x654843e0073b - core::ops::function::FnOnce::call_once::he27718dfdd183f43
[INFO] [stdout]                                at /rustc/6067b36314ab5eb2eb47cecc464545ba58e1ad24/library/core/src/ops/function.rs:250:5
[INFO] [stdout]   27:     0x654843e0073b - test::__rust_begin_short_backtrace::h4e84902998457a5d
[INFO] [stdout]                                at /rustc/6067b36314ab5eb2eb47cecc464545ba58e1ad24/library/test/src/lib.rs:632:18
[INFO] [stdout]   28:     0x654843dff673 - test::run_test_in_process::{{closure}}::h7176fd18fc1feca0
[INFO] [stdout]                                at /rustc/6067b36314ab5eb2eb47cecc464545ba58e1ad24/library/test/src/lib.rs:655:60
[INFO] [stdout]   29:     0x654843dff673 - <core::panic::unwind_safe::AssertUnwindSafe<F> as core::ops::function::FnOnce<()>>::call_once::hf79cff2a624d8cf7
[INFO] [stdout]                                at /rustc/6067b36314ab5eb2eb47cecc464545ba58e1ad24/library/core/src/panic/unwind_safe.rs:272:9
[INFO] [stdout]   30:     0x654843dff673 - std::panicking::try::do_call::h3da0561d9ab99c25
[INFO] [stdout]                                at /rustc/6067b36314ab5eb2eb47cecc464545ba58e1ad24/library/std/src/panicking.rs:587:40
[INFO] [stdout]   31:     0x654843dff673 - std::panicking::try::h41c9fa508bc61df6
[INFO] [stdout]                                at /rustc/6067b36314ab5eb2eb47cecc464545ba58e1ad24/library/std/src/panicking.rs:550:19
[INFO] [stdout]   32:     0x654843dff673 - std::panic::catch_unwind::h6b3ff07bb5afad93
[INFO] [stdout]                                at /rustc/6067b36314ab5eb2eb47cecc464545ba58e1ad24/library/std/src/panic.rs:358:14
[INFO] [stdout]   33:     0x654843dff673 - test::run_test_in_process::hc7253dd11b39b9f4
[INFO] [stdout]                                at /rustc/6067b36314ab5eb2eb47cecc464545ba58e1ad24/library/test/src/lib.rs:655:27
[INFO] [stdout]   34:     0x654843dff673 - test::run_test::{{closure}}::hfb2007f8649c30bb
[INFO] [stdout]                                at /rustc/6067b36314ab5eb2eb47cecc464545ba58e1ad24/library/test/src/lib.rs:576:43
[INFO] [stdout]   35:     0x654843dc2755 - test::run_test::{{closure}}::h56a17aa7a282a9f4
[INFO] [stdout]                                at /rustc/6067b36314ab5eb2eb47cecc464545ba58e1ad24/library/test/src/lib.rs:606:41
[INFO] [stdout]   36:     0x654843dc2755 - std::sys::backtrace::__rust_begin_short_backtrace::hd2d2d2fb8e8c6aac
[INFO] [stdout]                                at /rustc/6067b36314ab5eb2eb47cecc464545ba58e1ad24/library/std/src/sys/backtrace.rs:152:18
[INFO] [stdout]   37:     0x654843dc603a - std::thread::Builder::spawn_unchecked_::{{closure}}::{{closure}}::h4faa3f9db6133423
[INFO] [stdout]                                at /rustc/6067b36314ab5eb2eb47cecc464545ba58e1ad24/library/std/src/thread/mod.rs:559:17
[INFO] [stdout]   38:     0x654843dc603a - <core::panic::unwind_safe::AssertUnwindSafe<F> as core::ops::function::FnOnce<()>>::call_once::hf2e855a36a4ea846
[INFO] [stdout]                                at /rustc/6067b36314ab5eb2eb47cecc464545ba58e1ad24/library/core/src/panic/unwind_safe.rs:272:9
[INFO] [stdout]   39:     0x654843dc603a - std::panicking::try::do_call::h2f73af3616c35465
[INFO] [stdout]                                at /rustc/6067b36314ab5eb2eb47cecc464545ba58e1ad24/library/std/src/panicking.rs:587:40
[INFO] [stdout]   40:     0x654843dc603a - std::panicking::try::hd1660ce9efadef5a
[INFO] [stdout]                                at /rustc/6067b36314ab5eb2eb47cecc464545ba58e1ad24/library/std/src/panicking.rs:550:19
[INFO] [stdout]   41:     0x654843dc603a - std::panic::catch_unwind::h5ee8d7823b8ca744
[INFO] [stdout]                                at /rustc/6067b36314ab5eb2eb47cecc464545ba58e1ad24/library/std/src/panic.rs:358:14
[INFO] [stdout]   42:     0x654843dc603a - std::thread::Builder::spawn_unchecked_::{{closure}}::h53c3a1894dce8407
[INFO] [stdout]                                at /rustc/6067b36314ab5eb2eb47cecc464545ba58e1ad24/library/std/src/thread/mod.rs:557:30
[INFO] [stdout]   43:     0x654843dc603a - core::ops::function::FnOnce::call_once{{vtable.shim}}::h048ce291ad4f62bf
[INFO] [stdout]                                at /rustc/6067b36314ab5eb2eb47cecc464545ba58e1ad24/library/core/src/ops/function.rs:250:5
[INFO] [stdout]   44:     0x654843e6904b - <alloc::boxed::Box<F,A> as core::ops::function::FnOnce<Args>>::call_once::ha52bedf99a3b4981
[INFO] [stdout]                                at /rustc/6067b36314ab5eb2eb47cecc464545ba58e1ad24/library/alloc/src/boxed.rs:2013:9
[INFO] [stdout]   45:     0x654843e6904b - <alloc::boxed::Box<F,A> as core::ops::function::FnOnce<Args>>::call_once::h567748934d80ccf8
[INFO] [stdout]                                at /rustc/6067b36314ab5eb2eb47cecc464545ba58e1ad24/library/alloc/src/boxed.rs:2013:9
[INFO] [stdout]   46:     0x654843e6904b - std::sys::pal::unix::thread::Thread::new::thread_start::h2d970728ae887adc
[INFO] [stdout]                                at /rustc/6067b36314ab5eb2eb47cecc464545ba58e1ad24/library/std/src/sys/pal/unix/thread.rs:106:17
[INFO] [stdout]   47:     0x7ef5a21d6ac3 - <unknown>
[INFO] [stdout]   48:     0x7ef5a2267a04 - clone
[INFO] [stdout]   49:                0x0 - <unknown>
[INFO] [stdout] 
[INFO] [stdout] 
[INFO] [stdout] failures:
[INFO] [stdout]     board::board::tests::sets_correct_bitboards_from_squares
[INFO] [stdout]     board::board::tests::test_load_fen
[INFO] [stdout] 
[INFO] [stdout] test result: FAILED. 12 passed; 2 failed; 0 ignored; 0 measured; 0 filtered out; finished in 57.64s
[INFO] [stdout] 
[INFO] [stderr] error: test failed, to rerun pass `--lib`
[INFO] running `Command { std: "docker" "inspect" "b03dd8024e948824b24f126bfb5f82a8fa9e6257c6f342c746994c9c243dd4df", kill_on_drop: false }`
[INFO] running `Command { std: "docker" "rm" "-f" "b03dd8024e948824b24f126bfb5f82a8fa9e6257c6f342c746994c9c243dd4df", kill_on_drop: false }`
[INFO] [stdout] b03dd8024e948824b24f126bfb5f82a8fa9e6257c6f342c746994c9c243dd4df
