[INFO] cloning repository https://github.com/viktorlott/totally-safe
[INFO] running `Command { std: "git" "-c" "credential.helper=" "-c" "credential.helper=/workspace/cargo-home/bin/git-credential-null" "clone" "--bare" "https://github.com/viktorlott/totally-safe" "/workspace/cache/git-repos/https%3A%2F%2Fgithub.com%2Fviktorlott%2Ftotally-safe", kill_on_drop: false }`
[INFO] [stderr] Cloning into bare repository '/workspace/cache/git-repos/https%3A%2F%2Fgithub.com%2Fviktorlott%2Ftotally-safe'...
[INFO] running `Command { std: "git" "rev-parse" "HEAD", kill_on_drop: false }`
[INFO] [stdout] 3ea9fe5acb0e92536c5d93d438df41034a362ff3
[INFO] testing viktorlott/totally-safe against nightly-2025-01-18+rustflags=-Zrandomize-layout for randomize-layout-2
[INFO] running `Command { std: "git" "clone" "/workspace/cache/git-repos/https%3A%2F%2Fgithub.com%2Fviktorlott%2Ftotally-safe" "/workspace/builds/worker-2-tc2/source", kill_on_drop: false }`
[INFO] [stderr] Cloning into '/workspace/builds/worker-2-tc2/source'...
[INFO] [stderr] done.
[INFO] validating manifest of git repo https://github.com/viktorlott/totally-safe on toolchain nightly-2025-01-18
[INFO] running `Command { std: CARGO_HOME="/workspace/cargo-home" RUSTUP_HOME="/workspace/rustup-home" "/workspace/cargo-home/bin/cargo" "+nightly-2025-01-18" "metadata" "--manifest-path" "Cargo.toml" "--no-deps", kill_on_drop: false }`
[INFO] started tweaking git repo https://github.com/viktorlott/totally-safe
[INFO] finished tweaking git repo https://github.com/viktorlott/totally-safe
[INFO] tweaked toml for git repo https://github.com/viktorlott/totally-safe written to /workspace/builds/worker-2-tc2/source/Cargo.toml
[INFO] crate git repo https://github.com/viktorlott/totally-safe already has a lockfile, it will not be regenerated
[INFO] running `Command { std: CARGO_HOME="/workspace/cargo-home" RUSTUP_HOME="/workspace/rustup-home" "/workspace/cargo-home/bin/cargo" "+nightly-2025-01-18" "fetch" "--manifest-path" "Cargo.toml", kill_on_drop: false }`
[INFO] running `Command { std: "docker" "create" "-v" "/var/lib/crater-agent-workspace/builds/worker-2-tc2/target:/opt/rustwide/target:rw,Z" "-v" "/var/lib/crater-agent-workspace/builds/worker-2-tc2/source:/opt/rustwide/workdir:ro,Z" "-v" "/var/lib/crater-agent-workspace/cargo-home:/opt/rustwide/cargo-home:ro,Z" "-v" "/var/lib/crater-agent-workspace/rustup-home:/opt/rustwide/rustup-home:ro,Z" "-e" "SOURCE_DIR=/opt/rustwide/workdir" "-e" "CARGO_TARGET_DIR=/opt/rustwide/target" "-e" "CARGO_HOME=/opt/rustwide/cargo-home" "-e" "RUSTUP_HOME=/opt/rustwide/rustup-home" "-w" "/opt/rustwide/workdir" "-m" "1610612736" "--user" "0:0" "--network" "none" "ghcr.io/rust-lang/crates-build-env/linux@sha256:819108c5571ea2e421544af4d832f968d213c87fbe3707a016657f43d2f853bc" "/opt/rustwide/cargo-home/bin/cargo" "+nightly-2025-01-18" "metadata" "--no-deps" "--format-version=1", kill_on_drop: false }`
[INFO] [stdout] d719ad1dbcb25cc72ced79f44bdfbd2104ea1d2b6ac05fdd066d0bc20ed4153c
[INFO] running `Command { std: "docker" "start" "-a" "d719ad1dbcb25cc72ced79f44bdfbd2104ea1d2b6ac05fdd066d0bc20ed4153c", kill_on_drop: false }`
[INFO] running `Command { std: "docker" "inspect" "d719ad1dbcb25cc72ced79f44bdfbd2104ea1d2b6ac05fdd066d0bc20ed4153c", kill_on_drop: false }`
[INFO] running `Command { std: "docker" "rm" "-f" "d719ad1dbcb25cc72ced79f44bdfbd2104ea1d2b6ac05fdd066d0bc20ed4153c", kill_on_drop: false }`
[INFO] [stdout] d719ad1dbcb25cc72ced79f44bdfbd2104ea1d2b6ac05fdd066d0bc20ed4153c
[INFO] running `Command { std: "docker" "create" "-v" "/var/lib/crater-agent-workspace/builds/worker-2-tc2/target:/opt/rustwide/target:rw,Z" "-v" "/var/lib/crater-agent-workspace/builds/worker-2-tc2/source:/opt/rustwide/workdir:ro,Z" "-v" "/var/lib/crater-agent-workspace/cargo-home:/opt/rustwide/cargo-home:ro,Z" "-v" "/var/lib/crater-agent-workspace/rustup-home:/opt/rustwide/rustup-home:ro,Z" "-e" "SOURCE_DIR=/opt/rustwide/workdir" "-e" "CARGO_TARGET_DIR=/opt/rustwide/target" "-e" "CARGO_INCREMENTAL=0" "-e" "RUST_BACKTRACE=full" "-e" "RUSTFLAGS=--cap-lints=forbid -Zrandomize-layout" "-e" "RUSTDOCFLAGS=--cap-lints=forbid" "-e" "CARGO_HOME=/opt/rustwide/cargo-home" "-e" "RUSTUP_HOME=/opt/rustwide/rustup-home" "-w" "/opt/rustwide/workdir" "-m" "1610612736" "--user" "0:0" "--network" "none" "ghcr.io/rust-lang/crates-build-env/linux@sha256:819108c5571ea2e421544af4d832f968d213c87fbe3707a016657f43d2f853bc" "/opt/rustwide/cargo-home/bin/cargo" "+nightly-2025-01-18" "build" "--frozen" "--message-format=json", kill_on_drop: false }`
[INFO] [stdout] 77f41663c41040d66762c8c49e4538f75d66febd2a75f911b94fb43d49e16110
[INFO] running `Command { std: "docker" "start" "-a" "77f41663c41040d66762c8c49e4538f75d66febd2a75f911b94fb43d49e16110", kill_on_drop: false }`
[INFO] [stderr]    Compiling totally-safe v0.1.1 (/opt/rustwide/workdir)
[INFO] [stderr]     Finished `dev` profile [unoptimized + debuginfo] target(s) in 0.11s
[INFO] running `Command { std: "docker" "inspect" "77f41663c41040d66762c8c49e4538f75d66febd2a75f911b94fb43d49e16110", kill_on_drop: false }`
[INFO] running `Command { std: "docker" "rm" "-f" "77f41663c41040d66762c8c49e4538f75d66febd2a75f911b94fb43d49e16110", kill_on_drop: false }`
[INFO] [stdout] 77f41663c41040d66762c8c49e4538f75d66febd2a75f911b94fb43d49e16110
[INFO] running `Command { std: "docker" "create" "-v" "/var/lib/crater-agent-workspace/builds/worker-2-tc2/target:/opt/rustwide/target:rw,Z" "-v" "/var/lib/crater-agent-workspace/builds/worker-2-tc2/source:/opt/rustwide/workdir:ro,Z" "-v" "/var/lib/crater-agent-workspace/cargo-home:/opt/rustwide/cargo-home:ro,Z" "-v" "/var/lib/crater-agent-workspace/rustup-home:/opt/rustwide/rustup-home:ro,Z" "-e" "SOURCE_DIR=/opt/rustwide/workdir" "-e" "CARGO_TARGET_DIR=/opt/rustwide/target" "-e" "CARGO_INCREMENTAL=0" "-e" "RUST_BACKTRACE=full" "-e" "RUSTFLAGS=--cap-lints=forbid -Zrandomize-layout" "-e" "RUSTDOCFLAGS=--cap-lints=forbid" "-e" "CARGO_HOME=/opt/rustwide/cargo-home" "-e" "RUSTUP_HOME=/opt/rustwide/rustup-home" "-w" "/opt/rustwide/workdir" "-m" "1610612736" "--user" "0:0" "--network" "none" "ghcr.io/rust-lang/crates-build-env/linux@sha256:819108c5571ea2e421544af4d832f968d213c87fbe3707a016657f43d2f853bc" "/opt/rustwide/cargo-home/bin/cargo" "+nightly-2025-01-18" "test" "--frozen" "--no-run" "--message-format=json", kill_on_drop: false }`
[INFO] [stdout] 7babb13b0b68dbcdbac8eb877f1864a0c74c47016e0415f9473bc92b4bc375b2
[INFO] running `Command { std: "docker" "start" "-a" "7babb13b0b68dbcdbac8eb877f1864a0c74c47016e0415f9473bc92b4bc375b2", kill_on_drop: false }`
[INFO] [stderr]    Compiling totally-safe v0.1.1 (/opt/rustwide/workdir)
[INFO] [stderr]     Finished `test` profile [unoptimized + debuginfo] target(s) in 0.56s
[INFO] running `Command { std: "docker" "inspect" "7babb13b0b68dbcdbac8eb877f1864a0c74c47016e0415f9473bc92b4bc375b2", kill_on_drop: false }`
[INFO] running `Command { std: "docker" "rm" "-f" "7babb13b0b68dbcdbac8eb877f1864a0c74c47016e0415f9473bc92b4bc375b2", kill_on_drop: false }`
[INFO] [stdout] 7babb13b0b68dbcdbac8eb877f1864a0c74c47016e0415f9473bc92b4bc375b2
[INFO] running `Command { std: "docker" "create" "-v" "/var/lib/crater-agent-workspace/builds/worker-2-tc2/target:/opt/rustwide/target:rw,Z" "-v" "/var/lib/crater-agent-workspace/builds/worker-2-tc2/source:/opt/rustwide/workdir:ro,Z" "-v" "/var/lib/crater-agent-workspace/cargo-home:/opt/rustwide/cargo-home:ro,Z" "-v" "/var/lib/crater-agent-workspace/rustup-home:/opt/rustwide/rustup-home:ro,Z" "-e" "SOURCE_DIR=/opt/rustwide/workdir" "-e" "CARGO_TARGET_DIR=/opt/rustwide/target" "-e" "CARGO_INCREMENTAL=0" "-e" "RUST_BACKTRACE=full" "-e" "RUSTFLAGS=--cap-lints=forbid -Zrandomize-layout" "-e" "RUSTDOCFLAGS=--cap-lints=forbid" "-e" "CARGO_HOME=/opt/rustwide/cargo-home" "-e" "RUSTUP_HOME=/opt/rustwide/rustup-home" "-w" "/opt/rustwide/workdir" "-m" "1610612736" "--user" "0:0" "--network" "none" "ghcr.io/rust-lang/crates-build-env/linux@sha256:819108c5571ea2e421544af4d832f968d213c87fbe3707a016657f43d2f853bc" "/opt/rustwide/cargo-home/bin/cargo" "+nightly-2025-01-18" "test" "--frozen", kill_on_drop: false }`
[INFO] [stdout] 0541e16b69b3072f9760ecf3f71a8244ad419dae36ee4f57ba2786b845bcef85
[INFO] running `Command { std: "docker" "start" "-a" "0541e16b69b3072f9760ecf3f71a8244ad419dae36ee4f57ba2786b845bcef85", kill_on_drop: false }`
[INFO] [stderr]     Finished `test` profile [unoptimized + debuginfo] target(s) in 0.01s
[INFO] [stderr]      Running unittests src/lib.rs (/opt/rustwide/target/debug/deps/totally_safe-dc0973a7c06c3da3)
[INFO] [stdout] 
[INFO] [stdout] running 0 tests
[INFO] [stdout] 
[INFO] [stdout] test result: ok. 0 passed; 0 failed; 0 ignored; 0 measured; 0 filtered out; finished in 0.00s
[INFO] [stdout] 
[INFO] [stderr]    Doc-tests totally_safe
[INFO] [stdout] 
[INFO] [stdout] running 5 tests
[INFO] [stdout] test src/lib.rs - TotallySafe::copy (line 102) ... FAILED
[INFO] [stdout] test src/lib.rs - TotallySafe::transmute_into (line 76) ... FAILED
[INFO] [stdout] test src/lib.rs - TotallySafe::as_mut_alias_array (line 51) ... FAILED
[INFO] [stdout] test src/lib.rs - TotallySafe::as_mut_alias (line 30) ... FAILED
[INFO] [stdout] test src/lib.rs - TotallySafe::as_ref_alias (line 10) ... FAILED
[INFO] [stdout] 
[INFO] [stdout] failures:
[INFO] [stdout] 
[INFO] [stdout] ---- src/lib.rs - TotallySafe::copy (line 102) stdout ----
[INFO] [stdout] error[E0433]: failed to resolve: use of undeclared type `MyType`
[INFO] [stdout]  --> src/lib.rs:103:20
[INFO] [stdout]   |
[INFO] [stdout] 3 | let mut instance = MyType::new();
[INFO] [stdout]   |                    ^^^^^^ use of undeclared type `MyType`
[INFO] [stdout] 
[INFO] [stdout] error: aborting due to 1 previous error
[INFO] [stdout] 
[INFO] [stdout] For more information about this error, try `rustc --explain E0433`.
[INFO] [stdout] Couldn't compile the test.
[INFO] [stdout] ---- src/lib.rs - TotallySafe::transmute_into (line 76) stdout ----
[INFO] [stdout] error[E0412]: cannot find type `OtherType` in this scope
[INFO] [stdout]  --> src/lib.rs:78:21
[INFO] [stdout]   |
[INFO] [stdout] 4 | let other_instance: OtherType = instance.transmute_into();
[INFO] [stdout]   |                     ^^^^^^^^^ not found in this scope
[INFO] [stdout] 
[INFO] [stdout] error[E0433]: failed to resolve: use of undeclared type `MyType`
[INFO] [stdout]  --> src/lib.rs:77:16
[INFO] [stdout]   |
[INFO] [stdout] 3 | let instance = MyType::new();
[INFO] [stdout]   |                ^^^^^^ use of undeclared type `MyType`
[INFO] [stdout] 
[INFO] [stdout] error: aborting due to 2 previous errors
[INFO] [stdout] 
[INFO] [stdout] Some errors have detailed explanations: E0412, E0433.
[INFO] [stdout] For more information about an error, try `rustc --explain E0412`.
[INFO] [stdout] Couldn't compile the test.
[INFO] [stdout] ---- src/lib.rs - TotallySafe::as_mut_alias_array (line 51) stdout ----
[INFO] [stdout] error[E0412]: cannot find type `MyType` in this scope
[INFO] [stdout]  --> src/lib.rs:52:19
[INFO] [stdout]   |
[INFO] [stdout] 3 | fn mutate(q: &mut MyType, w: &mut MyType) { *q = w.copy() }
[INFO] [stdout]   |                   ^^^^^^ not found in this scope
[INFO] [stdout] 
[INFO] [stdout] error[E0412]: cannot find type `MyType` in this scope
[INFO] [stdout]  --> src/lib.rs:52:35
[INFO] [stdout]   |
[INFO] [stdout] 3 | fn mutate(q: &mut MyType, w: &mut MyType) { *q = w.copy() }
[INFO] [stdout]   |                                   ^^^^^^ not found in this scope
[INFO] [stdout] 
[INFO] [stdout] error[E0433]: failed to resolve: use of undeclared type `MyType`
[INFO] [stdout]  --> src/lib.rs:54:20
[INFO] [stdout]   |
[INFO] [stdout] 5 | let mut instance = MyType::new();
[INFO] [stdout]   |                    ^^^^^^ use of undeclared type `MyType`
[INFO] [stdout] 
[INFO] [stdout] error: aborting due to 3 previous errors
[INFO] [stdout] 
[INFO] [stdout] Some errors have detailed explanations: E0412, E0433.
[INFO] [stdout] For more information about an error, try `rustc --explain E0412`.
[INFO] [stdout] Couldn't compile the test.
[INFO] [stdout] ---- src/lib.rs - TotallySafe::as_mut_alias (line 30) stdout ----
[INFO] [stdout] error[E0412]: cannot find type `MyType` in this scope
[INFO] [stdout]  --> src/lib.rs:32:32
[INFO] [stdout]   |
[INFO] [stdout] 4 | let any_lifetime_mut_ref: &mut MyType = instance.as_mut_alias();
[INFO] [stdout]   |                                ^^^^^^ not found in this scope
[INFO] [stdout] 
[INFO] [stdout] error[E0433]: failed to resolve: use of undeclared type `MyType`
[INFO] [stdout]  --> src/lib.rs:31:20
[INFO] [stdout]   |
[INFO] [stdout] 3 | let mut instance = MyType::new();
[INFO] [stdout]   |                    ^^^^^^ use of undeclared type `MyType`
[INFO] [stdout] 
[INFO] [stdout] error: aborting due to 2 previous errors
[INFO] [stdout] 
[INFO] [stdout] Some errors have detailed explanations: E0412, E0433.
[INFO] [stdout] For more information about an error, try `rustc --explain E0412`.
[INFO] [stdout] Couldn't compile the test.
[INFO] [stdout] ---- src/lib.rs - TotallySafe::as_ref_alias (line 10) stdout ----
[INFO] [stdout] error[E0412]: cannot find type `MyType` in this scope
[INFO] [stdout]  --> src/lib.rs:12:24
[INFO] [stdout]   |
[INFO] [stdout] 4 | let any_lifetime_ref: &MyType = instance.as_ref_alias();
[INFO] [stdout]   |                        ^^^^^^ not found in this scope
[INFO] [stdout] 
[INFO] [stdout] error[E0433]: failed to resolve: use of undeclared type `MyType`
[INFO] [stdout]  --> src/lib.rs:11:16
[INFO] [stdout]   |
[INFO] [stdout] 3 | let instance = MyType::new();
[INFO] [stdout]   |                ^^^^^^ use of undeclared type `MyType`
[INFO] [stdout] 
[INFO] [stdout] error: aborting due to 2 previous errors
[INFO] [stdout] 
[INFO] [stdout] Some errors have detailed explanations: E0412, E0433.
[INFO] [stdout] For more information about an error, try `rustc --explain E0412`.
[INFO] [stdout] Couldn't compile the test.
[INFO] [stdout] 
[INFO] [stdout] failures:
[INFO] [stdout]     src/lib.rs - TotallySafe::as_mut_alias (line 30)
[INFO] [stdout]     src/lib.rs - TotallySafe::as_mut_alias_array (line 51)
[INFO] [stdout]     src/lib.rs - TotallySafe::as_ref_alias (line 10)
[INFO] [stdout]     src/lib.rs - TotallySafe::copy (line 102)
[INFO] [stdout]     src/lib.rs - TotallySafe::transmute_into (line 76)
[INFO] [stdout] 
[INFO] [stdout] test result: FAILED. 0 passed; 5 failed; 0 ignored; 0 measured; 0 filtered out; finished in 0.27s
[INFO] [stdout] 
[INFO] [stderr] error: doctest failed, to rerun pass `--doc`
[INFO] running `Command { std: "docker" "inspect" "0541e16b69b3072f9760ecf3f71a8244ad419dae36ee4f57ba2786b845bcef85", kill_on_drop: false }`
[INFO] running `Command { std: "docker" "rm" "-f" "0541e16b69b3072f9760ecf3f71a8244ad419dae36ee4f57ba2786b845bcef85", kill_on_drop: false }`
[INFO] [stdout] 0541e16b69b3072f9760ecf3f71a8244ad419dae36ee4f57ba2786b845bcef85
