[INFO] cloning repository https://github.com/vfeld/schocken-auth-server
[INFO] running `Command { std: "git" "-c" "credential.helper=" "-c" "credential.helper=/workspace/cargo-home/bin/git-credential-null" "clone" "--bare" "https://github.com/vfeld/schocken-auth-server" "/workspace/cache/git-repos/https%3A%2F%2Fgithub.com%2Fvfeld%2Fschocken-auth-server", kill_on_drop: false }`
[INFO] [stderr] Cloning into bare repository '/workspace/cache/git-repos/https%3A%2F%2Fgithub.com%2Fvfeld%2Fschocken-auth-server'...
[INFO] running `Command { std: "git" "rev-parse" "HEAD", kill_on_drop: false }`
[INFO] [stdout] 6196b188ce151ff176fde0874e7a624976cea9d2
[INFO] testing vfeld/schocken-auth-server against nightly-2025-01-18 for randomize-layout-2
[INFO] running `Command { std: "git" "clone" "/workspace/cache/git-repos/https%3A%2F%2Fgithub.com%2Fvfeld%2Fschocken-auth-server" "/workspace/builds/worker-1-tc1/source", kill_on_drop: false }`
[INFO] [stderr] Cloning into '/workspace/builds/worker-1-tc1/source'...
[INFO] [stderr] done.
[INFO] validating manifest of git repo https://github.com/vfeld/schocken-auth-server on toolchain nightly-2025-01-18
[INFO] running `Command { std: CARGO_HOME="/workspace/cargo-home" RUSTUP_HOME="/workspace/rustup-home" "/workspace/cargo-home/bin/cargo" "+nightly-2025-01-18" "metadata" "--manifest-path" "Cargo.toml" "--no-deps", kill_on_drop: false }`
[INFO] started tweaking git repo https://github.com/vfeld/schocken-auth-server
[INFO] finished tweaking git repo https://github.com/vfeld/schocken-auth-server
[INFO] tweaked toml for git repo https://github.com/vfeld/schocken-auth-server written to /workspace/builds/worker-1-tc1/source/Cargo.toml
[INFO] crate git repo https://github.com/vfeld/schocken-auth-server already has a lockfile, it will not be regenerated
[INFO] running `Command { std: CARGO_HOME="/workspace/cargo-home" RUSTUP_HOME="/workspace/rustup-home" "/workspace/cargo-home/bin/cargo" "+nightly-2025-01-18" "fetch" "--manifest-path" "Cargo.toml", kill_on_drop: false }`
[INFO] [stderr]     Updating crates.io index
[INFO] [stderr]  Downloading crates ...
[INFO] [stderr]   Downloaded actix-macros v0.2.0
[INFO] [stderr]   Downloaded actix-web-codegen v0.5.0-beta.2
[INFO] [stderr]   Downloaded include_dir_impl v0.6.0
[INFO] [stderr]   Downloaded actix-service v2.0.0-beta.5
[INFO] [stderr]   Downloaded actix-server v2.0.0-beta.3
[INFO] [stderr]   Downloaded actix-cors v0.6.0-beta.1
[INFO] [stderr]   Downloaded actix-codec v0.4.0-beta.1
[INFO] [stderr]   Downloaded libc v0.2.89
[INFO] [stderr]   Downloaded sodiumoxide v0.2.6
[INFO] [stderr]   Downloaded include_dir v0.6.0
[INFO] [stderr]   Downloaded libsodium-sys v0.2.6
[INFO] [stderr]   Downloaded mock-it v0.3.0
[INFO] running `Command { std: "docker" "create" "-v" "/var/lib/crater-agent-workspace/builds/worker-1-tc1/target:/opt/rustwide/target:rw,Z" "-v" "/var/lib/crater-agent-workspace/builds/worker-1-tc1/source:/opt/rustwide/workdir:ro,Z" "-v" "/var/lib/crater-agent-workspace/cargo-home:/opt/rustwide/cargo-home:ro,Z" "-v" "/var/lib/crater-agent-workspace/rustup-home:/opt/rustwide/rustup-home:ro,Z" "-e" "SOURCE_DIR=/opt/rustwide/workdir" "-e" "CARGO_TARGET_DIR=/opt/rustwide/target" "-e" "CARGO_HOME=/opt/rustwide/cargo-home" "-e" "RUSTUP_HOME=/opt/rustwide/rustup-home" "-w" "/opt/rustwide/workdir" "-m" "1610612736" "--user" "0:0" "--network" "none" "ghcr.io/rust-lang/crates-build-env/linux@sha256:819108c5571ea2e421544af4d832f968d213c87fbe3707a016657f43d2f853bc" "/opt/rustwide/cargo-home/bin/cargo" "+nightly-2025-01-18" "metadata" "--no-deps" "--format-version=1", kill_on_drop: false }`
[INFO] [stdout] 338e3b9ed860842a0c53b5aeae5d3526780784aae04a66676f07d26ab34c684f
[INFO] running `Command { std: "docker" "start" "-a" "338e3b9ed860842a0c53b5aeae5d3526780784aae04a66676f07d26ab34c684f", kill_on_drop: false }`
[INFO] running `Command { std: "docker" "inspect" "338e3b9ed860842a0c53b5aeae5d3526780784aae04a66676f07d26ab34c684f", kill_on_drop: false }`
[INFO] running `Command { std: "docker" "rm" "-f" "338e3b9ed860842a0c53b5aeae5d3526780784aae04a66676f07d26ab34c684f", kill_on_drop: false }`
[INFO] [stdout] 338e3b9ed860842a0c53b5aeae5d3526780784aae04a66676f07d26ab34c684f
[INFO] running `Command { std: "docker" "create" "-v" "/var/lib/crater-agent-workspace/builds/worker-1-tc1/target:/opt/rustwide/target:rw,Z" "-v" "/var/lib/crater-agent-workspace/builds/worker-1-tc1/source:/opt/rustwide/workdir:ro,Z" "-v" "/var/lib/crater-agent-workspace/cargo-home:/opt/rustwide/cargo-home:ro,Z" "-v" "/var/lib/crater-agent-workspace/rustup-home:/opt/rustwide/rustup-home:ro,Z" "-e" "SOURCE_DIR=/opt/rustwide/workdir" "-e" "CARGO_TARGET_DIR=/opt/rustwide/target" "-e" "CARGO_INCREMENTAL=0" "-e" "RUST_BACKTRACE=full" "-e" "RUSTFLAGS=--cap-lints=forbid" "-e" "RUSTDOCFLAGS=--cap-lints=forbid" "-e" "CARGO_HOME=/opt/rustwide/cargo-home" "-e" "RUSTUP_HOME=/opt/rustwide/rustup-home" "-w" "/opt/rustwide/workdir" "-m" "1610612736" "--user" "0:0" "--network" "none" "ghcr.io/rust-lang/crates-build-env/linux@sha256:819108c5571ea2e421544af4d832f968d213c87fbe3707a016657f43d2f853bc" "/opt/rustwide/cargo-home/bin/cargo" "+nightly-2025-01-18" "build" "--frozen" "--message-format=json", kill_on_drop: false }`
[INFO] [stdout] 9de42f2482abe4489a23987344f6ffe0bb1c3471533f9fc52fb0fa51eab165ef
[INFO] running `Command { std: "docker" "start" "-a" "9de42f2482abe4489a23987344f6ffe0bb1c3471533f9fc52fb0fa51eab165ef", kill_on_drop: false }`
[INFO] [stderr]    Compiling libc v0.2.89
[INFO] [stderr]    Compiling autocfg v1.0.1
[INFO] [stderr]    Compiling proc-macro2 v1.0.24
[INFO] [stderr]    Compiling unicode-xid v0.2.1
[INFO] [stderr]    Compiling syn v1.0.64
[INFO] [stderr]    Compiling version_check v0.9.3
[INFO] [stderr]    Compiling memchr v2.3.4
[INFO] [stderr]    Compiling cc v1.0.67
[INFO] [stderr]    Compiling once_cell v1.7.2
[INFO] [stderr]    Compiling pin-project-lite v0.2.6
[INFO] [stderr]    Compiling log v0.4.14
[INFO] [stderr]    Compiling futures-core v0.3.14
[INFO] [stderr]    Compiling proc-macro-hack v0.5.19
[INFO] [stderr]    Compiling bytes v1.0.1
[INFO] [stderr]    Compiling instant v0.1.9
[INFO] [stderr]    Compiling smallvec v1.6.1
[INFO] [stderr]    Compiling lock_api v0.4.2
[INFO] [stderr]    Compiling futures-sink v0.3.14
[INFO] [stderr]    Compiling typenum v1.13.0
[INFO] [stderr]    Compiling serde_derive v1.0.124
[INFO] [stderr]    Compiling untrusted v0.7.1
[INFO] [stderr]    Compiling spin v0.5.2
[INFO] [stderr]    Compiling serde v1.0.124
[INFO] [stderr]    Compiling getrandom v0.2.2
[INFO] [stderr]    Compiling ryu v1.0.5
[INFO] [stderr]    Compiling bitflags v1.2.1
[INFO] [stderr]    Compiling generic-array v0.14.4
[INFO] [stderr]    Compiling itoa v0.4.7
[INFO] [stderr]    Compiling proc-macro-nested v0.1.7
[INFO] [stderr]    Compiling tokio v1.3.0
[INFO] [stderr]    Compiling aho-corasick v0.7.15
[INFO] [stderr]    Compiling standback v0.2.15
[INFO] [stderr]    Compiling slab v0.4.2
[INFO] [stderr]    Compiling matches v0.1.8
[INFO] [stderr]    Compiling base64 v0.13.0
[INFO] [stderr]    Compiling regex-syntax v0.6.23
[INFO] [stderr]    Compiling num-traits v0.2.14
[INFO] [stderr]    Compiling futures-channel v0.3.14
[INFO] [stderr]    Compiling futures-task v0.3.14
[INFO] [stderr]    Compiling pin-utils v0.1.0
[INFO] [stderr]    Compiling futures-io v0.3.14
[INFO] [stderr]    Compiling const_fn v0.4.5
[INFO] [stderr]    Compiling tinyvec_macros v0.1.0
[INFO] [stderr]    Compiling ppv-lite86 v0.2.10
[INFO] [stderr]    Compiling quote v1.0.9
[INFO] [stderr]    Compiling percent-encoding v2.1.0
[INFO] [stderr]    Compiling ahash v0.4.7
[INFO] [stderr]    Compiling tinyvec v1.1.1
[INFO] [stderr]    Compiling time v0.2.26
[INFO] [stderr]    Compiling serde_json v1.0.64
[INFO] [stderr]    Compiling parking_lot_core v0.8.3
[INFO] [stderr]    Compiling signal-hook-registry v1.3.0
[INFO] [stderr]    Compiling num_cpus v1.13.0
[INFO] [stderr]    Compiling mio v0.7.10
[INFO] [stderr]    Compiling hashbrown v0.9.1
[INFO] [stderr]    Compiling opaque-debug v0.3.0
[INFO] [stderr]    Compiling parking_lot v0.11.1
[INFO] [stderr]    Compiling form_urlencoded v1.0.1
[INFO] [stderr]    Compiling unicode-bidi v0.3.4
[INFO] [stderr]    Compiling ring v0.16.20
[INFO] [stderr]    Compiling radium v0.5.3
[INFO] [stderr]    Compiling getrandom v0.1.16
[INFO] [stderr]    Compiling cpuid-bool v0.1.2
[INFO] [stderr]    Compiling crossbeam-utils v0.8.3
[INFO] [stderr]    Compiling fnv v1.0.7
[INFO] [stderr]    Compiling lexical-core v0.7.5
[INFO] [stderr]    Compiling digest v0.9.0
[INFO] [stderr]    Compiling block-buffer v0.9.0
[INFO] [stderr]    Compiling local-waker v0.1.1
[INFO] [stderr]    Compiling http v0.2.3
[INFO] [stderr]    Compiling sha-1 v0.9.4
[INFO] [stderr]    Compiling brotli-sys v0.3.2
[INFO] [stderr]    Compiling miniz_oxide v0.4.4
[INFO] [stderr]    Compiling num-integer v0.1.44
[INFO] [stderr]    Compiling indexmap v1.6.2
[INFO] [stderr]    Compiling nom v6.1.2
[INFO] [stderr]    Compiling arrayvec v0.5.2
[INFO] [stderr]    Compiling wyz v0.2.0
[INFO] [stderr]    Compiling crc32fast v1.2.1
[INFO] [stderr]    Compiling static_assertions v1.1.0
[INFO] [stderr]    Compiling tap v1.0.1
[INFO] [stderr]    Compiling funty v1.1.0
[INFO] [stderr]    Compiling build_const v0.2.1
[INFO] [stderr]    Compiling rand_core v0.5.1
[INFO] [stderr]    Compiling actix-utils v3.0.0
[INFO] [stderr]    Compiling crc v1.8.1
[INFO] [stderr]    Compiling rand_core v0.6.2
[INFO] [stderr]    Compiling tracing-core v0.1.17
[INFO] [stderr]    Compiling ahash v0.7.2
[INFO] [stderr]    Compiling ahash v0.6.3
[INFO] [stderr]    Compiling cookie v0.14.4
[INFO] [stderr]    Compiling actix-service v2.0.0-beta.5
[INFO] [stderr]    Compiling encoding_rs v0.8.28
[INFO] [stderr]    Compiling httparse v1.3.5
[INFO] [stderr]    Compiling adler v1.0.2
[INFO] [stderr]    Compiling unicode-normalization v0.1.17
[INFO] [stderr]    Compiling bitvec v0.19.5
[INFO] [stderr]    Compiling whoami v1.1.1
[INFO] [stderr]    Compiling subtle v2.4.0
[INFO] [stderr]    Compiling regex v1.4.5
[INFO] [stderr]    Compiling either v1.6.1
[INFO] [stderr]    Compiling crypto-mac v0.10.0
[INFO] [stderr]    Compiling tracing v0.1.25
[INFO] [stderr]    Compiling rand_chacha v0.3.0
[INFO] [stderr]    Compiling rand_chacha v0.2.2
[INFO] [stderr]    Compiling num-bigint v0.2.6
[INFO] [stderr]    Compiling bytestring v1.0.0
[INFO] [stderr]    Compiling pkg-config v0.3.19
[INFO] [stderr]    Compiling maplit v1.0.2
[INFO] [stderr]    Compiling unicode_categories v0.1.1
[INFO] [stderr]    Compiling anyhow v1.0.38
[INFO] [stderr]    Compiling idna v0.2.2
[INFO] [stderr]    Compiling stringprep v0.1.2
[INFO] [stderr]    Compiling flate2 v1.0.20
[INFO] [stderr]    Compiling rand v0.7.3
[INFO] [stderr]    Compiling rand v0.8.3
[INFO] [stderr]    Compiling libsodium-sys v0.2.6
[INFO] [stderr]    Compiling url v2.2.1
[INFO] [stderr]    Compiling hmac v0.10.1
[INFO] [stderr]    Compiling crossbeam-queue v0.3.1
[INFO] [stderr]    Compiling crossbeam-channel v0.5.0
[INFO] [stderr]    Compiling atoi v0.4.0
[INFO] [stderr]    Compiling md-5 v0.9.1
[INFO] [stderr]    Compiling sha2 v0.9.3
[INFO] [stderr]    Compiling hashlink v0.6.0
[INFO] [stderr]    Compiling time v0.1.43
[INFO] [stderr]    Compiling language-tags v0.2.2
[INFO] [stderr]    Compiling unicode-segmentation v1.7.1
[INFO] [stderr]    Compiling hex v0.4.3
[INFO] [stderr]    Compiling byteorder v1.4.3
[INFO] [stderr]    Compiling mime v0.3.16
[INFO] [stderr]    Compiling chrono v0.4.19
[INFO] [stderr]    Compiling socket2 v0.4.0
[INFO] [stderr]    Compiling dotenv v0.15.0
[INFO] [stderr]    Compiling heck v0.3.2
[INFO] [stderr]    Compiling async-trait v0.1.48
[INFO] [stderr]    Compiling pem v0.8.3
[INFO] [stderr]    Compiling atty v0.2.14
[INFO] [stderr]    Compiling humantime v2.1.0
[INFO] [stderr]    Compiling glob v0.3.0
[INFO] [stderr]    Compiling termcolor v1.1.2
[INFO] [stderr]    Compiling base64 v0.12.3
[INFO] [stderr]    Compiling tokio-util v0.6.4
[INFO] [stderr]    Compiling tokio-stream v0.1.4
[INFO] [stderr]    Compiling webpki v0.21.4
[INFO] [stderr]    Compiling sct v0.6.0
[INFO] [stderr]    Compiling actix-codec v0.4.0-beta.1
[INFO] [stderr]    Compiling simple_asn1 v0.4.1
[INFO] [stderr]    Compiling webpki-roots v0.21.0
[INFO] [stderr]    Compiling env_logger v0.8.3
[INFO] [stderr]    Compiling rustls v0.19.0
[INFO] [stderr]    Compiling futures-macro v0.3.14
[INFO] [stderr]    Compiling actix-macros v0.2.0
[INFO] [stderr]    Compiling time-macros-impl v0.1.1
[INFO] [stderr]    Compiling thiserror-impl v1.0.24
[INFO] [stderr]    Compiling pin-project-internal v1.0.5
[INFO] [stderr]    Compiling actix-rt v2.2.0
[INFO] [stderr]    Compiling derive_more v0.99.11
[INFO] [stderr]    Compiling brotli2 v0.3.2
[INFO] [stderr]    Compiling actix-web-codegen v0.5.0-beta.2
[INFO] [stderr]    Compiling include_dir_impl v0.6.0
[INFO] [stderr]    Compiling actix-server v2.0.0-beta.3
[INFO] [stderr]    Compiling time-macros v0.1.1
[INFO] [stderr]    Compiling include_dir v0.6.0
[INFO] [stderr]    Compiling thiserror v1.0.24
[INFO] [stderr]    Compiling futures-util v0.3.14
[INFO] [stderr]    Compiling sqlformat v0.1.6
[INFO] [stderr]    Compiling pin-project v1.0.5
[INFO] [stderr]    Compiling tokio-rustls v0.22.0
[INFO] [stderr]    Compiling sqlx-rt v0.3.0
[INFO] [stderr]    Compiling actix-tls v3.0.0-beta.5
[INFO] [stderr]    Compiling local-channel v0.1.2
[INFO] [stderr]    Compiling futures-executor v0.3.13
[INFO] [stderr]    Compiling h2 v0.3.1
[INFO] [stderr]    Compiling futures v0.3.13
[INFO] [stderr]    Compiling serde_urlencoded v0.7.0
[INFO] [stderr]    Compiling actix-router v0.2.7
[INFO] [stderr]    Compiling uuid v0.8.2
[INFO] [stderr]    Compiling sqlx-core v0.5.1
[INFO] [stderr]    Compiling actix-http v3.0.0-beta.5
[INFO] [stderr]    Compiling jsonwebtoken v7.2.0
[INFO] [stderr]    Compiling actix-web v4.0.0-beta.5
[INFO] [stderr]    Compiling actix-cors v0.6.0-beta.1
[INFO] [stderr]    Compiling sqlx-macros v0.5.1
[INFO] [stderr]    Compiling sqlx v0.5.1
[INFO] [stderr]    Compiling sodiumoxide v0.2.6
[INFO] [stderr]    Compiling schocken-auth-server v0.1.0 (/opt/rustwide/workdir)
[INFO] [stderr]     Finished `dev` profile [unoptimized + debuginfo] target(s) in 1m 56s
[INFO] [stderr] warning: the following packages contain code that will be rejected by a future version of Rust: nom v6.1.2, sqlx-macros v0.5.1
[INFO] [stderr] note: to see what the problems were, use the option `--future-incompat-report`, or run `cargo report future-incompatibilities --id 1`
[INFO] running `Command { std: "docker" "inspect" "9de42f2482abe4489a23987344f6ffe0bb1c3471533f9fc52fb0fa51eab165ef", kill_on_drop: false }`
[INFO] running `Command { std: "docker" "rm" "-f" "9de42f2482abe4489a23987344f6ffe0bb1c3471533f9fc52fb0fa51eab165ef", kill_on_drop: false }`
[INFO] [stdout] 9de42f2482abe4489a23987344f6ffe0bb1c3471533f9fc52fb0fa51eab165ef
[INFO] running `Command { std: "docker" "create" "-v" "/var/lib/crater-agent-workspace/builds/worker-1-tc1/target:/opt/rustwide/target:rw,Z" "-v" "/var/lib/crater-agent-workspace/builds/worker-1-tc1/source:/opt/rustwide/workdir:ro,Z" "-v" "/var/lib/crater-agent-workspace/cargo-home:/opt/rustwide/cargo-home:ro,Z" "-v" "/var/lib/crater-agent-workspace/rustup-home:/opt/rustwide/rustup-home:ro,Z" "-e" "SOURCE_DIR=/opt/rustwide/workdir" "-e" "CARGO_TARGET_DIR=/opt/rustwide/target" "-e" "CARGO_INCREMENTAL=0" "-e" "RUST_BACKTRACE=full" "-e" "RUSTFLAGS=--cap-lints=forbid" "-e" "RUSTDOCFLAGS=--cap-lints=forbid" "-e" "CARGO_HOME=/opt/rustwide/cargo-home" "-e" "RUSTUP_HOME=/opt/rustwide/rustup-home" "-w" "/opt/rustwide/workdir" "-m" "1610612736" "--user" "0:0" "--network" "none" "ghcr.io/rust-lang/crates-build-env/linux@sha256:819108c5571ea2e421544af4d832f968d213c87fbe3707a016657f43d2f853bc" "/opt/rustwide/cargo-home/bin/cargo" "+nightly-2025-01-18" "test" "--frozen" "--no-run" "--message-format=json", kill_on_drop: false }`
[INFO] [stdout] e4cb9b85d9a0ef72ac089fa54d1677f32fd4579276b4cddd44b629ff4a92dbe0
[INFO] running `Command { std: "docker" "start" "-a" "e4cb9b85d9a0ef72ac089fa54d1677f32fd4579276b4cddd44b629ff4a92dbe0", kill_on_drop: false }`
[INFO] [stderr]    Compiling try-lock v0.2.3
[INFO] [stderr]    Compiling http-body v0.4.1
[INFO] [stderr]    Compiling socket2 v0.3.19
[INFO] [stderr]    Compiling httpdate v0.3.2
[INFO] [stderr]    Compiling tower-service v0.3.1
[INFO] [stderr]    Compiling publicsuffix v1.5.6
[INFO] [stderr]    Compiling ipnet v2.3.0
[INFO] [stderr]    Compiling mock-it v0.3.0
[INFO] [stderr]    Compiling want v0.3.0
[INFO] [stderr]    Compiling cookie_store v0.12.0
[INFO] [stderr]    Compiling hyper v0.14.4
[INFO] [stderr]    Compiling hyper-rustls v0.22.1
[INFO] [stderr]    Compiling reqwest v0.11.2
[INFO] [stderr]    Compiling schocken-auth-server v0.1.0 (/opt/rustwide/workdir)
[INFO] [stderr]     Finished `test` profile [unoptimized + debuginfo] target(s) in 14.40s
[INFO] [stderr] warning: the following packages contain code that will be rejected by a future version of Rust: nom v6.1.2, sqlx-macros v0.5.1
[INFO] [stderr] note: to see what the problems were, use the option `--future-incompat-report`, or run `cargo report future-incompatibilities --id 1`
[INFO] running `Command { std: "docker" "inspect" "e4cb9b85d9a0ef72ac089fa54d1677f32fd4579276b4cddd44b629ff4a92dbe0", kill_on_drop: false }`
[INFO] running `Command { std: "docker" "rm" "-f" "e4cb9b85d9a0ef72ac089fa54d1677f32fd4579276b4cddd44b629ff4a92dbe0", kill_on_drop: false }`
[INFO] [stdout] e4cb9b85d9a0ef72ac089fa54d1677f32fd4579276b4cddd44b629ff4a92dbe0
[INFO] running `Command { std: "docker" "create" "-v" "/var/lib/crater-agent-workspace/builds/worker-1-tc1/target:/opt/rustwide/target:rw,Z" "-v" "/var/lib/crater-agent-workspace/builds/worker-1-tc1/source:/opt/rustwide/workdir:ro,Z" "-v" "/var/lib/crater-agent-workspace/cargo-home:/opt/rustwide/cargo-home:ro,Z" "-v" "/var/lib/crater-agent-workspace/rustup-home:/opt/rustwide/rustup-home:ro,Z" "-e" "SOURCE_DIR=/opt/rustwide/workdir" "-e" "CARGO_TARGET_DIR=/opt/rustwide/target" "-e" "CARGO_INCREMENTAL=0" "-e" "RUST_BACKTRACE=full" "-e" "RUSTFLAGS=--cap-lints=forbid" "-e" "RUSTDOCFLAGS=--cap-lints=forbid" "-e" "CARGO_HOME=/opt/rustwide/cargo-home" "-e" "RUSTUP_HOME=/opt/rustwide/rustup-home" "-w" "/opt/rustwide/workdir" "-m" "1610612736" "--user" "0:0" "--network" "none" "ghcr.io/rust-lang/crates-build-env/linux@sha256:819108c5571ea2e421544af4d832f968d213c87fbe3707a016657f43d2f853bc" "/opt/rustwide/cargo-home/bin/cargo" "+nightly-2025-01-18" "test" "--frozen", kill_on_drop: false }`
[INFO] [stdout] d63f371caacea7b7a1bcae0b92308f59274c4555d1a708d275ff1d40a3f6c747
[INFO] running `Command { std: "docker" "start" "-a" "d63f371caacea7b7a1bcae0b92308f59274c4555d1a708d275ff1d40a3f6c747", kill_on_drop: false }`
[INFO] [stderr]     Finished `test` profile [unoptimized + debuginfo] target(s) in 0.23s
[INFO] [stderr] warning: the following packages contain code that will be rejected by a future version of Rust: nom v6.1.2, sqlx-macros v0.5.1
[INFO] [stderr] note: to see what the problems were, use the option `--future-incompat-report`, or run `cargo report future-incompatibilities --id 1`
[INFO] [stderr]      Running unittests build_deps.rs (/opt/rustwide/target/debug/deps/build_deps-71720d2bbf4646ee)
[INFO] [stdout] 
[INFO] [stdout] running 0 tests
[INFO] [stdout] 
[INFO] [stdout] test result: ok. 0 passed; 0 failed; 0 ignored; 0 measured; 0 filtered out; finished in 0.00s
[INFO] [stdout] 
[INFO] [stderr]      Running unittests src/main.rs (/opt/rustwide/target/debug/deps/schocken_auth_server-34826968738cd962)
[INFO] [stdout] 
[INFO] [stdout] running 20 tests
[INFO] [stdout] test auth_hexagon::auth_service_domain::test_session::test_session_token ... ok
[INFO] [stdout] test auth_hexagon::auth_service_domain::test_csrf::test_session_token ... ok
[INFO] [stdout] test auth_hexagon::auth_service_rest_adapter::endpoint_auth::test::test_auth_session_wrong_cookie ... ok
[INFO] [stdout] test auth_hexagon::auth_service_rest_adapter::endpoint_auth::test::test_auth_session_create_success ... ok
[INFO] [stdout] test auth_hexagon::auth_service_rest_adapter::endpoint_auth::test::test_auth_session_delete_no_csrf_header ... ok
[INFO] [stdout] test auth_hexagon::auth_service_rest_adapter::endpoint_auth::test::test_auth_session_create_unauthorized ... ok
[INFO] [stdout] test auth_hexagon::auth_service_rest_adapter::endpoint_day0::test::test_register_day0 ... ok
[INFO] [stdout] test auth_hexagon::auth_service_rest_adapter::endpoint_auth::test::test_auth_session_delete_no_csrf_cookie ... ok
[INFO] [stdout] test auth_hexagon::auth_service_rest_adapter::endpoint_day0::test::test_register_day0_corrupted_request ... ok
[INFO] [stdout] test auth_hexagon::auth_service_rest_adapter::endpoint_auth::test::test_auth_session_no_cookie ... ok
[INFO] [stdout] test auth_hexagon::auth_service_rest_adapter::endpoint_auth::test::test_auth_session_delete_csrf_invalid ... ok
[INFO] [stdout] test auth_hexagon::auth_service_rest_adapter::endpoint_auth::test::test_auth_session_delete_success ... ok
[INFO] [stdout] test auth_hexagon::auth_service_rest_adapter::endpoint_auth::test::test_auth_session_validate_success ... ok
[INFO] [stdout] test auth_hexagon::auth_service_rest_adapter::endpoint_csrf::test::test_create_csrf ... ok
[INFO] [stdout] test auth_hexagon::auth_service_rest_adapter::rest_api_test::test_not_found ... ok
[INFO] [stdout] test auth_hexagon::auth_store_pg_adapter::tests::test_auth_password ... FAILED
[INFO] [stdout] test auth_hexagon::auth_store_pg_adapter::tests::test_day0_registration_with_unknown_token ... FAILED
[INFO] [stdout] test auth_hexagon::auth_store_pg_adapter::tests::test_day0_registration_success ... FAILED
[INFO] [stdout] test auth_hexagon::auth_store_pg_adapter::tests::test_session ... FAILED
[INFO] [stdout] test auth_hexagon::auth_store_pg_adapter::tests::test_set_day0_token_twice ... FAILED
[INFO] [stdout] 
[INFO] [stdout] failures:
[INFO] [stdout] 
[INFO] [stdout] ---- auth_hexagon::auth_store_pg_adapter::tests::test_auth_password stdout ----
[INFO] [stdout] DB Name: test_auth_password_2731720bd7ef4a3d92acc90e9487c6b7
[INFO] [stdout] 
[INFO] [stdout] thread 'auth_hexagon::auth_store_pg_adapter::tests::test_auth_password' panicked at src/auth_hexagon/auth_store_pg_adapter/test_utils.rs:24:10:
[INFO] [stdout] called `Result::unwrap()` on an `Err` value: ConnectivityProblem("556cd632-9d5f-476d-92cc-bc33152fdcbe", "pool timed out while waiting for an open connection")
[INFO] [stdout] stack backtrace:
[INFO] [stdout]    0:     0x59a06f971d9a - std::backtrace_rs::backtrace::libunwind::trace::hb059275cfc8d6126
[INFO] [stdout]                                at /rustc/6067b36314ab5eb2eb47cecc464545ba58e1ad24/library/std/src/../../backtrace/src/backtrace/libunwind.rs:116:5
[INFO] [stdout]    1:     0x59a06f971d9a - std::backtrace_rs::backtrace::trace_unsynchronized::h2da071e4327ce3ee
[INFO] [stdout]                                at /rustc/6067b36314ab5eb2eb47cecc464545ba58e1ad24/library/std/src/../../backtrace/src/backtrace/mod.rs:66:5
[INFO] [stdout]    2:     0x59a06f971d9a - std::sys::backtrace::_print_fmt::h842a1474e6f8d23f
[INFO] [stdout]                                at /rustc/6067b36314ab5eb2eb47cecc464545ba58e1ad24/library/std/src/sys/backtrace.rs:66:9
[INFO] [stdout]    3:     0x59a06f971d9a - <std::sys::backtrace::BacktraceLock::print::DisplayBacktrace as core::fmt::Display>::fmt::h71a62eb3b9696b12
[INFO] [stdout]                                at /rustc/6067b36314ab5eb2eb47cecc464545ba58e1ad24/library/std/src/sys/backtrace.rs:39:26
[INFO] [stdout]    4:     0x59a06f99e6a3 - core::fmt::rt::Argument::fmt::hdb6b616786b41dc1
[INFO] [stdout]                                at /rustc/6067b36314ab5eb2eb47cecc464545ba58e1ad24/library/core/src/fmt/rt.rs:177:76
[INFO] [stdout]    5:     0x59a06f99e6a3 - core::fmt::write::h2cc1698af7e2d686
[INFO] [stdout]                                at /rustc/6067b36314ab5eb2eb47cecc464545ba58e1ad24/library/core/src/fmt/mod.rs:1440:21
[INFO] [stdout]    6:     0x59a06f96db43 - std::io::Write::write_fmt::hab1b4cd059a79022
[INFO] [stdout]                                at /rustc/6067b36314ab5eb2eb47cecc464545ba58e1ad24/library/std/src/io/mod.rs:1887:15
[INFO] [stdout]    7:     0x59a06f971be2 - std::sys::backtrace::BacktraceLock::print::h147fe35b4ea13b08
[INFO] [stdout]                                at /rustc/6067b36314ab5eb2eb47cecc464545ba58e1ad24/library/std/src/sys/backtrace.rs:42:9
[INFO] [stdout]    8:     0x59a06f9731bf - std::panicking::default_hook::{{closure}}::hbd44223dbdc0d208
[INFO] [stdout]                                at /rustc/6067b36314ab5eb2eb47cecc464545ba58e1ad24/library/std/src/panicking.rs:298:22
[INFO] [stdout]    9:     0x59a06f972fd8 - std::panicking::default_hook::h20f81eb0576efcec
[INFO] [stdout]                                at /rustc/6067b36314ab5eb2eb47cecc464545ba58e1ad24/library/std/src/panicking.rs:322:9
[INFO] [stdout]   10:     0x59a06ef530e3 - <alloc::boxed::Box<F,A> as core::ops::function::Fn<Args>>::call::hdb53814c496a4d34
[INFO] [stdout]                                at /rustc/6067b36314ab5eb2eb47cecc464545ba58e1ad24/library/alloc/src/boxed.rs:2027:9
[INFO] [stdout]   11:     0x59a06ef530e3 - test::test_main::{{closure}}::hc0a4963c59427c24
[INFO] [stdout]                                at /rustc/6067b36314ab5eb2eb47cecc464545ba58e1ad24/library/test/src/lib.rs:134:21
[INFO] [stdout]   12:     0x59a06f973cb3 - <alloc::boxed::Box<F,A> as core::ops::function::Fn<Args>>::call::h591b2225413a77e9
[INFO] [stdout]                                at /rustc/6067b36314ab5eb2eb47cecc464545ba58e1ad24/library/alloc/src/boxed.rs:2027:9
[INFO] [stdout]   13:     0x59a06f973cb3 - std::panicking::rust_panic_with_hook::h625eea43051b2edc
[INFO] [stdout]                                at /rustc/6067b36314ab5eb2eb47cecc464545ba58e1ad24/library/std/src/panicking.rs:839:13
[INFO] [stdout]   14:     0x59a06f97396a - std::panicking::begin_panic_handler::{{closure}}::h4f9159cfbc3f6bd3
[INFO] [stdout]                                at /rustc/6067b36314ab5eb2eb47cecc464545ba58e1ad24/library/std/src/panicking.rs:704:13
[INFO] [stdout]   15:     0x59a06f972299 - std::sys::backtrace::__rust_end_short_backtrace::h0390abce48353151
[INFO] [stdout]                                at /rustc/6067b36314ab5eb2eb47cecc464545ba58e1ad24/library/std/src/sys/backtrace.rs:168:18
[INFO] [stdout]   16:     0x59a06f9735fd - rust_begin_unwind
[INFO] [stdout]                                at /rustc/6067b36314ab5eb2eb47cecc464545ba58e1ad24/library/std/src/panicking.rs:695:5
[INFO] [stdout]   17:     0x59a06f99cc20 - core::panicking::panic_fmt::h9e7c637e9e5f29c9
[INFO] [stdout]                                at /rustc/6067b36314ab5eb2eb47cecc464545ba58e1ad24/library/core/src/panicking.rs:75:14
[INFO] [stdout]   18:     0x59a06f99d096 - core::result::unwrap_failed::h7979f09313fe1849
[INFO] [stdout]                                at /rustc/6067b36314ab5eb2eb47cecc464545ba58e1ad24/library/core/src/result.rs:1704:5
[INFO] [stdout]   19:     0x59a06ee3ab13 - core::result::Result<T,E>::unwrap::h524d0e3648ea1b82
[INFO] [stdout]                                at /rustc/6067b36314ab5eb2eb47cecc464545ba58e1ad24/library/core/src/result.rs:1109:23
[INFO] [stdout]   20:     0x59a06ee3ab13 - schocken_auth_server::auth_hexagon::auth_store_pg_adapter::test_utils::pg_store_init::{{closure}}::h3b6e25f501f298e2
[INFO] [stdout]                                at /opt/rustwide/workdir/src/auth_hexagon/auth_store_pg_adapter/test_utils.rs:22:5
[INFO] [stdout]   21:     0x59a06ee15703 - schocken_auth_server::auth_hexagon::auth_store_pg_adapter::tests::test_auth_password::{{closure}}::h51d3db5a0d45b16d
[INFO] [stdout]                                at /opt/rustwide/workdir/src/auth_hexagon/auth_store_pg_adapter.rs:332:57
[INFO] [stdout]   22:     0x59a06edaa140 - <tokio::task::local::RunUntil<T> as core::future::future::Future>::poll::{{closure}}::{{closure}}::h8161ff02e2fd5777
[INFO] [stdout]                                at /opt/rustwide/cargo-home/registry/src/index.crates.io-1949cf8c6b5b557f/tokio-1.3.0/src/task/local.rs:634:65
[INFO] [stdout]   23:     0x59a06ee324a3 - tokio::coop::with_budget::{{closure}}::hbc5bc941054397aa
[INFO] [stdout]                                at /opt/rustwide/cargo-home/registry/src/index.crates.io-1949cf8c6b5b557f/tokio-1.3.0/src/coop.rs:106:9
[INFO] [stdout]   24:     0x59a06ed6ff95 - std::thread::local::LocalKey<T>::try_with::h281c972e1e7ab560
[INFO] [stdout]                                at /rustc/6067b36314ab5eb2eb47cecc464545ba58e1ad24/library/std/src/thread/local.rs:308:12
[INFO] [stdout]   25:     0x59a06ed6dcaa - std::thread::local::LocalKey<T>::with::h952320a7ea74c724
[INFO] [stdout]                                at /rustc/6067b36314ab5eb2eb47cecc464545ba58e1ad24/library/std/src/thread/local.rs:272:9
[INFO] [stdout]   26:     0x59a06eda8422 - tokio::coop::with_budget::he85d65ab75dfd380
[INFO] [stdout]                                at /opt/rustwide/cargo-home/registry/src/index.crates.io-1949cf8c6b5b557f/tokio-1.3.0/src/coop.rs:99:5
[INFO] [stdout]   27:     0x59a06eda8422 - tokio::coop::budget::hd75696b313a37dc6
[INFO] [stdout]                                at /opt/rustwide/cargo-home/registry/src/index.crates.io-1949cf8c6b5b557f/tokio-1.3.0/src/coop.rs:76:5
[INFO] [stdout]   28:     0x59a06eda8422 - <tokio::task::local::RunUntil<T> as core::future::future::Future>::poll::{{closure}}::h772b84d9c5c1c18f
[INFO] [stdout]                                at /opt/rustwide/cargo-home/registry/src/index.crates.io-1949cf8c6b5b557f/tokio-1.3.0/src/task/local.rs:634:42
[INFO] [stdout]   29:     0x59a06edcdf0d - tokio::macros::scoped_tls::ScopedKey<T>::set::h087b5e974807d05e
[INFO] [stdout]                                at /opt/rustwide/cargo-home/registry/src/index.crates.io-1949cf8c6b5b557f/tokio-1.3.0/src/macros/scoped_tls.rs:61:9
[INFO] [stdout]   30:     0x59a06eda0057 - tokio::task::local::LocalSet::with::h2423097d7b34c4fa
[INFO] [stdout]                                at /opt/rustwide/cargo-home/registry/src/index.crates.io-1949cf8c6b5b557f/tokio-1.3.0/src/task/local.rs:548:9
[INFO] [stdout]   31:     0x59a06eda6d9a - <tokio::task::local::RunUntil<T> as core::future::future::Future>::poll::h0c28b870d78ddb8a
[INFO] [stdout]                                at /opt/rustwide/cargo-home/registry/src/index.crates.io-1949cf8c6b5b557f/tokio-1.3.0/src/task/local.rs:624:9
[INFO] [stdout]   32:     0x59a06eda14df - tokio::task::local::LocalSet::run_until::{{closure}}::h05d9a10413b3ecf2
[INFO] [stdout]                                at /opt/rustwide/cargo-home/registry/src/index.crates.io-1949cf8c6b5b557f/tokio-1.3.0/src/task/local.rs:498:19
[INFO] [stdout]   33:     0x59a06ee21ebd - <core::pin::Pin<P> as core::future::future::Future>::poll::hd974e1761fd1eb72
[INFO] [stdout]                                at /rustc/6067b36314ab5eb2eb47cecc464545ba58e1ad24/library/core/src/future/future.rs:124:9
[INFO] [stdout]   34:     0x59a06ed85b9f - tokio::runtime::basic_scheduler::Inner<P>::block_on::{{closure}}::{{closure}}::h16f38cf0d5312d3c
[INFO] [stdout]                                at /opt/rustwide/cargo-home/registry/src/index.crates.io-1949cf8c6b5b557f/tokio-1.3.0/src/runtime/basic_scheduler.rs:184:58
[INFO] [stdout]   35:     0x59a06ee30953 - tokio::coop::with_budget::{{closure}}::h885bff614c979cbc
[INFO] [stdout]                                at /opt/rustwide/cargo-home/registry/src/index.crates.io-1949cf8c6b5b557f/tokio-1.3.0/src/coop.rs:106:9
[INFO] [stdout]   36:     0x59a06ed73585 - std::thread::local::LocalKey<T>::try_with::h9f82f6b819563f03
[INFO] [stdout]                                at /rustc/6067b36314ab5eb2eb47cecc464545ba58e1ad24/library/std/src/thread/local.rs:308:12
[INFO] [stdout]   37:     0x59a06ed6ceda - std::thread::local::LocalKey<T>::with::h155dad1c5b079e80
[INFO] [stdout]                                at /rustc/6067b36314ab5eb2eb47cecc464545ba58e1ad24/library/std/src/thread/local.rs:272:9
[INFO] [stdout]   38:     0x59a06ed84d5c - tokio::coop::with_budget::ha076854fc1c11356
[INFO] [stdout]                                at /opt/rustwide/cargo-home/registry/src/index.crates.io-1949cf8c6b5b557f/tokio-1.3.0/src/coop.rs:99:5
[INFO] [stdout]   39:     0x59a06ed84d5c - tokio::coop::budget::h43eea057cb67e8cf
[INFO] [stdout]                                at /opt/rustwide/cargo-home/registry/src/index.crates.io-1949cf8c6b5b557f/tokio-1.3.0/src/coop.rs:76:5
[INFO] [stdout]   40:     0x59a06ed84d5c - tokio::runtime::basic_scheduler::Inner<P>::block_on::{{closure}}::hedaa0ad627c416ab
[INFO] [stdout]                                at /opt/rustwide/cargo-home/registry/src/index.crates.io-1949cf8c6b5b557f/tokio-1.3.0/src/runtime/basic_scheduler.rs:184:35
[INFO] [stdout]   41:     0x59a06ed91c5a - tokio::runtime::basic_scheduler::enter::{{closure}}::hd23d750803d5b04e
[INFO] [stdout]                                at /opt/rustwide/cargo-home/registry/src/index.crates.io-1949cf8c6b5b557f/tokio-1.3.0/src/runtime/basic_scheduler.rs:266:29
[INFO] [stdout]   42:     0x59a06edd00e5 - tokio::macros::scoped_tls::ScopedKey<T>::set::hf00b49fdb45fab87
[INFO] [stdout]                                at /opt/rustwide/cargo-home/registry/src/index.crates.io-1949cf8c6b5b557f/tokio-1.3.0/src/macros/scoped_tls.rs:61:9
[INFO] [stdout]   43:     0x59a06ed8dc88 - tokio::runtime::basic_scheduler::enter::h375f2fbe9da43c44
[INFO] [stdout]                                at /opt/rustwide/cargo-home/registry/src/index.crates.io-1949cf8c6b5b557f/tokio-1.3.0/src/runtime/basic_scheduler.rs:266:5
[INFO] [stdout]   44:     0x59a06ed7c723 - tokio::runtime::basic_scheduler::Inner<P>::block_on::hf30d17d9d395f7ab
[INFO] [stdout]                                at /opt/rustwide/cargo-home/registry/src/index.crates.io-1949cf8c6b5b557f/tokio-1.3.0/src/runtime/basic_scheduler.rs:176:9
[INFO] [stdout]   45:     0x59a06ed87579 - tokio::runtime::basic_scheduler::InnerGuard<P>::block_on::h650c8f37d988cd33
[INFO] [stdout]                                at /opt/rustwide/cargo-home/registry/src/index.crates.io-1949cf8c6b5b557f/tokio-1.3.0/src/runtime/basic_scheduler.rs:405:9
[INFO] [stdout]   46:     0x59a06ed8a7a6 - tokio::runtime::basic_scheduler::BasicScheduler<P>::block_on::hbbb99091b325f279
[INFO] [stdout]                                at /opt/rustwide/cargo-home/registry/src/index.crates.io-1949cf8c6b5b557f/tokio-1.3.0/src/runtime/basic_scheduler.rs:136:24
[INFO] [stdout]   47:     0x59a06edd1d8a - tokio::runtime::Runtime::block_on::h0b7ec35810104bca
[INFO] [stdout]                                at /opt/rustwide/cargo-home/registry/src/index.crates.io-1949cf8c6b5b557f/tokio-1.3.0/src/runtime/mod.rs:450:46
[INFO] [stdout]   48:     0x59a06eda07a7 - tokio::task::local::LocalSet::block_on::hb5417046c10885e7
[INFO] [stdout]                                at /opt/rustwide/cargo-home/registry/src/index.crates.io-1949cf8c6b5b557f/tokio-1.3.0/src/task/local.rs:459:9
[INFO] [stdout]   49:     0x59a06edaa80a - actix_rt::runtime::Runtime::block_on::h83d07153215139e1
[INFO] [stdout]                                at /opt/rustwide/cargo-home/registry/src/index.crates.io-1949cf8c6b5b557f/actix-rt-2.2.0/src/runtime.rs:85:9
[INFO] [stdout]   50:     0x59a06ee508ba - actix_rt::system::SystemRunner::block_on::he01295645aabd551
[INFO] [stdout]                                at /opt/rustwide/cargo-home/registry/src/index.crates.io-1949cf8c6b5b557f/actix-rt-2.2.0/src/system.rs:186:9
[INFO] [stdout]   51:     0x59a06ee15489 - schocken_auth_server::auth_hexagon::auth_store_pg_adapter::tests::test_auth_password::h6e688b9ee373a17c
[INFO] [stdout]                                at /opt/rustwide/workdir/src/auth_hexagon/auth_store_pg_adapter.rs:329:5
[INFO] [stdout]   52:     0x59a06ee15427 - schocken_auth_server::auth_hexagon::auth_store_pg_adapter::tests::test_auth_password::{{closure}}::h3861090d21a3b80b
[INFO] [stdout]                                at /opt/rustwide/workdir/src/auth_hexagon/auth_store_pg_adapter.rs:331:34
[INFO] [stdout]   53:     0x59a06ed4a746 - core::ops::function::FnOnce::call_once::h212e1c098aa7b845
[INFO] [stdout]                                at /rustc/6067b36314ab5eb2eb47cecc464545ba58e1ad24/library/core/src/ops/function.rs:250:5
[INFO] [stdout]   54:     0x59a06ef5883b - core::ops::function::FnOnce::call_once::he27718dfdd183f43
[INFO] [stdout]                                at /rustc/6067b36314ab5eb2eb47cecc464545ba58e1ad24/library/core/src/ops/function.rs:250:5
[INFO] [stdout]   55:     0x59a06ef5883b - test::__rust_begin_short_backtrace::h4e84902998457a5d
[INFO] [stdout]                                at /rustc/6067b36314ab5eb2eb47cecc464545ba58e1ad24/library/test/src/lib.rs:632:18
[INFO] [stdout]   56:     0x59a06ef57773 - test::run_test_in_process::{{closure}}::h7176fd18fc1feca0
[INFO] [stdout]                                at /rustc/6067b36314ab5eb2eb47cecc464545ba58e1ad24/library/test/src/lib.rs:655:60
[INFO] [stdout]   57:     0x59a06ef57773 - <core::panic::unwind_safe::AssertUnwindSafe<F> as core::ops::function::FnOnce<()>>::call_once::hf79cff2a624d8cf7
[INFO] [stdout]                                at /rustc/6067b36314ab5eb2eb47cecc464545ba58e1ad24/library/core/src/panic/unwind_safe.rs:272:9
[INFO] [stdout]   58:     0x59a06ef57773 - std::panicking::try::do_call::h3da0561d9ab99c25
[INFO] [stdout]                                at /rustc/6067b36314ab5eb2eb47cecc464545ba58e1ad24/library/std/src/panicking.rs:587:40
[INFO] [stdout]   59:     0x59a06ef57773 - std::panicking::try::h41c9fa508bc61df6
[INFO] [stdout]                                at /rustc/6067b36314ab5eb2eb47cecc464545ba58e1ad24/library/std/src/panicking.rs:550:19
[INFO] [stdout]   60:     0x59a06ef57773 - std::panic::catch_unwind::h6b3ff07bb5afad93
[INFO] [stdout]                                at /rustc/6067b36314ab5eb2eb47cecc464545ba58e1ad24/library/std/src/panic.rs:358:14
[INFO] [stdout]   61:     0x59a06ef57773 - test::run_test_in_process::hc7253dd11b39b9f4
[INFO] [stdout]                                at /rustc/6067b36314ab5eb2eb47cecc464545ba58e1ad24/library/test/src/lib.rs:655:27
[INFO] [stdout]   62:     0x59a06ef57773 - test::run_test::{{closure}}::hfb2007f8649c30bb
[INFO] [stdout]                                at /rustc/6067b36314ab5eb2eb47cecc464545ba58e1ad24/library/test/src/lib.rs:576:43
[INFO] [stdout]   63:     0x59a06ef1a855 - test::run_test::{{closure}}::h56a17aa7a282a9f4
[INFO] [stdout]                                at /rustc/6067b36314ab5eb2eb47cecc464545ba58e1ad24/library/test/src/lib.rs:606:41
[INFO] [stdout]   64:     0x59a06ef1a855 - std::sys::backtrace::__rust_begin_short_backtrace::hd2d2d2fb8e8c6aac
[INFO] [stdout]                                at /rustc/6067b36314ab5eb2eb47cecc464545ba58e1ad24/library/std/src/sys/backtrace.rs:152:18
[INFO] [stdout]   65:     0x59a06ef1e13a - std::thread::Builder::spawn_unchecked_::{{closure}}::{{closure}}::h4faa3f9db6133423
[INFO] [stdout]                                at /rustc/6067b36314ab5eb2eb47cecc464545ba58e1ad24/library/std/src/thread/mod.rs:559:17
[INFO] [stdout]   66:     0x59a06ef1e13a - <core::panic::unwind_safe::AssertUnwindSafe<F> as core::ops::function::FnOnce<()>>::call_once::hf2e855a36a4ea846
[INFO] [stdout]                                at /rustc/6067b36314ab5eb2eb47cecc464545ba58e1ad24/library/core/src/panic/unwind_safe.rs:272:9
[INFO] [stdout]   67:     0x59a06ef1e13a - std::panicking::try::do_call::h2f73af3616c35465
[INFO] [stdout]                                at /rustc/6067b36314ab5eb2eb47cecc464545ba58e1ad24/library/std/src/panicking.rs:587:40
[INFO] [stdout]   68:     0x59a06ef1e13a - std::panicking::try::hd1660ce9efadef5a
[INFO] [stdout]                                at /rustc/6067b36314ab5eb2eb47cecc464545ba58e1ad24/library/std/src/panicking.rs:550:19
[INFO] [stdout]   69:     0x59a06ef1e13a - std::panic::catch_unwind::h5ee8d7823b8ca744
[INFO] [stdout]                                at /rustc/6067b36314ab5eb2eb47cecc464545ba58e1ad24/library/std/src/panic.rs:358:14
[INFO] [stdout]   70:     0x59a06ef1e13a - std::thread::Builder::spawn_unchecked_::{{closure}}::h53c3a1894dce8407
[INFO] [stdout]                                at /rustc/6067b36314ab5eb2eb47cecc464545ba58e1ad24/library/std/src/thread/mod.rs:557:30
[INFO] [stdout]   71:     0x59a06ef1e13a - core::ops::function::FnOnce::call_once{{vtable.shim}}::h048ce291ad4f62bf
[INFO] [stdout]                                at /rustc/6067b36314ab5eb2eb47cecc464545ba58e1ad24/library/core/src/ops/function.rs:250:5
[INFO] [stdout]   72:     0x59a06f97809b - <alloc::boxed::Box<F,A> as core::ops::function::FnOnce<Args>>::call_once::ha52bedf99a3b4981
[INFO] [stdout]                                at /rustc/6067b36314ab5eb2eb47cecc464545ba58e1ad24/library/alloc/src/boxed.rs:2013:9
[INFO] [stdout]   73:     0x59a06f97809b - <alloc::boxed::Box<F,A> as core::ops::function::FnOnce<Args>>::call_once::h567748934d80ccf8
[INFO] [stdout]                                at /rustc/6067b36314ab5eb2eb47cecc464545ba58e1ad24/library/alloc/src/boxed.rs:2013:9
[INFO] [stdout]   74:     0x59a06f97809b - std::sys::pal::unix::thread::Thread::new::thread_start::h2d970728ae887adc
[INFO] [stdout]                                at /rustc/6067b36314ab5eb2eb47cecc464545ba58e1ad24/library/std/src/sys/pal/unix/thread.rs:106:17
[INFO] [stdout]   75:     0x784d602aaac3 - <unknown>
[INFO] [stdout]   76:     0x784d6033ba04 - clone
[INFO] [stdout]   77:                0x0 - <unknown>
[INFO] [stdout] 
[INFO] [stdout] ---- auth_hexagon::auth_store_pg_adapter::tests::test_day0_registration_with_unknown_token stdout ----
[INFO] [stdout] DB Name: test_day0_registration_with_unknown_token_3fe88f0bce474bdeb4923
[INFO] [stdout] 
[INFO] [stdout] thread 'auth_hexagon::auth_store_pg_adapter::tests::test_day0_registration_with_unknown_token' panicked at src/auth_hexagon/auth_store_pg_adapter/test_utils.rs:24:10:
[INFO] [stdout] called `Result::unwrap()` on an `Err` value: ConnectivityProblem("bebdb1b4-6768-4cec-85f5-61aabfa02f8c", "pool timed out while waiting for an open connection")
[INFO] [stdout] stack backtrace:
[INFO] [stdout]    0:     0x59a06f971d9a - std::backtrace_rs::backtrace::libunwind::trace::hb059275cfc8d6126
[INFO] [stdout]                                at /rustc/6067b36314ab5eb2eb47cecc464545ba58e1ad24/library/std/src/../../backtrace/src/backtrace/libunwind.rs:116:5
[INFO] [stdout]    1:     0x59a06f971d9a - std::backtrace_rs::backtrace::trace_unsynchronized::h2da071e4327ce3ee
[INFO] [stdout]                                at /rustc/6067b36314ab5eb2eb47cecc464545ba58e1ad24/library/std/src/../../backtrace/src/backtrace/mod.rs:66:5
[INFO] [stdout]    2:     0x59a06f971d9a - std::sys::backtrace::_print_fmt::h842a1474e6f8d23f
[INFO] [stdout]                                at /rustc/6067b36314ab5eb2eb47cecc464545ba58e1ad24/library/std/src/sys/backtrace.rs:66:9
[INFO] [stdout]    3:     0x59a06f971d9a - <std::sys::backtrace::BacktraceLock::print::DisplayBacktrace as core::fmt::Display>::fmt::h71a62eb3b9696b12
[INFO] [stdout]                                at /rustc/6067b36314ab5eb2eb47cecc464545ba58e1ad24/library/std/src/sys/backtrace.rs:39:26
[INFO] [stdout]    4:     0x59a06f99e6a3 - core::fmt::rt::Argument::fmt::hdb6b616786b41dc1
[INFO] [stdout]                                at /rustc/6067b36314ab5eb2eb47cecc464545ba58e1ad24/library/core/src/fmt/rt.rs:177:76
[INFO] [stdout]    5:     0x59a06f99e6a3 - core::fmt::write::h2cc1698af7e2d686
[INFO] [stdout]                                at /rustc/6067b36314ab5eb2eb47cecc464545ba58e1ad24/library/core/src/fmt/mod.rs:1440:21
[INFO] [stdout]    6:     0x59a06f96db43 - std::io::Write::write_fmt::hab1b4cd059a79022
[INFO] [stdout]                                at /rustc/6067b36314ab5eb2eb47cecc464545ba58e1ad24/library/std/src/io/mod.rs:1887:15
[INFO] [stdout]    7:     0x59a06f971be2 - std::sys::backtrace::BacktraceLock::print::h147fe35b4ea13b08
[INFO] [stdout]                                at /rustc/6067b36314ab5eb2eb47cecc464545ba58e1ad24/library/std/src/sys/backtrace.rs:42:9
[INFO] [stdout]    8:     0x59a06f9731bf - std::panicking::default_hook::{{closure}}::hbd44223dbdc0d208
[INFO] [stdout]                                at /rustc/6067b36314ab5eb2eb47cecc464545ba58e1ad24/library/std/src/panicking.rs:298:22
[INFO] [stdout]    9:     0x59a06f972fd8 - std::panicking::default_hook::h20f81eb0576efcec
[INFO] [stdout]                                at /rustc/6067b36314ab5eb2eb47cecc464545ba58e1ad24/library/std/src/panicking.rs:322:9
[INFO] [stdout]   10:     0x59a06ef530e3 - <alloc::boxed::Box<F,A> as core::ops::function::Fn<Args>>::call::hdb53814c496a4d34
[INFO] [stdout]                                at /rustc/6067b36314ab5eb2eb47cecc464545ba58e1ad24/library/alloc/src/boxed.rs:2027:9
[INFO] [stdout]   11:     0x59a06ef530e3 - test::test_main::{{closure}}::hc0a4963c59427c24
[INFO] [stdout]                                at /rustc/6067b36314ab5eb2eb47cecc464545ba58e1ad24/library/test/src/lib.rs:134:21
[INFO] [stdout]   12:     0x59a06f973cb3 - <alloc::boxed::Box<F,A> as core::ops::function::Fn<Args>>::call::h591b2225413a77e9
[INFO] [stdout]                                at /rustc/6067b36314ab5eb2eb47cecc464545ba58e1ad24/library/alloc/src/boxed.rs:2027:9
[INFO] [stdout]   13:     0x59a06f973cb3 - std::panicking::rust_panic_with_hook::h625eea43051b2edc
[INFO] [stdout]                                at /rustc/6067b36314ab5eb2eb47cecc464545ba58e1ad24/library/std/src/panicking.rs:839:13
[INFO] [stdout]   14:     0x59a06f97396a - std::panicking::begin_panic_handler::{{closure}}::h4f9159cfbc3f6bd3
[INFO] [stdout]                                at /rustc/6067b36314ab5eb2eb47cecc464545ba58e1ad24/library/std/src/panicking.rs:704:13
[INFO] [stdout]   15:     0x59a06f972299 - std::sys::backtrace::__rust_end_short_backtrace::h0390abce48353151
[INFO] [stdout]                                at /rustc/6067b36314ab5eb2eb47cecc464545ba58e1ad24/library/std/src/sys/backtrace.rs:168:18
[INFO] [stdout]   16:     0x59a06f9735fd - rust_begin_unwind
[INFO] [stdout]                                at /rustc/6067b36314ab5eb2eb47cecc464545ba58e1ad24/library/std/src/panicking.rs:695:5
[INFO] [stdout]   17:     0x59a06f99cc20 - core::panicking::panic_fmt::h9e7c637e9e5f29c9
[INFO] [stdout]                                at /rustc/6067b36314ab5eb2eb47cecc464545ba58e1ad24/library/core/src/panicking.rs:75:14
[INFO] [stdout]   18:     0x59a06f99d096 - core::result::unwrap_failed::h7979f09313fe1849
[INFO] [stdout]                                at /rustc/6067b36314ab5eb2eb47cecc464545ba58e1ad24/library/core/src/result.rs:1704:5
[INFO] [stdout]   19:     0x59a06ee3ab13 - core::result::Result<T,E>::unwrap::h524d0e3648ea1b82
[INFO] [stdout]                                at /rustc/6067b36314ab5eb2eb47cecc464545ba58e1ad24/library/core/src/result.rs:1109:23
[INFO] [stdout]   20:     0x59a06ee3ab13 - schocken_auth_server::auth_hexagon::auth_store_pg_adapter::test_utils::pg_store_init::{{closure}}::h3b6e25f501f298e2
[INFO] [stdout]                                at /opt/rustwide/workdir/src/auth_hexagon/auth_store_pg_adapter/test_utils.rs:22:5
[INFO] [stdout]   21:     0x59a06ee146c9 - schocken_auth_server::auth_hexagon::auth_store_pg_adapter::tests::test_day0_registration_with_unknown_token::{{closure}}::h46d9a450cdca127b
[INFO] [stdout]                                at /opt/rustwide/workdir/src/auth_hexagon/auth_store_pg_adapter.rs:281:80
[INFO] [stdout]   22:     0x59a06edaa2f0 - <tokio::task::local::RunUntil<T> as core::future::future::Future>::poll::{{closure}}::{{closure}}::hf17e64d2a38fa831
[INFO] [stdout]                                at /opt/rustwide/cargo-home/registry/src/index.crates.io-1949cf8c6b5b557f/tokio-1.3.0/src/task/local.rs:634:65
[INFO] [stdout]   23:     0x59a06ee30ce3 - tokio::coop::with_budget::{{closure}}::h8b57e8716159da19
[INFO] [stdout]                                at /opt/rustwide/cargo-home/registry/src/index.crates.io-1949cf8c6b5b557f/tokio-1.3.0/src/coop.rs:106:9
[INFO] [stdout]   24:     0x59a06ed70095 - std::thread::local::LocalKey<T>::try_with::h2b17800e7a24bc0a
[INFO] [stdout]                                at /rustc/6067b36314ab5eb2eb47cecc464545ba58e1ad24/library/std/src/thread/local.rs:308:12
[INFO] [stdout]   25:     0x59a06ed6cdba - std::thread::local::LocalKey<T>::with::h0bcaffd5902cf28c
[INFO] [stdout]                                at /rustc/6067b36314ab5eb2eb47cecc464545ba58e1ad24/library/std/src/thread/local.rs:272:9
[INFO] [stdout]   26:     0x59a06eda8ab2 - tokio::coop::with_budget::h6deb4d1f19fb5c60
[INFO] [stdout]                                at /opt/rustwide/cargo-home/registry/src/index.crates.io-1949cf8c6b5b557f/tokio-1.3.0/src/coop.rs:99:5
[INFO] [stdout]   27:     0x59a06eda8ab2 - tokio::coop::budget::h96614acd066b7f10
[INFO] [stdout]                                at /opt/rustwide/cargo-home/registry/src/index.crates.io-1949cf8c6b5b557f/tokio-1.3.0/src/coop.rs:76:5
[INFO] [stdout]   28:     0x59a06eda8ab2 - <tokio::task::local::RunUntil<T> as core::future::future::Future>::poll::{{closure}}::h91f000460909ac3f
[INFO] [stdout]                                at /opt/rustwide/cargo-home/registry/src/index.crates.io-1949cf8c6b5b557f/tokio-1.3.0/src/task/local.rs:634:42
[INFO] [stdout]   29:     0x59a06edcf73d - tokio::macros::scoped_tls::ScopedKey<T>::set::hb33159a83fb0d8b2
[INFO] [stdout]                                at /opt/rustwide/cargo-home/registry/src/index.crates.io-1949cf8c6b5b557f/tokio-1.3.0/src/macros/scoped_tls.rs:61:9
[INFO] [stdout]   30:     0x59a06eda0177 - tokio::task::local::LocalSet::with::h97eb542db0d0ca26
[INFO] [stdout]                                at /opt/rustwide/cargo-home/registry/src/index.crates.io-1949cf8c6b5b557f/tokio-1.3.0/src/task/local.rs:548:9
[INFO] [stdout]   31:     0x59a06eda715a - <tokio::task::local::RunUntil<T> as core::future::future::Future>::poll::h6b5b468bd951cbd9
[INFO] [stdout]                                at /opt/rustwide/cargo-home/registry/src/index.crates.io-1949cf8c6b5b557f/tokio-1.3.0/src/task/local.rs:624:9
[INFO] [stdout]   32:     0x59a06eda30e0 - tokio::task::local::LocalSet::run_until::{{closure}}::h77bf44f49e4d1142
[INFO] [stdout]                                at /opt/rustwide/cargo-home/registry/src/index.crates.io-1949cf8c6b5b557f/tokio-1.3.0/src/task/local.rs:498:19
[INFO] [stdout]   33:     0x59a06ee21e1d - <core::pin::Pin<P> as core::future::future::Future>::poll::hd7bde2e737f9eeca
[INFO] [stdout]                                at /rustc/6067b36314ab5eb2eb47cecc464545ba58e1ad24/library/core/src/future/future.rs:124:9
[INFO] [stdout]   34:     0x59a06ed86a6f - tokio::runtime::basic_scheduler::Inner<P>::block_on::{{closure}}::{{closure}}::hc41c396793a48d6d
[INFO] [stdout]                                at /opt/rustwide/cargo-home/registry/src/index.crates.io-1949cf8c6b5b557f/tokio-1.3.0/src/runtime/basic_scheduler.rs:184:58
[INFO] [stdout]   35:     0x59a06ee30823 - tokio::coop::with_budget::{{closure}}::h8323b3c2bbaf4af3
[INFO] [stdout]                                at /opt/rustwide/cargo-home/registry/src/index.crates.io-1949cf8c6b5b557f/tokio-1.3.0/src/coop.rs:106:9
[INFO] [stdout]   36:     0x59a06ed70395 - std::thread::local::LocalKey<T>::try_with::h3063d748523fddba
[INFO] [stdout]                                at /rustc/6067b36314ab5eb2eb47cecc464545ba58e1ad24/library/std/src/thread/local.rs:308:12
[INFO] [stdout]   37:     0x59a06ed6d8fa - std::thread::local::LocalKey<T>::with::h7390707085e6bd1c
[INFO] [stdout]                                at /rustc/6067b36314ab5eb2eb47cecc464545ba58e1ad24/library/std/src/thread/local.rs:272:9
[INFO] [stdout]   38:     0x59a06ed81a2c - tokio::coop::with_budget::h159373d0ec560deb
[INFO] [stdout]                                at /opt/rustwide/cargo-home/registry/src/index.crates.io-1949cf8c6b5b557f/tokio-1.3.0/src/coop.rs:99:5
[INFO] [stdout]   39:     0x59a06ed81a2c - tokio::coop::budget::hd62ccaa477cff5d9
[INFO] [stdout]                                at /opt/rustwide/cargo-home/registry/src/index.crates.io-1949cf8c6b5b557f/tokio-1.3.0/src/coop.rs:76:5
[INFO] [stdout]   40:     0x59a06ed81a2c - tokio::runtime::basic_scheduler::Inner<P>::block_on::{{closure}}::h9be98989d396ad13
[INFO] [stdout]                                at /opt/rustwide/cargo-home/registry/src/index.crates.io-1949cf8c6b5b557f/tokio-1.3.0/src/runtime/basic_scheduler.rs:184:35
[INFO] [stdout]   41:     0x59a06ed91b9a - tokio::runtime::basic_scheduler::enter::{{closure}}::h8724da64365784fc
[INFO] [stdout]                                at /opt/rustwide/cargo-home/registry/src/index.crates.io-1949cf8c6b5b557f/tokio-1.3.0/src/runtime/basic_scheduler.rs:266:29
[INFO] [stdout]   42:     0x59a06edceea5 - tokio::macros::scoped_tls::ScopedKey<T>::set::h8625735f0d0de220
[INFO] [stdout]                                at /opt/rustwide/cargo-home/registry/src/index.crates.io-1949cf8c6b5b557f/tokio-1.3.0/src/macros/scoped_tls.rs:61:9
[INFO] [stdout]   43:     0x59a06ed90f48 - tokio::runtime::basic_scheduler::enter::heb623e4ce13c5093
[INFO] [stdout]                                at /opt/rustwide/cargo-home/registry/src/index.crates.io-1949cf8c6b5b557f/tokio-1.3.0/src/runtime/basic_scheduler.rs:266:5
[INFO] [stdout]   44:     0x59a06ed7c623 - tokio::runtime::basic_scheduler::Inner<P>::block_on::h9b1aa18e0f842900
[INFO] [stdout]                                at /opt/rustwide/cargo-home/registry/src/index.crates.io-1949cf8c6b5b557f/tokio-1.3.0/src/runtime/basic_scheduler.rs:176:9
[INFO] [stdout]   45:     0x59a06ed87839 - tokio::runtime::basic_scheduler::InnerGuard<P>::block_on::h7c191ddd7ec69748
[INFO] [stdout]                                at /opt/rustwide/cargo-home/registry/src/index.crates.io-1949cf8c6b5b557f/tokio-1.3.0/src/runtime/basic_scheduler.rs:405:9
[INFO] [stdout]   46:     0x59a06ed89606 - tokio::runtime::basic_scheduler::BasicScheduler<P>::block_on::h6f951e996ca599aa
[INFO] [stdout]                                at /opt/rustwide/cargo-home/registry/src/index.crates.io-1949cf8c6b5b557f/tokio-1.3.0/src/runtime/basic_scheduler.rs:136:24
[INFO] [stdout]   47:     0x59a06edd33ab - tokio::runtime::Runtime::block_on::hb209d7cf5ad72e5d
[INFO] [stdout]                                at /opt/rustwide/cargo-home/registry/src/index.crates.io-1949cf8c6b5b557f/tokio-1.3.0/src/runtime/mod.rs:450:46
[INFO] [stdout]   48:     0x59a06eda05c7 - tokio::task::local::LocalSet::block_on::h65ecc16e437cdc99
[INFO] [stdout]                                at /opt/rustwide/cargo-home/registry/src/index.crates.io-1949cf8c6b5b557f/tokio-1.3.0/src/task/local.rs:459:9
[INFO] [stdout]   49:     0x59a06edaa7aa - actix_rt::runtime::Runtime::block_on::h504e49cb1e9940ab
[INFO] [stdout]                                at /opt/rustwide/cargo-home/registry/src/index.crates.io-1949cf8c6b5b557f/actix-rt-2.2.0/src/runtime.rs:85:9
[INFO] [stdout]   50:     0x59a06ee507fa - actix_rt::system::SystemRunner::block_on::h47a81ef7607e76e5
[INFO] [stdout]                                at /opt/rustwide/cargo-home/registry/src/index.crates.io-1949cf8c6b5b557f/actix-rt-2.2.0/src/system.rs:186:9
[INFO] [stdout]   51:     0x59a06ee14479 - schocken_auth_server::auth_hexagon::auth_store_pg_adapter::tests::test_day0_registration_with_unknown_token::ha8a3d0d0ca780656
[INFO] [stdout]                                at /opt/rustwide/workdir/src/auth_hexagon/auth_store_pg_adapter.rs:278:5
[INFO] [stdout]   52:     0x59a06ee14417 - schocken_auth_server::auth_hexagon::auth_store_pg_adapter::tests::test_day0_registration_with_unknown_token::{{closure}}::h959330875d1a238f
[INFO] [stdout]                                at /opt/rustwide/workdir/src/auth_hexagon/auth_store_pg_adapter.rs:280:57
[INFO] [stdout]   53:     0x59a06ed4b176 - core::ops::function::FnOnce::call_once::hf35cf955f304cb7d
[INFO] [stdout]                                at /rustc/6067b36314ab5eb2eb47cecc464545ba58e1ad24/library/core/src/ops/function.rs:250:5
[INFO] [stdout]   54:     0x59a06ef5883b - core::ops::function::FnOnce::call_once::he27718dfdd183f43
[INFO] [stdout]                                at /rustc/6067b36314ab5eb2eb47cecc464545ba58e1ad24/library/core/src/ops/function.rs:250:5
[INFO] [stdout]   55:     0x59a06ef5883b - test::__rust_begin_short_backtrace::h4e84902998457a5d
[INFO] [stdout]                                at /rustc/6067b36314ab5eb2eb47cecc464545ba58e1ad24/library/test/src/lib.rs:632:18
[INFO] [stdout]   56:     0x59a06ef57773 - test::run_test_in_process::{{closure}}::h7176fd18fc1feca0
[INFO] [stdout]                                at /rustc/6067b36314ab5eb2eb47cecc464545ba58e1ad24/library/test/src/lib.rs:655:60
[INFO] [stdout]   57:     0x59a06ef57773 - <core::panic::unwind_safe::AssertUnwindSafe<F> as core::ops::function::FnOnce<()>>::call_once::hf79cff2a624d8cf7
[INFO] [stdout]                                at /rustc/6067b36314ab5eb2eb47cecc464545ba58e1ad24/library/core/src/panic/unwind_safe.rs:272:9
[INFO] [stdout]   58:     0x59a06ef57773 - std::panicking::try::do_call::h3da0561d9ab99c25
[INFO] [stdout]                                at /rustc/6067b36314ab5eb2eb47cecc464545ba58e1ad24/library/std/src/panicking.rs:587:40
[INFO] [stdout]   59:     0x59a06ef57773 - std::panicking::try::h41c9fa508bc61df6
[INFO] [stdout]                                at /rustc/6067b36314ab5eb2eb47cecc464545ba58e1ad24/library/std/src/panicking.rs:550:19
[INFO] [stdout]   60:     0x59a06ef57773 - std::panic::catch_unwind::h6b3ff07bb5afad93
[INFO] [stdout]                                at /rustc/6067b36314ab5eb2eb47cecc464545ba58e1ad24/library/std/src/panic.rs:358:14
[INFO] [stdout]   61:     0x59a06ef57773 - test::run_test_in_process::hc7253dd11b39b9f4
[INFO] [stdout]                                at /rustc/6067b36314ab5eb2eb47cecc464545ba58e1ad24/library/test/src/lib.rs:655:27
[INFO] [stdout]   62:     0x59a06ef57773 - test::run_test::{{closure}}::hfb2007f8649c30bb
[INFO] [stdout]                                at /rustc/6067b36314ab5eb2eb47cecc464545ba58e1ad24/library/test/src/lib.rs:576:43
[INFO] [stdout]   63:     0x59a06ef1a855 - test::run_test::{{closure}}::h56a17aa7a282a9f4
[INFO] [stdout]                                at /rustc/6067b36314ab5eb2eb47cecc464545ba58e1ad24/library/test/src/lib.rs:606:41
[INFO] [stdout]   64:     0x59a06ef1a855 - std::sys::backtrace::__rust_begin_short_backtrace::hd2d2d2fb8e8c6aac
[INFO] [stdout]                                at /rustc/6067b36314ab5eb2eb47cecc464545ba58e1ad24/library/std/src/sys/backtrace.rs:152:18
[INFO] [stdout]   65:     0x59a06ef1e13a - std::thread::Builder::spawn_unchecked_::{{closure}}::{{closure}}::h4faa3f9db6133423
[INFO] [stdout]                                at /rustc/6067b36314ab5eb2eb47cecc464545ba58e1ad24/library/std/src/thread/mod.rs:559:17
[INFO] [stdout]   66:     0x59a06ef1e13a - <core::panic::unwind_safe::AssertUnwindSafe<F> as core::ops::function::FnOnce<()>>::call_once::hf2e855a36a4ea846
[INFO] [stdout]                                at /rustc/6067b36314ab5eb2eb47cecc464545ba58e1ad24/library/core/src/panic/unwind_safe.rs:272:9
[INFO] [stdout]   67:     0x59a06ef1e13a - std::panicking::try::do_call::h2f73af3616c35465
[INFO] [stdout]                                at /rustc/6067b36314ab5eb2eb47cecc464545ba58e1ad24/library/std/src/panicking.rs:587:40
[INFO] [stdout]   68:     0x59a06ef1e13a - std::panicking::try::hd1660ce9efadef5a
[INFO] [stdout]                                at /rustc/6067b36314ab5eb2eb47cecc464545ba58e1ad24/library/std/src/panicking.rs:550:19
[INFO] [stdout]   69:     0x59a06ef1e13a - std::panic::catch_unwind::h5ee8d7823b8ca744
[INFO] [stdout]                                at /rustc/6067b36314ab5eb2eb47cecc464545ba58e1ad24/library/std/src/panic.rs:358:14
[INFO] [stdout]   70:     0x59a06ef1e13a - std::thread::Builder::spawn_unchecked_::{{closure}}::h53c3a1894dce8407
[INFO] [stdout]                                at /rustc/6067b36314ab5eb2eb47cecc464545ba58e1ad24/library/std/src/thread/mod.rs:557:30
[INFO] [stdout]   71:     0x59a06ef1e13a - core::ops::function::FnOnce::call_once{{vtable.shim}}::h048ce291ad4f62bf
[INFO] [stdout]                                at /rustc/6067b36314ab5eb2eb47cecc464545ba58e1ad24/library/core/src/ops/function.rs:250:5
[INFO] [stdout]   72:     0x59a06f97809b - <alloc::boxed::Box<F,A> as core::ops::function::FnOnce<Args>>::call_once::ha52bedf99a3b4981
[INFO] [stdout]                                at /rustc/6067b36314ab5eb2eb47cecc464545ba58e1ad24/library/alloc/src/boxed.rs:2013:9
[INFO] [stdout]   73:     0x59a06f97809b - <alloc::boxed::Box<F,A> as core::ops::function::FnOnce<Args>>::call_once::h567748934d80ccf8
[INFO] [stdout]                                at /rustc/6067b36314ab5eb2eb47cecc464545ba58e1ad24/library/alloc/src/boxed.rs:2013:9
[INFO] [stdout]   74:     0x59a06f97809b - std::sys::pal::unix::thread::Thread::new::thread_start::h2d970728ae887adc
[INFO] [stdout]                                at /rustc/6067b36314ab5eb2eb47cecc464545ba58e1ad24/library/std/src/sys/pal/unix/thread.rs:106:17
[INFO] [stdout]   75:     0x784d602aaac3 - <unknown>
[INFO] [stdout]   76:     0x784d6033ba04 - clone
[INFO] [stdout]   77:                0x0 - <unknown>
[INFO] [stdout] 
[INFO] [stdout] ---- auth_hexagon::auth_store_pg_adapter::tests::test_day0_registration_success stdout ----
[INFO] [stdout] DB Name: test_day0_registration_success_5113618bf44c4627a0bb94050dfa16c5
[INFO] [stdout] 
[INFO] [stdout] thread 'auth_hexagon::auth_store_pg_adapter::tests::test_day0_registration_success' panicked at src/auth_hexagon/auth_store_pg_adapter/test_utils.rs:24:10:
[INFO] [stdout] called `Result::unwrap()` on an `Err` value: ConnectivityProblem("aae29e9e-17b2-4bd1-9ee8-c04d6dcb0ece", "pool timed out while waiting for an open connection")
[INFO] [stdout] stack backtrace:
[INFO] [stdout]    0:     0x59a06f971d9a - std::backtrace_rs::backtrace::libunwind::trace::hb059275cfc8d6126
[INFO] [stdout]                                at /rustc/6067b36314ab5eb2eb47cecc464545ba58e1ad24/library/std/src/../../backtrace/src/backtrace/libunwind.rs:116:5
[INFO] [stdout]    1:     0x59a06f971d9a - std::backtrace_rs::backtrace::trace_unsynchronized::h2da071e4327ce3ee
[INFO] [stdout]                                at /rustc/6067b36314ab5eb2eb47cecc464545ba58e1ad24/library/std/src/../../backtrace/src/backtrace/mod.rs:66:5
[INFO] [stdout]    2:     0x59a06f971d9a - std::sys::backtrace::_print_fmt::h842a1474e6f8d23f
[INFO] [stdout]                                at /rustc/6067b36314ab5eb2eb47cecc464545ba58e1ad24/library/std/src/sys/backtrace.rs:66:9
[INFO] [stdout]    3:     0x59a06f971d9a - <std::sys::backtrace::BacktraceLock::print::DisplayBacktrace as core::fmt::Display>::fmt::h71a62eb3b9696b12
[INFO] [stdout]                                at /rustc/6067b36314ab5eb2eb47cecc464545ba58e1ad24/library/std/src/sys/backtrace.rs:39:26
[INFO] [stdout]    4:     0x59a06f99e6a3 - core::fmt::rt::Argument::fmt::hdb6b616786b41dc1
[INFO] [stdout]                                at /rustc/6067b36314ab5eb2eb47cecc464545ba58e1ad24/library/core/src/fmt/rt.rs:177:76
[INFO] [stdout]    5:     0x59a06f99e6a3 - core::fmt::write::h2cc1698af7e2d686
[INFO] [stdout]                                at /rustc/6067b36314ab5eb2eb47cecc464545ba58e1ad24/library/core/src/fmt/mod.rs:1440:21
[INFO] [stdout]    6:     0x59a06f96db43 - std::io::Write::write_fmt::hab1b4cd059a79022
[INFO] [stdout]                                at /rustc/6067b36314ab5eb2eb47cecc464545ba58e1ad24/library/std/src/io/mod.rs:1887:15
[INFO] [stdout]    7:     0x59a06f971be2 - std::sys::backtrace::BacktraceLock::print::h147fe35b4ea13b08
[INFO] [stdout]                                at /rustc/6067b36314ab5eb2eb47cecc464545ba58e1ad24/library/std/src/sys/backtrace.rs:42:9
[INFO] [stdout]    8:     0x59a06f9731bf - std::panicking::default_hook::{{closure}}::hbd44223dbdc0d208
[INFO] [stdout]                                at /rustc/6067b36314ab5eb2eb47cecc464545ba58e1ad24/library/std/src/panicking.rs:298:22
[INFO] [stdout]    9:     0x59a06f972fd8 - std::panicking::default_hook::h20f81eb0576efcec
[INFO] [stdout]                                at /rustc/6067b36314ab5eb2eb47cecc464545ba58e1ad24/library/std/src/panicking.rs:322:9
[INFO] [stdout]   10:     0x59a06ef530e3 - <alloc::boxed::Box<F,A> as core::ops::function::Fn<Args>>::call::hdb53814c496a4d34
[INFO] [stdout]                                at /rustc/6067b36314ab5eb2eb47cecc464545ba58e1ad24/library/alloc/src/boxed.rs:2027:9
[INFO] [stdout]   11:     0x59a06ef530e3 - test::test_main::{{closure}}::hc0a4963c59427c24
[INFO] [stdout]                                at /rustc/6067b36314ab5eb2eb47cecc464545ba58e1ad24/library/test/src/lib.rs:134:21
[INFO] [stdout]   12:     0x59a06f973cb3 - <alloc::boxed::Box<F,A> as core::ops::function::Fn<Args>>::call::h591b2225413a77e9
[INFO] [stdout]                                at /rustc/6067b36314ab5eb2eb47cecc464545ba58e1ad24/library/alloc/src/boxed.rs:2027:9
[INFO] [stdout]   13:     0x59a06f973cb3 - std::panicking::rust_panic_with_hook::h625eea43051b2edc
[INFO] [stdout]                                at /rustc/6067b36314ab5eb2eb47cecc464545ba58e1ad24/library/std/src/panicking.rs:839:13
[INFO] [stdout]   14:     0x59a06f97396a - std::panicking::begin_panic_handler::{{closure}}::h4f9159cfbc3f6bd3
[INFO] [stdout]                                at /rustc/6067b36314ab5eb2eb47cecc464545ba58e1ad24/library/std/src/panicking.rs:704:13
[INFO] [stdout]   15:     0x59a06f972299 - std::sys::backtrace::__rust_end_short_backtrace::h0390abce48353151
[INFO] [stdout]                                at /rustc/6067b36314ab5eb2eb47cecc464545ba58e1ad24/library/std/src/sys/backtrace.rs:168:18
[INFO] [stdout]   16:     0x59a06f9735fd - rust_begin_unwind
[INFO] [stdout]                                at /rustc/6067b36314ab5eb2eb47cecc464545ba58e1ad24/library/std/src/panicking.rs:695:5
[INFO] [stdout]   17:     0x59a06f99cc20 - core::panicking::panic_fmt::h9e7c637e9e5f29c9
[INFO] [stdout]                                at /rustc/6067b36314ab5eb2eb47cecc464545ba58e1ad24/library/core/src/panicking.rs:75:14
[INFO] [stdout]   18:     0x59a06f99d096 - core::result::unwrap_failed::h7979f09313fe1849
[INFO] [stdout]                                at /rustc/6067b36314ab5eb2eb47cecc464545ba58e1ad24/library/core/src/result.rs:1704:5
[INFO] [stdout]   19:     0x59a06ee3ab13 - core::result::Result<T,E>::unwrap::h524d0e3648ea1b82
[INFO] [stdout]                                at /rustc/6067b36314ab5eb2eb47cecc464545ba58e1ad24/library/core/src/result.rs:1109:23
[INFO] [stdout]   20:     0x59a06ee3ab13 - schocken_auth_server::auth_hexagon::auth_store_pg_adapter::test_utils::pg_store_init::{{closure}}::h3b6e25f501f298e2
[INFO] [stdout]                                at /opt/rustwide/workdir/src/auth_hexagon/auth_store_pg_adapter/test_utils.rs:22:5
[INFO] [stdout]   21:     0x59a06ee12eb9 - schocken_auth_server::auth_hexagon::auth_store_pg_adapter::tests::test_day0_registration_success::{{closure}}::hf9de69a3f8f4873c
[INFO] [stdout]                                at /opt/rustwide/workdir/src/auth_hexagon/auth_store_pg_adapter.rs:216:69
[INFO] [stdout]   22:     0x59a06edaa020 - <tokio::task::local::RunUntil<T> as core::future::future::Future>::poll::{{closure}}::{{closure}}::h32672fac7dc32799
[INFO] [stdout]                                at /opt/rustwide/cargo-home/registry/src/index.crates.io-1949cf8c6b5b557f/tokio-1.3.0/src/task/local.rs:634:65
[INFO] [stdout]   23:     0x59a06ee30363 - tokio::coop::with_budget::{{closure}}::h7ca69b396a8da306
[INFO] [stdout]                                at /opt/rustwide/cargo-home/registry/src/index.crates.io-1949cf8c6b5b557f/tokio-1.3.0/src/coop.rs:106:9
[INFO] [stdout]   24:     0x59a06ed71e95 - std::thread::local::LocalKey<T>::try_with::h788c19581a536f2d
[INFO] [stdout]                                at /rustc/6067b36314ab5eb2eb47cecc464545ba58e1ad24/library/std/src/thread/local.rs:308:12
[INFO] [stdout]   25:     0x59a06ed6ccea - std::thread::local::LocalKey<T>::with::h0631f6c905784bd8
[INFO] [stdout]                                at /rustc/6067b36314ab5eb2eb47cecc464545ba58e1ad24/library/std/src/thread/local.rs:272:9
[INFO] [stdout]   26:     0x59a06eda7d92 - tokio::coop::with_budget::hef41b11cc79de816
[INFO] [stdout]                                at /opt/rustwide/cargo-home/registry/src/index.crates.io-1949cf8c6b5b557f/tokio-1.3.0/src/coop.rs:99:5
[INFO] [stdout]   27:     0x59a06eda7d92 - tokio::coop::budget::hdbf1992d7359d391
[INFO] [stdout]                                at /opt/rustwide/cargo-home/registry/src/index.crates.io-1949cf8c6b5b557f/tokio-1.3.0/src/coop.rs:76:5
[INFO] [stdout]   28:     0x59a06eda7d92 - <tokio::task::local::RunUntil<T> as core::future::future::Future>::poll::{{closure}}::h3d687bce1ffaa3c7
[INFO] [stdout]                                at /opt/rustwide/cargo-home/registry/src/index.crates.io-1949cf8c6b5b557f/tokio-1.3.0/src/task/local.rs:634:42
[INFO] [stdout]   29:     0x59a06edcffed - tokio::macros::scoped_tls::ScopedKey<T>::set::hdd09ca6049d97473
[INFO] [stdout]                                at /opt/rustwide/cargo-home/registry/src/index.crates.io-1949cf8c6b5b557f/tokio-1.3.0/src/macros/scoped_tls.rs:61:9
[INFO] [stdout]   30:     0x59a06eda0097 - tokio::task::local::LocalSet::with::h3110a533d6d00b97
[INFO] [stdout]                                at /opt/rustwide/cargo-home/registry/src/index.crates.io-1949cf8c6b5b557f/tokio-1.3.0/src/task/local.rs:548:9
[INFO] [stdout]   31:     0x59a06eda72da - <tokio::task::local::RunUntil<T> as core::future::future::Future>::poll::he2a8f58e2fe9f456
[INFO] [stdout]                                at /opt/rustwide/cargo-home/registry/src/index.crates.io-1949cf8c6b5b557f/tokio-1.3.0/src/task/local.rs:624:9
[INFO] [stdout]   32:     0x59a06eda3c90 - tokio::task::local::LocalSet::run_until::{{closure}}::hbeb0553e979ac9f9
[INFO] [stdout]                                at /opt/rustwide/cargo-home/registry/src/index.crates.io-1949cf8c6b5b557f/tokio-1.3.0/src/task/local.rs:498:19
[INFO] [stdout]   33:     0x59a06ee218fd - <core::pin::Pin<P> as core::future::future::Future>::poll::h63dbb5d1da936eb4
[INFO] [stdout]                                at /rustc/6067b36314ab5eb2eb47cecc464545ba58e1ad24/library/core/src/future/future.rs:124:9
[INFO] [stdout]   34:     0x59a06ed86bcf - tokio::runtime::basic_scheduler::Inner<P>::block_on::{{closure}}::{{closure}}::hde58efee3a3a8228
[INFO] [stdout]                                at /opt/rustwide/cargo-home/registry/src/index.crates.io-1949cf8c6b5b557f/tokio-1.3.0/src/runtime/basic_scheduler.rs:184:58
[INFO] [stdout]   35:     0x59a06ee2fc43 - tokio::coop::with_budget::{{closure}}::h72538fb858655639
[INFO] [stdout]                                at /opt/rustwide/cargo-home/registry/src/index.crates.io-1949cf8c6b5b557f/tokio-1.3.0/src/coop.rs:106:9
[INFO] [stdout]   36:     0x59a06ed6f295 - std::thread::local::LocalKey<T>::try_with::h0f5d6fcc774c9c23
[INFO] [stdout]                                at /rustc/6067b36314ab5eb2eb47cecc464545ba58e1ad24/library/std/src/thread/local.rs:308:12
[INFO] [stdout]   37:     0x59a06ed6d0aa - std::thread::local::LocalKey<T>::with::h261724e14d6611b7
[INFO] [stdout]                                at /rustc/6067b36314ab5eb2eb47cecc464545ba58e1ad24/library/std/src/thread/local.rs:272:9
[INFO] [stdout]   38:     0x59a06ed83ebc - tokio::coop::with_budget::hfb6c6040525ee60b
[INFO] [stdout]                                at /opt/rustwide/cargo-home/registry/src/index.crates.io-1949cf8c6b5b557f/tokio-1.3.0/src/coop.rs:99:5
[INFO] [stdout]   39:     0x59a06ed83ebc - tokio::coop::budget::hbbef3f93b92966f5
[INFO] [stdout]                                at /opt/rustwide/cargo-home/registry/src/index.crates.io-1949cf8c6b5b557f/tokio-1.3.0/src/coop.rs:76:5
[INFO] [stdout]   40:     0x59a06ed83ebc - tokio::runtime::basic_scheduler::Inner<P>::block_on::{{closure}}::he7a140de6ed8c30f
[INFO] [stdout]                                at /opt/rustwide/cargo-home/registry/src/index.crates.io-1949cf8c6b5b557f/tokio-1.3.0/src/runtime/basic_scheduler.rs:184:35
[INFO] [stdout]   41:     0x59a06ed91c9a - tokio::runtime::basic_scheduler::enter::{{closure}}::he3479268ad7f9f86
[INFO] [stdout]                                at /opt/rustwide/cargo-home/registry/src/index.crates.io-1949cf8c6b5b557f/tokio-1.3.0/src/runtime/basic_scheduler.rs:266:29
[INFO] [stdout]   42:     0x59a06edcef95 - tokio::macros::scoped_tls::ScopedKey<T>::set::h8b9baf1d4771399f
[INFO] [stdout]                                at /opt/rustwide/cargo-home/registry/src/index.crates.io-1949cf8c6b5b557f/tokio-1.3.0/src/macros/scoped_tls.rs:61:9
[INFO] [stdout]   43:     0x59a06ed900c8 - tokio::runtime::basic_scheduler::enter::h9d2f709a110842fd
[INFO] [stdout]                                at /opt/rustwide/cargo-home/registry/src/index.crates.io-1949cf8c6b5b557f/tokio-1.3.0/src/runtime/basic_scheduler.rs:266:5
[INFO] [stdout]   44:     0x59a06ed7c5c3 - tokio::runtime::basic_scheduler::Inner<P>::block_on::h69648b954930c067
[INFO] [stdout]                                at /opt/rustwide/cargo-home/registry/src/index.crates.io-1949cf8c6b5b557f/tokio-1.3.0/src/runtime/basic_scheduler.rs:176:9
[INFO] [stdout]   45:     0x59a06ed870a9 - tokio::runtime::basic_scheduler::InnerGuard<P>::block_on::h0b4626365ba95c6f
[INFO] [stdout]                                at /opt/rustwide/cargo-home/registry/src/index.crates.io-1949cf8c6b5b557f/tokio-1.3.0/src/runtime/basic_scheduler.rs:405:9
[INFO] [stdout]   46:     0x59a06ed8b5e6 - tokio::runtime::basic_scheduler::BasicScheduler<P>::block_on::hdb049496e8e89059
[INFO] [stdout]                                at /opt/rustwide/cargo-home/registry/src/index.crates.io-1949cf8c6b5b557f/tokio-1.3.0/src/runtime/basic_scheduler.rs:136:24
[INFO] [stdout]   47:     0x59a06edd245b - tokio::runtime::Runtime::block_on::h34087a95f9861d2a
[INFO] [stdout]                                at /opt/rustwide/cargo-home/registry/src/index.crates.io-1949cf8c6b5b557f/tokio-1.3.0/src/runtime/mod.rs:450:46
[INFO] [stdout]   48:     0x59a06eda08d7 - tokio::task::local::LocalSet::block_on::hde6036bba0669096
[INFO] [stdout]                                at /opt/rustwide/cargo-home/registry/src/index.crates.io-1949cf8c6b5b557f/tokio-1.3.0/src/task/local.rs:459:9
[INFO] [stdout]   49:     0x59a06edaa70a - actix_rt::runtime::Runtime::block_on::h2e860e26c9627876
[INFO] [stdout]                                at /opt/rustwide/cargo-home/registry/src/index.crates.io-1949cf8c6b5b557f/actix-rt-2.2.0/src/runtime.rs:85:9
[INFO] [stdout]   50:     0x59a06ee5082a - actix_rt::system::SystemRunner::block_on::h62a485874f10a946
[INFO] [stdout]                                at /opt/rustwide/cargo-home/registry/src/index.crates.io-1949cf8c6b5b557f/actix-rt-2.2.0/src/system.rs:186:9
[INFO] [stdout]   51:     0x59a06ee12c69 - schocken_auth_server::auth_hexagon::auth_store_pg_adapter::tests::test_day0_registration_success::h588b1f794de779cc
[INFO] [stdout]                                at /opt/rustwide/workdir/src/auth_hexagon/auth_store_pg_adapter.rs:213:5
[INFO] [stdout]   52:     0x59a06ee12c07 - schocken_auth_server::auth_hexagon::auth_store_pg_adapter::tests::test_day0_registration_success::{{closure}}::h03b06b789c269705
[INFO] [stdout]                                at /opt/rustwide/workdir/src/auth_hexagon/auth_store_pg_adapter.rs:215:46
[INFO] [stdout]   53:     0x59a06ed4af06 - core::ops::function::FnOnce::call_once::hc97f4a1f4cddc906
[INFO] [stdout]                                at /rustc/6067b36314ab5eb2eb47cecc464545ba58e1ad24/library/core/src/ops/function.rs:250:5
[INFO] [stdout]   54:     0x59a06ef5883b - core::ops::function::FnOnce::call_once::he27718dfdd183f43
[INFO] [stdout]                                at /rustc/6067b36314ab5eb2eb47cecc464545ba58e1ad24/library/core/src/ops/function.rs:250:5
[INFO] [stdout]   55:     0x59a06ef5883b - test::__rust_begin_short_backtrace::h4e84902998457a5d
[INFO] [stdout]                                at /rustc/6067b36314ab5eb2eb47cecc464545ba58e1ad24/library/test/src/lib.rs:632:18
[INFO] [stdout]   56:     0x59a06ef57773 - test::run_test_in_process::{{closure}}::h7176fd18fc1feca0
[INFO] [stdout]                                at /rustc/6067b36314ab5eb2eb47cecc464545ba58e1ad24/library/test/src/lib.rs:655:60
[INFO] [stdout]   57:     0x59a06ef57773 - <core::panic::unwind_safe::AssertUnwindSafe<F> as core::ops::function::FnOnce<()>>::call_once::hf79cff2a624d8cf7
[INFO] [stdout]                                at /rustc/6067b36314ab5eb2eb47cecc464545ba58e1ad24/library/core/src/panic/unwind_safe.rs:272:9
[INFO] [stdout]   58:     0x59a06ef57773 - std::panicking::try::do_call::h3da0561d9ab99c25
[INFO] [stdout]                                at /rustc/6067b36314ab5eb2eb47cecc464545ba58e1ad24/library/std/src/panicking.rs:587:40
[INFO] [stdout]   59:     0x59a06ef57773 - std::panicking::try::h41c9fa508bc61df6
[INFO] [stdout]                                at /rustc/6067b36314ab5eb2eb47cecc464545ba58e1ad24/library/std/src/panicking.rs:550:19
[INFO] [stdout]   60:     0x59a06ef57773 - std::panic::catch_unwind::h6b3ff07bb5afad93
[INFO] [stdout]                                at /rustc/6067b36314ab5eb2eb47cecc464545ba58e1ad24/library/std/src/panic.rs:358:14
[INFO] [stdout]   61:     0x59a06ef57773 - test::run_test_in_process::hc7253dd11b39b9f4
[INFO] [stdout]                                at /rustc/6067b36314ab5eb2eb47cecc464545ba58e1ad24/library/test/src/lib.rs:655:27
[INFO] [stdout]   62:     0x59a06ef57773 - test::run_test::{{closure}}::hfb2007f8649c30bb
[INFO] [stdout]                                at /rustc/6067b36314ab5eb2eb47cecc464545ba58e1ad24/library/test/src/lib.rs:576:43
[INFO] [stdout]   63:     0x59a06ef1a855 - test::run_test::{{closure}}::h56a17aa7a282a9f4
[INFO] [stdout]                                at /rustc/6067b36314ab5eb2eb47cecc464545ba58e1ad24/library/test/src/lib.rs:606:41
[INFO] [stdout]   64:     0x59a06ef1a855 - std::sys::backtrace::__rust_begin_short_backtrace::hd2d2d2fb8e8c6aac
[INFO] [stdout]                                at /rustc/6067b36314ab5eb2eb47cecc464545ba58e1ad24/library/std/src/sys/backtrace.rs:152:18
[INFO] [stdout]   65:     0x59a06ef1e13a - std::thread::Builder::spawn_unchecked_::{{closure}}::{{closure}}::h4faa3f9db6133423
[INFO] [stdout]                                at /rustc/6067b36314ab5eb2eb47cecc464545ba58e1ad24/library/std/src/thread/mod.rs:559:17
[INFO] [stdout]   66:     0x59a06ef1e13a - <core::panic::unwind_safe::AssertUnwindSafe<F> as core::ops::function::FnOnce<()>>::call_once::hf2e855a36a4ea846
[INFO] [stdout]                                at /rustc/6067b36314ab5eb2eb47cecc464545ba58e1ad24/library/core/src/panic/unwind_safe.rs:272:9
[INFO] [stdout]   67:     0x59a06ef1e13a - std::panicking::try::do_call::h2f73af3616c35465
[INFO] [stdout]                                at /rustc/6067b36314ab5eb2eb47cecc464545ba58e1ad24/library/std/src/panicking.rs:587:40
[INFO] [stdout]   68:     0x59a06ef1e13a - std::panicking::try::hd1660ce9efadef5a
[INFO] [stdout]                                at /rustc/6067b36314ab5eb2eb47cecc464545ba58e1ad24/library/std/src/panicking.rs:550:19
[INFO] [stdout]   69:     0x59a06ef1e13a - std::panic::catch_unwind::h5ee8d7823b8ca744
[INFO] [stdout]                                at /rustc/6067b36314ab5eb2eb47cecc464545ba58e1ad24/library/std/src/panic.rs:358:14
[INFO] [stdout]   70:     0x59a06ef1e13a - std::thread::Builder::spawn_unchecked_::{{closure}}::h53c3a1894dce8407
[INFO] [stdout]                                at /rustc/6067b36314ab5eb2eb47cecc464545ba58e1ad24/library/std/src/thread/mod.rs:557:30
[INFO] [stdout]   71:     0x59a06ef1e13a - core::ops::function::FnOnce::call_once{{vtable.shim}}::h048ce291ad4f62bf
[INFO] [stdout]                                at /rustc/6067b36314ab5eb2eb47cecc464545ba58e1ad24/library/core/src/ops/function.rs:250:5
[INFO] [stdout]   72:     0x59a06f97809b - <alloc::boxed::Box<F,A> as core::ops::function::FnOnce<Args>>::call_once::ha52bedf99a3b4981
[INFO] [stdout]                                at /rustc/6067b36314ab5eb2eb47cecc464545ba58e1ad24/library/alloc/src/boxed.rs:2013:9
[INFO] [stdout]   73:     0x59a06f97809b - <alloc::boxed::Box<F,A> as core::ops::function::FnOnce<Args>>::call_once::h567748934d80ccf8
[INFO] [stdout]                                at /rustc/6067b36314ab5eb2eb47cecc464545ba58e1ad24/library/alloc/src/boxed.rs:2013:9
[INFO] [stdout]   74:     0x59a06f97809b - std::sys::pal::unix::thread::Thread::new::thread_start::h2d970728ae887adc
[INFO] [stdout]                                at /rustc/6067b36314ab5eb2eb47cecc464545ba58e1ad24/library/std/src/sys/pal/unix/thread.rs:106:17
[INFO] [stdout]   75:     0x784d602aaac3 - <unknown>
[INFO] [stdout]   76:     0x784d6033ba04 - clone
[INFO] [stdout]   77:                0x0 - <unknown>
[INFO] [stdout] 
[INFO] [stdout] ---- auth_hexagon::auth_store_pg_adapter::tests::test_session stdout ----
[INFO] [stdout] DB Name: test_session_9ed01bd84f5941bc8958faacd73d1dac
[INFO] [stdout] 
[INFO] [stdout] thread 'auth_hexagon::auth_store_pg_adapter::tests::test_session' panicked at src/auth_hexagon/auth_store_pg_adapter/test_utils.rs:24:10:
[INFO] [stdout] called `Result::unwrap()` on an `Err` value: ConnectivityProblem("7dfa0479-681d-46e0-bb67-b40c4574fab5", "pool timed out while waiting for an open connection")
[INFO] [stdout] stack backtrace:
[INFO] [stdout]    0:     0x59a06f971d9a - std::backtrace_rs::backtrace::libunwind::trace::hb059275cfc8d6126
[INFO] [stdout]                                at /rustc/6067b36314ab5eb2eb47cecc464545ba58e1ad24/library/std/src/../../backtrace/src/backtrace/libunwind.rs:116:5
[INFO] [stdout]    1:     0x59a06f971d9a - std::backtrace_rs::backtrace::trace_unsynchronized::h2da071e4327ce3ee
[INFO] [stdout]                                at /rustc/6067b36314ab5eb2eb47cecc464545ba58e1ad24/library/std/src/../../backtrace/src/backtrace/mod.rs:66:5
[INFO] [stdout]    2:     0x59a06f971d9a - std::sys::backtrace::_print_fmt::h842a1474e6f8d23f
[INFO] [stdout]                                at /rustc/6067b36314ab5eb2eb47cecc464545ba58e1ad24/library/std/src/sys/backtrace.rs:66:9
[INFO] [stdout]    3:     0x59a06f971d9a - <std::sys::backtrace::BacktraceLock::print::DisplayBacktrace as core::fmt::Display>::fmt::h71a62eb3b9696b12
[INFO] [stdout]                                at /rustc/6067b36314ab5eb2eb47cecc464545ba58e1ad24/library/std/src/sys/backtrace.rs:39:26
[INFO] [stdout]    4:     0x59a06f99e6a3 - core::fmt::rt::Argument::fmt::hdb6b616786b41dc1
[INFO] [stdout]                                at /rustc/6067b36314ab5eb2eb47cecc464545ba58e1ad24/library/core/src/fmt/rt.rs:177:76
[INFO] [stdout]    5:     0x59a06f99e6a3 - core::fmt::write::h2cc1698af7e2d686
[INFO] [stdout]                                at /rustc/6067b36314ab5eb2eb47cecc464545ba58e1ad24/library/core/src/fmt/mod.rs:1440:21
[INFO] [stdout]    6:     0x59a06f96db43 - std::io::Write::write_fmt::hab1b4cd059a79022
[INFO] [stdout]                                at /rustc/6067b36314ab5eb2eb47cecc464545ba58e1ad24/library/std/src/io/mod.rs:1887:15
[INFO] [stdout]    7:     0x59a06f971be2 - std::sys::backtrace::BacktraceLock::print::h147fe35b4ea13b08
[INFO] [stdout]                                at /rustc/6067b36314ab5eb2eb47cecc464545ba58e1ad24/library/std/src/sys/backtrace.rs:42:9
[INFO] [stdout]    8:     0x59a06f9731bf - std::panicking::default_hook::{{closure}}::hbd44223dbdc0d208
[INFO] [stdout]                                at /rustc/6067b36314ab5eb2eb47cecc464545ba58e1ad24/library/std/src/panicking.rs:298:22
[INFO] [stdout]    9:     0x59a06f972fd8 - std::panicking::default_hook::h20f81eb0576efcec
[INFO] [stdout]                                at /rustc/6067b36314ab5eb2eb47cecc464545ba58e1ad24/library/std/src/panicking.rs:322:9
[INFO] [stdout]   10:     0x59a06ef530e3 - <alloc::boxed::Box<F,A> as core::ops::function::Fn<Args>>::call::hdb53814c496a4d34
[INFO] [stdout]                                at /rustc/6067b36314ab5eb2eb47cecc464545ba58e1ad24/library/alloc/src/boxed.rs:2027:9
[INFO] [stdout]   11:     0x59a06ef530e3 - test::test_main::{{closure}}::hc0a4963c59427c24
[INFO] [stdout]                                at /rustc/6067b36314ab5eb2eb47cecc464545ba58e1ad24/library/test/src/lib.rs:134:21
[INFO] [stdout]   12:     0x59a06f973cb3 - <alloc::boxed::Box<F,A> as core::ops::function::Fn<Args>>::call::h591b2225413a77e9
[INFO] [stdout]                                at /rustc/6067b36314ab5eb2eb47cecc464545ba58e1ad24/library/alloc/src/boxed.rs:2027:9
[INFO] [stdout]   13:     0x59a06f973cb3 - std::panicking::rust_panic_with_hook::h625eea43051b2edc
[INFO] [stdout]                                at /rustc/6067b36314ab5eb2eb47cecc464545ba58e1ad24/library/std/src/panicking.rs:839:13
[INFO] [stdout]   14:     0x59a06f97396a - std::panicking::begin_panic_handler::{{closure}}::h4f9159cfbc3f6bd3
[INFO] [stdout]                                at /rustc/6067b36314ab5eb2eb47cecc464545ba58e1ad24/library/std/src/panicking.rs:704:13
[INFO] [stdout]   15:     0x59a06f972299 - std::sys::backtrace::__rust_end_short_backtrace::h0390abce48353151
[INFO] [stdout]                                at /rustc/6067b36314ab5eb2eb47cecc464545ba58e1ad24/library/std/src/sys/backtrace.rs:168:18
[INFO] [stdout]   16:     0x59a06f9735fd - rust_begin_unwind
[INFO] [stdout]                                at /rustc/6067b36314ab5eb2eb47cecc464545ba58e1ad24/library/std/src/panicking.rs:695:5
[INFO] [stdout]   17:     0x59a06f99cc20 - core::panicking::panic_fmt::h9e7c637e9e5f29c9
[INFO] [stdout]                                at /rustc/6067b36314ab5eb2eb47cecc464545ba58e1ad24/library/core/src/panicking.rs:75:14
[INFO] [stdout]   18:     0x59a06f99d096 - core::result::unwrap_failed::h7979f09313fe1849
[INFO] [stdout]                                at /rustc/6067b36314ab5eb2eb47cecc464545ba58e1ad24/library/core/src/result.rs:1704:5
[INFO] [stdout]   19:     0x59a06ee3ab13 - core::result::Result<T,E>::unwrap::h524d0e3648ea1b82
[INFO] [stdout]                                at /rustc/6067b36314ab5eb2eb47cecc464545ba58e1ad24/library/core/src/result.rs:1109:23
[INFO] [stdout]   20:     0x59a06ee3ab13 - schocken_auth_server::auth_hexagon::auth_store_pg_adapter::test_utils::pg_store_init::{{closure}}::h3b6e25f501f298e2
[INFO] [stdout]                                at /opt/rustwide/workdir/src/auth_hexagon/auth_store_pg_adapter/test_utils.rs:22:5
[INFO] [stdout]   21:     0x59a06ee16fa2 - schocken_auth_server::auth_hexagon::auth_store_pg_adapter::tests::test_session::{{closure}}::h0af9a078cff50c98
[INFO] [stdout]                                at /opt/rustwide/workdir/src/auth_hexagon/auth_store_pg_adapter.rs:407:51
[INFO] [stdout]   22:     0x59a06eda9fc0 - <tokio::task::local::RunUntil<T> as core::future::future::Future>::poll::{{closure}}::{{closure}}::h1592ddf06a90db9b
[INFO] [stdout]                                at /opt/rustwide/cargo-home/registry/src/index.crates.io-1949cf8c6b5b557f/tokio-1.3.0/src/task/local.rs:634:65
[INFO] [stdout]   23:     0x59a06ee2ffd3 - tokio::coop::with_budget::{{closure}}::h7ad26b73aa0a1be0
[INFO] [stdout]                                at /opt/rustwide/cargo-home/registry/src/index.crates.io-1949cf8c6b5b557f/tokio-1.3.0/src/coop.rs:106:9
[INFO] [stdout]   24:     0x59a06ed76865 - std::thread::local::LocalKey<T>::try_with::hed8967b124066750
[INFO] [stdout]                                at /rustc/6067b36314ab5eb2eb47cecc464545ba58e1ad24/library/std/src/thread/local.rs:308:12
[INFO] [stdout]   25:     0x59a06ed6d42a - std::thread::local::LocalKey<T>::with::h3dc82a9a5a532780
[INFO] [stdout]                                at /rustc/6067b36314ab5eb2eb47cecc464545ba58e1ad24/library/std/src/thread/local.rs:272:9
[INFO] [stdout]   26:     0x59a06eda97d2 - tokio::coop::with_budget::h781c557954cf8fe3
[INFO] [stdout]                                at /opt/rustwide/cargo-home/registry/src/index.crates.io-1949cf8c6b5b557f/tokio-1.3.0/src/coop.rs:99:5
[INFO] [stdout]   27:     0x59a06eda97d2 - tokio::coop::budget::h783be7335dfdb98e
[INFO] [stdout]                                at /opt/rustwide/cargo-home/registry/src/index.crates.io-1949cf8c6b5b557f/tokio-1.3.0/src/coop.rs:76:5
[INFO] [stdout]   28:     0x59a06eda97d2 - <tokio::task::local::RunUntil<T> as core::future::future::Future>::poll::{{closure}}::hd8a6e546d16fdac3
[INFO] [stdout]                                at /opt/rustwide/cargo-home/registry/src/index.crates.io-1949cf8c6b5b557f/tokio-1.3.0/src/task/local.rs:634:42
[INFO] [stdout]   29:     0x59a06edcfc1d - tokio::macros::scoped_tls::ScopedKey<T>::set::hc6e404a30460156d
[INFO] [stdout]                                at /opt/rustwide/cargo-home/registry/src/index.crates.io-1949cf8c6b5b557f/tokio-1.3.0/src/macros/scoped_tls.rs:61:9
[INFO] [stdout]   30:     0x59a06eda00b7 - tokio::task::local::LocalSet::with::h5611aed0faa859d7
[INFO] [stdout]                                at /opt/rustwide/cargo-home/registry/src/index.crates.io-1949cf8c6b5b557f/tokio-1.3.0/src/task/local.rs:548:9
[INFO] [stdout]   31:     0x59a06eda727a - <tokio::task::local::RunUntil<T> as core::future::future::Future>::poll::hdbe3c9ed5a2adbbd
[INFO] [stdout]                                at /opt/rustwide/cargo-home/registry/src/index.crates.io-1949cf8c6b5b557f/tokio-1.3.0/src/task/local.rs:624:9
[INFO] [stdout]   32:     0x59a06eda2780 - tokio::task::local::LocalSet::run_until::{{closure}}::h4d15a477cc0bce81
[INFO] [stdout]                                at /opt/rustwide/cargo-home/registry/src/index.crates.io-1949cf8c6b5b557f/tokio-1.3.0/src/task/local.rs:498:19
[INFO] [stdout]   33:     0x59a06ee21abd - <core::pin::Pin<P> as core::future::future::Future>::poll::h90e85c315cdf7ad7
[INFO] [stdout]                                at /rustc/6067b36314ab5eb2eb47cecc464545ba58e1ad24/library/core/src/future/future.rs:124:9
[INFO] [stdout]   34:     0x59a06ed85f1f - tokio::runtime::basic_scheduler::Inner<P>::block_on::{{closure}}::{{closure}}::h4b168db262a41322
[INFO] [stdout]                                at /opt/rustwide/cargo-home/registry/src/index.crates.io-1949cf8c6b5b557f/tokio-1.3.0/src/runtime/basic_scheduler.rs:184:58
[INFO] [stdout]   35:     0x59a06ee2e813 - tokio::coop::with_budget::{{closure}}::h393f3afd03859fae
[INFO] [stdout]                                at /opt/rustwide/cargo-home/registry/src/index.crates.io-1949cf8c6b5b557f/tokio-1.3.0/src/coop.rs:106:9
[INFO] [stdout]   36:     0x59a06ed77965 - std::thread::local::LocalKey<T>::try_with::hfedb3c6a247cf58e
[INFO] [stdout]                                at /rustc/6067b36314ab5eb2eb47cecc464545ba58e1ad24/library/std/src/thread/local.rs:308:12
[INFO] [stdout]   37:     0x59a06ed6df2a - std::thread::local::LocalKey<T>::with::haa2f74e6e464561e
[INFO] [stdout]                                at /rustc/6067b36314ab5eb2eb47cecc464545ba58e1ad24/library/std/src/thread/local.rs:272:9
[INFO] [stdout]   38:     0x59a06ed8301c - tokio::coop::with_budget::h3aa1788d750385c2
[INFO] [stdout]                                at /opt/rustwide/cargo-home/registry/src/index.crates.io-1949cf8c6b5b557f/tokio-1.3.0/src/coop.rs:99:5
[INFO] [stdout]   39:     0x59a06ed8301c - tokio::coop::budget::h12873afd30cedbf8
[INFO] [stdout]                                at /opt/rustwide/cargo-home/registry/src/index.crates.io-1949cf8c6b5b557f/tokio-1.3.0/src/coop.rs:76:5
[INFO] [stdout]   40:     0x59a06ed8301c - tokio::runtime::basic_scheduler::Inner<P>::block_on::{{closure}}::hdab0784ef8950ecd
[INFO] [stdout]                                at /opt/rustwide/cargo-home/registry/src/index.crates.io-1949cf8c6b5b557f/tokio-1.3.0/src/runtime/basic_scheduler.rs:184:35
[INFO] [stdout]   41:     0x59a06ed91ada - tokio::runtime::basic_scheduler::enter::{{closure}}::h19f6313290df0b02
[INFO] [stdout]                                at /opt/rustwide/cargo-home/registry/src/index.crates.io-1949cf8c6b5b557f/tokio-1.3.0/src/runtime/basic_scheduler.rs:266:29
[INFO] [stdout]   42:     0x59a06edcf925 - tokio::macros::scoped_tls::ScopedKey<T>::set::hb75809246c368798
[INFO] [stdout]                                at /opt/rustwide/cargo-home/registry/src/index.crates.io-1949cf8c6b5b557f/tokio-1.3.0/src/macros/scoped_tls.rs:61:9
[INFO] [stdout]   43:     0x59a06ed8eea8 - tokio::runtime::basic_scheduler::enter::h7096b595f25f8265
[INFO] [stdout]                                at /opt/rustwide/cargo-home/registry/src/index.crates.io-1949cf8c6b5b557f/tokio-1.3.0/src/runtime/basic_scheduler.rs:266:5
[INFO] [stdout]   44:     0x59a06ed7c6a3 - tokio::runtime::basic_scheduler::Inner<P>::block_on::hde3d906fa807bdde
[INFO] [stdout]                                at /opt/rustwide/cargo-home/registry/src/index.crates.io-1949cf8c6b5b557f/tokio-1.3.0/src/runtime/basic_scheduler.rs:176:9
[INFO] [stdout]   45:     0x59a06ed87c59 - tokio::runtime::basic_scheduler::InnerGuard<P>::block_on::hee092246e7b4e7fe
[INFO] [stdout]                                at /opt/rustwide/cargo-home/registry/src/index.crates.io-1949cf8c6b5b557f/tokio-1.3.0/src/runtime/basic_scheduler.rs:405:9
[INFO] [stdout]   46:     0x59a06ed8aec6 - tokio::runtime::basic_scheduler::BasicScheduler<P>::block_on::hc78c2053fd2150cd
[INFO] [stdout]                                at /opt/rustwide/cargo-home/registry/src/index.crates.io-1949cf8c6b5b557f/tokio-1.3.0/src/runtime/basic_scheduler.rs:136:24
[INFO] [stdout]   47:     0x59a06edd27cb - tokio::runtime::Runtime::block_on::h60319136c8082ab7
[INFO] [stdout]                                at /opt/rustwide/cargo-home/registry/src/index.crates.io-1949cf8c6b5b557f/tokio-1.3.0/src/runtime/mod.rs:450:46
[INFO] [stdout]   48:     0x59a06eda0378 - tokio::task::local::LocalSet::block_on::h3dbc50a1946fabea
[INFO] [stdout]                                at /opt/rustwide/cargo-home/registry/src/index.crates.io-1949cf8c6b5b557f/tokio-1.3.0/src/task/local.rs:459:9
[INFO] [stdout]   49:     0x59a06edaa86a - actix_rt::runtime::Runtime::block_on::h9599d46407b4a474
[INFO] [stdout]                                at /opt/rustwide/cargo-home/registry/src/index.crates.io-1949cf8c6b5b557f/actix-rt-2.2.0/src/runtime.rs:85:9
[INFO] [stdout]   50:     0x59a06ee5084a - actix_rt::system::SystemRunner::block_on::h75884c320a486916
[INFO] [stdout]                                at /opt/rustwide/cargo-home/registry/src/index.crates.io-1949cf8c6b5b557f/actix-rt-2.2.0/src/system.rs:186:9
[INFO] [stdout]   51:     0x59a06ee16d19 - schocken_auth_server::auth_hexagon::auth_store_pg_adapter::tests::test_session::h585c911616426be1
[INFO] [stdout]                                at /opt/rustwide/workdir/src/auth_hexagon/auth_store_pg_adapter.rs:404:5
[INFO] [stdout]   52:     0x59a06ee16cb7 - schocken_auth_server::auth_hexagon::auth_store_pg_adapter::tests::test_session::{{closure}}::h2b78fcf9cc84acc9
[INFO] [stdout]                                at /opt/rustwide/workdir/src/auth_hexagon/auth_store_pg_adapter.rs:406:28
[INFO] [stdout]   53:     0x59a06ed4a936 - core::ops::function::FnOnce::call_once::h363e9f3c49486b5c
[INFO] [stdout]                                at /rustc/6067b36314ab5eb2eb47cecc464545ba58e1ad24/library/core/src/ops/function.rs:250:5
[INFO] [stdout]   54:     0x59a06ef5883b - core::ops::function::FnOnce::call_once::he27718dfdd183f43
[INFO] [stdout]                                at /rustc/6067b36314ab5eb2eb47cecc464545ba58e1ad24/library/core/src/ops/function.rs:250:5
[INFO] [stdout]   55:     0x59a06ef5883b - test::__rust_begin_short_backtrace::h4e84902998457a5d
[INFO] [stdout]                                at /rustc/6067b36314ab5eb2eb47cecc464545ba58e1ad24/library/test/src/lib.rs:632:18
[INFO] [stdout]   56:     0x59a06ef57773 - test::run_test_in_process::{{closure}}::h7176fd18fc1feca0
[INFO] [stdout]                                at /rustc/6067b36314ab5eb2eb47cecc464545ba58e1ad24/library/test/src/lib.rs:655:60
[INFO] [stdout]   57:     0x59a06ef57773 - <core::panic::unwind_safe::AssertUnwindSafe<F> as core::ops::function::FnOnce<()>>::call_once::hf79cff2a624d8cf7
[INFO] [stdout]                                at /rustc/6067b36314ab5eb2eb47cecc464545ba58e1ad24/library/core/src/panic/unwind_safe.rs:272:9
[INFO] [stdout]   58:     0x59a06ef57773 - std::panicking::try::do_call::h3da0561d9ab99c25
[INFO] [stdout]                                at /rustc/6067b36314ab5eb2eb47cecc464545ba58e1ad24/library/std/src/panicking.rs:587:40
[INFO] [stdout]   59:     0x59a06ef57773 - std::panicking::try::h41c9fa508bc61df6
[INFO] [stdout]                                at /rustc/6067b36314ab5eb2eb47cecc464545ba58e1ad24/library/std/src/panicking.rs:550:19
[INFO] [stdout]   60:     0x59a06ef57773 - std::panic::catch_unwind::h6b3ff07bb5afad93
[INFO] [stdout]                                at /rustc/6067b36314ab5eb2eb47cecc464545ba58e1ad24/library/std/src/panic.rs:358:14
[INFO] [stdout]   61:     0x59a06ef57773 - test::run_test_in_process::hc7253dd11b39b9f4
[INFO] [stdout]                                at /rustc/6067b36314ab5eb2eb47cecc464545ba58e1ad24/library/test/src/lib.rs:655:27
[INFO] [stdout]   62:     0x59a06ef57773 - test::run_test::{{closure}}::hfb2007f8649c30bb
[INFO] [stdout]                                at /rustc/6067b36314ab5eb2eb47cecc464545ba58e1ad24/library/test/src/lib.rs:576:43
[INFO] [stdout]   63:     0x59a06ef1a855 - test::run_test::{{closure}}::h56a17aa7a282a9f4
[INFO] [stdout]                                at /rustc/6067b36314ab5eb2eb47cecc464545ba58e1ad24/library/test/src/lib.rs:606:41
[INFO] [stdout]   64:     0x59a06ef1a855 - std::sys::backtrace::__rust_begin_short_backtrace::hd2d2d2fb8e8c6aac
[INFO] [stdout]                                at /rustc/6067b36314ab5eb2eb47cecc464545ba58e1ad24/library/std/src/sys/backtrace.rs:152:18
[INFO] [stdout]   65:     0x59a06ef1e13a - std::thread::Builder::spawn_unchecked_::{{closure}}::{{closure}}::h4faa3f9db6133423
[INFO] [stdout]                                at /rustc/6067b36314ab5eb2eb47cecc464545ba58e1ad24/library/std/src/thread/mod.rs:559:17
[INFO] [stdout]   66:     0x59a06ef1e13a - <core::panic::unwind_safe::AssertUnwindSafe<F> as core::ops::function::FnOnce<()>>::call_once::hf2e855a36a4ea846
[INFO] [stdout]                                at /rustc/6067b36314ab5eb2eb47cecc464545ba58e1ad24/library/core/src/panic/unwind_safe.rs:272:9
[INFO] [stdout]   67:     0x59a06ef1e13a - std::panicking::try::do_call::h2f73af3616c35465
[INFO] [stdout]                                at /rustc/6067b36314ab5eb2eb47cecc464545ba58e1ad24/library/std/src/panicking.rs:587:40
[INFO] [stdout]   68:     0x59a06ef1e13a - std::panicking::try::hd1660ce9efadef5a
[INFO] [stdout]                                at /rustc/6067b36314ab5eb2eb47cecc464545ba58e1ad24/library/std/src/panicking.rs:550:19
[INFO] [stdout]   69:     0x59a06ef1e13a - std::panic::catch_unwind::h5ee8d7823b8ca744
[INFO] [stdout]                                at /rustc/6067b36314ab5eb2eb47cecc464545ba58e1ad24/library/std/src/panic.rs:358:14
[INFO] [stdout]   70:     0x59a06ef1e13a - std::thread::Builder::spawn_unchecked_::{{closure}}::h53c3a1894dce8407
[INFO] [stdout]                                at /rustc/6067b36314ab5eb2eb47cecc464545ba58e1ad24/library/std/src/thread/mod.rs:557:30
[INFO] [stdout]   71:     0x59a06ef1e13a - core::ops::function::FnOnce::call_once{{vtable.shim}}::h048ce291ad4f62bf
[INFO] [stdout]                                at /rustc/6067b36314ab5eb2eb47cecc464545ba58e1ad24/library/core/src/ops/function.rs:250:5
[INFO] [stdout]   72:     0x59a06f97809b - <alloc::boxed::Box<F,A> as core::ops::function::FnOnce<Args>>::call_once::ha52bedf99a3b4981
[INFO] [stdout]                                at /rustc/6067b36314ab5eb2eb47cecc464545ba58e1ad24/library/alloc/src/boxed.rs:2013:9
[INFO] [stdout]   73:     0x59a06f97809b - <alloc::boxed::Box<F,A> as core::ops::function::FnOnce<Args>>::call_once::h567748934d80ccf8
[INFO] [stdout]                                at /rustc/6067b36314ab5eb2eb47cecc464545ba58e1ad24/library/alloc/src/boxed.rs:2013:9
[INFO] [stdout]   74:     0x59a06f97809b - std::sys::pal::unix::thread::Thread::new::thread_start::h2d970728ae887adc
[INFO] [stdout]                                at /rustc/6067b36314ab5eb2eb47cecc464545ba58e1ad24/library/std/src/sys/pal/unix/thread.rs:106:17
[INFO] [stdout]   75:     0x784d602aaac3 - <unknown>
[INFO] [stdout]   76:     0x784d6033ba04 - clone
[INFO] [stdout]   77:                0x0 - <unknown>
[INFO] [stdout] 
[INFO] [stdout] ---- auth_hexagon::auth_store_pg_adapter::tests::test_set_day0_token_twice stdout ----
[INFO] [stdout] DB Name: test_set_day0_token_twice_fb2d9d86ed3a416dac3d1622a5bb4d47
[INFO] [stdout] 
[INFO] [stdout] thread 'auth_hexagon::auth_store_pg_adapter::tests::test_set_day0_token_twice' panicked at src/auth_hexagon/auth_store_pg_adapter/test_utils.rs:24:10:
[INFO] [stdout] called `Result::unwrap()` on an `Err` value: ConnectivityProblem("edeed6e5-f4e7-4c16-8348-31c4c00b708b", "pool timed out while waiting for an open connection")
[INFO] [stdout] stack backtrace:
[INFO] [stdout]    0:     0x59a06f971d9a - std::backtrace_rs::backtrace::libunwind::trace::hb059275cfc8d6126
[INFO] [stdout]                                at /rustc/6067b36314ab5eb2eb47cecc464545ba58e1ad24/library/std/src/../../backtrace/src/backtrace/libunwind.rs:116:5
[INFO] [stdout]    1:     0x59a06f971d9a - std::backtrace_rs::backtrace::trace_unsynchronized::h2da071e4327ce3ee
[INFO] [stdout]                                at /rustc/6067b36314ab5eb2eb47cecc464545ba58e1ad24/library/std/src/../../backtrace/src/backtrace/mod.rs:66:5
[INFO] [stdout]    2:     0x59a06f971d9a - std::sys::backtrace::_print_fmt::h842a1474e6f8d23f
[INFO] [stdout]                                at /rustc/6067b36314ab5eb2eb47cecc464545ba58e1ad24/library/std/src/sys/backtrace.rs:66:9
[INFO] [stdout]    3:     0x59a06f971d9a - <std::sys::backtrace::BacktraceLock::print::DisplayBacktrace as core::fmt::Display>::fmt::h71a62eb3b9696b12
[INFO] [stdout]                                at /rustc/6067b36314ab5eb2eb47cecc464545ba58e1ad24/library/std/src/sys/backtrace.rs:39:26
[INFO] [stdout]    4:     0x59a06f99e6a3 - core::fmt::rt::Argument::fmt::hdb6b616786b41dc1
[INFO] [stdout]                                at /rustc/6067b36314ab5eb2eb47cecc464545ba58e1ad24/library/core/src/fmt/rt.rs:177:76
[INFO] [stdout]    5:     0x59a06f99e6a3 - core::fmt::write::h2cc1698af7e2d686
[INFO] [stdout]                                at /rustc/6067b36314ab5eb2eb47cecc464545ba58e1ad24/library/core/src/fmt/mod.rs:1440:21
[INFO] [stdout]    6:     0x59a06f96db43 - std::io::Write::write_fmt::hab1b4cd059a79022
[INFO] [stdout]                                at /rustc/6067b36314ab5eb2eb47cecc464545ba58e1ad24/library/std/src/io/mod.rs:1887:15
[INFO] [stdout]    7:     0x59a06f971be2 - std::sys::backtrace::BacktraceLock::print::h147fe35b4ea13b08
[INFO] [stdout]                                at /rustc/6067b36314ab5eb2eb47cecc464545ba58e1ad24/library/std/src/sys/backtrace.rs:42:9
[INFO] [stdout]    8:     0x59a06f9731bf - std::panicking::default_hook::{{closure}}::hbd44223dbdc0d208
[INFO] [stdout]                                at /rustc/6067b36314ab5eb2eb47cecc464545ba58e1ad24/library/std/src/panicking.rs:298:22
[INFO] [stdout]    9:     0x59a06f972fd8 - std::panicking::default_hook::h20f81eb0576efcec
[INFO] [stdout]                                at /rustc/6067b36314ab5eb2eb47cecc464545ba58e1ad24/library/std/src/panicking.rs:322:9
[INFO] [stdout]   10:     0x59a06ef530e3 - <alloc::boxed::Box<F,A> as core::ops::function::Fn<Args>>::call::hdb53814c496a4d34
[INFO] [stdout]                                at /rustc/6067b36314ab5eb2eb47cecc464545ba58e1ad24/library/alloc/src/boxed.rs:2027:9
[INFO] [stdout]   11:     0x59a06ef530e3 - test::test_main::{{closure}}::hc0a4963c59427c24
[INFO] [stdout]                                at /rustc/6067b36314ab5eb2eb47cecc464545ba58e1ad24/library/test/src/lib.rs:134:21
[INFO] [stdout]   12:     0x59a06f973cb3 - <alloc::boxed::Box<F,A> as core::ops::function::Fn<Args>>::call::h591b2225413a77e9
[INFO] [stdout]                                at /rustc/6067b36314ab5eb2eb47cecc464545ba58e1ad24/library/alloc/src/boxed.rs:2027:9
[INFO] [stdout]   13:     0x59a06f973cb3 - std::panicking::rust_panic_with_hook::h625eea43051b2edc
[INFO] [stdout]                                at /rustc/6067b36314ab5eb2eb47cecc464545ba58e1ad24/library/std/src/panicking.rs:839:13
[INFO] [stdout]   14:     0x59a06f97396a - std::panicking::begin_panic_handler::{{closure}}::h4f9159cfbc3f6bd3
[INFO] [stdout]                                at /rustc/6067b36314ab5eb2eb47cecc464545ba58e1ad24/library/std/src/panicking.rs:704:13
[INFO] [stdout]   15:     0x59a06f972299 - std::sys::backtrace::__rust_end_short_backtrace::h0390abce48353151
[INFO] [stdout]                                at /rustc/6067b36314ab5eb2eb47cecc464545ba58e1ad24/library/std/src/sys/backtrace.rs:168:18
[INFO] [stdout]   16:     0x59a06f9735fd - rust_begin_unwind
[INFO] [stdout]                                at /rustc/6067b36314ab5eb2eb47cecc464545ba58e1ad24/library/std/src/panicking.rs:695:5
[INFO] [stdout]   17:     0x59a06f99cc20 - core::panicking::panic_fmt::h9e7c637e9e5f29c9
[INFO] [stdout]                                at /rustc/6067b36314ab5eb2eb47cecc464545ba58e1ad24/library/core/src/panicking.rs:75:14
[INFO] [stdout]   18:     0x59a06f99d096 - core::result::unwrap_failed::h7979f09313fe1849
[INFO] [stdout]                                at /rustc/6067b36314ab5eb2eb47cecc464545ba58e1ad24/library/core/src/result.rs:1704:5
[INFO] [stdout]   19:     0x59a06ee3ab13 - core::result::Result<T,E>::unwrap::h524d0e3648ea1b82
[INFO] [stdout]                                at /rustc/6067b36314ab5eb2eb47cecc464545ba58e1ad24/library/core/src/result.rs:1109:23
[INFO] [stdout]   20:     0x59a06ee3ab13 - schocken_auth_server::auth_hexagon::auth_store_pg_adapter::test_utils::pg_store_init::{{closure}}::h3b6e25f501f298e2
[INFO] [stdout]                                at /opt/rustwide/workdir/src/auth_hexagon/auth_store_pg_adapter/test_utils.rs:22:5
[INFO] [stdout]   21:     0x59a06ee13e2f - schocken_auth_server::auth_hexagon::auth_store_pg_adapter::tests::test_set_day0_token_twice::{{closure}}::h8c4d1151c2755c2e
[INFO] [stdout]                                at /opt/rustwide/workdir/src/auth_hexagon/auth_store_pg_adapter.rs:262:64
[INFO] [stdout]   22:     0x59a06edaa110 - <tokio::task::local::RunUntil<T> as core::future::future::Future>::poll::{{closure}}::{{closure}}::h7fb0a7daa2ef146b
[INFO] [stdout]                                at /opt/rustwide/cargo-home/registry/src/index.crates.io-1949cf8c6b5b557f/tokio-1.3.0/src/task/local.rs:634:65
[INFO] [stdout]   23:     0x59a06ee306f3 - tokio::coop::with_budget::{{closure}}::h81df7917dae9953f
[INFO] [stdout]                                at /opt/rustwide/cargo-home/registry/src/index.crates.io-1949cf8c6b5b557f/tokio-1.3.0/src/coop.rs:106:9
[INFO] [stdout]   24:     0x59a06ed70d95 - std::thread::local::LocalKey<T>::try_with::h468aa5db087b7ef6
[INFO] [stdout]                                at /rustc/6067b36314ab5eb2eb47cecc464545ba58e1ad24/library/std/src/thread/local.rs:308:12
[INFO] [stdout]   25:     0x59a06ed6d79a - std::thread::local::LocalKey<T>::with::h617213a32b325003
[INFO] [stdout]                                at /rustc/6067b36314ab5eb2eb47cecc464545ba58e1ad24/library/std/src/thread/local.rs:272:9
[INFO] [stdout]   26:     0x59a06eda9c32 - tokio::coop::with_budget::h6c036c66513bfd05
[INFO] [stdout]                                at /opt/rustwide/cargo-home/registry/src/index.crates.io-1949cf8c6b5b557f/tokio-1.3.0/src/coop.rs:99:5
[INFO] [stdout]   27:     0x59a06eda9c32 - tokio::coop::budget::hd59bb2cafebb5416
[INFO] [stdout]                                at /opt/rustwide/cargo-home/registry/src/index.crates.io-1949cf8c6b5b557f/tokio-1.3.0/src/coop.rs:76:5
[INFO] [stdout]   28:     0x59a06eda9c32 - <tokio::task::local::RunUntil<T> as core::future::future::Future>::poll::{{closure}}::hfc25eeff581c1599
[INFO] [stdout]                                at /opt/rustwide/cargo-home/registry/src/index.crates.io-1949cf8c6b5b557f/tokio-1.3.0/src/task/local.rs:634:42
[INFO] [stdout]   29:     0x59a06edce10d - tokio::macros::scoped_tls::ScopedKey<T>::set::h3309181b8829cdd3
[INFO] [stdout]                                at /opt/rustwide/cargo-home/registry/src/index.crates.io-1949cf8c6b5b557f/tokio-1.3.0/src/macros/scoped_tls.rs:61:9
[INFO] [stdout]   30:     0x59a06eda0257 - tokio::task::local::LocalSet::with::he3c75f07e52aa278
[INFO] [stdout]                                at /opt/rustwide/cargo-home/registry/src/index.crates.io-1949cf8c6b5b557f/tokio-1.3.0/src/task/local.rs:548:9
[INFO] [stdout]   31:     0x59a06eda6cda - <tokio::task::local::RunUntil<T> as core::future::future::Future>::poll::h01e54f48db8f6adf
[INFO] [stdout]                                at /opt/rustwide/cargo-home/registry/src/index.crates.io-1949cf8c6b5b557f/tokio-1.3.0/src/task/local.rs:624:9
[INFO] [stdout]   32:     0x59a06eda2090 - tokio::task::local::LocalSet::run_until::{{closure}}::h3124bb9072f210d2
[INFO] [stdout]                                at /opt/rustwide/cargo-home/registry/src/index.crates.io-1949cf8c6b5b557f/tokio-1.3.0/src/task/local.rs:498:19
[INFO] [stdout]   33:     0x59a06ee21b5d - <core::pin::Pin<P> as core::future::future::Future>::poll::haa5647e0608e8030
[INFO] [stdout]                                at /rustc/6067b36314ab5eb2eb47cecc464545ba58e1ad24/library/core/src/future/future.rs:124:9
[INFO] [stdout]   34:     0x59a06ed85ebf - tokio::runtime::basic_scheduler::Inner<P>::block_on::{{closure}}::{{closure}}::h3f12bc8f6a6e80a7
[INFO] [stdout]                                at /opt/rustwide/cargo-home/registry/src/index.crates.io-1949cf8c6b5b557f/tokio-1.3.0/src/runtime/basic_scheduler.rs:184:58
[INFO] [stdout]   35:     0x59a06ee344b3 - tokio::coop::with_budget::{{closure}}::hf8da9ce2a8c3aa39
[INFO] [stdout]                                at /opt/rustwide/cargo-home/registry/src/index.crates.io-1949cf8c6b5b557f/tokio-1.3.0/src/coop.rs:106:9
[INFO] [stdout]   36:     0x59a06ed77765 - std::thread::local::LocalKey<T>::try_with::hfcaa7e5c654111bc
[INFO] [stdout]                                at /rustc/6067b36314ab5eb2eb47cecc464545ba58e1ad24/library/std/src/thread/local.rs:308:12
[INFO] [stdout]   37:     0x59a06ed6e5fa - std::thread::local::LocalKey<T>::with::he6bbfb8e3e847e3d
[INFO] [stdout]                                at /rustc/6067b36314ab5eb2eb47cecc464545ba58e1ad24/library/std/src/thread/local.rs:272:9
[INFO] [stdout]   38:     0x59a06ed7f59c - tokio::coop::with_budget::h412a3cbe73fdc2b0
[INFO] [stdout]                                at /opt/rustwide/cargo-home/registry/src/index.crates.io-1949cf8c6b5b557f/tokio-1.3.0/src/coop.rs:99:5
[INFO] [stdout]   39:     0x59a06ed7f59c - tokio::coop::budget::hb83af1805abb589d
[INFO] [stdout]                                at /opt/rustwide/cargo-home/registry/src/index.crates.io-1949cf8c6b5b557f/tokio-1.3.0/src/coop.rs:76:5
[INFO] [stdout]   40:     0x59a06ed7f59c - tokio::runtime::basic_scheduler::Inner<P>::block_on::{{closure}}::h64e7cd352fb426d9
[INFO] [stdout]                                at /opt/rustwide/cargo-home/registry/src/index.crates.io-1949cf8c6b5b557f/tokio-1.3.0/src/runtime/basic_scheduler.rs:184:35
[INFO] [stdout]   41:     0x59a06ed91c3a - tokio::runtime::basic_scheduler::enter::{{closure}}::hcdb9e9f9b4578e08
[INFO] [stdout]                                at /opt/rustwide/cargo-home/registry/src/index.crates.io-1949cf8c6b5b557f/tokio-1.3.0/src/runtime/basic_scheduler.rs:266:29
[INFO] [stdout]   42:     0x59a06edcf085 - tokio::macros::scoped_tls::ScopedKey<T>::set::h8c7edf0c3aad5b31
[INFO] [stdout]                                at /opt/rustwide/cargo-home/registry/src/index.crates.io-1949cf8c6b5b557f/tokio-1.3.0/src/macros/scoped_tls.rs:61:9
[INFO] [stdout]   43:     0x59a06ed8d8e8 - tokio::runtime::basic_scheduler::enter::h3449bb00364dae3f
[INFO] [stdout]                                at /opt/rustwide/cargo-home/registry/src/index.crates.io-1949cf8c6b5b557f/tokio-1.3.0/src/runtime/basic_scheduler.rs:266:5
[INFO] [stdout]   44:     0x59a06ed7c703 - tokio::runtime::basic_scheduler::Inner<P>::block_on::hf11e651374e8c465
[INFO] [stdout]                                at /opt/rustwide/cargo-home/registry/src/index.crates.io-1949cf8c6b5b557f/tokio-1.3.0/src/runtime/basic_scheduler.rs:176:9
[INFO] [stdout]   45:     0x59a06ed87789 - tokio::runtime::basic_scheduler::InnerGuard<P>::block_on::h74ef84bcd9a5b02e
[INFO] [stdout]                                at /opt/rustwide/cargo-home/registry/src/index.crates.io-1949cf8c6b5b557f/tokio-1.3.0/src/runtime/basic_scheduler.rs:405:9
[INFO] [stdout]   46:     0x59a06ed88b66 - tokio::runtime::basic_scheduler::BasicScheduler<P>::block_on::h3b90227bb72f4179
[INFO] [stdout]                                at /opt/rustwide/cargo-home/registry/src/index.crates.io-1949cf8c6b5b557f/tokio-1.3.0/src/runtime/basic_scheduler.rs:136:24
[INFO] [stdout]   47:     0x59a06edd2b2b - tokio::runtime::Runtime::block_on::h6a3fe116651613d7
[INFO] [stdout]                                at /opt/rustwide/cargo-home/registry/src/index.crates.io-1949cf8c6b5b557f/tokio-1.3.0/src/runtime/mod.rs:450:46
[INFO] [stdout]   48:     0x59a06eda06d8 - tokio::task::local::LocalSet::block_on::hafb4f245bc5e0a62
[INFO] [stdout]                                at /opt/rustwide/cargo-home/registry/src/index.crates.io-1949cf8c6b5b557f/tokio-1.3.0/src/task/local.rs:459:9
[INFO] [stdout]   49:     0x59a06edaa8ca - actix_rt::runtime::Runtime::block_on::ha261c72c87a6de65
[INFO] [stdout]                                at /opt/rustwide/cargo-home/registry/src/index.crates.io-1949cf8c6b5b557f/actix-rt-2.2.0/src/runtime.rs:85:9
[INFO] [stdout]   50:     0x59a06ee5085a - actix_rt::system::SystemRunner::block_on::h82a3d74cfd303435
[INFO] [stdout]                                at /opt/rustwide/cargo-home/registry/src/index.crates.io-1949cf8c6b5b557f/actix-rt-2.2.0/src/system.rs:186:9
[INFO] [stdout]   51:     0x59a06ee13c09 - schocken_auth_server::auth_hexagon::auth_store_pg_adapter::tests::test_set_day0_token_twice::h3977940683171baa
[INFO] [stdout]                                at /opt/rustwide/workdir/src/auth_hexagon/auth_store_pg_adapter.rs:259:5
[INFO] [stdout]   52:     0x59a06ee13ba7 - schocken_auth_server::auth_hexagon::auth_store_pg_adapter::tests::test_set_day0_token_twice::{{closure}}::hbedd239f51c8b4ea
[INFO] [stdout]                                at /opt/rustwide/workdir/src/auth_hexagon/auth_store_pg_adapter.rs:261:41
[INFO] [stdout]   53:     0x59a06ed4ab16 - core::ops::function::FnOnce::call_once::h6295aced1131b50e
[INFO] [stdout]                                at /rustc/6067b36314ab5eb2eb47cecc464545ba58e1ad24/library/core/src/ops/function.rs:250:5
[INFO] [stdout]   54:     0x59a06ef5883b - core::ops::function::FnOnce::call_once::he27718dfdd183f43
[INFO] [stdout]                                at /rustc/6067b36314ab5eb2eb47cecc464545ba58e1ad24/library/core/src/ops/function.rs:250:5
[INFO] [stdout]   55:     0x59a06ef5883b - test::__rust_begin_short_backtrace::h4e84902998457a5d
[INFO] [stdout]                                at /rustc/6067b36314ab5eb2eb47cecc464545ba58e1ad24/library/test/src/lib.rs:632:18
[INFO] [stdout]   56:     0x59a06ef57773 - test::run_test_in_process::{{closure}}::h7176fd18fc1feca0
[INFO] [stdout]                                at /rustc/6067b36314ab5eb2eb47cecc464545ba58e1ad24/library/test/src/lib.rs:655:60
[INFO] [stdout]   57:     0x59a06ef57773 - <core::panic::unwind_safe::AssertUnwindSafe<F> as core::ops::function::FnOnce<()>>::call_once::hf79cff2a624d8cf7
[INFO] [stdout]                                at /rustc/6067b36314ab5eb2eb47cecc464545ba58e1ad24/library/core/src/panic/unwind_safe.rs:272:9
[INFO] [stdout]   58:     0x59a06ef57773 - std::panicking::try::do_call::h3da0561d9ab99c25
[INFO] [stdout]                                at /rustc/6067b36314ab5eb2eb47cecc464545ba58e1ad24/library/std/src/panicking.rs:587:40
[INFO] [stdout]   59:     0x59a06ef57773 - std::panicking::try::h41c9fa508bc61df6
[INFO] [stdout]                                at /rustc/6067b36314ab5eb2eb47cecc464545ba58e1ad24/library/std/src/panicking.rs:550:19
[INFO] [stdout]   60:     0x59a06ef57773 - std::panic::catch_unwind::h6b3ff07bb5afad93
[INFO] [stdout]                                at /rustc/6067b36314ab5eb2eb47cecc464545ba58e1ad24/library/std/src/panic.rs:358:14
[INFO] [stdout]   61:     0x59a06ef57773 - test::run_test_in_process::hc7253dd11b39b9f4
[INFO] [stdout]                                at /rustc/6067b36314ab5eb2eb47cecc464545ba58e1ad24/library/test/src/lib.rs:655:27
[INFO] [stdout]   62:     0x59a06ef57773 - test::run_test::{{closure}}::hfb2007f8649c30bb
[INFO] [stdout]                                at /rustc/6067b36314ab5eb2eb47cecc464545ba58e1ad24/library/test/src/lib.rs:576:43
[INFO] [stdout]   63:     0x59a06ef1a855 - test::run_test::{{closure}}::h56a17aa7a282a9f4
[INFO] [stdout]                                at /rustc/6067b36314ab5eb2eb47cecc464545ba58e1ad24/library/test/src/lib.rs:606:41
[INFO] [stdout]   64:     0x59a06ef1a855 - std::sys::backtrace::__rust_begin_short_backtrace::hd2d2d2fb8e8c6aac
[INFO] [stdout]                                at /rustc/6067b36314ab5eb2eb47cecc464545ba58e1ad24/library/std/src/sys/backtrace.rs:152:18
[INFO] [stdout]   65:     0x59a06ef1e13a - std::thread::Builder::spawn_unchecked_::{{closure}}::{{closure}}::h4faa3f9db6133423
[INFO] [stdout]                                at /rustc/6067b36314ab5eb2eb47cecc464545ba58e1ad24/library/std/src/thread/mod.rs:559:17
[INFO] [stdout]   66:     0x59a06ef1e13a - <core::panic::unwind_safe::AssertUnwindSafe<F> as core::ops::function::FnOnce<()>>::call_once::hf2e855a36a4ea846
[INFO] [stdout]                                at /rustc/6067b36314ab5eb2eb47cecc464545ba58e1ad24/library/core/src/panic/unwind_safe.rs:272:9
[INFO] [stdout]   67:     0x59a06ef1e13a - std::panicking::try::do_call::h2f73af3616c35465
[INFO] [stdout]                                at /rustc/6067b36314ab5eb2eb47cecc464545ba58e1ad24/library/std/src/panicking.rs:587:40
[INFO] [stdout]   68:     0x59a06ef1e13a - std::panicking::try::hd1660ce9efadef5a
[INFO] [stdout]                                at /rustc/6067b36314ab5eb2eb47cecc464545ba58e1ad24/library/std/src/panicking.rs:550:19
[INFO] [stdout]   69:     0x59a06ef1e13a - std::panic::catch_unwind::h5ee8d7823b8ca744
[INFO] [stdout]                                at /rustc/6067b36314ab5eb2eb47cecc464545ba58e1ad24/library/std/src/panic.rs:358:14
[INFO] [stdout]   70:     0x59a06ef1e13a - std::thread::Builder::spawn_unchecked_::{{closure}}::h53c3a1894dce8407
[INFO] [stdout]                                at /rustc/6067b36314ab5eb2eb47cecc464545ba58e1ad24/library/std/src/thread/mod.rs:557:30
[INFO] [stdout]   71:     0x59a06ef1e13a - core::ops::function::FnOnce::call_once{{vtable.shim}}::h048ce291ad4f62bf
[INFO] [stdout]                                at /rustc/6067b36314ab5eb2eb47cecc464545ba58e1ad24/library/core/src/ops/function.rs:250:5
[INFO] [stdout]   72:     0x59a06f97809b - <alloc::boxed::Box<F,A> as core::ops::function::FnOnce<Args>>::call_once::ha52bedf99a3b4981
[INFO] [stdout]                                at /rustc/6067b36314ab5eb2eb47cecc464545ba58e1ad24/library/alloc/src/boxed.rs:2013:9
[INFO] [stdout]   73:     0x59a06f97809b - <alloc::boxed::Box<F,A> as core::ops::function::FnOnce<Args>>::call_once::h567748934d80ccf8
[INFO] [stdout]                                at /rustc/6067b36314ab5eb2eb47cecc464545ba58e1ad24/library/alloc/src/boxed.rs:2013:9
[INFO] [stdout]   74:     0x59a06f97809b - std::sys::pal::unix::thread::Thread::new::thread_start::h2d970728ae887adc
[INFO] [stdout]                                at /rustc/6067b36314ab5eb2eb47cecc464545ba58e1ad24/library/std/src/sys/pal/unix/thread.rs:106:17
[INFO] [stdout]   75:     0x784d602aaac3 - <unknown>
[INFO] [stdout]   76:     0x784d6033ba04 - clone
[INFO] [stdout]   77:                0x0 - <unknown>
[INFO] [stdout] 
[INFO] [stdout] 
[INFO] [stdout] failures:
[INFO] [stdout]     auth_hexagon::auth_store_pg_adapter::tests::test_auth_password
[INFO] [stdout]     auth_hexagon::auth_store_pg_adapter::tests::test_day0_registration_success
[INFO] [stdout]     auth_hexagon::auth_store_pg_adapter::tests::test_day0_registration_with_unknown_token
[INFO] [stdout]     auth_hexagon::auth_store_pg_adapter::tests::test_session
[INFO] [stdout]     auth_hexagon::auth_store_pg_adapter::tests::test_set_day0_token_twice
[INFO] [stdout] 
[INFO] [stdout] test result: FAILED. 15 passed; 5 failed; 0 ignored; 0 measured; 0 filtered out; finished in 30.78s
[INFO] [stdout] 
[INFO] [stderr] error: test failed, to rerun pass `--bin schocken-auth-server`
[INFO] running `Command { std: "docker" "inspect" "d63f371caacea7b7a1bcae0b92308f59274c4555d1a708d275ff1d40a3f6c747", kill_on_drop: false }`
[INFO] running `Command { std: "docker" "rm" "-f" "d63f371caacea7b7a1bcae0b92308f59274c4555d1a708d275ff1d40a3f6c747", kill_on_drop: false }`
[INFO] [stdout] d63f371caacea7b7a1bcae0b92308f59274c4555d1a708d275ff1d40a3f6c747
