[INFO] cloning repository https://github.com/vaughankraska/advent_2024
[INFO] running `Command { std: "git" "-c" "credential.helper=" "-c" "credential.helper=/workspace/cargo-home/bin/git-credential-null" "clone" "--bare" "https://github.com/vaughankraska/advent_2024" "/workspace/cache/git-repos/https%3A%2F%2Fgithub.com%2Fvaughankraska%2Fadvent_2024", kill_on_drop: false }`
[INFO] [stderr] Cloning into bare repository '/workspace/cache/git-repos/https%3A%2F%2Fgithub.com%2Fvaughankraska%2Fadvent_2024'...
[INFO] running `Command { std: "git" "rev-parse" "HEAD", kill_on_drop: false }`
[INFO] [stdout] ca8807b2e5aba34b55f63ec9e34818b854ccbcf8
[INFO] testing vaughankraska/advent_2024 against nightly-2025-01-18 for randomize-layout-2
[INFO] running `Command { std: "git" "clone" "/workspace/cache/git-repos/https%3A%2F%2Fgithub.com%2Fvaughankraska%2Fadvent_2024" "/workspace/builds/worker-7-tc1/source", kill_on_drop: false }`
[INFO] [stderr] Cloning into '/workspace/builds/worker-7-tc1/source'...
[INFO] [stderr] done.
[INFO] validating manifest of git repo https://github.com/vaughankraska/advent_2024 on toolchain nightly-2025-01-18
[INFO] running `Command { std: CARGO_HOME="/workspace/cargo-home" RUSTUP_HOME="/workspace/rustup-home" "/workspace/cargo-home/bin/cargo" "+nightly-2025-01-18" "metadata" "--manifest-path" "Cargo.toml" "--no-deps", kill_on_drop: false }`
[INFO] started tweaking git repo https://github.com/vaughankraska/advent_2024
[INFO] finished tweaking git repo https://github.com/vaughankraska/advent_2024
[INFO] tweaked toml for git repo https://github.com/vaughankraska/advent_2024 written to /workspace/builds/worker-7-tc1/source/Cargo.toml
[INFO] crate git repo https://github.com/vaughankraska/advent_2024 already has a lockfile, it will not be regenerated
[INFO] running `Command { std: CARGO_HOME="/workspace/cargo-home" RUSTUP_HOME="/workspace/rustup-home" "/workspace/cargo-home/bin/cargo" "+nightly-2025-01-18" "fetch" "--manifest-path" "Cargo.toml", kill_on_drop: false }`
[INFO] [stderr]     Updating crates.io index
[INFO] [stderr]  Downloading crates ...
[INFO] [stderr]   Downloaded const_format v0.2.33
[INFO] [stderr]   Downloaded anyhow v1.0.93
[INFO] [stderr]   Downloaded unicode-xid v0.2.6
[INFO] [stderr]   Downloaded const_format_proc_macros v0.2.33
[INFO] [stderr]   Downloaded code-timing-macros v0.0.5
[INFO] running `Command { std: "docker" "create" "-v" "/var/lib/crater-agent-workspace/builds/worker-7-tc1/target:/opt/rustwide/target:rw,Z" "-v" "/var/lib/crater-agent-workspace/builds/worker-7-tc1/source:/opt/rustwide/workdir:ro,Z" "-v" "/var/lib/crater-agent-workspace/cargo-home:/opt/rustwide/cargo-home:ro,Z" "-v" "/var/lib/crater-agent-workspace/rustup-home:/opt/rustwide/rustup-home:ro,Z" "-e" "SOURCE_DIR=/opt/rustwide/workdir" "-e" "CARGO_TARGET_DIR=/opt/rustwide/target" "-e" "CARGO_HOME=/opt/rustwide/cargo-home" "-e" "RUSTUP_HOME=/opt/rustwide/rustup-home" "-w" "/opt/rustwide/workdir" "-m" "1610612736" "--user" "0:0" "--network" "none" "ghcr.io/rust-lang/crates-build-env/linux@sha256:819108c5571ea2e421544af4d832f968d213c87fbe3707a016657f43d2f853bc" "/opt/rustwide/cargo-home/bin/cargo" "+nightly-2025-01-18" "metadata" "--no-deps" "--format-version=1", kill_on_drop: false }`
[INFO] [stdout] b783804b781536a68568f62bcb1cf26f12a2f0249d6d68032ee05cec04e0d056
[INFO] running `Command { std: "docker" "start" "-a" "b783804b781536a68568f62bcb1cf26f12a2f0249d6d68032ee05cec04e0d056", kill_on_drop: false }`
[INFO] running `Command { std: "docker" "inspect" "b783804b781536a68568f62bcb1cf26f12a2f0249d6d68032ee05cec04e0d056", kill_on_drop: false }`
[INFO] running `Command { std: "docker" "rm" "-f" "b783804b781536a68568f62bcb1cf26f12a2f0249d6d68032ee05cec04e0d056", kill_on_drop: false }`
[INFO] [stdout] b783804b781536a68568f62bcb1cf26f12a2f0249d6d68032ee05cec04e0d056
[INFO] running `Command { std: "docker" "create" "-v" "/var/lib/crater-agent-workspace/builds/worker-7-tc1/target:/opt/rustwide/target:rw,Z" "-v" "/var/lib/crater-agent-workspace/builds/worker-7-tc1/source:/opt/rustwide/workdir:ro,Z" "-v" "/var/lib/crater-agent-workspace/cargo-home:/opt/rustwide/cargo-home:ro,Z" "-v" "/var/lib/crater-agent-workspace/rustup-home:/opt/rustwide/rustup-home:ro,Z" "-e" "SOURCE_DIR=/opt/rustwide/workdir" "-e" "CARGO_TARGET_DIR=/opt/rustwide/target" "-e" "CARGO_INCREMENTAL=0" "-e" "RUST_BACKTRACE=full" "-e" "RUSTFLAGS=--cap-lints=forbid" "-e" "RUSTDOCFLAGS=--cap-lints=forbid" "-e" "CARGO_HOME=/opt/rustwide/cargo-home" "-e" "RUSTUP_HOME=/opt/rustwide/rustup-home" "-w" "/opt/rustwide/workdir" "-m" "1610612736" "--user" "0:0" "--network" "none" "ghcr.io/rust-lang/crates-build-env/linux@sha256:819108c5571ea2e421544af4d832f968d213c87fbe3707a016657f43d2f853bc" "/opt/rustwide/cargo-home/bin/cargo" "+nightly-2025-01-18" "build" "--frozen" "--message-format=json", kill_on_drop: false }`
[INFO] [stdout] 927a35635956ddf99f3e0a7598d5d9f38360350bed728e15dfd305b6f601b8f3
[INFO] running `Command { std: "docker" "start" "-a" "927a35635956ddf99f3e0a7598d5d9f38360350bed728e15dfd305b6f601b8f3", kill_on_drop: false }`
[INFO] [stderr]    Compiling proc-macro2 v1.0.92
[INFO] [stderr]    Compiling unicode-ident v1.0.14
[INFO] [stderr]    Compiling memchr v2.7.4
[INFO] [stderr]    Compiling anyhow v1.0.93
[INFO] [stderr]    Compiling unicode-xid v0.2.6
[INFO] [stderr]    Compiling regex-syntax v0.8.5
[INFO] [stderr]    Compiling either v1.13.0
[INFO] [stderr]    Compiling minimal-lexical v0.2.1
[INFO] [stderr]    Compiling itertools v0.13.0
[INFO] [stderr]    Compiling aho-corasick v1.1.3
[INFO] [stderr]    Compiling nom v7.1.3
[INFO] [stderr]    Compiling quote v1.0.37
[INFO] [stderr]    Compiling syn v2.0.90
[INFO] [stderr]    Compiling const_format_proc_macros v0.2.33
[INFO] [stderr]    Compiling const_format v0.2.33
[INFO] [stderr]    Compiling regex-automata v0.4.9
[INFO] [stderr]    Compiling code-timing-macros v0.0.5
[INFO] [stderr]    Compiling regex v1.11.1
[INFO] [stderr]    Compiling advent_2024 v0.1.0 (/opt/rustwide/workdir)
[INFO] [stdout] warning: unexpected `cfg` condition value: `tracing`
[INFO] [stdout]    --> src/bin/d7.rs:106:18
[INFO] [stdout]     |
[INFO] [stdout] 106 |     let result = time_snippet!(part_one(input_file));
[INFO] [stdout]     |                  ^^^^^^^^^^^^^^^^^^^^^^^^^^^^^^^^^^^
[INFO] [stdout]     |
[INFO] [stdout]     = note: no expected values for `feature`
[INFO] [stdout]     = note: using a cfg inside a macro will use the cfgs from the destination crate and not the ones from the defining crate
[INFO] [stdout]     = help: try referring to `time_snippet` crate for guidance on how handle this unexpected cfg
[INFO] [stdout]     = help: the macro `time_snippet` may come from an old version of the `code_timing_macros` crate, try updating your dependency with `cargo update -p code_timing_macros`
[INFO] [stdout]     = note: see <https://doc.rust-lang.org/nightly/rustc/check-cfg/cargo-specifics.html> for more information about checking conditional configuration
[INFO] [stdout]     = note: `#[warn(unexpected_cfgs)]` on by default
[INFO] [stdout]     = note: this warning originates in the macro `time_snippet` (in Nightly builds, run with -Z macro-backtrace for more info)
[INFO] [stdout] 
[INFO] [stdout] 
[INFO] [stdout] warning: unused imports: `collections::btree_map::Keys` and `ops::Add`
[INFO] [stdout]  --> src/bin/d25.rs:1:11
[INFO] [stdout]   |
[INFO] [stdout] 1 | use std::{collections::btree_map::Keys, fmt::Debug, ops::Add};
[INFO] [stdout]   |           ^^^^^^^^^^^^^^^^^^^^^^^^^^^^              ^^^^^^^^
[INFO] [stdout]   |
[INFO] [stdout]   = note: `#[warn(unused_imports)]` on by default
[INFO] [stdout] 
[INFO] [stdout] 
[INFO] [stdout] warning: unexpected `cfg` condition value: `tracing`
[INFO] [stdout]    --> src/bin/d25.rs:129:18
[INFO] [stdout]     |
[INFO] [stdout] 129 |     let result = time_snippet!(part_one(&input_file));
[INFO] [stdout]     |                  ^^^^^^^^^^^^^^^^^^^^^^^^^^^^^^^^^^^^
[INFO] [stdout]     |
[INFO] [stdout]     = note: no expected values for `feature`
[INFO] [stdout]     = note: using a cfg inside a macro will use the cfgs from the destination crate and not the ones from the defining crate
[INFO] [stdout]     = help: try referring to `time_snippet` crate for guidance on how handle this unexpected cfg
[INFO] [stdout]     = help: the macro `time_snippet` may come from an old version of the `code_timing_macros` crate, try updating your dependency with `cargo update -p code_timing_macros`
[INFO] [stdout]     = note: see <https://doc.rust-lang.org/nightly/rustc/check-cfg/cargo-specifics.html> for more information about checking conditional configuration
[INFO] [stdout]     = note: `#[warn(unexpected_cfgs)]` on by default
[INFO] [stdout]     = note: this warning originates in the macro `time_snippet` (in Nightly builds, run with -Z macro-backtrace for more info)
[INFO] [stdout] 
[INFO] [stdout] 
[INFO] [stdout] warning: unexpected `cfg` condition value: `tracing`
[INFO] [stdout]    --> src/bin/d3.rs:103:18
[INFO] [stdout]     |
[INFO] [stdout] 103 |     let result = time_snippet!(part_one(input_file));
[INFO] [stdout]     |                  ^^^^^^^^^^^^^^^^^^^^^^^^^^^^^^^^^^^
[INFO] [stdout]     |
[INFO] [stdout]     = note: no expected values for `feature`
[INFO] [stdout]     = note: using a cfg inside a macro will use the cfgs from the destination crate and not the ones from the defining crate
[INFO] [stdout]     = help: try referring to `time_snippet` crate for guidance on how handle this unexpected cfg
[INFO] [stdout]     = help: the macro `time_snippet` may come from an old version of the `code_timing_macros` crate, try updating your dependency with `cargo update -p code_timing_macros`
[INFO] [stdout]     = note: see <https://doc.rust-lang.org/nightly/rustc/check-cfg/cargo-specifics.html> for more information about checking conditional configuration
[INFO] [stdout]     = note: `#[warn(unexpected_cfgs)]` on by default
[INFO] [stdout]     = note: this warning originates in the macro `time_snippet` (in Nightly builds, run with -Z macro-backtrace for more info)
[INFO] [stdout] 
[INFO] [stdout] 
[INFO] [stdout] warning: unexpected `cfg` condition value: `tracing`
[INFO] [stdout]    --> src/bin/d3.rs:112:18
[INFO] [stdout]     |
[INFO] [stdout] 112 |     let result = time_snippet!(part_two(input_file));
[INFO] [stdout]     |                  ^^^^^^^^^^^^^^^^^^^^^^^^^^^^^^^^^^^
[INFO] [stdout]     |
[INFO] [stdout]     = note: no expected values for `feature`
[INFO] [stdout]     = note: using a cfg inside a macro will use the cfgs from the destination crate and not the ones from the defining crate
[INFO] [stdout]     = help: try referring to `time_snippet` crate for guidance on how handle this unexpected cfg
[INFO] [stdout]     = help: the macro `time_snippet` may come from an old version of the `code_timing_macros` crate, try updating your dependency with `cargo update -p code_timing_macros`
[INFO] [stdout]     = note: see <https://doc.rust-lang.org/nightly/rustc/check-cfg/cargo-specifics.html> for more information about checking conditional configuration
[INFO] [stdout]     = note: this warning originates in the macro `time_snippet` (in Nightly builds, run with -Z macro-backtrace for more info)
[INFO] [stdout] 
[INFO] [stdout] 
[INFO] [stdout] warning: unexpected `cfg` condition value: `tracing`
[INFO] [stdout]   --> src/bin/d1.rs:81:18
[INFO] [stdout]    |
[INFO] [stdout] 81 |     let result = time_snippet!(part_one(input_file));
[INFO] [stdout]    |                  ^^^^^^^^^^^^^^^^^^^^^^^^^^^^^^^^^^^
[INFO] [stdout]    |
[INFO] [stdout]    = note: no expected values for `feature`
[INFO] [stdout]    = note: using a cfg inside a macro will use the cfgs from the destination crate and not the ones from the defining crate
[INFO] [stdout]    = help: try referring to `time_snippet` crate for guidance on how handle this unexpected cfg
[INFO] [stdout]    = help: the macro `time_snippet` may come from an old version of the `code_timing_macros` crate, try updating your dependency with `cargo update -p code_timing_macros`
[INFO] [stdout]    = note: see <https://doc.rust-lang.org/nightly/rustc/check-cfg/cargo-specifics.html> for more information about checking conditional configuration
[INFO] [stdout]    = note: `#[warn(unexpected_cfgs)]` on by default
[INFO] [stdout]    = note: this warning originates in the macro `time_snippet` (in Nightly builds, run with -Z macro-backtrace for more info)
[INFO] [stdout] 
[INFO] [stdout] 
[INFO] [stdout] warning: unexpected `cfg` condition value: `tracing`
[INFO] [stdout]   --> src/bin/d1.rs:90:18
[INFO] [stdout]    |
[INFO] [stdout] 90 |     let result = time_snippet!(part_two(input_file));
[INFO] [stdout]    |                  ^^^^^^^^^^^^^^^^^^^^^^^^^^^^^^^^^^^
[INFO] [stdout]    |
[INFO] [stdout]    = note: no expected values for `feature`
[INFO] [stdout]    = note: using a cfg inside a macro will use the cfgs from the destination crate and not the ones from the defining crate
[INFO] [stdout]    = help: try referring to `time_snippet` crate for guidance on how handle this unexpected cfg
[INFO] [stdout]    = help: the macro `time_snippet` may come from an old version of the `code_timing_macros` crate, try updating your dependency with `cargo update -p code_timing_macros`
[INFO] [stdout]    = note: see <https://doc.rust-lang.org/nightly/rustc/check-cfg/cargo-specifics.html> for more information about checking conditional configuration
[INFO] [stdout]    = note: this warning originates in the macro `time_snippet` (in Nightly builds, run with -Z macro-backtrace for more info)
[INFO] [stdout] 
[INFO] [stdout] 
[INFO] [stdout] warning: unexpected `cfg` condition value: `tracing`
[INFO] [stdout]   --> src/bin/d2.rs:65:18
[INFO] [stdout]    |
[INFO] [stdout] 65 |     let result = time_snippet!(part_one(input_file));
[INFO] [stdout]    |                  ^^^^^^^^^^^^^^^^^^^^^^^^^^^^^^^^^^^
[INFO] [stdout]    |
[INFO] [stdout]    = note: no expected values for `feature`
[INFO] [stdout]    = note: using a cfg inside a macro will use the cfgs from the destination crate and not the ones from the defining crate
[INFO] [stdout]    = help: try referring to `time_snippet` crate for guidance on how handle this unexpected cfg
[INFO] [stdout]    = help: the macro `time_snippet` may come from an old version of the `code_timing_macros` crate, try updating your dependency with `cargo update -p code_timing_macros`
[INFO] [stdout]    = note: see <https://doc.rust-lang.org/nightly/rustc/check-cfg/cargo-specifics.html> for more information about checking conditional configuration
[INFO] [stdout]    = note: `#[warn(unexpected_cfgs)]` on by default
[INFO] [stdout]    = note: this warning originates in the macro `time_snippet` (in Nightly builds, run with -Z macro-backtrace for more info)
[INFO] [stdout] 
[INFO] [stdout] 
[INFO] [stdout] warning: unexpected `cfg` condition value: `tracing`
[INFO] [stdout]    --> src/bin/d4.rs:156:18
[INFO] [stdout]     |
[INFO] [stdout] 156 |     let result = time_snippet!(part_one(input_file));
[INFO] [stdout]     |                  ^^^^^^^^^^^^^^^^^^^^^^^^^^^^^^^^^^^
[INFO] [stdout]     |
[INFO] [stdout]     = note: no expected values for `feature`
[INFO] [stdout]     = note: using a cfg inside a macro will use the cfgs from the destination crate and not the ones from the defining crate
[INFO] [stdout]     = help: try referring to `time_snippet` crate for guidance on how handle this unexpected cfg
[INFO] [stdout]     = help: the macro `time_snippet` may come from an old version of the `code_timing_macros` crate, try updating your dependency with `cargo update -p code_timing_macros`
[INFO] [stdout]     = note: see <https://doc.rust-lang.org/nightly/rustc/check-cfg/cargo-specifics.html> for more information about checking conditional configuration
[INFO] [stdout]     = note: `#[warn(unexpected_cfgs)]` on by default
[INFO] [stdout]     = note: this warning originates in the macro `time_snippet` (in Nightly builds, run with -Z macro-backtrace for more info)
[INFO] [stdout] 
[INFO] [stdout] 
[INFO] [stdout] warning: unexpected `cfg` condition value: `tracing`
[INFO] [stdout]    --> src/bin/d6.rs:209:18
[INFO] [stdout]     |
[INFO] [stdout] 209 |     let result = time_snippet!(part_one(input_file));
[INFO] [stdout]     |                  ^^^^^^^^^^^^^^^^^^^^^^^^^^^^^^^^^^^
[INFO] [stdout]     |
[INFO] [stdout]     = note: no expected values for `feature`
[INFO] [stdout]     = note: using a cfg inside a macro will use the cfgs from the destination crate and not the ones from the defining crate
[INFO] [stdout]     = help: try referring to `time_snippet` crate for guidance on how handle this unexpected cfg
[INFO] [stdout]     = help: the macro `time_snippet` may come from an old version of the `code_timing_macros` crate, try updating your dependency with `cargo update -p code_timing_macros`
[INFO] [stdout]     = note: see <https://doc.rust-lang.org/nightly/rustc/check-cfg/cargo-specifics.html> for more information about checking conditional configuration
[INFO] [stdout]     = note: `#[warn(unexpected_cfgs)]` on by default
[INFO] [stdout]     = note: this warning originates in the macro `time_snippet` (in Nightly builds, run with -Z macro-backtrace for more info)
[INFO] [stdout] 
[INFO] [stdout] 
[INFO] [stdout] warning: unexpected `cfg` condition value: `tracing`
[INFO] [stdout]    --> src/bin/d5.rs:163:18
[INFO] [stdout]     |
[INFO] [stdout] 163 |     let result = time_snippet!(part_one(&mut input_file));
[INFO] [stdout]     |                  ^^^^^^^^^^^^^^^^^^^^^^^^^^^^^^^^^^^^^^^^
[INFO] [stdout]     |
[INFO] [stdout]     = note: no expected values for `feature`
[INFO] [stdout]     = note: using a cfg inside a macro will use the cfgs from the destination crate and not the ones from the defining crate
[INFO] [stdout]     = help: try referring to `time_snippet` crate for guidance on how handle this unexpected cfg
[INFO] [stdout]     = help: the macro `time_snippet` may come from an old version of the `code_timing_macros` crate, try updating your dependency with `cargo update -p code_timing_macros`
[INFO] [stdout]     = note: see <https://doc.rust-lang.org/nightly/rustc/check-cfg/cargo-specifics.html> for more information about checking conditional configuration
[INFO] [stdout]     = note: `#[warn(unexpected_cfgs)]` on by default
[INFO] [stdout]     = note: this warning originates in the macro `time_snippet` (in Nightly builds, run with -Z macro-backtrace for more info)
[INFO] [stdout] 
[INFO] [stdout] 
[INFO] [stdout] warning: unexpected `cfg` condition value: `tracing`
[INFO] [stdout]    --> src/bin/d5.rs:170:18
[INFO] [stdout]     |
[INFO] [stdout] 170 |     let result = time_snippet!(part_two(&mut input_file));
[INFO] [stdout]     |                  ^^^^^^^^^^^^^^^^^^^^^^^^^^^^^^^^^^^^^^^^
[INFO] [stdout]     |
[INFO] [stdout]     = note: no expected values for `feature`
[INFO] [stdout]     = note: using a cfg inside a macro will use the cfgs from the destination crate and not the ones from the defining crate
[INFO] [stdout]     = help: try referring to `time_snippet` crate for guidance on how handle this unexpected cfg
[INFO] [stdout]     = help: the macro `time_snippet` may come from an old version of the `code_timing_macros` crate, try updating your dependency with `cargo update -p code_timing_macros`
[INFO] [stdout]     = note: see <https://doc.rust-lang.org/nightly/rustc/check-cfg/cargo-specifics.html> for more information about checking conditional configuration
[INFO] [stdout]     = note: this warning originates in the macro `time_snippet` (in Nightly builds, run with -Z macro-backtrace for more info)
[INFO] [stdout] 
[INFO] [stdout] 
[INFO] [stderr]     Finished `dev` profile [unoptimized + debuginfo] target(s) in 13.38s
[INFO] running `Command { std: "docker" "inspect" "927a35635956ddf99f3e0a7598d5d9f38360350bed728e15dfd305b6f601b8f3", kill_on_drop: false }`
[INFO] running `Command { std: "docker" "rm" "-f" "927a35635956ddf99f3e0a7598d5d9f38360350bed728e15dfd305b6f601b8f3", kill_on_drop: false }`
[INFO] [stdout] 927a35635956ddf99f3e0a7598d5d9f38360350bed728e15dfd305b6f601b8f3
[INFO] running `Command { std: "docker" "create" "-v" "/var/lib/crater-agent-workspace/builds/worker-7-tc1/target:/opt/rustwide/target:rw,Z" "-v" "/var/lib/crater-agent-workspace/builds/worker-7-tc1/source:/opt/rustwide/workdir:ro,Z" "-v" "/var/lib/crater-agent-workspace/cargo-home:/opt/rustwide/cargo-home:ro,Z" "-v" "/var/lib/crater-agent-workspace/rustup-home:/opt/rustwide/rustup-home:ro,Z" "-e" "SOURCE_DIR=/opt/rustwide/workdir" "-e" "CARGO_TARGET_DIR=/opt/rustwide/target" "-e" "CARGO_INCREMENTAL=0" "-e" "RUST_BACKTRACE=full" "-e" "RUSTFLAGS=--cap-lints=forbid" "-e" "RUSTDOCFLAGS=--cap-lints=forbid" "-e" "CARGO_HOME=/opt/rustwide/cargo-home" "-e" "RUSTUP_HOME=/opt/rustwide/rustup-home" "-w" "/opt/rustwide/workdir" "-m" "1610612736" "--user" "0:0" "--network" "none" "ghcr.io/rust-lang/crates-build-env/linux@sha256:819108c5571ea2e421544af4d832f968d213c87fbe3707a016657f43d2f853bc" "/opt/rustwide/cargo-home/bin/cargo" "+nightly-2025-01-18" "test" "--frozen" "--no-run" "--message-format=json", kill_on_drop: false }`
[INFO] [stdout] 1ffff3cbdb9bb4498bd1cdf75332f9723ed97ee26abb9ddb3d4cfdec184382cc
[INFO] running `Command { std: "docker" "start" "-a" "1ffff3cbdb9bb4498bd1cdf75332f9723ed97ee26abb9ddb3d4cfdec184382cc", kill_on_drop: false }`
[INFO] [stderr]    Compiling advent_2024 v0.1.0 (/opt/rustwide/workdir)
[INFO] [stdout] warning: unexpected `cfg` condition value: `tracing`
[INFO] [stdout]    --> src/bin/d4.rs:156:18
[INFO] [stdout]     |
[INFO] [stdout] 156 |     let result = time_snippet!(part_one(input_file));
[INFO] [stdout]     |                  ^^^^^^^^^^^^^^^^^^^^^^^^^^^^^^^^^^^
[INFO] [stdout]     |
[INFO] [stdout]     = note: no expected values for `feature`
[INFO] [stdout]     = note: using a cfg inside a macro will use the cfgs from the destination crate and not the ones from the defining crate
[INFO] [stdout]     = help: try referring to `time_snippet` crate for guidance on how handle this unexpected cfg
[INFO] [stdout]     = help: the macro `time_snippet` may come from an old version of the `code_timing_macros` crate, try updating your dependency with `cargo update -p code_timing_macros`
[INFO] [stdout]     = note: see <https://doc.rust-lang.org/nightly/rustc/check-cfg/cargo-specifics.html> for more information about checking conditional configuration
[INFO] [stdout]     = note: `#[warn(unexpected_cfgs)]` on by default
[INFO] [stdout]     = note: this warning originates in the macro `time_snippet` (in Nightly builds, run with -Z macro-backtrace for more info)
[INFO] [stdout] 
[INFO] [stdout] 
[INFO] [stdout] warning: unexpected `cfg` condition value: `tracing`
[INFO] [stdout]   --> src/bin/d1.rs:81:18
[INFO] [stdout]    |
[INFO] [stdout] 81 |     let result = time_snippet!(part_one(input_file));
[INFO] [stdout]    |                  ^^^^^^^^^^^^^^^^^^^^^^^^^^^^^^^^^^^
[INFO] [stdout]    |
[INFO] [stdout]    = note: no expected values for `feature`
[INFO] [stdout]    = note: using a cfg inside a macro will use the cfgs from the destination crate and not the ones from the defining crate
[INFO] [stdout]    = help: try referring to `time_snippet` crate for guidance on how handle this unexpected cfg
[INFO] [stdout]    = help: the macro `time_snippet` may come from an old version of the `code_timing_macros` crate, try updating your dependency with `cargo update -p code_timing_macros`
[INFO] [stdout]    = note: see <https://doc.rust-lang.org/nightly/rustc/check-cfg/cargo-specifics.html> for more information about checking conditional configuration
[INFO] [stdout]    = note: `#[warn(unexpected_cfgs)]` on by default
[INFO] [stdout]    = note: this warning originates in the macro `time_snippet` (in Nightly builds, run with -Z macro-backtrace for more info)
[INFO] [stdout] 
[INFO] [stdout] 
[INFO] [stdout] warning: unexpected `cfg` condition value: `tracing`
[INFO] [stdout]   --> src/bin/d1.rs:90:18
[INFO] [stdout]    |
[INFO] [stdout] 90 |     let result = time_snippet!(part_two(input_file));
[INFO] [stdout]    |                  ^^^^^^^^^^^^^^^^^^^^^^^^^^^^^^^^^^^
[INFO] [stdout]    |
[INFO] [stdout]    = note: no expected values for `feature`
[INFO] [stdout]    = note: using a cfg inside a macro will use the cfgs from the destination crate and not the ones from the defining crate
[INFO] [stdout]    = help: try referring to `time_snippet` crate for guidance on how handle this unexpected cfg
[INFO] [stdout]    = help: the macro `time_snippet` may come from an old version of the `code_timing_macros` crate, try updating your dependency with `cargo update -p code_timing_macros`
[INFO] [stdout]    = note: see <https://doc.rust-lang.org/nightly/rustc/check-cfg/cargo-specifics.html> for more information about checking conditional configuration
[INFO] [stdout]    = note: this warning originates in the macro `time_snippet` (in Nightly builds, run with -Z macro-backtrace for more info)
[INFO] [stdout] 
[INFO] [stdout] 
[INFO] [stdout] warning: unexpected `cfg` condition value: `tracing`
[INFO] [stdout]    --> src/bin/d5.rs:163:18
[INFO] [stdout]     |
[INFO] [stdout] 163 |     let result = time_snippet!(part_one(&mut input_file));
[INFO] [stdout]     |                  ^^^^^^^^^^^^^^^^^^^^^^^^^^^^^^^^^^^^^^^^
[INFO] [stdout]     |
[INFO] [stdout]     = note: no expected values for `feature`
[INFO] [stdout]     = note: using a cfg inside a macro will use the cfgs from the destination crate and not the ones from the defining crate
[INFO] [stdout]     = help: try referring to `time_snippet` crate for guidance on how handle this unexpected cfg
[INFO] [stdout]     = help: the macro `time_snippet` may come from an old version of the `code_timing_macros` crate, try updating your dependency with `cargo update -p code_timing_macros`
[INFO] [stdout]     = note: see <https://doc.rust-lang.org/nightly/rustc/check-cfg/cargo-specifics.html> for more information about checking conditional configuration
[INFO] [stdout]     = note: `#[warn(unexpected_cfgs)]` on by default
[INFO] [stdout]     = note: this warning originates in the macro `time_snippet` (in Nightly builds, run with -Z macro-backtrace for more info)
[INFO] [stdout] 
[INFO] [stdout] 
[INFO] [stdout] warning: unexpected `cfg` condition value: `tracing`
[INFO] [stdout]    --> src/bin/d5.rs:170:18
[INFO] [stdout]     |
[INFO] [stdout] 170 |     let result = time_snippet!(part_two(&mut input_file));
[INFO] [stdout]     |                  ^^^^^^^^^^^^^^^^^^^^^^^^^^^^^^^^^^^^^^^^
[INFO] [stdout]     |
[INFO] [stdout]     = note: no expected values for `feature`
[INFO] [stdout]     = note: using a cfg inside a macro will use the cfgs from the destination crate and not the ones from the defining crate
[INFO] [stdout]     = help: try referring to `time_snippet` crate for guidance on how handle this unexpected cfg
[INFO] [stdout]     = help: the macro `time_snippet` may come from an old version of the `code_timing_macros` crate, try updating your dependency with `cargo update -p code_timing_macros`
[INFO] [stdout]     = note: see <https://doc.rust-lang.org/nightly/rustc/check-cfg/cargo-specifics.html> for more information about checking conditional configuration
[INFO] [stdout]     = note: this warning originates in the macro `time_snippet` (in Nightly builds, run with -Z macro-backtrace for more info)
[INFO] [stdout] 
[INFO] [stdout] 
[INFO] [stdout] warning: unexpected `cfg` condition value: `tracing`
[INFO] [stdout]    --> src/bin/d6.rs:209:18
[INFO] [stdout]     |
[INFO] [stdout] 209 |     let result = time_snippet!(part_one(input_file));
[INFO] [stdout]     |                  ^^^^^^^^^^^^^^^^^^^^^^^^^^^^^^^^^^^
[INFO] [stdout]     |
[INFO] [stdout]     = note: no expected values for `feature`
[INFO] [stdout]     = note: using a cfg inside a macro will use the cfgs from the destination crate and not the ones from the defining crate
[INFO] [stdout]     = help: try referring to `time_snippet` crate for guidance on how handle this unexpected cfg
[INFO] [stdout]     = help: the macro `time_snippet` may come from an old version of the `code_timing_macros` crate, try updating your dependency with `cargo update -p code_timing_macros`
[INFO] [stdout]     = note: see <https://doc.rust-lang.org/nightly/rustc/check-cfg/cargo-specifics.html> for more information about checking conditional configuration
[INFO] [stdout]     = note: `#[warn(unexpected_cfgs)]` on by default
[INFO] [stdout]     = note: this warning originates in the macro `time_snippet` (in Nightly builds, run with -Z macro-backtrace for more info)
[INFO] [stdout] 
[INFO] [stdout] 
[INFO] [stdout] warning: unexpected `cfg` condition value: `tracing`
[INFO] [stdout]    --> src/bin/d3.rs:103:18
[INFO] [stdout]     |
[INFO] [stdout] 103 |     let result = time_snippet!(part_one(input_file));
[INFO] [stdout]     |                  ^^^^^^^^^^^^^^^^^^^^^^^^^^^^^^^^^^^
[INFO] [stdout]     |
[INFO] [stdout]     = note: no expected values for `feature`
[INFO] [stdout]     = note: using a cfg inside a macro will use the cfgs from the destination crate and not the ones from the defining crate
[INFO] [stdout]     = help: try referring to `time_snippet` crate for guidance on how handle this unexpected cfg
[INFO] [stdout]     = help: the macro `time_snippet` may come from an old version of the `code_timing_macros` crate, try updating your dependency with `cargo update -p code_timing_macros`
[INFO] [stdout]     = note: see <https://doc.rust-lang.org/nightly/rustc/check-cfg/cargo-specifics.html> for more information about checking conditional configuration
[INFO] [stdout]     = note: `#[warn(unexpected_cfgs)]` on by default
[INFO] [stdout]     = note: this warning originates in the macro `time_snippet` (in Nightly builds, run with -Z macro-backtrace for more info)
[INFO] [stdout] 
[INFO] [stdout] 
[INFO] [stdout] warning: unexpected `cfg` condition value: `tracing`
[INFO] [stdout]    --> src/bin/d3.rs:112:18
[INFO] [stdout]     |
[INFO] [stdout] 112 |     let result = time_snippet!(part_two(input_file));
[INFO] [stdout]     |                  ^^^^^^^^^^^^^^^^^^^^^^^^^^^^^^^^^^^
[INFO] [stdout]     |
[INFO] [stdout]     = note: no expected values for `feature`
[INFO] [stdout]     = note: using a cfg inside a macro will use the cfgs from the destination crate and not the ones from the defining crate
[INFO] [stdout]     = help: try referring to `time_snippet` crate for guidance on how handle this unexpected cfg
[INFO] [stdout]     = help: the macro `time_snippet` may come from an old version of the `code_timing_macros` crate, try updating your dependency with `cargo update -p code_timing_macros`
[INFO] [stdout]     = note: see <https://doc.rust-lang.org/nightly/rustc/check-cfg/cargo-specifics.html> for more information about checking conditional configuration
[INFO] [stdout]     = note: this warning originates in the macro `time_snippet` (in Nightly builds, run with -Z macro-backtrace for more info)
[INFO] [stdout] 
[INFO] [stdout] 
[INFO] [stdout] warning: unexpected `cfg` condition value: `tracing`
[INFO] [stdout]   --> src/bin/d2.rs:65:18
[INFO] [stdout]    |
[INFO] [stdout] 65 |     let result = time_snippet!(part_one(input_file));
[INFO] [stdout]    |                  ^^^^^^^^^^^^^^^^^^^^^^^^^^^^^^^^^^^
[INFO] [stdout]    |
[INFO] [stdout]    = note: no expected values for `feature`
[INFO] [stdout]    = note: using a cfg inside a macro will use the cfgs from the destination crate and not the ones from the defining crate
[INFO] [stdout]    = help: try referring to `time_snippet` crate for guidance on how handle this unexpected cfg
[INFO] [stdout]    = help: the macro `time_snippet` may come from an old version of the `code_timing_macros` crate, try updating your dependency with `cargo update -p code_timing_macros`
[INFO] [stdout]    = note: see <https://doc.rust-lang.org/nightly/rustc/check-cfg/cargo-specifics.html> for more information about checking conditional configuration
[INFO] [stdout]    = note: `#[warn(unexpected_cfgs)]` on by default
[INFO] [stdout]    = note: this warning originates in the macro `time_snippet` (in Nightly builds, run with -Z macro-backtrace for more info)
[INFO] [stdout] 
[INFO] [stdout] 
[INFO] [stdout] warning: unused imports: `collections::btree_map::Keys` and `ops::Add`
[INFO] [stdout]  --> src/bin/d25.rs:1:11
[INFO] [stdout]   |
[INFO] [stdout] 1 | use std::{collections::btree_map::Keys, fmt::Debug, ops::Add};
[INFO] [stdout]   |           ^^^^^^^^^^^^^^^^^^^^^^^^^^^^              ^^^^^^^^
[INFO] [stdout]   |
[INFO] [stdout]   = note: `#[warn(unused_imports)]` on by default
[INFO] [stdout] 
[INFO] [stdout] 
[INFO] [stdout] warning: unexpected `cfg` condition value: `tracing`
[INFO] [stdout]    --> src/bin/d25.rs:129:18
[INFO] [stdout]     |
[INFO] [stdout] 129 |     let result = time_snippet!(part_one(&input_file));
[INFO] [stdout]     |                  ^^^^^^^^^^^^^^^^^^^^^^^^^^^^^^^^^^^^
[INFO] [stdout]     |
[INFO] [stdout]     = note: no expected values for `feature`
[INFO] [stdout]     = note: using a cfg inside a macro will use the cfgs from the destination crate and not the ones from the defining crate
[INFO] [stdout]     = help: try referring to `time_snippet` crate for guidance on how handle this unexpected cfg
[INFO] [stdout]     = help: the macro `time_snippet` may come from an old version of the `code_timing_macros` crate, try updating your dependency with `cargo update -p code_timing_macros`
[INFO] [stdout]     = note: see <https://doc.rust-lang.org/nightly/rustc/check-cfg/cargo-specifics.html> for more information about checking conditional configuration
[INFO] [stdout]     = note: `#[warn(unexpected_cfgs)]` on by default
[INFO] [stdout]     = note: this warning originates in the macro `time_snippet` (in Nightly builds, run with -Z macro-backtrace for more info)
[INFO] [stdout] 
[INFO] [stdout] 
[INFO] [stdout] warning: unexpected `cfg` condition value: `tracing`
[INFO] [stdout]    --> src/bin/d7.rs:106:18
[INFO] [stdout]     |
[INFO] [stdout] 106 |     let result = time_snippet!(part_one(input_file));
[INFO] [stdout]     |                  ^^^^^^^^^^^^^^^^^^^^^^^^^^^^^^^^^^^
[INFO] [stdout]     |
[INFO] [stdout]     = note: no expected values for `feature`
[INFO] [stdout]     = note: using a cfg inside a macro will use the cfgs from the destination crate and not the ones from the defining crate
[INFO] [stdout]     = help: try referring to `time_snippet` crate for guidance on how handle this unexpected cfg
[INFO] [stdout]     = help: the macro `time_snippet` may come from an old version of the `code_timing_macros` crate, try updating your dependency with `cargo update -p code_timing_macros`
[INFO] [stdout]     = note: see <https://doc.rust-lang.org/nightly/rustc/check-cfg/cargo-specifics.html> for more information about checking conditional configuration
[INFO] [stdout]     = note: `#[warn(unexpected_cfgs)]` on by default
[INFO] [stdout]     = note: this warning originates in the macro `time_snippet` (in Nightly builds, run with -Z macro-backtrace for more info)
[INFO] [stdout] 
[INFO] [stdout] 
[INFO] [stdout] warning: unused import: `nom::AsBytes`
[INFO] [stdout]    --> src/bin/d3.rs:120:9
[INFO] [stdout]     |
[INFO] [stdout] 120 |     use nom::AsBytes;
[INFO] [stdout]     |         ^^^^^^^^^^^^
[INFO] [stdout]     |
[INFO] [stdout]     = note: `#[warn(unused_imports)]` on by default
[INFO] [stdout] 
[INFO] [stdout] 
[INFO] [stderr]     Finished `test` profile [unoptimized + debuginfo] target(s) in 1.63s
[INFO] running `Command { std: "docker" "inspect" "1ffff3cbdb9bb4498bd1cdf75332f9723ed97ee26abb9ddb3d4cfdec184382cc", kill_on_drop: false }`
[INFO] running `Command { std: "docker" "rm" "-f" "1ffff3cbdb9bb4498bd1cdf75332f9723ed97ee26abb9ddb3d4cfdec184382cc", kill_on_drop: false }`
[INFO] [stdout] 1ffff3cbdb9bb4498bd1cdf75332f9723ed97ee26abb9ddb3d4cfdec184382cc
[INFO] running `Command { std: "docker" "create" "-v" "/var/lib/crater-agent-workspace/builds/worker-7-tc1/target:/opt/rustwide/target:rw,Z" "-v" "/var/lib/crater-agent-workspace/builds/worker-7-tc1/source:/opt/rustwide/workdir:ro,Z" "-v" "/var/lib/crater-agent-workspace/cargo-home:/opt/rustwide/cargo-home:ro,Z" "-v" "/var/lib/crater-agent-workspace/rustup-home:/opt/rustwide/rustup-home:ro,Z" "-e" "SOURCE_DIR=/opt/rustwide/workdir" "-e" "CARGO_TARGET_DIR=/opt/rustwide/target" "-e" "CARGO_INCREMENTAL=0" "-e" "RUST_BACKTRACE=full" "-e" "RUSTFLAGS=--cap-lints=forbid" "-e" "RUSTDOCFLAGS=--cap-lints=forbid" "-e" "CARGO_HOME=/opt/rustwide/cargo-home" "-e" "RUSTUP_HOME=/opt/rustwide/rustup-home" "-w" "/opt/rustwide/workdir" "-m" "1610612736" "--user" "0:0" "--network" "none" "ghcr.io/rust-lang/crates-build-env/linux@sha256:819108c5571ea2e421544af4d832f968d213c87fbe3707a016657f43d2f853bc" "/opt/rustwide/cargo-home/bin/cargo" "+nightly-2025-01-18" "test" "--frozen", kill_on_drop: false }`
[INFO] [stdout] 8cb2f2371a83954c99412f192062bd515d317cd05712f3fd3bb00e6acae48ad9
[INFO] running `Command { std: "docker" "start" "-a" "8cb2f2371a83954c99412f192062bd515d317cd05712f3fd3bb00e6acae48ad9", kill_on_drop: false }`
[INFO] [stderr] warning: unexpected `cfg` condition value: `tracing`
[INFO] [stderr]    --> src/bin/d4.rs:156:18
[INFO] [stderr]     |
[INFO] [stderr] 156 |     let result = time_snippet!(part_one(input_file));
[INFO] [stderr]     |                  ^^^^^^^^^^^^^^^^^^^^^^^^^^^^^^^^^^^
[INFO] [stderr]     |
[INFO] [stderr]     = note: no expected values for `feature`
[INFO] [stderr]     = note: using a cfg inside a macro will use the cfgs from the destination crate and not the ones from the defining crate
[INFO] [stderr]     = help: try referring to `time_snippet` crate for guidance on how handle this unexpected cfg
[INFO] [stderr]     = help: the macro `time_snippet` may come from an old version of the `code_timing_macros` crate, try updating your dependency with `cargo update -p code_timing_macros`
[INFO] [stderr]     = note: see <https://doc.rust-lang.org/nightly/rustc/check-cfg/cargo-specifics.html> for more information about checking conditional configuration
[INFO] [stderr]     = note: `#[warn(unexpected_cfgs)]` on by default
[INFO] [stderr]     = note: this warning originates in the macro `time_snippet` (in Nightly builds, run with -Z macro-backtrace for more info)
[INFO] [stderr] 
[INFO] [stderr] warning: unexpected `cfg` condition value: `tracing`
[INFO] [stderr]   --> src/bin/d2.rs:65:18
[INFO] [stderr]    |
[INFO] [stderr] 65 |     let result = time_snippet!(part_one(input_file));
[INFO] [stderr]    |                  ^^^^^^^^^^^^^^^^^^^^^^^^^^^^^^^^^^^
[INFO] [stderr]    |
[INFO] [stderr]    = note: no expected values for `feature`
[INFO] [stderr]    = note: using a cfg inside a macro will use the cfgs from the destination crate and not the ones from the defining crate
[INFO] [stderr]    = help: try referring to `time_snippet` crate for guidance on how handle this unexpected cfg
[INFO] [stderr]    = help: the macro `time_snippet` may come from an old version of the `code_timing_macros` crate, try updating your dependency with `cargo update -p code_timing_macros`
[INFO] [stderr]    = note: see <https://doc.rust-lang.org/nightly/rustc/check-cfg/cargo-specifics.html> for more information about checking conditional configuration
[INFO] [stderr]    = note: `#[warn(unexpected_cfgs)]` on by default
[INFO] [stderr]    = note: this warning originates in the macro `time_snippet` (in Nightly builds, run with -Z macro-backtrace for more info)
[INFO] [stderr] 
[INFO] [stderr] warning: unexpected `cfg` condition value: `tracing`
[INFO] [stderr]   --> src/bin/d1.rs:81:18
[INFO] [stderr]    |
[INFO] [stderr] 81 |     let result = time_snippet!(part_one(input_file));
[INFO] [stderr]    |                  ^^^^^^^^^^^^^^^^^^^^^^^^^^^^^^^^^^^
[INFO] [stderr]    |
[INFO] [stderr]    = note: no expected values for `feature`
[INFO] [stderr]    = note: using a cfg inside a macro will use the cfgs from the destination crate and not the ones from the defining crate
[INFO] [stderr]    = help: try referring to `time_snippet` crate for guidance on how handle this unexpected cfg
[INFO] [stderr]    = help: the macro `time_snippet` may come from an old version of the `code_timing_macros` crate, try updating your dependency with `cargo update -p code_timing_macros`
[INFO] [stderr]    = note: see <https://doc.rust-lang.org/nightly/rustc/check-cfg/cargo-specifics.html> for more information about checking conditional configuration
[INFO] [stderr]    = note: `#[warn(unexpected_cfgs)]` on by default
[INFO] [stderr]    = note: this warning originates in the macro `time_snippet` (in Nightly builds, run with -Z macro-backtrace for more info)
[INFO] [stderr] 
[INFO] [stderr] warning: unexpected `cfg` condition value: `tracing`
[INFO] [stderr]   --> src/bin/d1.rs:90:18
[INFO] [stderr]    |
[INFO] [stderr] 90 |     let result = time_snippet!(part_two(input_file));
[INFO] [stderr]    |                  ^^^^^^^^^^^^^^^^^^^^^^^^^^^^^^^^^^^
[INFO] [stderr]    |
[INFO] [stderr]    = note: no expected values for `feature`
[INFO] [stderr]    = note: using a cfg inside a macro will use the cfgs from the destination crate and not the ones from the defining crate
[INFO] [stderr]    = help: try referring to `time_snippet` crate for guidance on how handle this unexpected cfg
[INFO] [stderr]    = help: the macro `time_snippet` may come from an old version of the `code_timing_macros` crate, try updating your dependency with `cargo update -p code_timing_macros`
[INFO] [stderr]    = note: see <https://doc.rust-lang.org/nightly/rustc/check-cfg/cargo-specifics.html> for more information about checking conditional configuration
[INFO] [stderr]    = note: this warning originates in the macro `time_snippet` (in Nightly builds, run with -Z macro-backtrace for more info)
[INFO] [stderr] 
[INFO] [stderr] warning: unexpected `cfg` condition value: `tracing`
[INFO] [stderr]    --> src/bin/d6.rs:209:18
[INFO] [stderr]     |
[INFO] [stderr] 209 |     let result = time_snippet!(part_one(input_file));
[INFO] [stderr]     |                  ^^^^^^^^^^^^^^^^^^^^^^^^^^^^^^^^^^^
[INFO] [stderr]     |
[INFO] [stderr]     = note: no expected values for `feature`
[INFO] [stderr]     = note: using a cfg inside a macro will use the cfgs from the destination crate and not the ones from the defining crate
[INFO] [stderr]     = help: try referring to `time_snippet` crate for guidance on how handle this unexpected cfg
[INFO] [stderr]     = help: the macro `time_snippet` may come from an old version of the `code_timing_macros` crate, try updating your dependency with `cargo update -p code_timing_macros`
[INFO] [stderr]     = note: see <https://doc.rust-lang.org/nightly/rustc/check-cfg/cargo-specifics.html> for more information about checking conditional configuration
[INFO] [stderr]     = note: `#[warn(unexpected_cfgs)]` on by default
[INFO] [stderr]     = note: this warning originates in the macro `time_snippet` (in Nightly builds, run with -Z macro-backtrace for more info)
[INFO] [stderr] 
[INFO] [stderr] warning: unused imports: `collections::btree_map::Keys` and `ops::Add`
[INFO] [stderr]  --> src/bin/d25.rs:1:11
[INFO] [stderr]   |
[INFO] [stderr] 1 | use std::{collections::btree_map::Keys, fmt::Debug, ops::Add};
[INFO] [stderr]   |           ^^^^^^^^^^^^^^^^^^^^^^^^^^^^              ^^^^^^^^
[INFO] [stderr]   |
[INFO] [stderr]   = note: `#[warn(unused_imports)]` on by default
[INFO] [stderr] 
[INFO] [stderr] warning: unexpected `cfg` condition value: `tracing`
[INFO] [stderr]    --> src/bin/d25.rs:129:18
[INFO] [stderr]     |
[INFO] [stderr] 129 |     let result = time_snippet!(part_one(&input_file));
[INFO] [stderr]     |                  ^^^^^^^^^^^^^^^^^^^^^^^^^^^^^^^^^^^^
[INFO] [stderr]     |
[INFO] [stderr]     = note: no expected values for `feature`
[INFO] [stderr]     = note: using a cfg inside a macro will use the cfgs from the destination crate and not the ones from the defining crate
[INFO] [stderr]     = help: try referring to `time_snippet` crate for guidance on how handle this unexpected cfg
[INFO] [stderr]     = help: the macro `time_snippet` may come from an old version of the `code_timing_macros` crate, try updating your dependency with `cargo update -p code_timing_macros`
[INFO] [stderr]     = note: see <https://doc.rust-lang.org/nightly/rustc/check-cfg/cargo-specifics.html> for more information about checking conditional configuration
[INFO] [stderr]     = note: `#[warn(unexpected_cfgs)]` on by default
[INFO] [stderr]     = note: this warning originates in the macro `time_snippet` (in Nightly builds, run with -Z macro-backtrace for more info)
[INFO] [stderr] 
[INFO] [stderr] warning: unexpected `cfg` condition value: `tracing`
[INFO] [stderr]    --> src/bin/d7.rs:106:18
[INFO] [stderr]     |
[INFO] [stderr] 106 |     let result = time_snippet!(part_one(input_file));
[INFO] [stderr]     |                  ^^^^^^^^^^^^^^^^^^^^^^^^^^^^^^^^^^^
[INFO] [stderr]     |
[INFO] [stderr]     = note: no expected values for `feature`
[INFO] [stderr]     = note: using a cfg inside a macro will use the cfgs from the destination crate and not the ones from the defining crate
[INFO] [stderr]     = help: try referring to `time_snippet` crate for guidance on how handle this unexpected cfg
[INFO] [stderr]     = help: the macro `time_snippet` may come from an old version of the `code_timing_macros` crate, try updating your dependency with `cargo update -p code_timing_macros`
[INFO] [stderr]     = note: see <https://doc.rust-lang.org/nightly/rustc/check-cfg/cargo-specifics.html> for more information about checking conditional configuration
[INFO] [stderr]     = note: `#[warn(unexpected_cfgs)]` on by default
[INFO] [stderr]     = note: this warning originates in the macro `time_snippet` (in Nightly builds, run with -Z macro-backtrace for more info)
[INFO] [stderr] 
[INFO] [stderr] warning: unexpected `cfg` condition value: `tracing`
[INFO] [stderr]    --> src/bin/d5.rs:163:18
[INFO] [stderr]     |
[INFO] [stderr] 163 |     let result = time_snippet!(part_one(&mut input_file));
[INFO] [stderr]     |                  ^^^^^^^^^^^^^^^^^^^^^^^^^^^^^^^^^^^^^^^^
[INFO] [stderr]     |
[INFO] [stderr]     = note: no expected values for `feature`
[INFO] [stderr]     = note: using a cfg inside a macro will use the cfgs from the destination crate and not the ones from the defining crate
[INFO] [stderr]     = help: try referring to `time_snippet` crate for guidance on how handle this unexpected cfg
[INFO] [stderr]     = help: the macro `time_snippet` may come from an old version of the `code_timing_macros` crate, try updating your dependency with `cargo update -p code_timing_macros`
[INFO] [stderr]     = note: see <https://doc.rust-lang.org/nightly/rustc/check-cfg/cargo-specifics.html> for more information about checking conditional configuration
[INFO] [stderr]     = note: `#[warn(unexpected_cfgs)]` on by default
[INFO] [stderr]     = note: this warning originates in the macro `time_snippet` (in Nightly builds, run with -Z macro-backtrace for more info)
[INFO] [stderr] 
[INFO] [stderr] warning: unexpected `cfg` condition value: `tracing`
[INFO] [stderr]    --> src/bin/d5.rs:170:18
[INFO] [stderr]     |
[INFO] [stderr] 170 |     let result = time_snippet!(part_two(&mut input_file));
[INFO] [stderr]     |                  ^^^^^^^^^^^^^^^^^^^^^^^^^^^^^^^^^^^^^^^^
[INFO] [stderr]     |
[INFO] [stderr]     = note: no expected values for `feature`
[INFO] [stderr]     = note: using a cfg inside a macro will use the cfgs from the destination crate and not the ones from the defining crate
[INFO] [stderr]     = help: try referring to `time_snippet` crate for guidance on how handle this unexpected cfg
[INFO] [stderr]     = help: the macro `time_snippet` may come from an old version of the `code_timing_macros` crate, try updating your dependency with `cargo update -p code_timing_macros`
[INFO] [stderr]     = note: see <https://doc.rust-lang.org/nightly/rustc/check-cfg/cargo-specifics.html> for more information about checking conditional configuration
[INFO] [stderr]     = note: this warning originates in the macro `time_snippet` (in Nightly builds, run with -Z macro-backtrace for more info)
[INFO] [stderr] 
[INFO] [stderr] warning: unexpected `cfg` condition value: `tracing`
[INFO] [stderr]    --> src/bin/d3.rs:103:18
[INFO] [stderr]     |
[INFO] [stderr] 103 |     let result = time_snippet!(part_one(input_file));
[INFO] [stderr]     |                  ^^^^^^^^^^^^^^^^^^^^^^^^^^^^^^^^^^^
[INFO] [stderr]     |
[INFO] [stderr]     = note: no expected values for `feature`
[INFO] [stderr]     = note: using a cfg inside a macro will use the cfgs from the destination crate and not the ones from the defining crate
[INFO] [stderr]     = help: try referring to `time_snippet` crate for guidance on how handle this unexpected cfg
[INFO] [stderr]     = help: the macro `time_snippet` may come from an old version of the `code_timing_macros` crate, try updating your dependency with `cargo update -p code_timing_macros`
[INFO] [stderr]     = note: see <https://doc.rust-lang.org/nightly/rustc/check-cfg/cargo-specifics.html> for more information about checking conditional configuration
[INFO] [stderr]     = note: `#[warn(unexpected_cfgs)]` on by default
[INFO] [stderr]     = note: this warning originates in the macro `time_snippet` (in Nightly builds, run with -Z macro-backtrace for more info)
[INFO] [stderr] 
[INFO] [stderr] warning: unexpected `cfg` condition value: `tracing`
[INFO] [stderr]    --> src/bin/d3.rs:112:18
[INFO] [stderr]     |
[INFO] [stderr] 112 |     let result = time_snippet!(part_two(input_file));
[INFO] [stderr]     |                  ^^^^^^^^^^^^^^^^^^^^^^^^^^^^^^^^^^^
[INFO] [stderr]     |
[INFO] [stderr]     = note: no expected values for `feature`
[INFO] [stderr]     = note: using a cfg inside a macro will use the cfgs from the destination crate and not the ones from the defining crate
[INFO] [stderr]     = help: try referring to `time_snippet` crate for guidance on how handle this unexpected cfg
[INFO] [stderr]     = help: the macro `time_snippet` may come from an old version of the `code_timing_macros` crate, try updating your dependency with `cargo update -p code_timing_macros`
[INFO] [stderr]     = note: see <https://doc.rust-lang.org/nightly/rustc/check-cfg/cargo-specifics.html> for more information about checking conditional configuration
[INFO] [stderr]     = note: this warning originates in the macro `time_snippet` (in Nightly builds, run with -Z macro-backtrace for more info)
[INFO] [stderr] 
[INFO] [stderr] warning: unused import: `nom::AsBytes`
[INFO] [stderr]    --> src/bin/d3.rs:120:9
[INFO] [stderr]     |
[INFO] [stderr] 120 |     use nom::AsBytes;
[INFO] [stderr]     |         ^^^^^^^^^^^^
[INFO] [stderr]     |
[INFO] [stderr]     = note: `#[warn(unused_imports)]` on by default
[INFO] [stderr] 
[INFO] [stderr] warning: `advent_2024` (bin "d4" test) generated 1 warning
[INFO] [stderr] warning: `advent_2024` (bin "d2" test) generated 1 warning
[INFO] [stderr] warning: `advent_2024` (bin "d1" test) generated 2 warnings
[INFO] [stderr] warning: `advent_2024` (bin "d6" test) generated 1 warning
[INFO] [stderr] warning: `advent_2024` (bin "d25" test) generated 2 warnings (run `cargo fix --bin "d25" --tests` to apply 1 suggestion)
[INFO] [stderr] warning: `advent_2024` (bin "d7" test) generated 1 warning
[INFO] [stderr] warning: `advent_2024` (bin "d5" test) generated 2 warnings
[INFO] [stderr] warning: `advent_2024` (bin "d3" test) generated 3 warnings
[INFO] [stderr]     Finished `test` profile [unoptimized + debuginfo] target(s) in 0.04s
[INFO] [stderr]      Running unittests src/lib.rs (/opt/rustwide/target/debug/deps/advent_2024-dd47aa40d73099eb)
[INFO] [stdout] 
[INFO] [stdout] running 1 test
[INFO] [stdout] test tests::example_works ... ok
[INFO] [stdout] 
[INFO] [stdout] test result: ok. 1 passed; 0 failed; 0 ignored; 0 measured; 0 filtered out; finished in 0.00s
[INFO] [stdout] 
[INFO] [stderr]      Running unittests src/bin/d1.rs (/opt/rustwide/target/debug/deps/d1-ea37b0bd67f790d4)
[INFO] [stdout] 
[INFO] [stdout] running 0 tests
[INFO] [stdout] 
[INFO] [stdout] test result: ok. 0 passed; 0 failed; 0 ignored; 0 measured; 0 filtered out; finished in 0.00s
[INFO] [stdout] 
[INFO] [stderr]      Running unittests src/bin/d2.rs (/opt/rustwide/target/debug/deps/d2-98bb46c9000a4b51)
[INFO] [stdout] 
[INFO] [stdout] running 0 tests
[INFO] [stdout] 
[INFO] [stdout] test result: ok. 0 passed; 0 failed; 0 ignored; 0 measured; 0 filtered out; finished in 0.00s
[INFO] [stdout] 
[INFO] [stderr]      Running unittests src/bin/d25.rs (/opt/rustwide/target/debug/deps/d25-e3e58a2bfd284c1d)
[INFO] [stdout] 
[INFO] [stdout] running 0 tests
[INFO] [stdout] 
[INFO] [stdout] test result: ok. 0 passed; 0 failed; 0 ignored; 0 measured; 0 filtered out; finished in 0.00s
[INFO] [stdout] 
[INFO] [stderr]      Running unittests src/bin/d3.rs (/opt/rustwide/target/debug/deps/d3-70424578a120c272)
[INFO] [stdout] 
[INFO] [stdout] running 6 tests
[INFO] [stdout] test tests::test_do_parse_many_muls ... ok
[INFO] [stdout] test tests::test_parse_instructions_weird ... ok
[INFO] [stdout] test tests::test_parse_mul ... ok
[INFO] [stdout] test tests::test_do_parse ... ok
[INFO] [stdout] test tests::test_parse_instructions ... ok
[INFO] [stdout] test tests::test_pt2 ... FAILED
[INFO] [stdout] 
[INFO] [stdout] failures:
[INFO] [stdout] 
[INFO] [stdout] ---- tests::test_pt2 stdout ----
[INFO] [stdout] 
[INFO] [stdout] thread 'tests::test_pt2' panicked at src/bin/d3.rs:75:5:
[INFO] [stdout] assertion `left == right` failed
[INFO] [stdout]   left: 0
[INFO] [stdout]  right: 1
[INFO] [stdout] stack backtrace:
[INFO] [stdout]    0:     0x62abbd6d314a - std::backtrace_rs::backtrace::libunwind::trace::hb059275cfc8d6126
[INFO] [stdout]                                at /rustc/6067b36314ab5eb2eb47cecc464545ba58e1ad24/library/std/src/../../backtrace/src/backtrace/libunwind.rs:116:5
[INFO] [stdout]    1:     0x62abbd6d314a - std::backtrace_rs::backtrace::trace_unsynchronized::h2da071e4327ce3ee
[INFO] [stdout]                                at /rustc/6067b36314ab5eb2eb47cecc464545ba58e1ad24/library/std/src/../../backtrace/src/backtrace/mod.rs:66:5
[INFO] [stdout]    2:     0x62abbd6d314a - std::sys::backtrace::_print_fmt::h842a1474e6f8d23f
[INFO] [stdout]                                at /rustc/6067b36314ab5eb2eb47cecc464545ba58e1ad24/library/std/src/sys/backtrace.rs:66:9
[INFO] [stdout]    3:     0x62abbd6d314a - <std::sys::backtrace::BacktraceLock::print::DisplayBacktrace as core::fmt::Display>::fmt::h71a62eb3b9696b12
[INFO] [stdout]                                at /rustc/6067b36314ab5eb2eb47cecc464545ba58e1ad24/library/std/src/sys/backtrace.rs:39:26
[INFO] [stdout]    4:     0x62abbd6fa8b3 - core::fmt::rt::Argument::fmt::hdb6b616786b41dc1
[INFO] [stdout]                                at /rustc/6067b36314ab5eb2eb47cecc464545ba58e1ad24/library/core/src/fmt/rt.rs:177:76
[INFO] [stdout]    5:     0x62abbd6fa8b3 - core::fmt::write::h2cc1698af7e2d686
[INFO] [stdout]                                at /rustc/6067b36314ab5eb2eb47cecc464545ba58e1ad24/library/core/src/fmt/mod.rs:1440:21
[INFO] [stdout]    6:     0x62abbd6cfab3 - std::io::Write::write_fmt::hab1b4cd059a79022
[INFO] [stdout]                                at /rustc/6067b36314ab5eb2eb47cecc464545ba58e1ad24/library/std/src/io/mod.rs:1887:15
[INFO] [stdout]    7:     0x62abbd6d2f92 - std::sys::backtrace::BacktraceLock::print::h147fe35b4ea13b08
[INFO] [stdout]                                at /rustc/6067b36314ab5eb2eb47cecc464545ba58e1ad24/library/std/src/sys/backtrace.rs:42:9
[INFO] [stdout]    8:     0x62abbd6d456f - std::panicking::default_hook::{{closure}}::hbd44223dbdc0d208
[INFO] [stdout]                                at /rustc/6067b36314ab5eb2eb47cecc464545ba58e1ad24/library/std/src/panicking.rs:298:22
[INFO] [stdout]    9:     0x62abbd6d4388 - std::panicking::default_hook::h20f81eb0576efcec
[INFO] [stdout]                                at /rustc/6067b36314ab5eb2eb47cecc464545ba58e1ad24/library/std/src/panicking.rs:322:9
[INFO] [stdout]   10:     0x62abbd69b033 - <alloc::boxed::Box<F,A> as core::ops::function::Fn<Args>>::call::hdb53814c496a4d34
[INFO] [stdout]                                at /rustc/6067b36314ab5eb2eb47cecc464545ba58e1ad24/library/alloc/src/boxed.rs:2027:9
[INFO] [stdout]   11:     0x62abbd69b033 - test::test_main::{{closure}}::hc0a4963c59427c24
[INFO] [stdout]                                at /rustc/6067b36314ab5eb2eb47cecc464545ba58e1ad24/library/test/src/lib.rs:134:21
[INFO] [stdout]   12:     0x62abbd6d5063 - <alloc::boxed::Box<F,A> as core::ops::function::Fn<Args>>::call::h591b2225413a77e9
[INFO] [stdout]                                at /rustc/6067b36314ab5eb2eb47cecc464545ba58e1ad24/library/alloc/src/boxed.rs:2027:9
[INFO] [stdout]   13:     0x62abbd6d5063 - std::panicking::rust_panic_with_hook::h625eea43051b2edc
[INFO] [stdout]                                at /rustc/6067b36314ab5eb2eb47cecc464545ba58e1ad24/library/std/src/panicking.rs:839:13
[INFO] [stdout]   14:     0x62abbd6d4d1a - std::panicking::begin_panic_handler::{{closure}}::h4f9159cfbc3f6bd3
[INFO] [stdout]                                at /rustc/6067b36314ab5eb2eb47cecc464545ba58e1ad24/library/std/src/panicking.rs:704:13
[INFO] [stdout]   15:     0x62abbd6d3649 - std::sys::backtrace::__rust_end_short_backtrace::h0390abce48353151
[INFO] [stdout]                                at /rustc/6067b36314ab5eb2eb47cecc464545ba58e1ad24/library/std/src/sys/backtrace.rs:168:18
[INFO] [stdout]   16:     0x62abbd6d49ad - rust_begin_unwind
[INFO] [stdout]                                at /rustc/6067b36314ab5eb2eb47cecc464545ba58e1ad24/library/std/src/panicking.rs:695:5
[INFO] [stdout]   17:     0x62abbd6f9290 - core::panicking::panic_fmt::h9e7c637e9e5f29c9
[INFO] [stdout]                                at /rustc/6067b36314ab5eb2eb47cecc464545ba58e1ad24/library/core/src/panicking.rs:75:14
[INFO] [stdout]   18:     0x62abbd6f9682 - core::panicking::assert_failed_inner::h538bec7c1374cd9c
[INFO] [stdout]   19:     0x62abbd6f9539 - core::panicking::assert_failed::h7fe8c93d80615b71
[INFO] [stdout]                                at /rustc/6067b36314ab5eb2eb47cecc464545ba58e1ad24/library/core/src/panicking.rs:364:5
[INFO] [stdout]   20:     0x62abbd653a25 - d3::do_parse::h19a5bf356d0fd4bf
[INFO] [stdout]                                at /opt/rustwide/workdir/src/bin/d3.rs:75:5
[INFO] [stdout]   21:     0x62abbd653e91 - d3::part_two::h7822d84aa41f64b1
[INFO] [stdout]                                at /opt/rustwide/workdir/src/bin/d3.rs:84:32
[INFO] [stdout]   22:     0x62abbd64e5d0 - d3::tests::test_pt2::hef9a0316cf8cfcf5
[INFO] [stdout]                                at /opt/rustwide/workdir/src/bin/d3.rs:164:22
[INFO] [stdout]   23:     0x62abbd64e577 - d3::tests::test_pt2::{{closure}}::h923434df16adc7b1
[INFO] [stdout]                                at /opt/rustwide/workdir/src/bin/d3.rs:163:18
[INFO] [stdout]   24:     0x62abbd657276 - core::ops::function::FnOnce::call_once::h17b40702973c80d6
[INFO] [stdout]                                at /rustc/6067b36314ab5eb2eb47cecc464545ba58e1ad24/library/core/src/ops/function.rs:250:5
[INFO] [stdout]   25:     0x62abbd6a078b - core::ops::function::FnOnce::call_once::he27718dfdd183f43
[INFO] [stdout]                                at /rustc/6067b36314ab5eb2eb47cecc464545ba58e1ad24/library/core/src/ops/function.rs:250:5
[INFO] [stdout]   26:     0x62abbd6a078b - test::__rust_begin_short_backtrace::h4e84902998457a5d
[INFO] [stdout]                                at /rustc/6067b36314ab5eb2eb47cecc464545ba58e1ad24/library/test/src/lib.rs:632:18
[INFO] [stdout]   27:     0x62abbd69f6c3 - test::run_test_in_process::{{closure}}::h7176fd18fc1feca0
[INFO] [stdout]                                at /rustc/6067b36314ab5eb2eb47cecc464545ba58e1ad24/library/test/src/lib.rs:655:60
[INFO] [stdout]   28:     0x62abbd69f6c3 - <core::panic::unwind_safe::AssertUnwindSafe<F> as core::ops::function::FnOnce<()>>::call_once::hf79cff2a624d8cf7
[INFO] [stdout]                                at /rustc/6067b36314ab5eb2eb47cecc464545ba58e1ad24/library/core/src/panic/unwind_safe.rs:272:9
[INFO] [stdout]   29:     0x62abbd69f6c3 - std::panicking::try::do_call::h3da0561d9ab99c25
[INFO] [stdout]                                at /rustc/6067b36314ab5eb2eb47cecc464545ba58e1ad24/library/std/src/panicking.rs:587:40
[INFO] [stdout]   30:     0x62abbd69f6c3 - std::panicking::try::h41c9fa508bc61df6
[INFO] [stdout]                                at /rustc/6067b36314ab5eb2eb47cecc464545ba58e1ad24/library/std/src/panicking.rs:550:19
[INFO] [stdout]   31:     0x62abbd69f6c3 - std::panic::catch_unwind::h6b3ff07bb5afad93
[INFO] [stdout]                                at /rustc/6067b36314ab5eb2eb47cecc464545ba58e1ad24/library/std/src/panic.rs:358:14
[INFO] [stdout]   32:     0x62abbd69f6c3 - test::run_test_in_process::hc7253dd11b39b9f4
[INFO] [stdout]                                at /rustc/6067b36314ab5eb2eb47cecc464545ba58e1ad24/library/test/src/lib.rs:655:27
[INFO] [stdout]   33:     0x62abbd69f6c3 - test::run_test::{{closure}}::hfb2007f8649c30bb
[INFO] [stdout]                                at /rustc/6067b36314ab5eb2eb47cecc464545ba58e1ad24/library/test/src/lib.rs:576:43
[INFO] [stdout]   34:     0x62abbd6627a5 - test::run_test::{{closure}}::h56a17aa7a282a9f4
[INFO] [stdout]                                at /rustc/6067b36314ab5eb2eb47cecc464545ba58e1ad24/library/test/src/lib.rs:606:41
[INFO] [stdout]   35:     0x62abbd6627a5 - std::sys::backtrace::__rust_begin_short_backtrace::hd2d2d2fb8e8c6aac
[INFO] [stdout]                                at /rustc/6067b36314ab5eb2eb47cecc464545ba58e1ad24/library/std/src/sys/backtrace.rs:152:18
[INFO] [stdout]   36:     0x62abbd66608a - std::thread::Builder::spawn_unchecked_::{{closure}}::{{closure}}::h4faa3f9db6133423
[INFO] [stdout]                                at /rustc/6067b36314ab5eb2eb47cecc464545ba58e1ad24/library/std/src/thread/mod.rs:559:17
[INFO] [stdout]   37:     0x62abbd66608a - <core::panic::unwind_safe::AssertUnwindSafe<F> as core::ops::function::FnOnce<()>>::call_once::hf2e855a36a4ea846
[INFO] [stdout]                                at /rustc/6067b36314ab5eb2eb47cecc464545ba58e1ad24/library/core/src/panic/unwind_safe.rs:272:9
[INFO] [stdout]   38:     0x62abbd66608a - std::panicking::try::do_call::h2f73af3616c35465
[INFO] [stdout]                                at /rustc/6067b36314ab5eb2eb47cecc464545ba58e1ad24/library/std/src/panicking.rs:587:40
[INFO] [stdout]   39:     0x62abbd66608a - std::panicking::try::hd1660ce9efadef5a
[INFO] [stdout]                                at /rustc/6067b36314ab5eb2eb47cecc464545ba58e1ad24/library/std/src/panicking.rs:550:19
[INFO] [stdout]   40:     0x62abbd66608a - std::panic::catch_unwind::h5ee8d7823b8ca744
[INFO] [stdout]                                at /rustc/6067b36314ab5eb2eb47cecc464545ba58e1ad24/library/std/src/panic.rs:358:14
[INFO] [stdout]   41:     0x62abbd66608a - std::thread::Builder::spawn_unchecked_::{{closure}}::h53c3a1894dce8407
[INFO] [stdout]                                at /rustc/6067b36314ab5eb2eb47cecc464545ba58e1ad24/library/std/src/thread/mod.rs:557:30
[INFO] [stdout]   42:     0x62abbd66608a - core::ops::function::FnOnce::call_once{{vtable.shim}}::h048ce291ad4f62bf
[INFO] [stdout]                                at /rustc/6067b36314ab5eb2eb47cecc464545ba58e1ad24/library/core/src/ops/function.rs:250:5
[INFO] [stdout]   43:     0x62abbd6d8f9b - <alloc::boxed::Box<F,A> as core::ops::function::FnOnce<Args>>::call_once::ha52bedf99a3b4981
[INFO] [stdout]                                at /rustc/6067b36314ab5eb2eb47cecc464545ba58e1ad24/library/alloc/src/boxed.rs:2013:9
[INFO] [stdout]   44:     0x62abbd6d8f9b - <alloc::boxed::Box<F,A> as core::ops::function::FnOnce<Args>>::call_once::h567748934d80ccf8
[INFO] [stdout]                                at /rustc/6067b36314ab5eb2eb47cecc464545ba58e1ad24/library/alloc/src/boxed.rs:2013:9
[INFO] [stdout]   45:     0x62abbd6d8f9b - std::sys::pal::unix::thread::Thread::new::thread_start::h2d970728ae887adc
[INFO] [stdout]                                at /rustc/6067b36314ab5eb2eb47cecc464545ba58e1ad24/library/std/src/sys/pal/unix/thread.rs:106:17
[INFO] [stdout]   46:     0x7991b9f57ac3 - <unknown>
[INFO] [stdout]   47:     0x7991b9fe8a04 - clone
[INFO] [stdout]   48:                0x0 - <unknown>
[INFO] [stdout] 
[INFO] [stdout] 
[INFO] [stdout] failures:
[INFO] [stdout]     tests::test_pt2
[INFO] [stdout] 
[INFO] [stdout] test result: FAILED. 5 passed; 1 failed; 0 ignored; 0 measured; 0 filtered out; finished in 0.04s
[INFO] [stdout] 
[INFO] [stderr] error: test failed, to rerun pass `--bin d3`
[INFO] running `Command { std: "docker" "inspect" "8cb2f2371a83954c99412f192062bd515d317cd05712f3fd3bb00e6acae48ad9", kill_on_drop: false }`
[INFO] running `Command { std: "docker" "rm" "-f" "8cb2f2371a83954c99412f192062bd515d317cd05712f3fd3bb00e6acae48ad9", kill_on_drop: false }`
[INFO] [stdout] 8cb2f2371a83954c99412f192062bd515d317cd05712f3fd3bb00e6acae48ad9
