[INFO] cloning repository https://github.com/vadimstruts/car-trustless-extractor
[INFO] running `Command { std: "git" "-c" "credential.helper=" "-c" "credential.helper=/workspace/cargo-home/bin/git-credential-null" "clone" "--bare" "https://github.com/vadimstruts/car-trustless-extractor" "/workspace/cache/git-repos/https%3A%2F%2Fgithub.com%2Fvadimstruts%2Fcar-trustless-extractor", kill_on_drop: false }`
[INFO] [stderr] Cloning into bare repository '/workspace/cache/git-repos/https%3A%2F%2Fgithub.com%2Fvadimstruts%2Fcar-trustless-extractor'...
[INFO] running `Command { std: "git" "rev-parse" "HEAD", kill_on_drop: false }`
[INFO] [stdout] 035bf967e5aea2dd470a68972eb0a15d14d07c1e
[INFO] testing vadimstruts/car-trustless-extractor against nightly-2025-01-18+rustflags=-Zrandomize-layout for randomize-layout-2
[INFO] running `Command { std: "git" "clone" "/workspace/cache/git-repos/https%3A%2F%2Fgithub.com%2Fvadimstruts%2Fcar-trustless-extractor" "/workspace/builds/worker-3-tc2/source", kill_on_drop: false }`
[INFO] [stderr] Cloning into '/workspace/builds/worker-3-tc2/source'...
[INFO] [stderr] done.
[INFO] validating manifest of git repo https://github.com/vadimstruts/car-trustless-extractor on toolchain nightly-2025-01-18
[INFO] running `Command { std: CARGO_HOME="/workspace/cargo-home" RUSTUP_HOME="/workspace/rustup-home" "/workspace/cargo-home/bin/cargo" "+nightly-2025-01-18" "metadata" "--manifest-path" "Cargo.toml" "--no-deps", kill_on_drop: false }`
[INFO] started tweaking git repo https://github.com/vadimstruts/car-trustless-extractor
[INFO] finished tweaking git repo https://github.com/vadimstruts/car-trustless-extractor
[INFO] tweaked toml for git repo https://github.com/vadimstruts/car-trustless-extractor written to /workspace/builds/worker-3-tc2/source/Cargo.toml
[INFO] crate git repo https://github.com/vadimstruts/car-trustless-extractor already has a lockfile, it will not be regenerated
[INFO] running `Command { std: CARGO_HOME="/workspace/cargo-home" RUSTUP_HOME="/workspace/rustup-home" "/workspace/cargo-home/bin/cargo" "+nightly-2025-01-18" "fetch" "--manifest-path" "Cargo.toml", kill_on_drop: false }`
[INFO] [stderr]     Blocking waiting for file lock on package cache
[INFO] [stderr]     Blocking waiting for file lock on package cache
[INFO] running `Command { std: "docker" "create" "-v" "/var/lib/crater-agent-workspace/builds/worker-3-tc2/target:/opt/rustwide/target:rw,Z" "-v" "/var/lib/crater-agent-workspace/builds/worker-3-tc2/source:/opt/rustwide/workdir:ro,Z" "-v" "/var/lib/crater-agent-workspace/cargo-home:/opt/rustwide/cargo-home:ro,Z" "-v" "/var/lib/crater-agent-workspace/rustup-home:/opt/rustwide/rustup-home:ro,Z" "-e" "SOURCE_DIR=/opt/rustwide/workdir" "-e" "CARGO_TARGET_DIR=/opt/rustwide/target" "-e" "CARGO_HOME=/opt/rustwide/cargo-home" "-e" "RUSTUP_HOME=/opt/rustwide/rustup-home" "-w" "/opt/rustwide/workdir" "-m" "1610612736" "--user" "0:0" "--network" "none" "ghcr.io/rust-lang/crates-build-env/linux@sha256:819108c5571ea2e421544af4d832f968d213c87fbe3707a016657f43d2f853bc" "/opt/rustwide/cargo-home/bin/cargo" "+nightly-2025-01-18" "metadata" "--no-deps" "--format-version=1", kill_on_drop: false }`
[INFO] [stdout] 79af1851e57e240003716f3016c9879deabf70d67b08f8a3defd56ecb66f934b
[INFO] running `Command { std: "docker" "start" "-a" "79af1851e57e240003716f3016c9879deabf70d67b08f8a3defd56ecb66f934b", kill_on_drop: false }`
[INFO] running `Command { std: "docker" "inspect" "79af1851e57e240003716f3016c9879deabf70d67b08f8a3defd56ecb66f934b", kill_on_drop: false }`
[INFO] running `Command { std: "docker" "rm" "-f" "79af1851e57e240003716f3016c9879deabf70d67b08f8a3defd56ecb66f934b", kill_on_drop: false }`
[INFO] [stdout] 79af1851e57e240003716f3016c9879deabf70d67b08f8a3defd56ecb66f934b
[INFO] running `Command { std: "docker" "create" "-v" "/var/lib/crater-agent-workspace/builds/worker-3-tc2/target:/opt/rustwide/target:rw,Z" "-v" "/var/lib/crater-agent-workspace/builds/worker-3-tc2/source:/opt/rustwide/workdir:ro,Z" "-v" "/var/lib/crater-agent-workspace/cargo-home:/opt/rustwide/cargo-home:ro,Z" "-v" "/var/lib/crater-agent-workspace/rustup-home:/opt/rustwide/rustup-home:ro,Z" "-e" "SOURCE_DIR=/opt/rustwide/workdir" "-e" "CARGO_TARGET_DIR=/opt/rustwide/target" "-e" "CARGO_INCREMENTAL=0" "-e" "RUST_BACKTRACE=full" "-e" "RUSTFLAGS=--cap-lints=forbid -Zrandomize-layout" "-e" "RUSTDOCFLAGS=--cap-lints=forbid" "-e" "CARGO_HOME=/opt/rustwide/cargo-home" "-e" "RUSTUP_HOME=/opt/rustwide/rustup-home" "-w" "/opt/rustwide/workdir" "-m" "1610612736" "--user" "0:0" "--network" "none" "ghcr.io/rust-lang/crates-build-env/linux@sha256:819108c5571ea2e421544af4d832f968d213c87fbe3707a016657f43d2f853bc" "/opt/rustwide/cargo-home/bin/cargo" "+nightly-2025-01-18" "build" "--frozen" "--message-format=json", kill_on_drop: false }`
[INFO] [stdout] 58ba4e19f57eebe75f326def55742f99a2f906dc0b3f48c0cb1bba7c62e3dbcf
[INFO] running `Command { std: "docker" "start" "-a" "58ba4e19f57eebe75f326def55742f99a2f906dc0b3f48c0cb1bba7c62e3dbcf", kill_on_drop: false }`
[INFO] [stderr]    Compiling proc-macro2 v1.0.71
[INFO] [stderr]    Compiling unicode-ident v1.0.12
[INFO] [stderr]    Compiling pin-project-lite v0.2.13
[INFO] [stderr]    Compiling syn v1.0.109
[INFO] [stderr]    Compiling serde v1.0.193
[INFO] [stderr]    Compiling futures-core v0.3.30
[INFO] [stderr]    Compiling memchr v2.6.4
[INFO] [stderr]    Compiling crossbeam-utils v0.8.18
[INFO] [stderr]    Compiling futures-io v0.3.30
[INFO] [stderr]    Compiling parking v2.2.0
[INFO] [stderr]    Compiling fastrand v2.0.1
[INFO] [stderr]    Compiling thiserror v1.0.52
[INFO] [stderr]    Compiling bitflags v2.4.1
[INFO] [stderr]    Compiling slab v0.4.9
[INFO] [stderr]    Compiling data-encoding v2.5.0
[INFO] [stderr]    Compiling libc v0.2.151
[INFO] [stderr]    Compiling typenum v1.17.0
[INFO] [stderr]    Compiling generic-array v0.14.7
[INFO] [stderr]    Compiling base-x v0.2.11
[INFO] [stderr]    Compiling unsigned-varint v0.7.2
[INFO] [stderr]    Compiling value-bag v1.4.2
[INFO] [stderr]    Compiling anyhow v1.0.77
[INFO] [stderr]    Compiling rustix v0.38.28
[INFO] [stderr]    Compiling tracing-core v0.1.32
[INFO] [stderr]    Compiling futures-lite v2.1.0
[INFO] [stderr]    Compiling linux-raw-sys v0.4.12
[INFO] [stderr]    Compiling log v0.4.20
[INFO] [stderr]    Compiling serde_json v1.0.108
[INFO] [stderr]    Compiling io-lifetimes v1.0.11
[INFO] [stderr]    Compiling unicode-width v0.1.11
[INFO] [stderr]    Compiling quote v1.0.33
[INFO] [stderr]    Compiling concurrent-queue v2.4.0
[INFO] [stderr]    Compiling core2 v0.4.0
[INFO] [stderr]    Compiling tracing v0.1.40
[INFO] [stderr]    Compiling syn v2.0.43
[INFO] [stderr]    Compiling event-listener v4.0.1
[INFO] [stderr]    Compiling futures-sink v0.3.30
[INFO] [stderr]    Compiling futures-channel v0.3.30
[INFO] [stderr]    Compiling atty v0.2.14
[INFO] [stderr]    Compiling textwrap v0.11.0
[INFO] [stderr]    Compiling polling v2.8.0
[INFO] [stderr]    Compiling event-listener v2.5.3
[INFO] [stderr]    Compiling itoa v1.0.10
[INFO] [stderr]    Compiling async-task v4.6.0
[INFO] [stderr]    Compiling ryu v1.0.16
[INFO] [stderr]    Compiling proc-macro-error-attr v1.0.4
[INFO] [stderr]    Compiling event-listener-strategy v0.4.0
[INFO] [stderr]    Compiling strsim v0.8.0
[INFO] [stderr]    Compiling async-lock v3.2.0
[INFO] [stderr]    Compiling rustix v0.37.27
[INFO] [stderr]    Compiling ansi_term v0.12.1
[INFO] [stderr]    Compiling byteorder v1.5.0
[INFO] [stderr]    Compiling atomic-waker v1.1.2
[INFO] [stderr]    Compiling futures-task v0.3.30
[INFO] [stderr]    Compiling cbindgen v0.12.2
[INFO] [stderr]    Compiling vec_map v0.8.2
[INFO] [stderr]    Compiling piper v0.2.1
[INFO] [stderr]    Compiling async-channel v2.1.1
[INFO] [stderr]    Compiling clap v2.34.0
[INFO] [stderr]    Compiling async-io v1.13.0
[INFO] [stderr]    Compiling fastrand v1.9.0
[INFO] [stderr]    Compiling linux-raw-sys v0.3.8
[INFO] [stderr]    Compiling waker-fn v1.1.1
[INFO] [stderr]    Compiling async-lock v2.8.0
[INFO] [stderr]    Compiling socket2 v0.4.10
[INFO] [stderr]    Compiling fnv v1.0.7
[INFO] [stderr]    Compiling cpufeatures v0.2.11
[INFO] [stderr]    Compiling arrayvec v0.7.4
[INFO] [stderr]    Compiling constant_time_eq v0.3.0
[INFO] [stderr]    Compiling arrayref v0.3.7
[INFO] [stderr]    Compiling futures-lite v1.13.0
[INFO] [stderr]    Compiling once_cell v1.19.0
[INFO] [stderr]    Compiling async-channel v1.9.0
[INFO] [stderr]    Compiling crypto-common v0.1.6
[INFO] [stderr]    Compiling block-buffer v0.10.4
[INFO] [stderr]    Compiling kv-log-macro v1.0.7
[INFO] [stderr]    Compiling quick-protobuf v0.8.1
[INFO] [stderr]    Compiling blake2b_simd v1.0.2
[INFO] [stderr]    Compiling digest v0.10.7
[INFO] [stderr]    Compiling blocking v1.5.1
[INFO] [stderr]    Compiling async-executor v1.8.0
[INFO] [stderr]    Compiling sha2 v0.10.8
[INFO] [stderr]    Compiling serde_derive v1.0.193
[INFO] [stderr]    Compiling thiserror-impl v1.0.52
[INFO] [stderr]    Compiling futures-macro v0.3.30
[INFO] [stderr]    Compiling tempfile v3.9.0
[INFO] [stderr]    Compiling futures-util v0.3.30
[INFO] [stderr]    Compiling synstructure v0.12.6
[INFO] [stderr]    Compiling proc-macro-error v1.0.4
[INFO] [stderr]    Compiling data-encoding-macro-internal v0.1.12
[INFO] [stderr]    Compiling data-encoding-macro v0.1.14
[INFO] [stderr]    Compiling multibase v0.9.1
[INFO] [stderr]    Compiling polling v3.3.1
[INFO] [stderr]    Compiling async-io v2.2.2
[INFO] [stderr]    Compiling futures-executor v0.3.30
[INFO] [stderr]    Compiling futures v0.3.30
[INFO] [stderr]    Compiling async-global-executor v2.4.1
[INFO] [stderr]    Compiling async-std v1.12.0
[INFO] [stderr]    Compiling toml v0.5.11
[INFO] [stderr]    Compiling proc-macro-crate v1.1.3
[INFO] [stderr]    Compiling multihash-derive v0.8.1
[INFO] [stderr]    Compiling multihash v0.18.1
[INFO] [stderr]    Compiling cid v0.10.1
[INFO] [stderr]    Compiling libipld-core v0.16.0
[INFO] [stderr]    Compiling libipld-cbor v0.16.0
[INFO] [stderr]    Compiling libipld-macro v0.16.0
[INFO] [stderr]    Compiling libipld v0.16.0
[INFO] [stderr]    Compiling rs-car v0.4.1
[INFO] [stderr]    Compiling rs-car-lib v0.1.0 (/opt/rustwide/workdir)
[INFO] [stdout] warning: field `roots` is never read
[INFO] [stdout]  --> src/error.rs:7:21
[INFO] [stdout]   |
[INFO] [stdout] 7 |     NotSingleRoot { roots: Vec<Cid> },
[INFO] [stdout]   |     -------------   ^^^^^
[INFO] [stdout]   |     |
[INFO] [stdout]   |     field in this variant
[INFO] [stdout]   |
[INFO] [stdout]   = note: `ReadSingleFileError` has a derived impl for the trait `Debug`, but this is intentionally ignored during dead code analysis
[INFO] [stdout]   = note: `#[warn(dead_code)]` on by default
[INFO] [stdout] 
[INFO] [stdout] 
[INFO] [stdout] warning: field `0` is never read
[INFO] [stdout]  --> src/error.rs:8:19
[INFO] [stdout]   |
[INFO] [stdout] 8 |     InvalidUnixFs(String),
[INFO] [stdout]   |     ------------- ^^^^^^
[INFO] [stdout]   |     |
[INFO] [stdout]   |     field in this variant
[INFO] [stdout]   |
[INFO] [stdout]   = note: `ReadSingleFileError` has a derived impl for the trait `Debug`, but this is intentionally ignored during dead code analysis
[INFO] [stdout] help: consider changing the field to be of unit type to suppress this warning while preserving the field numbering, or remove the field
[INFO] [stdout]   |
[INFO] [stdout] 8 |     InvalidUnixFs(()),
[INFO] [stdout]   |                   ~~
[INFO] [stdout] 
[INFO] [stdout] 
[INFO] [stdout] warning: field `0` is never read
[INFO] [stdout]  --> src/error.rs:9:23
[INFO] [stdout]   |
[INFO] [stdout] 9 |     InvalidUnixFsHash(String),
[INFO] [stdout]   |     ----------------- ^^^^^^
[INFO] [stdout]   |     |
[INFO] [stdout]   |     field in this variant
[INFO] [stdout]   |
[INFO] [stdout]   = note: `ReadSingleFileError` has a derived impl for the trait `Debug`, but this is intentionally ignored during dead code analysis
[INFO] [stdout] help: consider changing the field to be of unit type to suppress this warning while preserving the field numbering, or remove the field
[INFO] [stdout]   |
[INFO] [stdout] 9 |     InvalidUnixFsHash(()),
[INFO] [stdout]   |                       ~~
[INFO] [stdout] 
[INFO] [stdout] 
[INFO] [stdout] warning: field `0` is never read
[INFO] [stdout]   --> src/error.rs:10:17
[INFO] [stdout]    |
[INFO] [stdout] 10 |     MissingNode(Cid),
[INFO] [stdout]    |     ----------- ^^^
[INFO] [stdout]    |     |
[INFO] [stdout]    |     field in this variant
[INFO] [stdout]    |
[INFO] [stdout]    = note: `ReadSingleFileError` has a derived impl for the trait `Debug`, but this is intentionally ignored during dead code analysis
[INFO] [stdout] help: consider changing the field to be of unit type to suppress this warning while preserving the field numbering, or remove the field
[INFO] [stdout]    |
[INFO] [stdout] 10 |     MissingNode(()),
[INFO] [stdout]    |                 ~~
[INFO] [stdout] 
[INFO] [stdout] 
[INFO] [stdout] warning: field `0` is never read
[INFO] [stdout]   --> src/error.rs:11:21
[INFO] [stdout]    |
[INFO] [stdout] 11 |     MaxBufferedData(usize),
[INFO] [stdout]    |     --------------- ^^^^^
[INFO] [stdout]    |     |
[INFO] [stdout]    |     field in this variant
[INFO] [stdout]    |
[INFO] [stdout]    = note: `ReadSingleFileError` has a derived impl for the trait `Debug`, but this is intentionally ignored during dead code analysis
[INFO] [stdout] help: consider changing the field to be of unit type to suppress this warning while preserving the field numbering, or remove the field
[INFO] [stdout]    |
[INFO] [stdout] 11 |     MaxBufferedData(()),
[INFO] [stdout]    |                     ~~
[INFO] [stdout] 
[INFO] [stdout] 
[INFO] [stderr]     Finished `dev` profile [unoptimized + debuginfo] target(s) in 41.38s
[INFO] running `Command { std: "docker" "inspect" "58ba4e19f57eebe75f326def55742f99a2f906dc0b3f48c0cb1bba7c62e3dbcf", kill_on_drop: false }`
[INFO] running `Command { std: "docker" "rm" "-f" "58ba4e19f57eebe75f326def55742f99a2f906dc0b3f48c0cb1bba7c62e3dbcf", kill_on_drop: false }`
[INFO] [stdout] 58ba4e19f57eebe75f326def55742f99a2f906dc0b3f48c0cb1bba7c62e3dbcf
[INFO] running `Command { std: "docker" "create" "-v" "/var/lib/crater-agent-workspace/builds/worker-3-tc2/target:/opt/rustwide/target:rw,Z" "-v" "/var/lib/crater-agent-workspace/builds/worker-3-tc2/source:/opt/rustwide/workdir:ro,Z" "-v" "/var/lib/crater-agent-workspace/cargo-home:/opt/rustwide/cargo-home:ro,Z" "-v" "/var/lib/crater-agent-workspace/rustup-home:/opt/rustwide/rustup-home:ro,Z" "-e" "SOURCE_DIR=/opt/rustwide/workdir" "-e" "CARGO_TARGET_DIR=/opt/rustwide/target" "-e" "CARGO_INCREMENTAL=0" "-e" "RUST_BACKTRACE=full" "-e" "RUSTFLAGS=--cap-lints=forbid -Zrandomize-layout" "-e" "RUSTDOCFLAGS=--cap-lints=forbid" "-e" "CARGO_HOME=/opt/rustwide/cargo-home" "-e" "RUSTUP_HOME=/opt/rustwide/rustup-home" "-w" "/opt/rustwide/workdir" "-m" "1610612736" "--user" "0:0" "--network" "none" "ghcr.io/rust-lang/crates-build-env/linux@sha256:819108c5571ea2e421544af4d832f968d213c87fbe3707a016657f43d2f853bc" "/opt/rustwide/cargo-home/bin/cargo" "+nightly-2025-01-18" "test" "--frozen" "--no-run" "--message-format=json", kill_on_drop: false }`
[INFO] [stdout] fb138204eb7de5d66e07f33ef82b12def363780b404bad5535ecc6059c38cc4c
[INFO] running `Command { std: "docker" "start" "-a" "fb138204eb7de5d66e07f33ef82b12def363780b404bad5535ecc6059c38cc4c", kill_on_drop: false }`
[INFO] [stderr]    Compiling async-attributes v1.1.2
[INFO] [stderr]    Compiling hex v0.4.3
[INFO] [stderr]    Compiling hex-literal v0.3.4
[INFO] [stderr]    Compiling async-std v1.12.0
[INFO] [stderr]    Compiling rs-car-lib v0.1.0 (/opt/rustwide/workdir)
[INFO] [stdout] warning: field `roots` is never read
[INFO] [stdout]  --> src/error.rs:7:21
[INFO] [stdout]   |
[INFO] [stdout] 7 |     NotSingleRoot { roots: Vec<Cid> },
[INFO] [stdout]   |     -------------   ^^^^^
[INFO] [stdout]   |     |
[INFO] [stdout]   |     field in this variant
[INFO] [stdout]   |
[INFO] [stdout]   = note: `ReadSingleFileError` has a derived impl for the trait `Debug`, but this is intentionally ignored during dead code analysis
[INFO] [stdout]   = note: `#[warn(dead_code)]` on by default
[INFO] [stdout] 
[INFO] [stdout] 
[INFO] [stdout] warning: field `0` is never read
[INFO] [stdout]  --> src/error.rs:8:19
[INFO] [stdout]   |
[INFO] [stdout] 8 |     InvalidUnixFs(String),
[INFO] [stdout]   |     ------------- ^^^^^^
[INFO] [stdout]   |     |
[INFO] [stdout]   |     field in this variant
[INFO] [stdout]   |
[INFO] [stdout]   = note: `ReadSingleFileError` has a derived impl for the trait `Debug`, but this is intentionally ignored during dead code analysis
[INFO] [stdout] help: consider changing the field to be of unit type to suppress this warning while preserving the field numbering, or remove the field
[INFO] [stdout]   |
[INFO] [stdout] 8 |     InvalidUnixFs(()),
[INFO] [stdout]   |                   ~~
[INFO] [stdout] 
[INFO] [stdout] 
[INFO] [stdout] warning: field `0` is never read
[INFO] [stdout]  --> src/error.rs:9:23
[INFO] [stdout]   |
[INFO] [stdout] 9 |     InvalidUnixFsHash(String),
[INFO] [stdout]   |     ----------------- ^^^^^^
[INFO] [stdout]   |     |
[INFO] [stdout]   |     field in this variant
[INFO] [stdout]   |
[INFO] [stdout]   = note: `ReadSingleFileError` has a derived impl for the trait `Debug`, but this is intentionally ignored during dead code analysis
[INFO] [stdout] help: consider changing the field to be of unit type to suppress this warning while preserving the field numbering, or remove the field
[INFO] [stdout]   |
[INFO] [stdout] 9 |     InvalidUnixFsHash(()),
[INFO] [stdout]   |                       ~~
[INFO] [stdout] 
[INFO] [stdout] 
[INFO] [stdout] warning: field `0` is never read
[INFO] [stdout]   --> src/error.rs:10:17
[INFO] [stdout]    |
[INFO] [stdout] 10 |     MissingNode(Cid),
[INFO] [stdout]    |     ----------- ^^^
[INFO] [stdout]    |     |
[INFO] [stdout]    |     field in this variant
[INFO] [stdout]    |
[INFO] [stdout]    = note: `ReadSingleFileError` has a derived impl for the trait `Debug`, but this is intentionally ignored during dead code analysis
[INFO] [stdout] help: consider changing the field to be of unit type to suppress this warning while preserving the field numbering, or remove the field
[INFO] [stdout]    |
[INFO] [stdout] 10 |     MissingNode(()),
[INFO] [stdout]    |                 ~~
[INFO] [stdout] 
[INFO] [stdout] 
[INFO] [stdout] warning: field `0` is never read
[INFO] [stdout]   --> src/error.rs:11:21
[INFO] [stdout]    |
[INFO] [stdout] 11 |     MaxBufferedData(usize),
[INFO] [stdout]    |     --------------- ^^^^^
[INFO] [stdout]    |     |
[INFO] [stdout]    |     field in this variant
[INFO] [stdout]    |
[INFO] [stdout]    = note: `ReadSingleFileError` has a derived impl for the trait `Debug`, but this is intentionally ignored during dead code analysis
[INFO] [stdout] help: consider changing the field to be of unit type to suppress this warning while preserving the field numbering, or remove the field
[INFO] [stdout]    |
[INFO] [stdout] 11 |     MaxBufferedData(()),
[INFO] [stdout]    |                     ~~
[INFO] [stdout] 
[INFO] [stdout] 
[INFO] [stderr]     Finished `test` profile [unoptimized + debuginfo] target(s) in 3.87s
[INFO] running `Command { std: "docker" "inspect" "fb138204eb7de5d66e07f33ef82b12def363780b404bad5535ecc6059c38cc4c", kill_on_drop: false }`
[INFO] running `Command { std: "docker" "rm" "-f" "fb138204eb7de5d66e07f33ef82b12def363780b404bad5535ecc6059c38cc4c", kill_on_drop: false }`
[INFO] [stdout] fb138204eb7de5d66e07f33ef82b12def363780b404bad5535ecc6059c38cc4c
[INFO] running `Command { std: "docker" "create" "-v" "/var/lib/crater-agent-workspace/builds/worker-3-tc2/target:/opt/rustwide/target:rw,Z" "-v" "/var/lib/crater-agent-workspace/builds/worker-3-tc2/source:/opt/rustwide/workdir:ro,Z" "-v" "/var/lib/crater-agent-workspace/cargo-home:/opt/rustwide/cargo-home:ro,Z" "-v" "/var/lib/crater-agent-workspace/rustup-home:/opt/rustwide/rustup-home:ro,Z" "-e" "SOURCE_DIR=/opt/rustwide/workdir" "-e" "CARGO_TARGET_DIR=/opt/rustwide/target" "-e" "CARGO_INCREMENTAL=0" "-e" "RUST_BACKTRACE=full" "-e" "RUSTFLAGS=--cap-lints=forbid -Zrandomize-layout" "-e" "RUSTDOCFLAGS=--cap-lints=forbid" "-e" "CARGO_HOME=/opt/rustwide/cargo-home" "-e" "RUSTUP_HOME=/opt/rustwide/rustup-home" "-w" "/opt/rustwide/workdir" "-m" "1610612736" "--user" "0:0" "--network" "none" "ghcr.io/rust-lang/crates-build-env/linux@sha256:819108c5571ea2e421544af4d832f968d213c87fbe3707a016657f43d2f853bc" "/opt/rustwide/cargo-home/bin/cargo" "+nightly-2025-01-18" "test" "--frozen", kill_on_drop: false }`
[INFO] [stdout] c3d8f4564ca2148e0401fe4d3ad3d8705711572f15821ec06c0b4d6382ce5f55
[INFO] running `Command { std: "docker" "start" "-a" "c3d8f4564ca2148e0401fe4d3ad3d8705711572f15821ec06c0b4d6382ce5f55", kill_on_drop: false }`
[INFO] [stderr] warning: field `roots` is never read
[INFO] [stderr]  --> src/error.rs:7:21
[INFO] [stderr]   |
[INFO] [stderr] 7 |     NotSingleRoot { roots: Vec<Cid> },
[INFO] [stderr]   |     -------------   ^^^^^
[INFO] [stderr]   |     |
[INFO] [stderr]   |     field in this variant
[INFO] [stderr]   |
[INFO] [stderr]   = note: `ReadSingleFileError` has a derived impl for the trait `Debug`, but this is intentionally ignored during dead code analysis
[INFO] [stderr]   = note: `#[warn(dead_code)]` on by default
[INFO] [stderr] 
[INFO] [stderr] warning: field `0` is never read
[INFO] [stderr]  --> src/error.rs:8:19
[INFO] [stderr]   |
[INFO] [stderr] 8 |     InvalidUnixFs(String),
[INFO] [stderr]   |     ------------- ^^^^^^
[INFO] [stderr]   |     |
[INFO] [stderr]   |     field in this variant
[INFO] [stderr]   |
[INFO] [stderr]   = note: `ReadSingleFileError` has a derived impl for the trait `Debug`, but this is intentionally ignored during dead code analysis
[INFO] [stderr] help: consider changing the field to be of unit type to suppress this warning while preserving the field numbering, or remove the field
[INFO] [stderr]   |
[INFO] [stderr] 8 |     InvalidUnixFs(()),
[INFO] [stderr]   |                   ~~
[INFO] [stderr] 
[INFO] [stderr] warning: field `0` is never read
[INFO] [stderr]  --> src/error.rs:9:23
[INFO] [stderr]   |
[INFO] [stderr] 9 |     InvalidUnixFsHash(String),
[INFO] [stderr]   |     ----------------- ^^^^^^
[INFO] [stderr]   |     |
[INFO] [stderr]   |     field in this variant
[INFO] [stderr]   |
[INFO] [stderr]   = note: `ReadSingleFileError` has a derived impl for the trait `Debug`, but this is intentionally ignored during dead code analysis
[INFO] [stderr] help: consider changing the field to be of unit type to suppress this warning while preserving the field numbering, or remove the field
[INFO] [stderr]   |
[INFO] [stderr] 9 |     InvalidUnixFsHash(()),
[INFO] [stderr]   |                       ~~
[INFO] [stderr] 
[INFO] [stderr] warning: field `0` is never read
[INFO] [stderr]   --> src/error.rs:10:17
[INFO] [stderr]    |
[INFO] [stderr] 10 |     MissingNode(Cid),
[INFO] [stderr]    |     ----------- ^^^
[INFO] [stderr]    |     |
[INFO] [stderr]    |     field in this variant
[INFO] [stderr]    |
[INFO] [stderr]    = note: `ReadSingleFileError` has a derived impl for the trait `Debug`, but this is intentionally ignored during dead code analysis
[INFO] [stderr] help: consider changing the field to be of unit type to suppress this warning while preserving the field numbering, or remove the field
[INFO] [stderr]    |
[INFO] [stderr] 10 |     MissingNode(()),
[INFO] [stderr]    |                 ~~
[INFO] [stderr] 
[INFO] [stderr] warning: field `0` is never read
[INFO] [stderr]   --> src/error.rs:11:21
[INFO] [stderr]    |
[INFO] [stderr] 11 |     MaxBufferedData(usize),
[INFO] [stderr]    |     --------------- ^^^^^
[INFO] [stderr]    |     |
[INFO] [stderr]    |     field in this variant
[INFO] [stderr]    |
[INFO] [stderr]    = note: `ReadSingleFileError` has a derived impl for the trait `Debug`, but this is intentionally ignored during dead code analysis
[INFO] [stderr] help: consider changing the field to be of unit type to suppress this warning while preserving the field numbering, or remove the field
[INFO] [stderr]    |
[INFO] [stderr] 11 |     MaxBufferedData(()),
[INFO] [stderr]    |                     ~~
[INFO] [stderr] 
[INFO] [stderr] warning: `rs-car-lib` (lib test) generated 5 warnings
[INFO] [stderr]     Finished `test` profile [unoptimized + debuginfo] target(s) in 0.17s
[INFO] [stderr]      Running unittests src/lib.rs (/opt/rustwide/target/debug/deps/rs_car_lib-ed401b973237225a)
[INFO] [stdout] 
[INFO] [stdout] running 7 tests
[INFO] [stdout] test pb::test::linux_tarxz_range_links ... ok
[INFO] [stdout] test pb::test::parse_content ... ok
[INFO] [stdout] test tests::extract_file_car_test ... FAILED
[INFO] [stdout] test extractor::tests::extract_file_car_by_cid_test ... FAILED
[INFO] [stdout] test extractor::tests::extract_file_car_by_path_all_txt_test ... FAILED
[INFO] [stdout] test extractor::tests::extract_file_car_by_path_test ... FAILED
[INFO] [stdout] test extractor::tests::extract_all_car_test ... FAILED
[INFO] [stdout] 
[INFO] [stdout] failures:
[INFO] [stdout] 
[INFO] [stdout] ---- tests::extract_file_car_test stdout ----
[INFO] [stdout] Error: could not open `/home/vadym/Projects/rust/rs-car-lib/rs-car-lib/test_files/test.car`
[INFO] [stdout] 
[INFO] [stdout] thread 'tests::extract_file_car_test' panicked at src/lib.rs:182:9:
[INFO] [stdout] assertion `left == right` failed
[INFO] [stdout]   left: false
[INFO] [stdout]  right: true
[INFO] [stdout] stack backtrace:
[INFO] [stdout]    0:     0x6040b0e5d5ba - std::backtrace_rs::backtrace::libunwind::trace::hb059275cfc8d6126
[INFO] [stdout]                                at /rustc/6067b36314ab5eb2eb47cecc464545ba58e1ad24/library/std/src/../../backtrace/src/backtrace/libunwind.rs:116:5
[INFO] [stdout]    1:     0x6040b0e5d5ba - std::backtrace_rs::backtrace::trace_unsynchronized::h2da071e4327ce3ee
[INFO] [stdout]                                at /rustc/6067b36314ab5eb2eb47cecc464545ba58e1ad24/library/std/src/../../backtrace/src/backtrace/mod.rs:66:5
[INFO] [stdout]    2:     0x6040b0e5d5ba - std::sys::backtrace::_print_fmt::h842a1474e6f8d23f
[INFO] [stdout]                                at /rustc/6067b36314ab5eb2eb47cecc464545ba58e1ad24/library/std/src/sys/backtrace.rs:66:9
[INFO] [stdout]    3:     0x6040b0e5d5ba - <std::sys::backtrace::BacktraceLock::print::DisplayBacktrace as core::fmt::Display>::fmt::h71a62eb3b9696b12
[INFO] [stdout]                                at /rustc/6067b36314ab5eb2eb47cecc464545ba58e1ad24/library/std/src/sys/backtrace.rs:39:26
[INFO] [stdout]    4:     0x6040b0e86893 - core::fmt::rt::Argument::fmt::hdb6b616786b41dc1
[INFO] [stdout]                                at /rustc/6067b36314ab5eb2eb47cecc464545ba58e1ad24/library/core/src/fmt/rt.rs:177:76
[INFO] [stdout]    5:     0x6040b0e86893 - core::fmt::write::h2cc1698af7e2d686
[INFO] [stdout]                                at /rustc/6067b36314ab5eb2eb47cecc464545ba58e1ad24/library/core/src/fmt/mod.rs:1440:21
[INFO] [stdout]    6:     0x6040b0e59c63 - std::io::Write::write_fmt::hab1b4cd059a79022
[INFO] [stdout]                                at /rustc/6067b36314ab5eb2eb47cecc464545ba58e1ad24/library/std/src/io/mod.rs:1887:15
[INFO] [stdout]    7:     0x6040b0e5d402 - std::sys::backtrace::BacktraceLock::print::h147fe35b4ea13b08
[INFO] [stdout]                                at /rustc/6067b36314ab5eb2eb47cecc464545ba58e1ad24/library/std/src/sys/backtrace.rs:42:9
[INFO] [stdout]    8:     0x6040b0e5e9df - std::panicking::default_hook::{{closure}}::hbd44223dbdc0d208
[INFO] [stdout]                                at /rustc/6067b36314ab5eb2eb47cecc464545ba58e1ad24/library/std/src/panicking.rs:298:22
[INFO] [stdout]    9:     0x6040b0e5e7f8 - std::panicking::default_hook::h20f81eb0576efcec
[INFO] [stdout]                                at /rustc/6067b36314ab5eb2eb47cecc464545ba58e1ad24/library/std/src/panicking.rs:322:9
[INFO] [stdout]   10:     0x6040b0c5f8b3 - <alloc::boxed::Box<F,A> as core::ops::function::Fn<Args>>::call::hdb53814c496a4d34
[INFO] [stdout]                                at /rustc/6067b36314ab5eb2eb47cecc464545ba58e1ad24/library/alloc/src/boxed.rs:2027:9
[INFO] [stdout]   11:     0x6040b0c5f8b3 - test::test_main::{{closure}}::hc0a4963c59427c24
[INFO] [stdout]                                at /rustc/6067b36314ab5eb2eb47cecc464545ba58e1ad24/library/test/src/lib.rs:134:21
[INFO] [stdout]   12:     0x6040b0e5f4d3 - <alloc::boxed::Box<F,A> as core::ops::function::Fn<Args>>::call::h591b2225413a77e9
[INFO] [stdout]                                at /rustc/6067b36314ab5eb2eb47cecc464545ba58e1ad24/library/alloc/src/boxed.rs:2027:9
[INFO] [stdout]   13:     0x6040b0e5f4d3 - std::panicking::rust_panic_with_hook::h625eea43051b2edc
[INFO] [stdout]                                at /rustc/6067b36314ab5eb2eb47cecc464545ba58e1ad24/library/std/src/panicking.rs:839:13
[INFO] [stdout]   14:     0x6040b0e5f18a - std::panicking::begin_panic_handler::{{closure}}::h4f9159cfbc3f6bd3
[INFO] [stdout]                                at /rustc/6067b36314ab5eb2eb47cecc464545ba58e1ad24/library/std/src/panicking.rs:704:13
[INFO] [stdout]   15:     0x6040b0e5dab9 - std::sys::backtrace::__rust_end_short_backtrace::h0390abce48353151
[INFO] [stdout]                                at /rustc/6067b36314ab5eb2eb47cecc464545ba58e1ad24/library/std/src/sys/backtrace.rs:168:18
[INFO] [stdout]   16:     0x6040b0e5ee1d - rust_begin_unwind
[INFO] [stdout]                                at /rustc/6067b36314ab5eb2eb47cecc464545ba58e1ad24/library/std/src/panicking.rs:695:5
[INFO] [stdout]   17:     0x6040b0e84640 - core::panicking::panic_fmt::h9e7c637e9e5f29c9
[INFO] [stdout]                                at /rustc/6067b36314ab5eb2eb47cecc464545ba58e1ad24/library/core/src/panicking.rs:75:14
[INFO] [stdout]   18:     0x6040b0e84a32 - core::panicking::assert_failed_inner::h538bec7c1374cd9c
[INFO] [stdout]   19:     0x6040b0bedf5c - core::panicking::assert_failed::hf7eefbed6826c385
[INFO] [stdout]                                at /rustc/6067b36314ab5eb2eb47cecc464545ba58e1ad24/library/core/src/panicking.rs:364:5
[INFO] [stdout]   20:     0x6040b0c0b38c - rs_car_lib::tests::extract_file_car_test::h414bc8390f6cac78
[INFO] [stdout]                                at /opt/rustwide/workdir/src/lib.rs:182:9
[INFO] [stdout]   21:     0x6040b0c0b0c7 - rs_car_lib::tests::extract_file_car_test::{{closure}}::hd5d6dd4701c52a4f
[INFO] [stdout]                                at /opt/rustwide/workdir/src/lib.rs:170:31
[INFO] [stdout]   22:     0x6040b0bd5076 - core::ops::function::FnOnce::call_once::h9900e71bb3acd53d
[INFO] [stdout]                                at /rustc/6067b36314ab5eb2eb47cecc464545ba58e1ad24/library/core/src/ops/function.rs:250:5
[INFO] [stdout]   23:     0x6040b0c6500b - core::ops::function::FnOnce::call_once::he27718dfdd183f43
[INFO] [stdout]                                at /rustc/6067b36314ab5eb2eb47cecc464545ba58e1ad24/library/core/src/ops/function.rs:250:5
[INFO] [stdout]   24:     0x6040b0c6500b - test::__rust_begin_short_backtrace::h4e84902998457a5d
[INFO] [stdout]                                at /rustc/6067b36314ab5eb2eb47cecc464545ba58e1ad24/library/test/src/lib.rs:632:18
[INFO] [stdout]   25:     0x6040b0c63f43 - test::run_test_in_process::{{closure}}::h7176fd18fc1feca0
[INFO] [stdout]                                at /rustc/6067b36314ab5eb2eb47cecc464545ba58e1ad24/library/test/src/lib.rs:655:60
[INFO] [stdout]   26:     0x6040b0c63f43 - <core::panic::unwind_safe::AssertUnwindSafe<F> as core::ops::function::FnOnce<()>>::call_once::hf79cff2a624d8cf7
[INFO] [stdout]                                at /rustc/6067b36314ab5eb2eb47cecc464545ba58e1ad24/library/core/src/panic/unwind_safe.rs:272:9
[INFO] [stdout]   27:     0x6040b0c63f43 - std::panicking::try::do_call::h3da0561d9ab99c25
[INFO] [stdout]                                at /rustc/6067b36314ab5eb2eb47cecc464545ba58e1ad24/library/std/src/panicking.rs:587:40
[INFO] [stdout]   28:     0x6040b0c63f43 - std::panicking::try::h41c9fa508bc61df6
[INFO] [stdout]                                at /rustc/6067b36314ab5eb2eb47cecc464545ba58e1ad24/library/std/src/panicking.rs:550:19
[INFO] [stdout]   29:     0x6040b0c63f43 - std::panic::catch_unwind::h6b3ff07bb5afad93
[INFO] [stdout]                                at /rustc/6067b36314ab5eb2eb47cecc464545ba58e1ad24/library/std/src/panic.rs:358:14
[INFO] [stdout]   30:     0x6040b0c63f43 - test::run_test_in_process::hc7253dd11b39b9f4
[INFO] [stdout]                                at /rustc/6067b36314ab5eb2eb47cecc464545ba58e1ad24/library/test/src/lib.rs:655:27
[INFO] [stdout]   31:     0x6040b0c63f43 - test::run_test::{{closure}}::hfb2007f8649c30bb
[INFO] [stdout]                                at /rustc/6067b36314ab5eb2eb47cecc464545ba58e1ad24/library/test/src/lib.rs:576:43
[INFO] [stdout]   32:     0x6040b0c27025 - test::run_test::{{closure}}::h56a17aa7a282a9f4
[INFO] [stdout]                                at /rustc/6067b36314ab5eb2eb47cecc464545ba58e1ad24/library/test/src/lib.rs:606:41
[INFO] [stdout]   33:     0x6040b0c27025 - std::sys::backtrace::__rust_begin_short_backtrace::hd2d2d2fb8e8c6aac
[INFO] [stdout]                                at /rustc/6067b36314ab5eb2eb47cecc464545ba58e1ad24/library/std/src/sys/backtrace.rs:152:18
[INFO] [stdout]   34:     0x6040b0c2a90a - std::thread::Builder::spawn_unchecked_::{{closure}}::{{closure}}::h4faa3f9db6133423
[INFO] [stdout]                                at /rustc/6067b36314ab5eb2eb47cecc464545ba58e1ad24/library/std/src/thread/mod.rs:559:17
[INFO] [stdout]   35:     0x6040b0c2a90a - <core::panic::unwind_safe::AssertUnwindSafe<F> as core::ops::function::FnOnce<()>>::call_once::hf2e855a36a4ea846
[INFO] [stdout]                                at /rustc/6067b36314ab5eb2eb47cecc464545ba58e1ad24/library/core/src/panic/unwind_safe.rs:272:9
[INFO] [stdout]   36:     0x6040b0c2a90a - std::panicking::try::do_call::h2f73af3616c35465
[INFO] [stdout]                                at /rustc/6067b36314ab5eb2eb47cecc464545ba58e1ad24/library/std/src/panicking.rs:587:40
[INFO] [stdout]   37:     0x6040b0c2a90a - std::panicking::try::hd1660ce9efadef5a
[INFO] [stdout]                                at /rustc/6067b36314ab5eb2eb47cecc464545ba58e1ad24/library/std/src/panicking.rs:550:19
[INFO] [stdout]   38:     0x6040b0c2a90a - std::panic::catch_unwind::h5ee8d7823b8ca744
[INFO] [stdout]                                at /rustc/6067b36314ab5eb2eb47cecc464545ba58e1ad24/library/std/src/panic.rs:358:14
[INFO] [stdout]   39:     0x6040b0c2a90a - std::thread::Builder::spawn_unchecked_::{{closure}}::h53c3a1894dce8407
[INFO] [stdout]                                at /rustc/6067b36314ab5eb2eb47cecc464545ba58e1ad24/library/std/src/thread/mod.rs:557:30
[INFO] [stdout]   40:     0x6040b0c2a90a - core::ops::function::FnOnce::call_once{{vtable.shim}}::h048ce291ad4f62bf
[INFO] [stdout]                                at /rustc/6067b36314ab5eb2eb47cecc464545ba58e1ad24/library/core/src/ops/function.rs:250:5
[INFO] [stdout]   41:     0x6040b0e6400b - <alloc::boxed::Box<F,A> as core::ops::function::FnOnce<Args>>::call_once::ha52bedf99a3b4981
[INFO] [stdout]                                at /rustc/6067b36314ab5eb2eb47cecc464545ba58e1ad24/library/alloc/src/boxed.rs:2013:9
[INFO] [stdout]   42:     0x6040b0e6400b - <alloc::boxed::Box<F,A> as core::ops::function::FnOnce<Args>>::call_once::h567748934d80ccf8
[INFO] [stdout]                                at /rustc/6067b36314ab5eb2eb47cecc464545ba58e1ad24/library/alloc/src/boxed.rs:2013:9
[INFO] [stdout]   43:     0x6040b0e6400b - std::sys::pal::unix::thread::Thread::new::thread_start::h2d970728ae887adc
[INFO] [stdout]                                at /rustc/6067b36314ab5eb2eb47cecc464545ba58e1ad24/library/std/src/sys/pal/unix/thread.rs:106:17
[INFO] [stdout]   44:     0x7446fb5f0ac3 - <unknown>
[INFO] [stdout]   45:     0x7446fb681a04 - clone
[INFO] [stdout]   46:                0x0 - <unknown>
[INFO] [stdout] 
[INFO] [stdout] ---- extractor::tests::extract_file_car_by_cid_test stdout ----
[INFO] [stdout] Cleaned the: /home/vadym/Projects/rust/rs-car-lib/rs-car-lib/test_files/out_files/
[INFO] [stdout] 
[INFO] [stdout] thread 'extractor::tests::extract_file_car_by_cid_test' panicked at src/extractor.rs:356:14:
[INFO] [stdout] called `Result::unwrap()` on an `Err` value: Custom { kind: NotFound, error: VerboseError { source: Os { code: 2, kind: NotFound, message: "No such file or directory" }, message: "could not open `/home/vadym/Projects/rust/rs-car-lib/rs-car-lib/test_files/test.car`" } }
[INFO] [stdout] stack backtrace:
[INFO] [stdout]    0:     0x6040b0e5d5ba - std::backtrace_rs::backtrace::libunwind::trace::hb059275cfc8d6126
[INFO] [stdout]                                at /rustc/6067b36314ab5eb2eb47cecc464545ba58e1ad24/library/std/src/../../backtrace/src/backtrace/libunwind.rs:116:5
[INFO] [stdout]    1:     0x6040b0e5d5ba - std::backtrace_rs::backtrace::trace_unsynchronized::h2da071e4327ce3ee
[INFO] [stdout]                                at /rustc/6067b36314ab5eb2eb47cecc464545ba58e1ad24/library/std/src/../../backtrace/src/backtrace/mod.rs:66:5
[INFO] [stdout]    2:     0x6040b0e5d5ba - std::sys::backtrace::_print_fmt::h842a1474e6f8d23f
[INFO] [stdout]                                at /rustc/6067b36314ab5eb2eb47cecc464545ba58e1ad24/library/std/src/sys/backtrace.rs:66:9
[INFO] [stdout]    3:     0x6040b0e5d5ba - <std::sys::backtrace::BacktraceLock::print::DisplayBacktrace as core::fmt::Display>::fmt::h71a62eb3b9696b12
[INFO] [stdout]                                at /rustc/6067b36314ab5eb2eb47cecc464545ba58e1ad24/library/std/src/sys/backtrace.rs:39:26
[INFO] [stdout]    4:     0x6040b0e86893 - core::fmt::rt::Argument::fmt::hdb6b616786b41dc1
[INFO] [stdout]                                at /rustc/6067b36314ab5eb2eb47cecc464545ba58e1ad24/library/core/src/fmt/rt.rs:177:76
[INFO] [stdout]    5:     0x6040b0e86893 - core::fmt::write::h2cc1698af7e2d686
[INFO] [stdout]                                at /rustc/6067b36314ab5eb2eb47cecc464545ba58e1ad24/library/core/src/fmt/mod.rs:1440:21
[INFO] [stdout]    6:     0x6040b0e59c63 - std::io::Write::write_fmt::hab1b4cd059a79022
[INFO] [stdout]                                at /rustc/6067b36314ab5eb2eb47cecc464545ba58e1ad24/library/std/src/io/mod.rs:1887:15
[INFO] [stdout]    7:     0x6040b0e5d402 - std::sys::backtrace::BacktraceLock::print::h147fe35b4ea13b08
[INFO] [stdout]                                at /rustc/6067b36314ab5eb2eb47cecc464545ba58e1ad24/library/std/src/sys/backtrace.rs:42:9
[INFO] [stdout]    8:     0x6040b0e5e9df - std::panicking::default_hook::{{closure}}::hbd44223dbdc0d208
[INFO] [stdout]                                at /rustc/6067b36314ab5eb2eb47cecc464545ba58e1ad24/library/std/src/panicking.rs:298:22
[INFO] [stdout]    9:     0x6040b0e5e7f8 - std::panicking::default_hook::h20f81eb0576efcec
[INFO] [stdout]                                at /rustc/6067b36314ab5eb2eb47cecc464545ba58e1ad24/library/std/src/panicking.rs:322:9
[INFO] [stdout]   10:     0x6040b0c5f8b3 - <alloc::boxed::Box<F,A> as core::ops::function::Fn<Args>>::call::hdb53814c496a4d34
[INFO] [stdout]                                at /rustc/6067b36314ab5eb2eb47cecc464545ba58e1ad24/library/alloc/src/boxed.rs:2027:9
[INFO] [stdout]   11:     0x6040b0c5f8b3 - test::test_main::{{closure}}::hc0a4963c59427c24
[INFO] [stdout]                                at /rustc/6067b36314ab5eb2eb47cecc464545ba58e1ad24/library/test/src/lib.rs:134:21
[INFO] [stdout]   12:     0x6040b0e5f4d3 - <alloc::boxed::Box<F,A> as core::ops::function::Fn<Args>>::call::h591b2225413a77e9
[INFO] [stdout]                                at /rustc/6067b36314ab5eb2eb47cecc464545ba58e1ad24/library/alloc/src/boxed.rs:2027:9
[INFO] [stdout]   13:     0x6040b0e5f4d3 - std::panicking::rust_panic_with_hook::h625eea43051b2edc
[INFO] [stdout]                                at /rustc/6067b36314ab5eb2eb47cecc464545ba58e1ad24/library/std/src/panicking.rs:839:13
[INFO] [stdout]   14:     0x6040b0e5f18a - std::panicking::begin_panic_handler::{{closure}}::h4f9159cfbc3f6bd3
[INFO] [stdout]                                at /rustc/6067b36314ab5eb2eb47cecc464545ba58e1ad24/library/std/src/panicking.rs:704:13
[INFO] [stdout]   15:     0x6040b0e5dab9 - std::sys::backtrace::__rust_end_short_backtrace::h0390abce48353151
[INFO] [stdout]                                at /rustc/6067b36314ab5eb2eb47cecc464545ba58e1ad24/library/std/src/sys/backtrace.rs:168:18
[INFO] [stdout]   16:     0x6040b0e5ee1d - rust_begin_unwind
[INFO] [stdout]                                at /rustc/6067b36314ab5eb2eb47cecc464545ba58e1ad24/library/std/src/panicking.rs:695:5
[INFO] [stdout]   17:     0x6040b0e84640 - core::panicking::panic_fmt::h9e7c637e9e5f29c9
[INFO] [stdout]                                at /rustc/6067b36314ab5eb2eb47cecc464545ba58e1ad24/library/core/src/panicking.rs:75:14
[INFO] [stdout]   18:     0x6040b0e84ab6 - core::result::unwrap_failed::h7979f09313fe1849
[INFO] [stdout]                                at /rustc/6067b36314ab5eb2eb47cecc464545ba58e1ad24/library/core/src/result.rs:1704:5
[INFO] [stdout]   19:     0x6040b0c1204b - core::result::Result<T,E>::unwrap::h0225c08a32c7e7eb
[INFO] [stdout]                                at /rustc/6067b36314ab5eb2eb47cecc464545ba58e1ad24/library/core/src/result.rs:1109:23
[INFO] [stdout]   20:     0x6040b0c1204b - rs_car_lib::extractor::tests::extract_file_car_by_cid_test::{{closure}}::h92daa705da705f03
[INFO] [stdout]                                at /opt/rustwide/workdir/src/extractor.rs:352:29
[INFO] [stdout]   21:     0x6040b0bf9542 - <async_std::task::builder::SupportTaskLocals<F> as core::future::future::Future>::poll::{{closure}}::hc529a1fe6a4a2b54
[INFO] [stdout]                                at /opt/rustwide/cargo-home/registry/src/index.crates.io-1949cf8c6b5b557f/async-std-1.12.0/src/task/builder.rs:199:17
[INFO] [stdout]   22:     0x6040b0c1d99c - async_std::task::task_locals_wrapper::TaskLocalsWrapper::set_current::{{closure}}::h81aa60046c05f4b3
[INFO] [stdout]                                at /opt/rustwide/cargo-home/registry/src/index.crates.io-1949cf8c6b5b557f/async-std-1.12.0/src/task/task_locals_wrapper.rs:60:13
[INFO] [stdout]   23:     0x6040b0bc1de5 - std::thread::local::LocalKey<T>::try_with::hb91306d73265597c
[INFO] [stdout]                                at /rustc/6067b36314ab5eb2eb47cecc464545ba58e1ad24/library/std/src/thread/local.rs:308:12
[INFO] [stdout]   24:     0x6040b0bbe75a - std::thread::local::LocalKey<T>::with::h27f2cfd131e27851
[INFO] [stdout]                                at /rustc/6067b36314ab5eb2eb47cecc464545ba58e1ad24/library/std/src/thread/local.rs:272:9
[INFO] [stdout]   25:     0x6040b0c1cfc8 - async_std::task::task_locals_wrapper::TaskLocalsWrapper::set_current::h7f93a95fc8aafecb
[INFO] [stdout]                                at /opt/rustwide/cargo-home/registry/src/index.crates.io-1949cf8c6b5b557f/async-std-1.12.0/src/task/task_locals_wrapper.rs:55:9
[INFO] [stdout]   26:     0x6040b0bf93b1 - <async_std::task::builder::SupportTaskLocals<F> as core::future::future::Future>::poll::ha286d5284be3594e
[INFO] [stdout]                                at /opt/rustwide/cargo-home/registry/src/index.crates.io-1949cf8c6b5b557f/async-std-1.12.0/src/task/builder.rs:197:13
[INFO] [stdout]   27:     0x6040b0be9d84 - <futures_lite::future::Or<F1,F2> as core::future::future::Future>::poll::hb2f1e66386eb852e
[INFO] [stdout]                                at /opt/rustwide/cargo-home/registry/src/index.crates.io-1949cf8c6b5b557f/futures-lite-2.1.0/src/future.rs:446:33
[INFO] [stdout]   28:     0x6040b0c01702 - async_executor::Executor::run::{{closure}}::hc5507c45a79a2cbb
[INFO] [stdout]                                at /opt/rustwide/cargo-home/registry/src/index.crates.io-1949cf8c6b5b557f/async-executor-1.8.0/src/lib.rs:261:32
[INFO] [stdout]   29:     0x6040b0bfff21 - async_executor::LocalExecutor::run::{{closure}}::hc9f4f805d4d8ec36
[INFO] [stdout]                                at /opt/rustwide/cargo-home/registry/src/index.crates.io-1949cf8c6b5b557f/async-executor-1.8.0/src/lib.rs:480:34
[INFO] [stdout]   30:     0x6040b0bcdd61 - async_io::driver::block_on::{{closure}}::h3fe465884e9488b4
[INFO] [stdout]                                at /opt/rustwide/cargo-home/registry/src/index.crates.io-1949cf8c6b5b557f/async-io-2.2.2/src/driver.rs:199:37
[INFO] [stdout]   31:     0x6040b0bc0f6c - std::thread::local::LocalKey<T>::try_with::h859bb95f68e5a9cc
[INFO] [stdout]                                at /rustc/6067b36314ab5eb2eb47cecc464545ba58e1ad24/library/std/src/thread/local.rs:308:12
[INFO] [stdout]   32:     0x6040b0bbefba - std::thread::local::LocalKey<T>::with::he5ffbdd53896a3af
[INFO] [stdout]                                at /rustc/6067b36314ab5eb2eb47cecc464545ba58e1ad24/library/std/src/thread/local.rs:272:9
[INFO] [stdout]   33:     0x6040b0bc4079 - async_io::driver::block_on::ha26b779c0aec2174
[INFO] [stdout]                                at /opt/rustwide/cargo-home/registry/src/index.crates.io-1949cf8c6b5b557f/async-io-2.2.2/src/driver.rs:175:5
[INFO] [stdout]   34:     0x6040b0c0c81e - async_global_executor::reactor::block_on::{{closure}}::he1b9574b2ebaa83c
[INFO] [stdout]                                at /opt/rustwide/cargo-home/registry/src/index.crates.io-1949cf8c6b5b557f/async-global-executor-2.4.1/src/reactor.rs:3:18
[INFO] [stdout]   35:     0x6040b0c0c73e - async_global_executor::reactor::block_on::hdd4113553a9c89be
[INFO] [stdout]                                at /opt/rustwide/cargo-home/registry/src/index.crates.io-1949cf8c6b5b557f/async-global-executor-2.4.1/src/reactor.rs:12:5
[INFO] [stdout]   36:     0x6040b0bf9e4c - async_global_executor::executor::block_on::{{closure}}::h4561d9f68608fd11
[INFO] [stdout]                                at /opt/rustwide/cargo-home/registry/src/index.crates.io-1949cf8c6b5b557f/async-global-executor-2.4.1/src/executor.rs:26:36
[INFO] [stdout]   37:     0x6040b0bc1ccd - std::thread::local::LocalKey<T>::try_with::hb80ca56ddcb5a5f6
[INFO] [stdout]                                at /rustc/6067b36314ab5eb2eb47cecc464545ba58e1ad24/library/std/src/thread/local.rs:308:12
[INFO] [stdout]   38:     0x6040b0bbeaca - std::thread::local::LocalKey<T>::with::h7d601fffab05c97f
[INFO] [stdout]                                at /rustc/6067b36314ab5eb2eb47cecc464545ba58e1ad24/library/std/src/thread/local.rs:272:9
[INFO] [stdout]   39:     0x6040b0bf9d16 - async_global_executor::executor::block_on::h8b8909314716b70c
[INFO] [stdout]                                at /opt/rustwide/cargo-home/registry/src/index.crates.io-1949cf8c6b5b557f/async-global-executor-2.4.1/src/executor.rs:26:5
[INFO] [stdout]   40:     0x6040b0bfe82c - async_std::task::builder::Builder::blocking::{{closure}}::{{closure}}::hbff847f1080451a8
[INFO] [stdout]                                at /opt/rustwide/cargo-home/registry/src/index.crates.io-1949cf8c6b5b557f/async-std-1.12.0/src/task/builder.rs:171:25
[INFO] [stdout]   41:     0x6040b0c1d26a - async_std::task::task_locals_wrapper::TaskLocalsWrapper::set_current::{{closure}}::h0357051fee811127
[INFO] [stdout]                                at /opt/rustwide/cargo-home/registry/src/index.crates.io-1949cf8c6b5b557f/async-std-1.12.0/src/task/task_locals_wrapper.rs:60:13
[INFO] [stdout]   42:     0x6040b0bc21dd - std::thread::local::LocalKey<T>::try_with::hcb7dcab9a7272374
[INFO] [stdout]                                at /rustc/6067b36314ab5eb2eb47cecc464545ba58e1ad24/library/std/src/thread/local.rs:308:12
[INFO] [stdout]   43:     0x6040b0bbe8fa - std::thread::local::LocalKey<T>::with::h4979a5f07e80d18f
[INFO] [stdout]                                at /rustc/6067b36314ab5eb2eb47cecc464545ba58e1ad24/library/std/src/thread/local.rs:272:9
[INFO] [stdout]   44:     0x6040b0c1d0a9 - async_std::task::task_locals_wrapper::TaskLocalsWrapper::set_current::ha250f7a5a64704bf
[INFO] [stdout]                                at /opt/rustwide/cargo-home/registry/src/index.crates.io-1949cf8c6b5b557f/async-std-1.12.0/src/task/task_locals_wrapper.rs:55:9
[INFO] [stdout]   45:     0x6040b0bfe1a5 - async_std::task::builder::Builder::blocking::{{closure}}::h86f378dc64bb61d3
[INFO] [stdout]                                at /opt/rustwide/cargo-home/registry/src/index.crates.io-1949cf8c6b5b557f/async-std-1.12.0/src/task/builder.rs:168:17
[INFO] [stdout]   46:     0x6040b0bbf5ed - std::thread::local::LocalKey<T>::try_with::h1e9dd65a3cc494f5
[INFO] [stdout]                                at /rustc/6067b36314ab5eb2eb47cecc464545ba58e1ad24/library/std/src/thread/local.rs:308:12
[INFO] [stdout]   47:     0x6040b0bbf1ca - std::thread::local::LocalKey<T>::with::hfbfbd94386cbdd3f
[INFO] [stdout]                                at /rustc/6067b36314ab5eb2eb47cecc464545ba58e1ad24/library/std/src/thread/local.rs:272:9
[INFO] [stdout]   48:     0x6040b0bfdd1c - async_std::task::builder::Builder::blocking::he12252f2ea3f9118
[INFO] [stdout]                                at /opt/rustwide/cargo-home/registry/src/index.crates.io-1949cf8c6b5b557f/async-std-1.12.0/src/task/builder.rs:161:9
[INFO] [stdout]   49:     0x6040b0bf3c0e - async_std::task::block_on::block_on::hf9a9ae1755e9a5b1
[INFO] [stdout]                                at /opt/rustwide/cargo-home/registry/src/index.crates.io-1949cf8c6b5b557f/async-std-1.12.0/src/task/block_on.rs:33:5
[INFO] [stdout]   50:     0x6040b0c119b4 - rs_car_lib::extractor::tests::extract_file_car_by_cid_test::h3c154424145aa0f1
[INFO] [stdout]                                at /opt/rustwide/workdir/src/extractor.rs:344:9
[INFO] [stdout]   51:     0x6040b0c11987 - rs_car_lib::extractor::tests::extract_file_car_by_cid_test::{{closure}}::h368bd409b2fc500f
[INFO] [stdout]                                at /opt/rustwide/workdir/src/extractor.rs:343:38
[INFO] [stdout]   52:     0x6040b0bd4c56 - core::ops::function::FnOnce::call_once::h589e591ef9241c4b
[INFO] [stdout]                                at /rustc/6067b36314ab5eb2eb47cecc464545ba58e1ad24/library/core/src/ops/function.rs:250:5
[INFO] [stdout]   53:     0x6040b0c6500b - core::ops::function::FnOnce::call_once::he27718dfdd183f43
[INFO] [stdout]                                at /rustc/6067b36314ab5eb2eb47cecc464545ba58e1ad24/library/core/src/ops/function.rs:250:5
[INFO] [stdout]   54:     0x6040b0c6500b - test::__rust_begin_short_backtrace::h4e84902998457a5d
[INFO] [stdout]                                at /rustc/6067b36314ab5eb2eb47cecc464545ba58e1ad24/library/test/src/lib.rs:632:18
[INFO] [stdout]   55:     0x6040b0c63f43 - test::run_test_in_process::{{closure}}::h7176fd18fc1feca0
[INFO] [stdout]                                at /rustc/6067b36314ab5eb2eb47cecc464545ba58e1ad24/library/test/src/lib.rs:655:60
[INFO] [stdout]   56:     0x6040b0c63f43 - <core::panic::unwind_safe::AssertUnwindSafe<F> as core::ops::function::FnOnce<()>>::call_once::hf79cff2a624d8cf7
[INFO] [stdout]                                at /rustc/6067b36314ab5eb2eb47cecc464545ba58e1ad24/library/core/src/panic/unwind_safe.rs:272:9
[INFO] [stdout]   57:     0x6040b0c63f43 - std::panicking::try::do_call::h3da0561d9ab99c25
[INFO] [stdout]                                at /rustc/6067b36314ab5eb2eb47cecc464545ba58e1ad24/library/std/src/panicking.rs:587:40
[INFO] [stdout]   58:     0x6040b0c63f43 - std::panicking::try::h41c9fa508bc61df6
[INFO] [stdout]                                at /rustc/6067b36314ab5eb2eb47cecc464545ba58e1ad24/library/std/src/panicking.rs:550:19
[INFO] [stdout]   59:     0x6040b0c63f43 - std::panic::catch_unwind::h6b3ff07bb5afad93
[INFO] [stdout]                                at /rustc/6067b36314ab5eb2eb47cecc464545ba58e1ad24/library/std/src/panic.rs:358:14
[INFO] [stdout]   60:     0x6040b0c63f43 - test::run_test_in_process::hc7253dd11b39b9f4
[INFO] [stdout]                                at /rustc/6067b36314ab5eb2eb47cecc464545ba58e1ad24/library/test/src/lib.rs:655:27
[INFO] [stdout]   61:     0x6040b0c63f43 - test::run_test::{{closure}}::hfb2007f8649c30bb
[INFO] [stdout]                                at /rustc/6067b36314ab5eb2eb47cecc464545ba58e1ad24/library/test/src/lib.rs:576:43
[INFO] [stdout]   62:     0x6040b0c27025 - test::run_test::{{closure}}::h56a17aa7a282a9f4
[INFO] [stdout]                                at /rustc/6067b36314ab5eb2eb47cecc464545ba58e1ad24/library/test/src/lib.rs:606:41
[INFO] [stdout]   63:     0x6040b0c27025 - std::sys::backtrace::__rust_begin_short_backtrace::hd2d2d2fb8e8c6aac
[INFO] [stdout]                                at /rustc/6067b36314ab5eb2eb47cecc464545ba58e1ad24/library/std/src/sys/backtrace.rs:152:18
[INFO] [stdout]   64:     0x6040b0c2a90a - std::thread::Builder::spawn_unchecked_::{{closure}}::{{closure}}::h4faa3f9db6133423
[INFO] [stdout]                                at /rustc/6067b36314ab5eb2eb47cecc464545ba58e1ad24/library/std/src/thread/mod.rs:559:17
[INFO] [stdout]   65:     0x6040b0c2a90a - <core::panic::unwind_safe::AssertUnwindSafe<F> as core::ops::function::FnOnce<()>>::call_once::hf2e855a36a4ea846
[INFO] [stdout]                                at /rustc/6067b36314ab5eb2eb47cecc464545ba58e1ad24/library/core/src/panic/unwind_safe.rs:272:9
[INFO] [stdout]   66:     0x6040b0c2a90a - std::panicking::try::do_call::h2f73af3616c35465
[INFO] [stdout]                                at /rustc/6067b36314ab5eb2eb47cecc464545ba58e1ad24/library/std/src/panicking.rs:587:40
[INFO] [stdout]   67:     0x6040b0c2a90a - std::panicking::try::hd1660ce9efadef5a
[INFO] [stdout]                                at /rustc/6067b36314ab5eb2eb47cecc464545ba58e1ad24/library/std/src/panicking.rs:550:19
[INFO] [stdout]   68:     0x6040b0c2a90a - std::panic::catch_unwind::h5ee8d7823b8ca744
[INFO] [stdout]                                at /rustc/6067b36314ab5eb2eb47cecc464545ba58e1ad24/library/std/src/panic.rs:358:14
[INFO] [stdout]   69:     0x6040b0c2a90a - std::thread::Builder::spawn_unchecked_::{{closure}}::h53c3a1894dce8407
[INFO] [stdout]                                at /rustc/6067b36314ab5eb2eb47cecc464545ba58e1ad24/library/std/src/thread/mod.rs:557:30
[INFO] [stdout]   70:     0x6040b0c2a90a - core::ops::function::FnOnce::call_once{{vtable.shim}}::h048ce291ad4f62bf
[INFO] [stdout]                                at /rustc/6067b36314ab5eb2eb47cecc464545ba58e1ad24/library/core/src/ops/function.rs:250:5
[INFO] [stdout]   71:     0x6040b0e6400b - <alloc::boxed::Box<F,A> as core::ops::function::FnOnce<Args>>::call_once::ha52bedf99a3b4981
[INFO] [stdout]                                at /rustc/6067b36314ab5eb2eb47cecc464545ba58e1ad24/library/alloc/src/boxed.rs:2013:9
[INFO] [stdout]   72:     0x6040b0e6400b - <alloc::boxed::Box<F,A> as core::ops::function::FnOnce<Args>>::call_once::h567748934d80ccf8
[INFO] [stdout]                                at /rustc/6067b36314ab5eb2eb47cecc464545ba58e1ad24/library/alloc/src/boxed.rs:2013:9
[INFO] [stdout]   73:     0x6040b0e6400b - std::sys::pal::unix::thread::Thread::new::thread_start::h2d970728ae887adc
[INFO] [stdout]                                at /rustc/6067b36314ab5eb2eb47cecc464545ba58e1ad24/library/std/src/sys/pal/unix/thread.rs:106:17
[INFO] [stdout]   74:     0x7446fb5f0ac3 - <unknown>
[INFO] [stdout]   75:     0x7446fb681a04 - clone
[INFO] [stdout]   76:                0x0 - <unknown>
[INFO] [stdout] 
[INFO] [stdout] ---- extractor::tests::extract_file_car_by_path_all_txt_test stdout ----
[INFO] [stdout] Cleaned the: /home/vadym/Projects/rust/rs-car-lib/rs-car-lib/test_files/out_files/
[INFO] [stdout] 
[INFO] [stdout] thread 'extractor::tests::extract_file_car_by_path_all_txt_test' panicked at src/extractor.rs:326:14:
[INFO] [stdout] called `Result::unwrap()` on an `Err` value: Custom { kind: NotFound, error: VerboseError { source: Os { code: 2, kind: NotFound, message: "No such file or directory" }, message: "could not open `/home/vadym/Projects/rust/rs-car-lib/rs-car-lib/test_files/test.car`" } }
[INFO] [stdout] stack backtrace:
[INFO] [stdout]    0:     0x6040b0e5d5ba - std::backtrace_rs::backtrace::libunwind::trace::hb059275cfc8d6126
[INFO] [stdout]                                at /rustc/6067b36314ab5eb2eb47cecc464545ba58e1ad24/library/std/src/../../backtrace/src/backtrace/libunwind.rs:116:5
[INFO] [stdout]    1:     0x6040b0e5d5ba - std::backtrace_rs::backtrace::trace_unsynchronized::h2da071e4327ce3ee
[INFO] [stdout]                                at /rustc/6067b36314ab5eb2eb47cecc464545ba58e1ad24/library/std/src/../../backtrace/src/backtrace/mod.rs:66:5
[INFO] [stdout]    2:     0x6040b0e5d5ba - std::sys::backtrace::_print_fmt::h842a1474e6f8d23f
[INFO] [stdout]                                at /rustc/6067b36314ab5eb2eb47cecc464545ba58e1ad24/library/std/src/sys/backtrace.rs:66:9
[INFO] [stdout]    3:     0x6040b0e5d5ba - <std::sys::backtrace::BacktraceLock::print::DisplayBacktrace as core::fmt::Display>::fmt::h71a62eb3b9696b12
[INFO] [stdout]                                at /rustc/6067b36314ab5eb2eb47cecc464545ba58e1ad24/library/std/src/sys/backtrace.rs:39:26
[INFO] [stdout]    4:     0x6040b0e86893 - core::fmt::rt::Argument::fmt::hdb6b616786b41dc1
[INFO] [stdout]                                at /rustc/6067b36314ab5eb2eb47cecc464545ba58e1ad24/library/core/src/fmt/rt.rs:177:76
[INFO] [stdout]    5:     0x6040b0e86893 - core::fmt::write::h2cc1698af7e2d686
[INFO] [stdout]                                at /rustc/6067b36314ab5eb2eb47cecc464545ba58e1ad24/library/core/src/fmt/mod.rs:1440:21
[INFO] [stdout]    6:     0x6040b0e59c63 - std::io::Write::write_fmt::hab1b4cd059a79022
[INFO] [stdout]                                at /rustc/6067b36314ab5eb2eb47cecc464545ba58e1ad24/library/std/src/io/mod.rs:1887:15
[INFO] [stdout]    7:     0x6040b0e5d402 - std::sys::backtrace::BacktraceLock::print::h147fe35b4ea13b08
[INFO] [stdout]                                at /rustc/6067b36314ab5eb2eb47cecc464545ba58e1ad24/library/std/src/sys/backtrace.rs:42:9
[INFO] [stdout]    8:     0x6040b0e5e9df - std::panicking::default_hook::{{closure}}::hbd44223dbdc0d208
[INFO] [stdout]                                at /rustc/6067b36314ab5eb2eb47cecc464545ba58e1ad24/library/std/src/panicking.rs:298:22
[INFO] [stdout]    9:     0x6040b0e5e7f8 - std::panicking::default_hook::h20f81eb0576efcec
[INFO] [stdout]                                at /rustc/6067b36314ab5eb2eb47cecc464545ba58e1ad24/library/std/src/panicking.rs:322:9
[INFO] [stdout]   10:     0x6040b0c5f8b3 - <alloc::boxed::Box<F,A> as core::ops::function::Fn<Args>>::call::hdb53814c496a4d34
[INFO] [stdout]                                at /rustc/6067b36314ab5eb2eb47cecc464545ba58e1ad24/library/alloc/src/boxed.rs:2027:9
[INFO] [stdout]   11:     0x6040b0c5f8b3 - test::test_main::{{closure}}::hc0a4963c59427c24
[INFO] [stdout]                                at /rustc/6067b36314ab5eb2eb47cecc464545ba58e1ad24/library/test/src/lib.rs:134:21
[INFO] [stdout]   12:     0x6040b0e5f4d3 - <alloc::boxed::Box<F,A> as core::ops::function::Fn<Args>>::call::h591b2225413a77e9
[INFO] [stdout]                                at /rustc/6067b36314ab5eb2eb47cecc464545ba58e1ad24/library/alloc/src/boxed.rs:2027:9
[INFO] [stdout]   13:     0x6040b0e5f4d3 - std::panicking::rust_panic_with_hook::h625eea43051b2edc
[INFO] [stdout]                                at /rustc/6067b36314ab5eb2eb47cecc464545ba58e1ad24/library/std/src/panicking.rs:839:13
[INFO] [stdout]   14:     0x6040b0e5f18a - std::panicking::begin_panic_handler::{{closure}}::h4f9159cfbc3f6bd3
[INFO] [stdout]                                at /rustc/6067b36314ab5eb2eb47cecc464545ba58e1ad24/library/std/src/panicking.rs:704:13
[INFO] [stdout]   15:     0x6040b0e5dab9 - std::sys::backtrace::__rust_end_short_backtrace::h0390abce48353151
[INFO] [stdout]                                at /rustc/6067b36314ab5eb2eb47cecc464545ba58e1ad24/library/std/src/sys/backtrace.rs:168:18
[INFO] [stdout]   16:     0x6040b0e5ee1d - rust_begin_unwind
[INFO] [stdout]                                at /rustc/6067b36314ab5eb2eb47cecc464545ba58e1ad24/library/std/src/panicking.rs:695:5
[INFO] [stdout]   17:     0x6040b0e84640 - core::panicking::panic_fmt::h9e7c637e9e5f29c9
[INFO] [stdout]                                at /rustc/6067b36314ab5eb2eb47cecc464545ba58e1ad24/library/core/src/panicking.rs:75:14
[INFO] [stdout]   18:     0x6040b0e84ab6 - core::result::unwrap_failed::h7979f09313fe1849
[INFO] [stdout]                                at /rustc/6067b36314ab5eb2eb47cecc464545ba58e1ad24/library/core/src/result.rs:1704:5
[INFO] [stdout]   19:     0x6040b0c11415 - core::result::Result<T,E>::unwrap::h0225c08a32c7e7eb
[INFO] [stdout]                                at /rustc/6067b36314ab5eb2eb47cecc464545ba58e1ad24/library/core/src/result.rs:1109:23
[INFO] [stdout]   20:     0x6040b0c11415 - rs_car_lib::extractor::tests::extract_file_car_by_path_all_txt_test::{{closure}}::hef99ca75c0b0248e
[INFO] [stdout]                                at /opt/rustwide/workdir/src/extractor.rs:322:29
[INFO] [stdout]   21:     0x6040b0bf9482 - <async_std::task::builder::SupportTaskLocals<F> as core::future::future::Future>::poll::{{closure}}::h56a1de1e3bdef2b1
[INFO] [stdout]                                at /opt/rustwide/cargo-home/registry/src/index.crates.io-1949cf8c6b5b557f/async-std-1.12.0/src/task/builder.rs:199:17
[INFO] [stdout]   22:     0x6040b0c1dbbc - async_std::task::task_locals_wrapper::TaskLocalsWrapper::set_current::{{closure}}::hae525861f1c94f0c
[INFO] [stdout]                                at /opt/rustwide/cargo-home/registry/src/index.crates.io-1949cf8c6b5b557f/async-std-1.12.0/src/task/task_locals_wrapper.rs:60:13
[INFO] [stdout]   23:     0x6040b0bc0d65 - std::thread::local::LocalKey<T>::try_with::h7f87e67d03fb3410
[INFO] [stdout]                                at /rustc/6067b36314ab5eb2eb47cecc464545ba58e1ad24/library/std/src/thread/local.rs:308:12
[INFO] [stdout]   24:     0x6040b0bbe95a - std::thread::local::LocalKey<T>::with::h5aea26650ae87537
[INFO] [stdout]                                at /rustc/6067b36314ab5eb2eb47cecc464545ba58e1ad24/library/std/src/thread/local.rs:272:9
[INFO] [stdout]   25:     0x6040b0c1ce78 - async_std::task::task_locals_wrapper::TaskLocalsWrapper::set_current::h0f51167dcfbf8497
[INFO] [stdout]                                at /opt/rustwide/cargo-home/registry/src/index.crates.io-1949cf8c6b5b557f/async-std-1.12.0/src/task/task_locals_wrapper.rs:55:9
[INFO] [stdout]   26:     0x6040b0bf92ca - <async_std::task::builder::SupportTaskLocals<F> as core::future::future::Future>::poll::h690d8ab19c117a2d
[INFO] [stdout]                                at /opt/rustwide/cargo-home/registry/src/index.crates.io-1949cf8c6b5b557f/async-std-1.12.0/src/task/builder.rs:197:13
[INFO] [stdout]   27:     0x6040b0be9c64 - <futures_lite::future::Or<F1,F2> as core::future::future::Future>::poll::h69123db2a3171b48
[INFO] [stdout]                                at /opt/rustwide/cargo-home/registry/src/index.crates.io-1949cf8c6b5b557f/futures-lite-2.1.0/src/future.rs:446:33
[INFO] [stdout]   28:     0x6040b0c00b12 - async_executor::Executor::run::{{closure}}::h56d0d15dbb9a363e
[INFO] [stdout]                                at /opt/rustwide/cargo-home/registry/src/index.crates.io-1949cf8c6b5b557f/async-executor-1.8.0/src/lib.rs:261:32
[INFO] [stdout]   29:     0x6040b0c001e1 - async_executor::LocalExecutor::run::{{closure}}::hf9f6b5c013d6001d
[INFO] [stdout]                                at /opt/rustwide/cargo-home/registry/src/index.crates.io-1949cf8c6b5b557f/async-executor-1.8.0/src/lib.rs:480:34
[INFO] [stdout]   30:     0x6040b0bc5061 - async_io::driver::block_on::{{closure}}::h0ab8b83001c2fcce
[INFO] [stdout]                                at /opt/rustwide/cargo-home/registry/src/index.crates.io-1949cf8c6b5b557f/async-io-2.2.2/src/driver.rs:199:37
[INFO] [stdout]   31:     0x6040b0bbf4ac - std::thread::local::LocalKey<T>::try_with::h1a6a3861e50ffed4
[INFO] [stdout]                                at /rustc/6067b36314ab5eb2eb47cecc464545ba58e1ad24/library/std/src/thread/local.rs:308:12
[INFO] [stdout]   32:     0x6040b0bbea5a - std::thread::local::LocalKey<T>::with::h789ebecf6dc99c12
[INFO] [stdout]                                at /rustc/6067b36314ab5eb2eb47cecc464545ba58e1ad24/library/std/src/thread/local.rs:272:9
[INFO] [stdout]   33:     0x6040b0bc4689 - async_io::driver::block_on::hae7706cb04d4ddbd
[INFO] [stdout]                                at /opt/rustwide/cargo-home/registry/src/index.crates.io-1949cf8c6b5b557f/async-io-2.2.2/src/driver.rs:175:5
[INFO] [stdout]   34:     0x6040b0c0c778 - async_global_executor::reactor::block_on::{{closure}}::h4f4a7a95be851df6
[INFO] [stdout]                                at /opt/rustwide/cargo-home/registry/src/index.crates.io-1949cf8c6b5b557f/async-global-executor-2.4.1/src/reactor.rs:3:18
[INFO] [stdout]   35:     0x6040b0c0c698 - async_global_executor::reactor::block_on::h52be60f1e0def94d
[INFO] [stdout]                                at /opt/rustwide/cargo-home/registry/src/index.crates.io-1949cf8c6b5b557f/async-global-executor-2.4.1/src/reactor.rs:12:5
[INFO] [stdout]   36:     0x6040b0bf9ebc - async_global_executor::executor::block_on::{{closure}}::hb126341b69ef5a71
[INFO] [stdout]                                at /opt/rustwide/cargo-home/registry/src/index.crates.io-1949cf8c6b5b557f/async-global-executor-2.4.1/src/executor.rs:26:36
[INFO] [stdout]   37:     0x6040b0bc2cbd - std::thread::local::LocalKey<T>::try_with::hfd9c59034daf4a37
[INFO] [stdout]                                at /rustc/6067b36314ab5eb2eb47cecc464545ba58e1ad24/library/std/src/thread/local.rs:308:12
[INFO] [stdout]   38:     0x6040b0bbec8a - std::thread::local::LocalKey<T>::with::ha4c4eeaf6ff311df
[INFO] [stdout]                                at /rustc/6067b36314ab5eb2eb47cecc464545ba58e1ad24/library/std/src/thread/local.rs:272:9
[INFO] [stdout]   39:     0x6040b0bf9cb6 - async_global_executor::executor::block_on::h30d978758070fa4c
[INFO] [stdout]                                at /opt/rustwide/cargo-home/registry/src/index.crates.io-1949cf8c6b5b557f/async-global-executor-2.4.1/src/executor.rs:26:5
[INFO] [stdout]   40:     0x6040b0bfea0c - async_std::task::builder::Builder::blocking::{{closure}}::{{closure}}::he9b866cc2d8616bb
[INFO] [stdout]                                at /opt/rustwide/cargo-home/registry/src/index.crates.io-1949cf8c6b5b557f/async-std-1.12.0/src/task/builder.rs:171:25
[INFO] [stdout]   41:     0x6040b0c1daba - async_std::task::task_locals_wrapper::TaskLocalsWrapper::set_current::{{closure}}::h9923d1b16e9965fb
[INFO] [stdout]                                at /opt/rustwide/cargo-home/registry/src/index.crates.io-1949cf8c6b5b557f/async-std-1.12.0/src/task/task_locals_wrapper.rs:60:13
[INFO] [stdout]   42:     0x6040b0bbfdfd - std::thread::local::LocalKey<T>::try_with::h387d46a236d2d8fb
[INFO] [stdout]                                at /rustc/6067b36314ab5eb2eb47cecc464545ba58e1ad24/library/std/src/thread/local.rs:308:12
[INFO] [stdout]   43:     0x6040b0bbe6ba - std::thread::local::LocalKey<T>::with::h08bd3e475bbcf574
[INFO] [stdout]                                at /rustc/6067b36314ab5eb2eb47cecc464545ba58e1ad24/library/std/src/thread/local.rs:272:9
[INFO] [stdout]   44:     0x6040b0c1d059 - async_std::task::task_locals_wrapper::TaskLocalsWrapper::set_current::h8f38d0a24bbb4912
[INFO] [stdout]                                at /opt/rustwide/cargo-home/registry/src/index.crates.io-1949cf8c6b5b557f/async-std-1.12.0/src/task/task_locals_wrapper.rs:55:9
[INFO] [stdout]   45:     0x6040b0bfe415 - async_std::task::builder::Builder::blocking::{{closure}}::h9aaecefb77e517d1
[INFO] [stdout]                                at /opt/rustwide/cargo-home/registry/src/index.crates.io-1949cf8c6b5b557f/async-std-1.12.0/src/task/builder.rs:168:17
[INFO] [stdout]   46:     0x6040b0bc01fd - std::thread::local::LocalKey<T>::try_with::h4909cd4cb70d5d48
[INFO] [stdout]                                at /rustc/6067b36314ab5eb2eb47cecc464545ba58e1ad24/library/std/src/thread/local.rs:308:12
[INFO] [stdout]   47:     0x6040b0bbe72a - std::thread::local::LocalKey<T>::with::h0f06969128a1c8df
[INFO] [stdout]                                at /rustc/6067b36314ab5eb2eb47cecc464545ba58e1ad24/library/std/src/thread/local.rs:272:9
[INFO] [stdout]   48:     0x6040b0bfd24c - async_std::task::builder::Builder::blocking::h00a8c6266b6d4d7c
[INFO] [stdout]                                at /opt/rustwide/cargo-home/registry/src/index.crates.io-1949cf8c6b5b557f/async-std-1.12.0/src/task/builder.rs:161:9
[INFO] [stdout]   49:     0x6040b0bf3a9e - async_std::task::block_on::block_on::hd30d5feafb2ca724
[INFO] [stdout]                                at /opt/rustwide/cargo-home/registry/src/index.crates.io-1949cf8c6b5b557f/async-std-1.12.0/src/task/block_on.rs:33:5
[INFO] [stdout]   50:     0x6040b0c10ee3 - rs_car_lib::extractor::tests::extract_file_car_by_path_all_txt_test::h57638083654e58c3
[INFO] [stdout]                                at /opt/rustwide/workdir/src/extractor.rs:317:9
[INFO] [stdout]   51:     0x6040b0c10eb7 - rs_car_lib::extractor::tests::extract_file_car_by_path_all_txt_test::{{closure}}::hfa28bc8fbcb34211
[INFO] [stdout]                                at /opt/rustwide/workdir/src/extractor.rs:316:47
[INFO] [stdout]   52:     0x6040b0bd46f6 - core::ops::function::FnOnce::call_once::h0a57237afc75ac5c
[INFO] [stdout]                                at /rustc/6067b36314ab5eb2eb47cecc464545ba58e1ad24/library/core/src/ops/function.rs:250:5
[INFO] [stdout]   53:     0x6040b0c6500b - core::ops::function::FnOnce::call_once::he27718dfdd183f43
[INFO] [stdout]                                at /rustc/6067b36314ab5eb2eb47cecc464545ba58e1ad24/library/core/src/ops/function.rs:250:5
[INFO] [stdout]   54:     0x6040b0c6500b - test::__rust_begin_short_backtrace::h4e84902998457a5d
[INFO] [stdout]                                at /rustc/6067b36314ab5eb2eb47cecc464545ba58e1ad24/library/test/src/lib.rs:632:18
[INFO] [stdout]   55:     0x6040b0c63f43 - test::run_test_in_process::{{closure}}::h7176fd18fc1feca0
[INFO] [stdout]                                at /rustc/6067b36314ab5eb2eb47cecc464545ba58e1ad24/library/test/src/lib.rs:655:60
[INFO] [stdout]   56:     0x6040b0c63f43 - <core::panic::unwind_safe::AssertUnwindSafe<F> as core::ops::function::FnOnce<()>>::call_once::hf79cff2a624d8cf7
[INFO] [stdout]                                at /rustc/6067b36314ab5eb2eb47cecc464545ba58e1ad24/library/core/src/panic/unwind_safe.rs:272:9
[INFO] [stdout]   57:     0x6040b0c63f43 - std::panicking::try::do_call::h3da0561d9ab99c25
[INFO] [stdout]                                at /rustc/6067b36314ab5eb2eb47cecc464545ba58e1ad24/library/std/src/panicking.rs:587:40
[INFO] [stdout]   58:     0x6040b0c63f43 - std::panicking::try::h41c9fa508bc61df6
[INFO] [stdout]                                at /rustc/6067b36314ab5eb2eb47cecc464545ba58e1ad24/library/std/src/panicking.rs:550:19
[INFO] [stdout]   59:     0x6040b0c63f43 - std::panic::catch_unwind::h6b3ff07bb5afad93
[INFO] [stdout]                                at /rustc/6067b36314ab5eb2eb47cecc464545ba58e1ad24/library/std/src/panic.rs:358:14
[INFO] [stdout]   60:     0x6040b0c63f43 - test::run_test_in_process::hc7253dd11b39b9f4
[INFO] [stdout]                                at /rustc/6067b36314ab5eb2eb47cecc464545ba58e1ad24/library/test/src/lib.rs:655:27
[INFO] [stdout]   61:     0x6040b0c63f43 - test::run_test::{{closure}}::hfb2007f8649c30bb
[INFO] [stdout]                                at /rustc/6067b36314ab5eb2eb47cecc464545ba58e1ad24/library/test/src/lib.rs:576:43
[INFO] [stdout]   62:     0x6040b0c27025 - test::run_test::{{closure}}::h56a17aa7a282a9f4
[INFO] [stdout]                                at /rustc/6067b36314ab5eb2eb47cecc464545ba58e1ad24/library/test/src/lib.rs:606:41
[INFO] [stdout]   63:     0x6040b0c27025 - std::sys::backtrace::__rust_begin_short_backtrace::hd2d2d2fb8e8c6aac
[INFO] [stdout]                                at /rustc/6067b36314ab5eb2eb47cecc464545ba58e1ad24/library/std/src/sys/backtrace.rs:152:18
[INFO] [stdout]   64:     0x6040b0c2a90a - std::thread::Builder::spawn_unchecked_::{{closure}}::{{closure}}::h4faa3f9db6133423
[INFO] [stdout]                                at /rustc/6067b36314ab5eb2eb47cecc464545ba58e1ad24/library/std/src/thread/mod.rs:559:17
[INFO] [stdout]   65:     0x6040b0c2a90a - <core::panic::unwind_safe::AssertUnwindSafe<F> as core::ops::function::FnOnce<()>>::call_once::hf2e855a36a4ea846
[INFO] [stdout]                                at /rustc/6067b36314ab5eb2eb47cecc464545ba58e1ad24/library/core/src/panic/unwind_safe.rs:272:9
[INFO] [stdout]   66:     0x6040b0c2a90a - std::panicking::try::do_call::h2f73af3616c35465
[INFO] [stdout]                                at /rustc/6067b36314ab5eb2eb47cecc464545ba58e1ad24/library/std/src/panicking.rs:587:40
[INFO] [stdout]   67:     0x6040b0c2a90a - std::panicking::try::hd1660ce9efadef5a
[INFO] [stdout]                                at /rustc/6067b36314ab5eb2eb47cecc464545ba58e1ad24/library/std/src/panicking.rs:550:19
[INFO] [stdout]   68:     0x6040b0c2a90a - std::panic::catch_unwind::h5ee8d7823b8ca744
[INFO] [stdout]                                at /rustc/6067b36314ab5eb2eb47cecc464545ba58e1ad24/library/std/src/panic.rs:358:14
[INFO] [stdout]   69:     0x6040b0c2a90a - std::thread::Builder::spawn_unchecked_::{{closure}}::h53c3a1894dce8407
[INFO] [stdout]                                at /rustc/6067b36314ab5eb2eb47cecc464545ba58e1ad24/library/std/src/thread/mod.rs:557:30
[INFO] [stdout]   70:     0x6040b0c2a90a - core::ops::function::FnOnce::call_once{{vtable.shim}}::h048ce291ad4f62bf
[INFO] [stdout]                                at /rustc/6067b36314ab5eb2eb47cecc464545ba58e1ad24/library/core/src/ops/function.rs:250:5
[INFO] [stdout]   71:     0x6040b0e6400b - <alloc::boxed::Box<F,A> as core::ops::function::FnOnce<Args>>::call_once::ha52bedf99a3b4981
[INFO] [stdout]                                at /rustc/6067b36314ab5eb2eb47cecc464545ba58e1ad24/library/alloc/src/boxed.rs:2013:9
[INFO] [stdout]   72:     0x6040b0e6400b - <alloc::boxed::Box<F,A> as core::ops::function::FnOnce<Args>>::call_once::h567748934d80ccf8
[INFO] [stdout]                                at /rustc/6067b36314ab5eb2eb47cecc464545ba58e1ad24/library/alloc/src/boxed.rs:2013:9
[INFO] [stdout]   73:     0x6040b0e6400b - std::sys::pal::unix::thread::Thread::new::thread_start::h2d970728ae887adc
[INFO] [stdout]                                at /rustc/6067b36314ab5eb2eb47cecc464545ba58e1ad24/library/std/src/sys/pal/unix/thread.rs:106:17
[INFO] [stdout]   74:     0x7446fb5f0ac3 - <unknown>
[INFO] [stdout]   75:     0x7446fb681a04 - clone
[INFO] [stdout]   76:                0x0 - <unknown>
[INFO] [stdout] 
[INFO] [stdout] ---- extractor::tests::extract_file_car_by_path_test stdout ----
[INFO] [stdout] Cleaned the: /home/vadym/Projects/rust/rs-car-lib/rs-car-lib/test_files/out_files/
[INFO] [stdout] 
[INFO] [stdout] thread 'extractor::tests::extract_file_car_by_path_test' panicked at src/extractor.rs:301:14:
[INFO] [stdout] called `Result::unwrap()` on an `Err` value: Custom { kind: NotFound, error: VerboseError { source: Os { code: 2, kind: NotFound, message: "No such file or directory" }, message: "could not open `/home/vadym/Projects/rust/rs-car-lib/rs-car-lib/test_files/test.car`" } }
[INFO] [stdout] stack backtrace:
[INFO] [stdout]    0:     0x6040b0e5d5ba - std::backtrace_rs::backtrace::libunwind::trace::hb059275cfc8d6126
[INFO] [stdout]                                at /rustc/6067b36314ab5eb2eb47cecc464545ba58e1ad24/library/std/src/../../backtrace/src/backtrace/libunwind.rs:116:5
[INFO] [stdout]    1:     0x6040b0e5d5ba - std::backtrace_rs::backtrace::trace_unsynchronized::h2da071e4327ce3ee
[INFO] [stdout]                                at /rustc/6067b36314ab5eb2eb47cecc464545ba58e1ad24/library/std/src/../../backtrace/src/backtrace/mod.rs:66:5
[INFO] [stdout]    2:     0x6040b0e5d5ba - std::sys::backtrace::_print_fmt::h842a1474e6f8d23f
[INFO] [stdout]                                at /rustc/6067b36314ab5eb2eb47cecc464545ba58e1ad24/library/std/src/sys/backtrace.rs:66:9
[INFO] [stdout]    3:     0x6040b0e5d5ba - <std::sys::backtrace::BacktraceLock::print::DisplayBacktrace as core::fmt::Display>::fmt::h71a62eb3b9696b12
[INFO] [stdout]                                at /rustc/6067b36314ab5eb2eb47cecc464545ba58e1ad24/library/std/src/sys/backtrace.rs:39:26
[INFO] [stdout]    4:     0x6040b0e86893 - core::fmt::rt::Argument::fmt::hdb6b616786b41dc1
[INFO] [stdout]                                at /rustc/6067b36314ab5eb2eb47cecc464545ba58e1ad24/library/core/src/fmt/rt.rs:177:76
[INFO] [stdout]    5:     0x6040b0e86893 - core::fmt::write::h2cc1698af7e2d686
[INFO] [stdout]                                at /rustc/6067b36314ab5eb2eb47cecc464545ba58e1ad24/library/core/src/fmt/mod.rs:1440:21
[INFO] [stdout]    6:     0x6040b0e59c63 - std::io::Write::write_fmt::hab1b4cd059a79022
[INFO] [stdout]                                at /rustc/6067b36314ab5eb2eb47cecc464545ba58e1ad24/library/std/src/io/mod.rs:1887:15
[INFO] [stdout]    7:     0x6040b0e5d402 - std::sys::backtrace::BacktraceLock::print::h147fe35b4ea13b08
[INFO] [stdout]                                at /rustc/6067b36314ab5eb2eb47cecc464545ba58e1ad24/library/std/src/sys/backtrace.rs:42:9
[INFO] [stdout]    8:     0x6040b0e5e9df - std::panicking::default_hook::{{closure}}::hbd44223dbdc0d208
[INFO] [stdout]                                at /rustc/6067b36314ab5eb2eb47cecc464545ba58e1ad24/library/std/src/panicking.rs:298:22
[INFO] [stdout]    9:     0x6040b0e5e7f8 - std::panicking::default_hook::h20f81eb0576efcec
[INFO] [stdout]                                at /rustc/6067b36314ab5eb2eb47cecc464545ba58e1ad24/library/std/src/panicking.rs:322:9
[INFO] [stdout]   10:     0x6040b0c5f8b3 - <alloc::boxed::Box<F,A> as core::ops::function::Fn<Args>>::call::hdb53814c496a4d34
[INFO] [stdout]                                at /rustc/6067b36314ab5eb2eb47cecc464545ba58e1ad24/library/alloc/src/boxed.rs:2027:9
[INFO] [stdout]   11:     0x6040b0c5f8b3 - test::test_main::{{closure}}::hc0a4963c59427c24
[INFO] [stdout]                                at /rustc/6067b36314ab5eb2eb47cecc464545ba58e1ad24/library/test/src/lib.rs:134:21
[INFO] [stdout]   12:     0x6040b0e5f4d3 - <alloc::boxed::Box<F,A> as core::ops::function::Fn<Args>>::call::h591b2225413a77e9
[INFO] [stdout]                                at /rustc/6067b36314ab5eb2eb47cecc464545ba58e1ad24/library/alloc/src/boxed.rs:2027:9
[INFO] [stdout]   13:     0x6040b0e5f4d3 - std::panicking::rust_panic_with_hook::h625eea43051b2edc
[INFO] [stdout]                                at /rustc/6067b36314ab5eb2eb47cecc464545ba58e1ad24/library/std/src/panicking.rs:839:13
[INFO] [stdout]   14:     0x6040b0e5f18a - std::panicking::begin_panic_handler::{{closure}}::h4f9159cfbc3f6bd3
[INFO] [stdout]                                at /rustc/6067b36314ab5eb2eb47cecc464545ba58e1ad24/library/std/src/panicking.rs:704:13
[INFO] [stdout]   15:     0x6040b0e5dab9 - std::sys::backtrace::__rust_end_short_backtrace::h0390abce48353151
[INFO] [stdout]                                at /rustc/6067b36314ab5eb2eb47cecc464545ba58e1ad24/library/std/src/sys/backtrace.rs:168:18
[INFO] [stdout]   16:     0x6040b0e5ee1d - rust_begin_unwind
[INFO] [stdout]                                at /rustc/6067b36314ab5eb2eb47cecc464545ba58e1ad24/library/std/src/panicking.rs:695:5
[INFO] [stdout]   17:     0x6040b0e84640 - core::panicking::panic_fmt::h9e7c637e9e5f29c9
[INFO] [stdout]                                at /rustc/6067b36314ab5eb2eb47cecc464545ba58e1ad24/library/core/src/panicking.rs:75:14
[INFO] [stdout]   18:     0x6040b0e84ab6 - core::result::unwrap_failed::h7979f09313fe1849
[INFO] [stdout]                                at /rustc/6067b36314ab5eb2eb47cecc464545ba58e1ad24/library/core/src/result.rs:1704:5
[INFO] [stdout]   19:     0x6040b0c1092c - core::result::Result<T,E>::unwrap::h0225c08a32c7e7eb
[INFO] [stdout]                                at /rustc/6067b36314ab5eb2eb47cecc464545ba58e1ad24/library/core/src/result.rs:1109:23
[INFO] [stdout]   20:     0x6040b0c1092c - rs_car_lib::extractor::tests::extract_file_car_by_path_test::{{closure}}::h46f43a4e1e24b797
[INFO] [stdout]                                at /opt/rustwide/workdir/src/extractor.rs:299:29
[INFO] [stdout]   21:     0x6040b0bf9582 - <async_std::task::builder::SupportTaskLocals<F> as core::future::future::Future>::poll::{{closure}}::he9f9d3549b361505
[INFO] [stdout]                                at /opt/rustwide/cargo-home/registry/src/index.crates.io-1949cf8c6b5b557f/async-std-1.12.0/src/task/builder.rs:199:17
[INFO] [stdout]   22:     0x6040b0c1d49c - async_std::task::task_locals_wrapper::TaskLocalsWrapper::set_current::{{closure}}::h1e38f0927f116895
[INFO] [stdout]                                at /opt/rustwide/cargo-home/registry/src/index.crates.io-1949cf8c6b5b557f/async-std-1.12.0/src/task/task_locals_wrapper.rs:60:13
[INFO] [stdout]   23:     0x6040b0bc00d5 - std::thread::local::LocalKey<T>::try_with::h42d258c9ca1a489b
[INFO] [stdout]                                at /rustc/6067b36314ab5eb2eb47cecc464545ba58e1ad24/library/std/src/thread/local.rs:308:12
[INFO] [stdout]   24:     0x6040b0bbe98a - std::thread::local::LocalKey<T>::with::h667c615da6f135dd
[INFO] [stdout]                                at /rustc/6067b36314ab5eb2eb47cecc464545ba58e1ad24/library/std/src/thread/local.rs:272:9
[INFO] [stdout]   25:     0x6040b0c1cf88 - async_std::task::task_locals_wrapper::TaskLocalsWrapper::set_current::h7dac2c390027265a
[INFO] [stdout]                                at /opt/rustwide/cargo-home/registry/src/index.crates.io-1949cf8c6b5b557f/async-std-1.12.0/src/task/task_locals_wrapper.rs:55:9
[INFO] [stdout]   26:     0x6040b0bf9341 - <async_std::task::builder::SupportTaskLocals<F> as core::future::future::Future>::poll::h7dc838e5c9efdb99
[INFO] [stdout]                                at /opt/rustwide/cargo-home/registry/src/index.crates.io-1949cf8c6b5b557f/async-std-1.12.0/src/task/builder.rs:197:13
[INFO] [stdout]   27:     0x6040b0be9cf4 - <futures_lite::future::Or<F1,F2> as core::future::future::Future>::poll::h9908b6c48ca7a62f
[INFO] [stdout]                                at /opt/rustwide/cargo-home/registry/src/index.crates.io-1949cf8c6b5b557f/futures-lite-2.1.0/src/future.rs:446:33
[INFO] [stdout]   28:     0x6040b0c00722 - async_executor::Executor::run::{{closure}}::h326b74598a9c90cc
[INFO] [stdout]                                at /opt/rustwide/cargo-home/registry/src/index.crates.io-1949cf8c6b5b557f/async-executor-1.8.0/src/lib.rs:261:32
[INFO] [stdout]   29:     0x6040b0bff6a1 - async_executor::LocalExecutor::run::{{closure}}::h2dbfbea9bb3d25a1
[INFO] [stdout]                                at /opt/rustwide/cargo-home/registry/src/index.crates.io-1949cf8c6b5b557f/async-executor-1.8.0/src/lib.rs:480:34
[INFO] [stdout]   30:     0x6040b0bd0c91 - async_io::driver::block_on::{{closure}}::h58c396e69f87a132
[INFO] [stdout]                                at /opt/rustwide/cargo-home/registry/src/index.crates.io-1949cf8c6b5b557f/async-io-2.2.2/src/driver.rs:199:37
[INFO] [stdout]   31:     0x6040b0bc183c - std::thread::local::LocalKey<T>::try_with::hb38ad27bb3f7141b
[INFO] [stdout]                                at /rustc/6067b36314ab5eb2eb47cecc464545ba58e1ad24/library/std/src/thread/local.rs:308:12
[INFO] [stdout]   32:     0x6040b0bbed6a - std::thread::local::LocalKey<T>::with::hb758b47d0af635f5
[INFO] [stdout]                                at /rustc/6067b36314ab5eb2eb47cecc464545ba58e1ad24/library/std/src/thread/local.rs:272:9
[INFO] [stdout]   33:     0x6040b0bc3a69 - async_io::driver::block_on::h960b473534a4e248
[INFO] [stdout]                                at /opt/rustwide/cargo-home/registry/src/index.crates.io-1949cf8c6b5b557f/async-io-2.2.2/src/driver.rs:175:5
[INFO] [stdout]   34:     0x6040b0c0c858 - async_global_executor::reactor::block_on::{{closure}}::hf758b30250ce6c56
[INFO] [stdout]                                at /opt/rustwide/cargo-home/registry/src/index.crates.io-1949cf8c6b5b557f/async-global-executor-2.4.1/src/reactor.rs:3:18
[INFO] [stdout]   35:     0x6040b0c0c6c8 - async_global_executor::reactor::block_on::ha0e79eab850b7df0
[INFO] [stdout]                                at /opt/rustwide/cargo-home/registry/src/index.crates.io-1949cf8c6b5b557f/async-global-executor-2.4.1/src/reactor.rs:12:5
[INFO] [stdout]   36:     0x6040b0bf9ddc - async_global_executor::executor::block_on::{{closure}}::h3a3f1977177fd388
[INFO] [stdout]                                at /opt/rustwide/cargo-home/registry/src/index.crates.io-1949cf8c6b5b557f/async-global-executor-2.4.1/src/executor.rs:26:36
[INFO] [stdout]   37:     0x6040b0bc131d - std::thread::local::LocalKey<T>::try_with::ha520f6c048508077
[INFO] [stdout]                                at /rustc/6067b36314ab5eb2eb47cecc464545ba58e1ad24/library/std/src/thread/local.rs:308:12
[INFO] [stdout]   38:     0x6040b0bbf0ea - std::thread::local::LocalKey<T>::with::hf4f716ad50d0b46a
[INFO] [stdout]                                at /rustc/6067b36314ab5eb2eb47cecc464545ba58e1ad24/library/std/src/thread/local.rs:272:9
[INFO] [stdout]   39:     0x6040b0bf9d46 - async_global_executor::executor::block_on::hc8dc111435d761a7
[INFO] [stdout]                                at /opt/rustwide/cargo-home/registry/src/index.crates.io-1949cf8c6b5b557f/async-global-executor-2.4.1/src/executor.rs:26:5
[INFO] [stdout]   40:     0x6040b0bfe73c - async_std::task::builder::Builder::blocking::{{closure}}::{{closure}}::h8c70d91103424886
[INFO] [stdout]                                at /opt/rustwide/cargo-home/registry/src/index.crates.io-1949cf8c6b5b557f/async-std-1.12.0/src/task/builder.rs:171:25
[INFO] [stdout]   41:     0x6040b0c1d6aa - async_std::task::task_locals_wrapper::TaskLocalsWrapper::set_current::{{closure}}::h713eb7ab38b5dc52
[INFO] [stdout]                                at /opt/rustwide/cargo-home/registry/src/index.crates.io-1949cf8c6b5b557f/async-std-1.12.0/src/task/task_locals_wrapper.rs:60:13
[INFO] [stdout]   42:     0x6040b0bc145d - std::thread::local::LocalKey<T>::try_with::hac066f496190432c
[INFO] [stdout]                                at /rustc/6067b36314ab5eb2eb47cecc464545ba58e1ad24/library/std/src/thread/local.rs:308:12
[INFO] [stdout]   43:     0x6040b0bbe9ba - std::thread::local::LocalKey<T>::with::h717b9ec88e702f16
[INFO] [stdout]                                at /rustc/6067b36314ab5eb2eb47cecc464545ba58e1ad24/library/std/src/thread/local.rs:272:9
[INFO] [stdout]   44:     0x6040b0c1d189 - async_std::task::task_locals_wrapper::TaskLocalsWrapper::set_current::hc8ad1a98e7bb4f7a
[INFO] [stdout]                                at /opt/rustwide/cargo-home/registry/src/index.crates.io-1949cf8c6b5b557f/async-std-1.12.0/src/task/task_locals_wrapper.rs:55:9
[INFO] [stdout]   45:     0x6040b0bfe045 - async_std::task::builder::Builder::blocking::{{closure}}::h0f790423996fc6f1
[INFO] [stdout]                                at /opt/rustwide/cargo-home/registry/src/index.crates.io-1949cf8c6b5b557f/async-std-1.12.0/src/task/builder.rs:168:17
[INFO] [stdout]   46:     0x6040b0bbf7fd - std::thread::local::LocalKey<T>::try_with::h2838a830ad298947
[INFO] [stdout]                                at /rustc/6067b36314ab5eb2eb47cecc464545ba58e1ad24/library/std/src/thread/local.rs:308:12
[INFO] [stdout]   47:     0x6040b0bbf07a - std::thread::local::LocalKey<T>::with::heef8ef47c8dc9618
[INFO] [stdout]                                at /rustc/6067b36314ab5eb2eb47cecc464545ba58e1ad24/library/std/src/thread/local.rs:272:9
[INFO] [stdout]   48:     0x6040b0bfd7ac - async_std::task::builder::Builder::blocking::h7431a4ace52e80d0
[INFO] [stdout]                                at /opt/rustwide/cargo-home/registry/src/index.crates.io-1949cf8c6b5b557f/async-std-1.12.0/src/task/builder.rs:161:9
[INFO] [stdout]   49:     0x6040b0bf39ee - async_std::task::block_on::block_on::h9fa703f3c86cb38a
[INFO] [stdout]                                at /opt/rustwide/cargo-home/registry/src/index.crates.io-1949cf8c6b5b557f/async-std-1.12.0/src/task/block_on.rs:33:5
[INFO] [stdout]   50:     0x6040b0c103d3 - rs_car_lib::extractor::tests::extract_file_car_by_path_test::ha922478aea5cfd47
[INFO] [stdout]                                at /opt/rustwide/workdir/src/extractor.rs:293:9
[INFO] [stdout]   51:     0x6040b0c103a7 - rs_car_lib::extractor::tests::extract_file_car_by_path_test::{{closure}}::h61ef21ce04ab8ce4
[INFO] [stdout]                                at /opt/rustwide/workdir/src/extractor.rs:292:39
[INFO] [stdout]   52:     0x6040b0bd5526 - core::ops::function::FnOnce::call_once::he12982091ab9ad8a
[INFO] [stdout]                                at /rustc/6067b36314ab5eb2eb47cecc464545ba58e1ad24/library/core/src/ops/function.rs:250:5
[INFO] [stdout]   53:     0x6040b0c6500b - core::ops::function::FnOnce::call_once::he27718dfdd183f43
[INFO] [stdout]                                at /rustc/6067b36314ab5eb2eb47cecc464545ba58e1ad24/library/core/src/ops/function.rs:250:5
[INFO] [stdout]   54:     0x6040b0c6500b - test::__rust_begin_short_backtrace::h4e84902998457a5d
[INFO] [stdout]                                at /rustc/6067b36314ab5eb2eb47cecc464545ba58e1ad24/library/test/src/lib.rs:632:18
[INFO] [stdout]   55:     0x6040b0c63f43 - test::run_test_in_process::{{closure}}::h7176fd18fc1feca0
[INFO] [stdout]                                at /rustc/6067b36314ab5eb2eb47cecc464545ba58e1ad24/library/test/src/lib.rs:655:60
[INFO] [stdout]   56:     0x6040b0c63f43 - <core::panic::unwind_safe::AssertUnwindSafe<F> as core::ops::function::FnOnce<()>>::call_once::hf79cff2a624d8cf7
[INFO] [stdout]                                at /rustc/6067b36314ab5eb2eb47cecc464545ba58e1ad24/library/core/src/panic/unwind_safe.rs:272:9
[INFO] [stdout]   57:     0x6040b0c63f43 - std::panicking::try::do_call::h3da0561d9ab99c25
[INFO] [stdout]                                at /rustc/6067b36314ab5eb2eb47cecc464545ba58e1ad24/library/std/src/panicking.rs:587:40
[INFO] [stdout]   58:     0x6040b0c63f43 - std::panicking::try::h41c9fa508bc61df6
[INFO] [stdout]                                at /rustc/6067b36314ab5eb2eb47cecc464545ba58e1ad24/library/std/src/panicking.rs:550:19
[INFO] [stdout]   59:     0x6040b0c63f43 - std::panic::catch_unwind::h6b3ff07bb5afad93
[INFO] [stdout]                                at /rustc/6067b36314ab5eb2eb47cecc464545ba58e1ad24/library/std/src/panic.rs:358:14
[INFO] [stdout]   60:     0x6040b0c63f43 - test::run_test_in_process::hc7253dd11b39b9f4
[INFO] [stdout]                                at /rustc/6067b36314ab5eb2eb47cecc464545ba58e1ad24/library/test/src/lib.rs:655:27
[INFO] [stdout]   61:     0x6040b0c63f43 - test::run_test::{{closure}}::hfb2007f8649c30bb
[INFO] [stdout]                                at /rustc/6067b36314ab5eb2eb47cecc464545ba58e1ad24/library/test/src/lib.rs:576:43
[INFO] [stdout]   62:     0x6040b0c27025 - test::run_test::{{closure}}::h56a17aa7a282a9f4
[INFO] [stdout]                                at /rustc/6067b36314ab5eb2eb47cecc464545ba58e1ad24/library/test/src/lib.rs:606:41
[INFO] [stdout]   63:     0x6040b0c27025 - std::sys::backtrace::__rust_begin_short_backtrace::hd2d2d2fb8e8c6aac
[INFO] [stdout]                                at /rustc/6067b36314ab5eb2eb47cecc464545ba58e1ad24/library/std/src/sys/backtrace.rs:152:18
[INFO] [stdout]   64:     0x6040b0c2a90a - std::thread::Builder::spawn_unchecked_::{{closure}}::{{closure}}::h4faa3f9db6133423
[INFO] [stdout]                                at /rustc/6067b36314ab5eb2eb47cecc464545ba58e1ad24/library/std/src/thread/mod.rs:559:17
[INFO] [stdout]   65:     0x6040b0c2a90a - <core::panic::unwind_safe::AssertUnwindSafe<F> as core::ops::function::FnOnce<()>>::call_once::hf2e855a36a4ea846
[INFO] [stdout]                                at /rustc/6067b36314ab5eb2eb47cecc464545ba58e1ad24/library/core/src/panic/unwind_safe.rs:272:9
[INFO] [stdout]   66:     0x6040b0c2a90a - std::panicking::try::do_call::h2f73af3616c35465
[INFO] [stdout]                                at /rustc/6067b36314ab5eb2eb47cecc464545ba58e1ad24/library/std/src/panicking.rs:587:40
[INFO] [stdout]   67:     0x6040b0c2a90a - std::panicking::try::hd1660ce9efadef5a
[INFO] [stdout]                                at /rustc/6067b36314ab5eb2eb47cecc464545ba58e1ad24/library/std/src/panicking.rs:550:19
[INFO] [stdout]   68:     0x6040b0c2a90a - std::panic::catch_unwind::h5ee8d7823b8ca744
[INFO] [stdout]                                at /rustc/6067b36314ab5eb2eb47cecc464545ba58e1ad24/library/std/src/panic.rs:358:14
[INFO] [stdout]   69:     0x6040b0c2a90a - std::thread::Builder::spawn_unchecked_::{{closure}}::h53c3a1894dce8407
[INFO] [stdout]                                at /rustc/6067b36314ab5eb2eb47cecc464545ba58e1ad24/library/std/src/thread/mod.rs:557:30
[INFO] [stdout]   70:     0x6040b0c2a90a - core::ops::function::FnOnce::call_once{{vtable.shim}}::h048ce291ad4f62bf
[INFO] [stdout]                                at /rustc/6067b36314ab5eb2eb47cecc464545ba58e1ad24/library/core/src/ops/function.rs:250:5
[INFO] [stdout]   71:     0x6040b0e6400b - <alloc::boxed::Box<F,A> as core::ops::function::FnOnce<Args>>::call_once::ha52bedf99a3b4981
[INFO] [stdout]                                at /rustc/6067b36314ab5eb2eb47cecc464545ba58e1ad24/library/alloc/src/boxed.rs:2013:9
[INFO] [stdout]   72:     0x6040b0e6400b - <alloc::boxed::Box<F,A> as core::ops::function::FnOnce<Args>>::call_once::h567748934d80ccf8
[INFO] [stdout]                                at /rustc/6067b36314ab5eb2eb47cecc464545ba58e1ad24/library/alloc/src/boxed.rs:2013:9
[INFO] [stdout]   73:     0x6040b0e6400b - std::sys::pal::unix::thread::Thread::new::thread_start::h2d970728ae887adc
[INFO] [stdout]                                at /rustc/6067b36314ab5eb2eb47cecc464545ba58e1ad24/library/std/src/sys/pal/unix/thread.rs:106:17
[INFO] [stdout]   74:     0x7446fb5f0ac3 - <unknown>
[INFO] [stdout]   75:     0x7446fb681a04 - clone
[INFO] [stdout]   76:                0x0 - <unknown>
[INFO] [stdout] 
[INFO] [stdout] ---- extractor::tests::extract_all_car_test stdout ----
[INFO] [stdout] Cleaned the: /home/vadym/Projects/rust/rs-car-lib/rs-car-lib/test_files/out_files/
[INFO] [stdout] 
[INFO] [stdout] thread 'extractor::tests::extract_all_car_test' panicked at src/extractor.rs:278:14:
[INFO] [stdout] called `Result::unwrap()` on an `Err` value: Custom { kind: NotFound, error: VerboseError { source: Os { code: 2, kind: NotFound, message: "No such file or directory" }, message: "could not open `/home/vadym/Projects/rust/rs-car-lib/rs-car-lib/test_files/dag.car`" } }
[INFO] [stdout] stack backtrace:
[INFO] [stdout]    0:     0x6040b0e5d5ba - std::backtrace_rs::backtrace::libunwind::trace::hb059275cfc8d6126
[INFO] [stdout]                                at /rustc/6067b36314ab5eb2eb47cecc464545ba58e1ad24/library/std/src/../../backtrace/src/backtrace/libunwind.rs:116:5
[INFO] [stdout]    1:     0x6040b0e5d5ba - std::backtrace_rs::backtrace::trace_unsynchronized::h2da071e4327ce3ee
[INFO] [stdout]                                at /rustc/6067b36314ab5eb2eb47cecc464545ba58e1ad24/library/std/src/../../backtrace/src/backtrace/mod.rs:66:5
[INFO] [stdout]    2:     0x6040b0e5d5ba - std::sys::backtrace::_print_fmt::h842a1474e6f8d23f
[INFO] [stdout]                                at /rustc/6067b36314ab5eb2eb47cecc464545ba58e1ad24/library/std/src/sys/backtrace.rs:66:9
[INFO] [stdout]    3:     0x6040b0e5d5ba - <std::sys::backtrace::BacktraceLock::print::DisplayBacktrace as core::fmt::Display>::fmt::h71a62eb3b9696b12
[INFO] [stdout]                                at /rustc/6067b36314ab5eb2eb47cecc464545ba58e1ad24/library/std/src/sys/backtrace.rs:39:26
[INFO] [stdout]    4:     0x6040b0e86893 - core::fmt::rt::Argument::fmt::hdb6b616786b41dc1
[INFO] [stdout]                                at /rustc/6067b36314ab5eb2eb47cecc464545ba58e1ad24/library/core/src/fmt/rt.rs:177:76
[INFO] [stdout]    5:     0x6040b0e86893 - core::fmt::write::h2cc1698af7e2d686
[INFO] [stdout]                                at /rustc/6067b36314ab5eb2eb47cecc464545ba58e1ad24/library/core/src/fmt/mod.rs:1440:21
[INFO] [stdout]    6:     0x6040b0e59c63 - std::io::Write::write_fmt::hab1b4cd059a79022
[INFO] [stdout]                                at /rustc/6067b36314ab5eb2eb47cecc464545ba58e1ad24/library/std/src/io/mod.rs:1887:15
[INFO] [stdout]    7:     0x6040b0e5d402 - std::sys::backtrace::BacktraceLock::print::h147fe35b4ea13b08
[INFO] [stdout]                                at /rustc/6067b36314ab5eb2eb47cecc464545ba58e1ad24/library/std/src/sys/backtrace.rs:42:9
[INFO] [stdout]    8:     0x6040b0e5e9df - std::panicking::default_hook::{{closure}}::hbd44223dbdc0d208
[INFO] [stdout]                                at /rustc/6067b36314ab5eb2eb47cecc464545ba58e1ad24/library/std/src/panicking.rs:298:22
[INFO] [stdout]    9:     0x6040b0e5e7f8 - std::panicking::default_hook::h20f81eb0576efcec
[INFO] [stdout]                                at /rustc/6067b36314ab5eb2eb47cecc464545ba58e1ad24/library/std/src/panicking.rs:322:9
[INFO] [stdout]   10:     0x6040b0c5f8b3 - <alloc::boxed::Box<F,A> as core::ops::function::Fn<Args>>::call::hdb53814c496a4d34
[INFO] [stdout]                                at /rustc/6067b36314ab5eb2eb47cecc464545ba58e1ad24/library/alloc/src/boxed.rs:2027:9
[INFO] [stdout]   11:     0x6040b0c5f8b3 - test::test_main::{{closure}}::hc0a4963c59427c24
[INFO] [stdout]                                at /rustc/6067b36314ab5eb2eb47cecc464545ba58e1ad24/library/test/src/lib.rs:134:21
[INFO] [stdout]   12:     0x6040b0e5f4d3 - <alloc::boxed::Box<F,A> as core::ops::function::Fn<Args>>::call::h591b2225413a77e9
[INFO] [stdout]                                at /rustc/6067b36314ab5eb2eb47cecc464545ba58e1ad24/library/alloc/src/boxed.rs:2027:9
[INFO] [stdout]   13:     0x6040b0e5f4d3 - std::panicking::rust_panic_with_hook::h625eea43051b2edc
[INFO] [stdout]                                at /rustc/6067b36314ab5eb2eb47cecc464545ba58e1ad24/library/std/src/panicking.rs:839:13
[INFO] [stdout]   14:     0x6040b0e5f18a - std::panicking::begin_panic_handler::{{closure}}::h4f9159cfbc3f6bd3
[INFO] [stdout]                                at /rustc/6067b36314ab5eb2eb47cecc464545ba58e1ad24/library/std/src/panicking.rs:704:13
[INFO] [stdout]   15:     0x6040b0e5dab9 - std::sys::backtrace::__rust_end_short_backtrace::h0390abce48353151
[INFO] [stdout]                                at /rustc/6067b36314ab5eb2eb47cecc464545ba58e1ad24/library/std/src/sys/backtrace.rs:168:18
[INFO] [stdout]   16:     0x6040b0e5ee1d - rust_begin_unwind
[INFO] [stdout]                                at /rustc/6067b36314ab5eb2eb47cecc464545ba58e1ad24/library/std/src/panicking.rs:695:5
[INFO] [stdout]   17:     0x6040b0e84640 - core::panicking::panic_fmt::h9e7c637e9e5f29c9
[INFO] [stdout]                                at /rustc/6067b36314ab5eb2eb47cecc464545ba58e1ad24/library/core/src/panicking.rs:75:14
[INFO] [stdout]   18:     0x6040b0e84ab6 - core::result::unwrap_failed::h7979f09313fe1849
[INFO] [stdout]                                at /rustc/6067b36314ab5eb2eb47cecc464545ba58e1ad24/library/core/src/result.rs:1704:5
[INFO] [stdout]   19:     0x6040b0c0fe80 - core::result::Result<T,E>::unwrap::h0225c08a32c7e7eb
[INFO] [stdout]                                at /rustc/6067b36314ab5eb2eb47cecc464545ba58e1ad24/library/core/src/result.rs:1109:23
[INFO] [stdout]   20:     0x6040b0c0fe80 - rs_car_lib::extractor::tests::extract_all_car_test::{{closure}}::hc3e76ea12a48b0ce
[INFO] [stdout]                                at /opt/rustwide/workdir/src/extractor.rs:276:29
[INFO] [stdout]   21:     0x6040b0bf9502 - <async_std::task::builder::SupportTaskLocals<F> as core::future::future::Future>::poll::{{closure}}::h8e14f7278d34622d
[INFO] [stdout]                                at /opt/rustwide/cargo-home/registry/src/index.crates.io-1949cf8c6b5b557f/async-std-1.12.0/src/task/builder.rs:199:17
[INFO] [stdout]   22:     0x6040b0c1d7ac - async_std::task::task_locals_wrapper::TaskLocalsWrapper::set_current::{{closure}}::h7486bb5f607f4775
[INFO] [stdout]                                at /opt/rustwide/cargo-home/registry/src/index.crates.io-1949cf8c6b5b557f/async-std-1.12.0/src/task/task_locals_wrapper.rs:60:13
[INFO] [stderr] error: test failed, to rerun pass `--lib`
[INFO] [stdout]   23:     0x6040b0bc06e5 - std::thread::local::LocalKey<T>::try_with::h5ea5d2e672cc541e
[INFO] [stdout]                                at /rustc/6067b36314ab5eb2eb47cecc464545ba58e1ad24/library/std/src/thread/local.rs:308:12
[INFO] [stdout]   24:     0x6040b0bbe68a - std::thread::local::LocalKey<T>::with::h02fccc7ece9e3d80
[INFO] [stdout]                                at /rustc/6067b36314ab5eb2eb47cecc464545ba58e1ad24/library/std/src/thread/local.rs:272:9
[INFO] [stdout]   25:     0x6040b0c1d148 - async_std::task::task_locals_wrapper::TaskLocalsWrapper::set_current::hb6b1987ceeae8176
[INFO] [stdout]                                at /opt/rustwide/cargo-home/registry/src/index.crates.io-1949cf8c6b5b557f/async-std-1.12.0/src/task/task_locals_wrapper.rs:55:9
[INFO] [stdout]   26:     0x6040b0bf9241 - <async_std::task::builder::SupportTaskLocals<F> as core::future::future::Future>::poll::h4e3f6808fca5bb48
[INFO] [stdout]                                at /opt/rustwide/cargo-home/registry/src/index.crates.io-1949cf8c6b5b557f/async-std-1.12.0/src/task/builder.rs:197:13
[INFO] [stdout]   27:     0x6040b0be9e14 - <futures_lite::future::Or<F1,F2> as core::future::future::Future>::poll::hd02dee1345950a90
[INFO] [stdout]                                at /opt/rustwide/cargo-home/registry/src/index.crates.io-1949cf8c6b5b557f/futures-lite-2.1.0/src/future.rs:446:33
[INFO] [stdout]   28:     0x6040b0c01312 - async_executor::Executor::run::{{closure}}::hc2e001a42d771b80
[INFO] [stdout]                                at /opt/rustwide/cargo-home/registry/src/index.crates.io-1949cf8c6b5b557f/async-executor-1.8.0/src/lib.rs:261:32
[INFO] [stdout]   29:     0x6040b0bffc4e - async_executor::LocalExecutor::run::{{closure}}::h8564b11ffa041618
[INFO] [stdout]                                at /opt/rustwide/cargo-home/registry/src/index.crates.io-1949cf8c6b5b557f/async-executor-1.8.0/src/lib.rs:480:34
[INFO] [stdout]   30:     0x6040b0bc7f51 - async_io::driver::block_on::{{closure}}::h0f2f12db8d1534a4
[INFO] [stdout]                                at /opt/rustwide/cargo-home/registry/src/index.crates.io-1949cf8c6b5b557f/async-io-2.2.2/src/driver.rs:199:37
[INFO] [stdout]   31:     0x6040b0bc28c9 - std::thread::local::LocalKey<T>::try_with::hf4022db6fef40f41
[INFO] [stdout]                                at /rustc/6067b36314ab5eb2eb47cecc464545ba58e1ad24/library/std/src/thread/local.rs:308:12
[INFO] [stdout]   32:     0x6040b0bbee8a - std::thread::local::LocalKey<T>::with::hc7eb41a298d7c5cf
[INFO] [stdout]                                at /rustc/6067b36314ab5eb2eb47cecc464545ba58e1ad24/library/std/src/thread/local.rs:272:9
[INFO] [stdout]   33:     0x6040b0bc4c99 - async_io::driver::block_on::hb5709fdf44996567
[INFO] [stdout]                                at /opt/rustwide/cargo-home/registry/src/index.crates.io-1949cf8c6b5b557f/async-io-2.2.2/src/driver.rs:175:5
[INFO] [stdout]   34:     0x6040b0c0c7df - async_global_executor::reactor::block_on::{{closure}}::ha2ca94308af90b28
[INFO] [stdout]                                at /opt/rustwide/cargo-home/registry/src/index.crates.io-1949cf8c6b5b557f/async-global-executor-2.4.1/src/reactor.rs:3:18
[INFO] [stdout]   35:     0x6040b0c0c65f - async_global_executor::reactor::block_on::h50cef48b0862530b
[INFO] [stdout]                                at /opt/rustwide/cargo-home/registry/src/index.crates.io-1949cf8c6b5b557f/async-global-executor-2.4.1/src/reactor.rs:12:5
[INFO] [stdout]   36:     0x6040b0bf9f2c - async_global_executor::executor::block_on::{{closure}}::hee128727cf25a271
[INFO] [stdout]                                at /opt/rustwide/cargo-home/registry/src/index.crates.io-1949cf8c6b5b557f/async-global-executor-2.4.1/src/executor.rs:26:36
[INFO] [stdout]   37:     0x6040b0bbfcbd - std::thread::local::LocalKey<T>::try_with::h381d83339ac383ff
[INFO] [stdout]                                at /rustc/6067b36314ab5eb2eb47cecc464545ba58e1ad24/library/std/src/thread/local.rs:308:12
[INFO] [stdout]   38:     0x6040b0bbebaa - std::thread::local::LocalKey<T>::with::h8d18442bacddc862
[INFO] [stdout]                                at /rustc/6067b36314ab5eb2eb47cecc464545ba58e1ad24/library/std/src/thread/local.rs:272:9
[INFO] [stdout]   39:     0x6040b0bf9d76 - async_global_executor::executor::block_on::hde0c6d4cc20f1b62
[INFO] [stdout]                                at /opt/rustwide/cargo-home/registry/src/index.crates.io-1949cf8c6b5b557f/async-global-executor-2.4.1/src/executor.rs:26:5
[INFO] [stdout]   40:     0x6040b0bfe91c - async_std::task::builder::Builder::blocking::{{closure}}::{{closure}}::he0575218722c3192
[INFO] [stdout]                                at /opt/rustwide/cargo-home/registry/src/index.crates.io-1949cf8c6b5b557f/async-std-1.12.0/src/task/builder.rs:171:25
[INFO] [stdout]   41:     0x6040b0c1ddea - async_std::task::task_locals_wrapper::TaskLocalsWrapper::set_current::{{closure}}::hf94602b191476f9f
[INFO] [stdout]                                at /opt/rustwide/cargo-home/registry/src/index.crates.io-1949cf8c6b5b557f/async-std-1.12.0/src/task/task_locals_wrapper.rs:60:13
[INFO] [stdout]   42:     0x6040b0bc1b8d - std::thread::local::LocalKey<T>::try_with::hb521e8e803909408
[INFO] [stdout]                                at /rustc/6067b36314ab5eb2eb47cecc464545ba58e1ad24/library/std/src/thread/local.rs:308:12
[INFO] [stdout]   43:     0x6040b0bbeafa - std::thread::local::LocalKey<T>::with::h81d7e980ecac003f
[INFO] [stdout]                                at /rustc/6067b36314ab5eb2eb47cecc464545ba58e1ad24/library/std/src/thread/local.rs:272:9
[INFO] [stdout]   44:     0x6040b0c1d0f9 - async_std::task::task_locals_wrapper::TaskLocalsWrapper::set_current::hb2762b71739b6f5e
[INFO] [stdout]                                at /opt/rustwide/cargo-home/registry/src/index.crates.io-1949cf8c6b5b557f/async-std-1.12.0/src/task/task_locals_wrapper.rs:55:9
[INFO] [stdout]   45:     0x6040b0bfe2e5 - async_std::task::builder::Builder::blocking::{{closure}}::h8c2844a09796bf8d
[INFO] [stdout]                                at /opt/rustwide/cargo-home/registry/src/index.crates.io-1949cf8c6b5b557f/async-std-1.12.0/src/task/builder.rs:168:17
[INFO] [stdout]   46:     0x6040b0bbfa3d - std::thread::local::LocalKey<T>::try_with::h33762b291570b3e4
[INFO] [stdout]                                at /rustc/6067b36314ab5eb2eb47cecc464545ba58e1ad24/library/std/src/thread/local.rs:308:12
[INFO] [stdout]   47:     0x6040b0bbec1a - std::thread::local::LocalKey<T>::with::h9b10953d07e3847b
[INFO] [stdout]                                at /rustc/6067b36314ab5eb2eb47cecc464545ba58e1ad24/library/std/src/thread/local.rs:272:9
[INFO] [stdout]   48:     0x6040b0bfd4fc - async_std::task::builder::Builder::blocking::h537c98bb33b26fd9
[INFO] [stdout]                                at /opt/rustwide/cargo-home/registry/src/index.crates.io-1949cf8c6b5b557f/async-std-1.12.0/src/task/builder.rs:161:9
[INFO] [stdout]   49:     0x6040b0bf393e - async_std::task::block_on::block_on::h26f4fdb4e0a263af
[INFO] [stdout]                                at /opt/rustwide/cargo-home/registry/src/index.crates.io-1949cf8c6b5b557f/async-std-1.12.0/src/task/block_on.rs:33:5
[INFO] [stdout]   50:     0x6040b0c0f933 - rs_car_lib::extractor::tests::extract_all_car_test::h3c62c6b0afb3aa0a
[INFO] [stdout]                                at /opt/rustwide/workdir/src/extractor.rs:270:9
[INFO] [stdout]   51:     0x6040b0c0f907 - rs_car_lib::extractor::tests::extract_all_car_test::{{closure}}::h57fc9d4bae11d255
[INFO] [stdout]                                at /opt/rustwide/workdir/src/extractor.rs:269:30
[INFO] [stdout]   52:     0x6040b0bd4fe6 - core::ops::function::FnOnce::call_once::h911b17b32d476d63
[INFO] [stdout]                                at /rustc/6067b36314ab5eb2eb47cecc464545ba58e1ad24/library/core/src/ops/function.rs:250:5
[INFO] [stdout]   53:     0x6040b0c6500b - core::ops::function::FnOnce::call_once::he27718dfdd183f43
[INFO] [stdout]                                at /rustc/6067b36314ab5eb2eb47cecc464545ba58e1ad24/library/core/src/ops/function.rs:250:5
[INFO] [stdout]   54:     0x6040b0c6500b - test::__rust_begin_short_backtrace::h4e84902998457a5d
[INFO] [stdout]                                at /rustc/6067b36314ab5eb2eb47cecc464545ba58e1ad24/library/test/src/lib.rs:632:18
[INFO] [stdout]   55:     0x6040b0c63f43 - test::run_test_in_process::{{closure}}::h7176fd18fc1feca0
[INFO] [stdout]                                at /rustc/6067b36314ab5eb2eb47cecc464545ba58e1ad24/library/test/src/lib.rs:655:60
[INFO] [stdout]   56:     0x6040b0c63f43 - <core::panic::unwind_safe::AssertUnwindSafe<F> as core::ops::function::FnOnce<()>>::call_once::hf79cff2a624d8cf7
[INFO] [stdout]                                at /rustc/6067b36314ab5eb2eb47cecc464545ba58e1ad24/library/core/src/panic/unwind_safe.rs:272:9
[INFO] [stdout]   57:     0x6040b0c63f43 - std::panicking::try::do_call::h3da0561d9ab99c25
[INFO] [stdout]                                at /rustc/6067b36314ab5eb2eb47cecc464545ba58e1ad24/library/std/src/panicking.rs:587:40
[INFO] [stdout]   58:     0x6040b0c63f43 - std::panicking::try::h41c9fa508bc61df6
[INFO] [stdout]                                at /rustc/6067b36314ab5eb2eb47cecc464545ba58e1ad24/library/std/src/panicking.rs:550:19
[INFO] [stdout]   59:     0x6040b0c63f43 - std::panic::catch_unwind::h6b3ff07bb5afad93
[INFO] [stdout]                                at /rustc/6067b36314ab5eb2eb47cecc464545ba58e1ad24/library/std/src/panic.rs:358:14
[INFO] [stdout]   60:     0x6040b0c63f43 - test::run_test_in_process::hc7253dd11b39b9f4
[INFO] [stdout]                                at /rustc/6067b36314ab5eb2eb47cecc464545ba58e1ad24/library/test/src/lib.rs:655:27
[INFO] [stdout]   61:     0x6040b0c63f43 - test::run_test::{{closure}}::hfb2007f8649c30bb
[INFO] [stdout]                                at /rustc/6067b36314ab5eb2eb47cecc464545ba58e1ad24/library/test/src/lib.rs:576:43
[INFO] [stdout]   62:     0x6040b0c27025 - test::run_test::{{closure}}::h56a17aa7a282a9f4
[INFO] [stdout]                                at /rustc/6067b36314ab5eb2eb47cecc464545ba58e1ad24/library/test/src/lib.rs:606:41
[INFO] [stdout]   63:     0x6040b0c27025 - std::sys::backtrace::__rust_begin_short_backtrace::hd2d2d2fb8e8c6aac
[INFO] [stdout]                                at /rustc/6067b36314ab5eb2eb47cecc464545ba58e1ad24/library/std/src/sys/backtrace.rs:152:18
[INFO] [stdout]   64:     0x6040b0c2a90a - std::thread::Builder::spawn_unchecked_::{{closure}}::{{closure}}::h4faa3f9db6133423
[INFO] [stdout]                                at /rustc/6067b36314ab5eb2eb47cecc464545ba58e1ad24/library/std/src/thread/mod.rs:559:17
[INFO] [stdout]   65:     0x6040b0c2a90a - <core::panic::unwind_safe::AssertUnwindSafe<F> as core::ops::function::FnOnce<()>>::call_once::hf2e855a36a4ea846
[INFO] [stdout]                                at /rustc/6067b36314ab5eb2eb47cecc464545ba58e1ad24/library/core/src/panic/unwind_safe.rs:272:9
[INFO] [stdout]   66:     0x6040b0c2a90a - std::panicking::try::do_call::h2f73af3616c35465
[INFO] [stdout]                                at /rustc/6067b36314ab5eb2eb47cecc464545ba58e1ad24/library/std/src/panicking.rs:587:40
[INFO] [stdout]   67:     0x6040b0c2a90a - std::panicking::try::hd1660ce9efadef5a
[INFO] [stdout]                                at /rustc/6067b36314ab5eb2eb47cecc464545ba58e1ad24/library/std/src/panicking.rs:550:19
[INFO] [stdout]   68:     0x6040b0c2a90a - std::panic::catch_unwind::h5ee8d7823b8ca744
[INFO] [stdout]                                at /rustc/6067b36314ab5eb2eb47cecc464545ba58e1ad24/library/std/src/panic.rs:358:14
[INFO] [stdout]   69:     0x6040b0c2a90a - std::thread::Builder::spawn_unchecked_::{{closure}}::h53c3a1894dce8407
[INFO] [stdout]                                at /rustc/6067b36314ab5eb2eb47cecc464545ba58e1ad24/library/std/src/thread/mod.rs:557:30
[INFO] [stdout]   70:     0x6040b0c2a90a - core::ops::function::FnOnce::call_once{{vtable.shim}}::h048ce291ad4f62bf
[INFO] [stdout]                                at /rustc/6067b36314ab5eb2eb47cecc464545ba58e1ad24/library/core/src/ops/function.rs:250:5
[INFO] [stdout]   71:     0x6040b0e6400b - <alloc::boxed::Box<F,A> as core::ops::function::FnOnce<Args>>::call_once::ha52bedf99a3b4981
[INFO] [stdout]                                at /rustc/6067b36314ab5eb2eb47cecc464545ba58e1ad24/library/alloc/src/boxed.rs:2013:9
[INFO] [stdout]   72:     0x6040b0e6400b - <alloc::boxed::Box<F,A> as core::ops::function::FnOnce<Args>>::call_once::h567748934d80ccf8
[INFO] [stdout]                                at /rustc/6067b36314ab5eb2eb47cecc464545ba58e1ad24/library/alloc/src/boxed.rs:2013:9
[INFO] [stdout]   73:     0x6040b0e6400b - std::sys::pal::unix::thread::Thread::new::thread_start::h2d970728ae887adc
[INFO] [stdout]                                at /rustc/6067b36314ab5eb2eb47cecc464545ba58e1ad24/library/std/src/sys/pal/unix/thread.rs:106:17
[INFO] [stdout]   74:     0x7446fb5f0ac3 - <unknown>
[INFO] [stdout]   75:     0x7446fb681a04 - clone
[INFO] [stdout]   76:                0x0 - <unknown>
[INFO] [stdout] 
[INFO] [stdout] 
[INFO] [stdout] failures:
[INFO] [stdout]     extractor::tests::extract_all_car_test
[INFO] [stdout]     extractor::tests::extract_file_car_by_cid_test
[INFO] [stdout]     extractor::tests::extract_file_car_by_path_all_txt_test
[INFO] [stdout]     extractor::tests::extract_file_car_by_path_test
[INFO] [stdout]     tests::extract_file_car_test
[INFO] [stdout] 
[INFO] [stdout] test result: FAILED. 2 passed; 5 failed; 0 ignored; 0 measured; 0 filtered out; finished in 0.07s
[INFO] [stdout] 
[INFO] running `Command { std: "docker" "inspect" "c3d8f4564ca2148e0401fe4d3ad3d8705711572f15821ec06c0b4d6382ce5f55", kill_on_drop: false }`
[INFO] running `Command { std: "docker" "rm" "-f" "c3d8f4564ca2148e0401fe4d3ad3d8705711572f15821ec06c0b4d6382ce5f55", kill_on_drop: false }`
[INFO] [stdout] c3d8f4564ca2148e0401fe4d3ad3d8705711572f15821ec06c0b4d6382ce5f55
