[INFO] cloning repository https://github.com/uid0/aoc
[INFO] running `Command { std: "git" "-c" "credential.helper=" "-c" "credential.helper=/workspace/cargo-home/bin/git-credential-null" "clone" "--bare" "https://github.com/uid0/aoc" "/workspace/cache/git-repos/https%3A%2F%2Fgithub.com%2Fuid0%2Faoc", kill_on_drop: false }`
[INFO] [stderr] Cloning into bare repository '/workspace/cache/git-repos/https%3A%2F%2Fgithub.com%2Fuid0%2Faoc'...
[INFO] running `Command { std: "git" "rev-parse" "HEAD", kill_on_drop: false }`
[INFO] [stdout] 34c1e4598e483198033108e1467f5f8889658a6a
[INFO] testing uid0/aoc against nightly-2025-01-18+rustflags=-Zrandomize-layout for randomize-layout-2
[INFO] running `Command { std: "git" "clone" "/workspace/cache/git-repos/https%3A%2F%2Fgithub.com%2Fuid0%2Faoc" "/workspace/builds/worker-5-tc2/source", kill_on_drop: false }`
[INFO] [stderr] Cloning into '/workspace/builds/worker-5-tc2/source'...
[INFO] [stderr] done.
[INFO] validating manifest of git repo https://github.com/uid0/aoc on toolchain nightly-2025-01-18
[INFO] running `Command { std: CARGO_HOME="/workspace/cargo-home" RUSTUP_HOME="/workspace/rustup-home" "/workspace/cargo-home/bin/cargo" "+nightly-2025-01-18" "metadata" "--manifest-path" "Cargo.toml" "--no-deps", kill_on_drop: false }`
[INFO] started tweaking git repo https://github.com/uid0/aoc
[INFO] finished tweaking git repo https://github.com/uid0/aoc
[INFO] tweaked toml for git repo https://github.com/uid0/aoc written to /workspace/builds/worker-5-tc2/source/Cargo.toml
[INFO] crate git repo https://github.com/uid0/aoc already has a lockfile, it will not be regenerated
[INFO] running `Command { std: CARGO_HOME="/workspace/cargo-home" RUSTUP_HOME="/workspace/rustup-home" "/workspace/cargo-home/bin/cargo" "+nightly-2025-01-18" "fetch" "--manifest-path" "Cargo.toml", kill_on_drop: false }`
[INFO] running `Command { std: "docker" "create" "-v" "/var/lib/crater-agent-workspace/builds/worker-5-tc2/target:/opt/rustwide/target:rw,Z" "-v" "/var/lib/crater-agent-workspace/builds/worker-5-tc2/source:/opt/rustwide/workdir:ro,Z" "-v" "/var/lib/crater-agent-workspace/cargo-home:/opt/rustwide/cargo-home:ro,Z" "-v" "/var/lib/crater-agent-workspace/rustup-home:/opt/rustwide/rustup-home:ro,Z" "-e" "SOURCE_DIR=/opt/rustwide/workdir" "-e" "CARGO_TARGET_DIR=/opt/rustwide/target" "-e" "CARGO_HOME=/opt/rustwide/cargo-home" "-e" "RUSTUP_HOME=/opt/rustwide/rustup-home" "-w" "/opt/rustwide/workdir" "-m" "1610612736" "--user" "0:0" "--network" "none" "ghcr.io/rust-lang/crates-build-env/linux@sha256:819108c5571ea2e421544af4d832f968d213c87fbe3707a016657f43d2f853bc" "/opt/rustwide/cargo-home/bin/cargo" "+nightly-2025-01-18" "metadata" "--no-deps" "--format-version=1", kill_on_drop: false }`
[INFO] [stdout] 9d7b53325988a40eaaee32f5b07f907f1df33bc798266d08dbb6ca7e7324254c
[INFO] running `Command { std: "docker" "start" "-a" "9d7b53325988a40eaaee32f5b07f907f1df33bc798266d08dbb6ca7e7324254c", kill_on_drop: false }`
[INFO] running `Command { std: "docker" "inspect" "9d7b53325988a40eaaee32f5b07f907f1df33bc798266d08dbb6ca7e7324254c", kill_on_drop: false }`
[INFO] running `Command { std: "docker" "rm" "-f" "9d7b53325988a40eaaee32f5b07f907f1df33bc798266d08dbb6ca7e7324254c", kill_on_drop: false }`
[INFO] [stdout] 9d7b53325988a40eaaee32f5b07f907f1df33bc798266d08dbb6ca7e7324254c
[INFO] running `Command { std: "docker" "create" "-v" "/var/lib/crater-agent-workspace/builds/worker-5-tc2/target:/opt/rustwide/target:rw,Z" "-v" "/var/lib/crater-agent-workspace/builds/worker-5-tc2/source:/opt/rustwide/workdir:ro,Z" "-v" "/var/lib/crater-agent-workspace/cargo-home:/opt/rustwide/cargo-home:ro,Z" "-v" "/var/lib/crater-agent-workspace/rustup-home:/opt/rustwide/rustup-home:ro,Z" "-e" "SOURCE_DIR=/opt/rustwide/workdir" "-e" "CARGO_TARGET_DIR=/opt/rustwide/target" "-e" "CARGO_INCREMENTAL=0" "-e" "RUST_BACKTRACE=full" "-e" "RUSTFLAGS=--cap-lints=forbid -Zrandomize-layout" "-e" "RUSTDOCFLAGS=--cap-lints=forbid" "-e" "CARGO_HOME=/opt/rustwide/cargo-home" "-e" "RUSTUP_HOME=/opt/rustwide/rustup-home" "-w" "/opt/rustwide/workdir" "-m" "1610612736" "--user" "0:0" "--network" "none" "ghcr.io/rust-lang/crates-build-env/linux@sha256:819108c5571ea2e421544af4d832f968d213c87fbe3707a016657f43d2f853bc" "/opt/rustwide/cargo-home/bin/cargo" "+nightly-2025-01-18" "build" "--frozen" "--message-format=json", kill_on_drop: false }`
[INFO] [stdout] 7625e6d65763b6853d903fd237f097ff4478158ecaa01e3335614488c02d96c7
[INFO] running `Command { std: "docker" "start" "-a" "7625e6d65763b6853d903fd237f097ff4478158ecaa01e3335614488c02d96c7", kill_on_drop: false }`
[INFO] [stderr]    Compiling aoclib v0.2.1
[INFO] [stderr]    Compiling cfg-if v1.0.0
[INFO] [stderr]    Compiling version_check v0.9.5
[INFO] [stderr]    Compiling maybe-uninit v2.0.0
[INFO] [stderr]    Compiling once_cell v1.20.2
[INFO] [stderr]    Compiling simd-adler32 v0.3.7
[INFO] [stderr]    Compiling byteorder v1.5.0
[INFO] [stderr]    Compiling libc v0.2.169
[INFO] [stderr]    Compiling zerocopy v0.7.35
[INFO] [stderr]    Compiling adler2 v2.0.0
[INFO] [stderr]    Compiling autocfg v1.4.0
[INFO] [stderr]    Compiling quad-alsa-sys v0.3.2
[INFO] [stderr]    Compiling dasp_sample v0.11.0
[INFO] [stderr]    Compiling miniquad v0.3.16
[INFO] [stderr]    Compiling bitflags v1.3.2
[INFO] [stderr]    Compiling hound v3.5.1
[INFO] [stderr]    Compiling crc32fast v1.4.2
[INFO] [stderr]    Compiling quad-snd v0.2.8
[INFO] [stderr]    Compiling ogg v0.7.1
[INFO] [stderr]    Compiling memchr v2.7.4
[INFO] [stderr]    Compiling bytemuck v1.20.0
[INFO] [stderr]    Compiling ttf-parser v0.15.2
[INFO] [stderr]    Compiling color_quant v1.1.0
[INFO] [stderr]    Compiling miniz_oxide v0.8.2
[INFO] [stderr]    Compiling fdeflate v0.3.7
[INFO] [stderr]    Compiling regex-syntax v0.8.5
[INFO] [stderr]    Compiling allocator-api2 v0.2.21
[INFO] [stderr]    Compiling smallvec v0.6.14
[INFO] [stderr]    Compiling num-traits v0.2.19
[INFO] [stderr]    Compiling glam v0.21.3
[INFO] [stderr]    Compiling ahash v0.8.11
[INFO] [stderr]    Compiling bumpalo v3.16.0
[INFO] [stderr]    Compiling dasp_frame v0.11.0
[INFO] [stderr]    Compiling either v1.13.0
[INFO] [stderr]    Compiling macroquad_macro v0.1.8
[INFO] [stderr]    Compiling quad-rand v0.2.3
[INFO] [stderr]    Compiling y2020d17 v0.1.0 (/opt/rustwide/workdir/2020/17)
[INFO] [stderr]    Compiling itertools v0.13.0
[INFO] [stderr]    Compiling lewton v0.9.4
[INFO] [stderr]    Compiling y2024d19 v0.1.0 (/opt/rustwide/workdir/2024/19)
[INFO] [stdout] warning: variable does not need to be mutable
[INFO] [stdout]   --> 2024/19/src/19.rs:17:9
[INFO] [stdout]    |
[INFO] [stdout] 17 |     let mut lines = input.lines().map(|l| l.trim()).collect::<Vec<_>>();
[INFO] [stdout]    |         ----^^^^^
[INFO] [stdout]    |         |
[INFO] [stdout]    |         help: remove this `mut`
[INFO] [stdout]    |
[INFO] [stdout]    = note: `#[warn(unused_mut)]` on by default
[INFO] [stdout] 
[INFO] [stdout] 
[INFO] [stderr]    Compiling aho-corasick v1.1.3
[INFO] [stderr]    Compiling hashbrown v0.13.2
[INFO] [stderr]    Compiling y2020d13 v0.1.0 (/opt/rustwide/workdir/2020/13)
[INFO] [stderr]    Compiling hashbrown v0.14.5
[INFO] [stderr]    Compiling y2024d22 v0.1.0 (/opt/rustwide/workdir/2024/22)
[INFO] [stderr]    Compiling y2020d14 v0.1.0 (/opt/rustwide/workdir/2020/14)
[INFO] [stderr]    Compiling flate2 v1.0.35
[INFO] [stderr]    Compiling y2024d01 v0.1.0 (/opt/rustwide/workdir/2024/01)
[INFO] [stderr]    Compiling y2024d18 v0.1.0 (/opt/rustwide/workdir/2024/18)
[INFO] [stderr]    Compiling y2020d16 v0.1.0 (/opt/rustwide/workdir/2020/16)
[INFO] [stderr]    Compiling y2022d11 v0.1.0 (/opt/rustwide/workdir/2022/11)
[INFO] [stderr]    Compiling y2024d12 v0.1.0 (/opt/rustwide/workdir/2024/12)
[INFO] [stderr]    Compiling y2024d05 v0.1.0 (/opt/rustwide/workdir/2024/05)
[INFO] [stderr]    Compiling y2023d23 v0.1.0 (/opt/rustwide/workdir/2023/23)
[INFO] [stderr]    Compiling png v0.17.15
[INFO] [stderr]    Compiling y2021d01 v0.1.0 (/opt/rustwide/workdir/2021/01)
[INFO] [stderr]    Compiling fontdue v0.7.3
[INFO] [stderr]    Compiling y2020d15 v0.1.0 (/opt/rustwide/workdir/2020/15)
[INFO] [stderr]    Compiling y2024d02 v0.1.0 (/opt/rustwide/workdir/2024/02)
[INFO] [stdout] warning: unused import: `std::collections::HashMap`
[INFO] [stdout]  --> 2020/15/src/15.rs:1:5
[INFO] [stdout]   |
[INFO] [stdout] 1 | use std::collections::HashMap;
[INFO] [stdout]   |     ^^^^^^^^^^^^^^^^^^^^^^^^^
[INFO] [stdout]   |
[INFO] [stdout]   = note: `#[warn(unused_imports)]` on by default
[INFO] [stdout] 
[INFO] [stdout] 
[INFO] [stderr]    Compiling audrey v0.3.0
[INFO] [stderr]    Compiling image v0.24.9
[INFO] [stderr]    Compiling y2024d04 v0.1.0 (/opt/rustwide/workdir/2024/04)
[INFO] [stderr]    Compiling regex-automata v0.4.9
[INFO] [stderr]    Compiling macroquad v0.3.26
[INFO] [stderr]    Compiling regex v1.11.1
[INFO] [stderr]    Compiling y2024d03 v0.1.0 (/opt/rustwide/workdir/2024/03)
[INFO] [stderr]    Compiling y2024d20 v0.1.0 (/opt/rustwide/workdir/2024/20)
[INFO] [stderr]     Finished `dev` profile [unoptimized + debuginfo] target(s) in 23.66s
[INFO] running `Command { std: "docker" "inspect" "7625e6d65763b6853d903fd237f097ff4478158ecaa01e3335614488c02d96c7", kill_on_drop: false }`
[INFO] running `Command { std: "docker" "rm" "-f" "7625e6d65763b6853d903fd237f097ff4478158ecaa01e3335614488c02d96c7", kill_on_drop: false }`
[INFO] [stdout] 7625e6d65763b6853d903fd237f097ff4478158ecaa01e3335614488c02d96c7
[INFO] running `Command { std: "docker" "create" "-v" "/var/lib/crater-agent-workspace/builds/worker-5-tc2/target:/opt/rustwide/target:rw,Z" "-v" "/var/lib/crater-agent-workspace/builds/worker-5-tc2/source:/opt/rustwide/workdir:ro,Z" "-v" "/var/lib/crater-agent-workspace/cargo-home:/opt/rustwide/cargo-home:ro,Z" "-v" "/var/lib/crater-agent-workspace/rustup-home:/opt/rustwide/rustup-home:ro,Z" "-e" "SOURCE_DIR=/opt/rustwide/workdir" "-e" "CARGO_TARGET_DIR=/opt/rustwide/target" "-e" "CARGO_INCREMENTAL=0" "-e" "RUST_BACKTRACE=full" "-e" "RUSTFLAGS=--cap-lints=forbid -Zrandomize-layout" "-e" "RUSTDOCFLAGS=--cap-lints=forbid" "-e" "CARGO_HOME=/opt/rustwide/cargo-home" "-e" "RUSTUP_HOME=/opt/rustwide/rustup-home" "-w" "/opt/rustwide/workdir" "-m" "1610612736" "--user" "0:0" "--network" "none" "ghcr.io/rust-lang/crates-build-env/linux@sha256:819108c5571ea2e421544af4d832f968d213c87fbe3707a016657f43d2f853bc" "/opt/rustwide/cargo-home/bin/cargo" "+nightly-2025-01-18" "test" "--frozen" "--no-run" "--message-format=json", kill_on_drop: false }`
[INFO] [stdout] d2a2be17c01956718a6553f9952f917813438e789bf5b4d6c09dddab8e884b6e
[INFO] running `Command { std: "docker" "start" "-a" "d2a2be17c01956718a6553f9952f917813438e789bf5b4d6c09dddab8e884b6e", kill_on_drop: false }`
[INFO] [stderr]    Compiling y2024d05 v0.1.0 (/opt/rustwide/workdir/2024/05)
[INFO] [stderr]    Compiling y2024d19 v0.1.0 (/opt/rustwide/workdir/2024/19)
[INFO] [stderr]    Compiling y2024d12 v0.1.0 (/opt/rustwide/workdir/2024/12)
[INFO] [stderr]    Compiling y2020d16 v0.1.0 (/opt/rustwide/workdir/2020/16)
[INFO] [stderr]    Compiling y2020d13 v0.1.0 (/opt/rustwide/workdir/2020/13)
[INFO] [stderr]    Compiling y2020d17 v0.1.0 (/opt/rustwide/workdir/2020/17)
[INFO] [stderr]    Compiling y2024d22 v0.1.0 (/opt/rustwide/workdir/2024/22)
[INFO] [stderr]    Compiling y2024d18 v0.1.0 (/opt/rustwide/workdir/2024/18)
[INFO] [stderr]    Compiling y2024d04 v0.1.0 (/opt/rustwide/workdir/2024/04)
[INFO] [stderr]    Compiling y2024d03 v0.1.0 (/opt/rustwide/workdir/2024/03)
[INFO] [stderr]    Compiling y2024d02 v0.1.0 (/opt/rustwide/workdir/2024/02)
[INFO] [stderr]    Compiling y2024d01 v0.1.0 (/opt/rustwide/workdir/2024/01)
[INFO] [stderr]    Compiling y2023d23 v0.1.0 (/opt/rustwide/workdir/2023/23)
[INFO] [stderr]    Compiling y2020d15 v0.1.0 (/opt/rustwide/workdir/2020/15)
[INFO] [stderr]    Compiling y2022d11 v0.1.0 (/opt/rustwide/workdir/2022/11)
[INFO] [stderr]    Compiling y2024d20 v0.1.0 (/opt/rustwide/workdir/2024/20)
[INFO] [stdout] warning: unused import: `super::*`
[INFO] [stdout]   --> 2020/13/src/13.rs:48:9
[INFO] [stdout]    |
[INFO] [stdout] 48 |     use super::*;
[INFO] [stdout]    |         ^^^^^^^^
[INFO] [stdout]    |
[INFO] [stdout]    = note: `#[warn(unused_imports)]` on by default
[INFO] [stdout] 
[INFO] [stdout] 
[INFO] [stdout] warning: variable does not need to be mutable
[INFO] [stdout]   --> 2024/19/src/19.rs:17:9
[INFO] [stdout]    |
[INFO] [stdout] 17 |     let mut lines = input.lines().map(|l| l.trim()).collect::<Vec<_>>();
[INFO] [stdout]    |         ----^^^^^
[INFO] [stdout]    |         |
[INFO] [stdout]    |         help: remove this `mut`
[INFO] [stdout]    |
[INFO] [stdout]    = note: `#[warn(unused_mut)]` on by default
[INFO] [stdout] 
[INFO] [stdout] 
[INFO] [stdout] warning: unused import: `std::collections::HashMap`
[INFO] [stdout]  --> 2020/15/src/15.rs:1:5
[INFO] [stdout]   |
[INFO] [stdout] 1 | use std::collections::HashMap;
[INFO] [stdout]   |     ^^^^^^^^^^^^^^^^^^^^^^^^^
[INFO] [stdout]   |
[INFO] [stdout]   = note: `#[warn(unused_imports)]` on by default
[INFO] [stdout] 
[INFO] [stdout] 
[INFO] [stderr]    Compiling y2020d14 v0.1.0 (/opt/rustwide/workdir/2020/14)
[INFO] [stderr]    Compiling y2021d01 v0.1.0 (/opt/rustwide/workdir/2021/01)
[INFO] [stdout] warning: unused variable: `my_ticket`
[INFO] [stdout]    --> 2020/16/src/16.rs:187:13
[INFO] [stdout]     |
[INFO] [stdout] 187 |         let my_ticket = parse_tickets(sections[1].join("\n").as_str())
[INFO] [stdout]     |             ^^^^^^^^^ help: if this is intentional, prefix it with an underscore: `_my_ticket`
[INFO] [stdout]     |
[INFO] [stdout]     = note: `#[warn(unused_variables)]` on by default
[INFO] [stdout] 
[INFO] [stdout] 
[INFO] [stderr]     Finished `test` profile [unoptimized + debuginfo] target(s) in 2.31s
[INFO] running `Command { std: "docker" "inspect" "d2a2be17c01956718a6553f9952f917813438e789bf5b4d6c09dddab8e884b6e", kill_on_drop: false }`
[INFO] running `Command { std: "docker" "rm" "-f" "d2a2be17c01956718a6553f9952f917813438e789bf5b4d6c09dddab8e884b6e", kill_on_drop: false }`
[INFO] [stdout] d2a2be17c01956718a6553f9952f917813438e789bf5b4d6c09dddab8e884b6e
[INFO] running `Command { std: "docker" "create" "-v" "/var/lib/crater-agent-workspace/builds/worker-5-tc2/target:/opt/rustwide/target:rw,Z" "-v" "/var/lib/crater-agent-workspace/builds/worker-5-tc2/source:/opt/rustwide/workdir:ro,Z" "-v" "/var/lib/crater-agent-workspace/cargo-home:/opt/rustwide/cargo-home:ro,Z" "-v" "/var/lib/crater-agent-workspace/rustup-home:/opt/rustwide/rustup-home:ro,Z" "-e" "SOURCE_DIR=/opt/rustwide/workdir" "-e" "CARGO_TARGET_DIR=/opt/rustwide/target" "-e" "CARGO_INCREMENTAL=0" "-e" "RUST_BACKTRACE=full" "-e" "RUSTFLAGS=--cap-lints=forbid -Zrandomize-layout" "-e" "RUSTDOCFLAGS=--cap-lints=forbid" "-e" "CARGO_HOME=/opt/rustwide/cargo-home" "-e" "RUSTUP_HOME=/opt/rustwide/rustup-home" "-w" "/opt/rustwide/workdir" "-m" "1610612736" "--user" "0:0" "--network" "none" "ghcr.io/rust-lang/crates-build-env/linux@sha256:819108c5571ea2e421544af4d832f968d213c87fbe3707a016657f43d2f853bc" "/opt/rustwide/cargo-home/bin/cargo" "+nightly-2025-01-18" "test" "--frozen", kill_on_drop: false }`
[INFO] [stdout] 086f5c8390d068d0661c6a5b8bfab7e0b10d0517ef57deaddadd2e8bf862b49f
[INFO] running `Command { std: "docker" "start" "-a" "086f5c8390d068d0661c6a5b8bfab7e0b10d0517ef57deaddadd2e8bf862b49f", kill_on_drop: false }`
[INFO] [stderr] warning: variable does not need to be mutable
[INFO] [stderr]   --> 2024/19/src/19.rs:17:9
[INFO] [stderr]    |
[INFO] [stderr] 17 |     let mut lines = input.lines().map(|l| l.trim()).collect::<Vec<_>>();
[INFO] [stderr]    |         ----^^^^^
[INFO] [stderr]    |         |
[INFO] [stderr]    |         help: remove this `mut`
[INFO] [stderr]    |
[INFO] [stderr]    = note: `#[warn(unused_mut)]` on by default
[INFO] [stderr] 
[INFO] [stderr] warning: unused variable: `my_ticket`
[INFO] [stderr]    --> 2020/16/src/16.rs:187:13
[INFO] [stderr]     |
[INFO] [stderr] 187 |         let my_ticket = parse_tickets(sections[1].join("\n").as_str())
[INFO] [stderr]     |             ^^^^^^^^^ help: if this is intentional, prefix it with an underscore: `_my_ticket`
[INFO] [stderr]     |
[INFO] [stderr]     = note: `#[warn(unused_variables)]` on by default
[INFO] [stderr] 
[INFO] [stderr] warning: `y2024d19` (bin "y2024d19" test) generated 1 warning (run `cargo fix --bin "y2024d19" --tests` to apply 1 suggestion)
[INFO] [stderr] warning: `y2020d16` (bin "y2020d16" test) generated 1 warning
[INFO] [stderr] warning: unused import: `super::*`
[INFO] [stderr]   --> 2020/13/src/13.rs:48:9
[INFO] [stderr]    |
[INFO] [stderr] 48 |     use super::*;
[INFO] [stderr]    |         ^^^^^^^^
[INFO] [stderr]    |
[INFO] [stderr]    = note: `#[warn(unused_imports)]` on by default
[INFO] [stderr] 
[INFO] [stderr] warning: unused import: `std::collections::HashMap`
[INFO] [stderr]  --> 2020/15/src/15.rs:1:5
[INFO] [stderr]   |
[INFO] [stderr] 1 | use std::collections::HashMap;
[INFO] [stderr]   |     ^^^^^^^^^^^^^^^^^^^^^^^^^
[INFO] [stderr]   |
[INFO] [stderr]   = note: `#[warn(unused_imports)]` on by default
[INFO] [stderr] 
[INFO] [stderr] warning: `y2020d13` (bin "y2020d13" test) generated 1 warning (run `cargo fix --bin "y2020d13" --tests` to apply 1 suggestion)
[INFO] [stderr] warning: `y2020d15` (bin "y2020d15" test) generated 1 warning (run `cargo fix --bin "y2020d15" --tests` to apply 1 suggestion)
[INFO] [stderr]     Finished `test` profile [unoptimized + debuginfo] target(s) in 0.08s
[INFO] [stderr]      Running unittests src/13.rs (/opt/rustwide/target/debug/deps/y2020d13-442a0ba3c470ba55)
[INFO] [stdout] 
[INFO] [stdout] running 7 tests
[INFO] [stdout] test tests::test_part_1 ... ok
[INFO] [stderr]      Running unittests src/14.rs (/opt/rustwide/target/debug/deps/y2020d14-850b1c0105a17e84)
[INFO] [stdout] test tests::test_part_2_example_2 ... ok
[INFO] [stdout] test tests::test_part_2_example_1 ... ok
[INFO] [stdout] test tests::test_part_2_example_3 ... ok
[INFO] [stdout] test tests::test_part_2_example_5 ... ok
[INFO] [stdout] test tests::test_part_2_example_6 ... ok
[INFO] [stdout] test tests::test_part_2_example_4 ... ok
[INFO] [stdout] 
[INFO] [stdout] test result: ok. 7 passed; 0 failed; 0 ignored; 0 measured; 0 filtered out; finished in 0.01s
[INFO] [stdout] 
[INFO] [stdout] 
[INFO] [stdout] running 4 tests
[INFO] [stdout] test tests::test_part_2 ... ok
[INFO] [stdout] test tests::test_apply_mask ... ok
[INFO] [stdout] test tests::test_apply_mask_v2 ... ok
[INFO] [stdout] test tests::test_part_1 ... ok
[INFO] [stdout] 
[INFO] [stdout] test result: ok. 4 passed; 0 failed; 0 ignored; 0 measured; 0 filtered out; finished in 0.01s
[INFO] [stdout] 
[INFO] [stderr]      Running unittests src/15.rs (/opt/rustwide/target/debug/deps/y2020d15-07dcdd59f2c5f4a8)
[INFO] [stdout] 
[INFO] [stdout] running 2 tests
[INFO] [stdout] test tests::test_examples ... ok
[INFO] [stdout] test tests::test_examples_part_2 ... ok
[INFO] [stdout] 
[INFO] [stdout] test result: ok. 2 passed; 0 failed; 0 ignored; 0 measured; 0 filtered out; finished in 22.44s
[INFO] [stdout] 
[INFO] [stderr]      Running unittests src/16.rs (/opt/rustwide/target/debug/deps/y2020d16-df4ccfce17e510cd)
[INFO] [stdout] 
[INFO] [stdout] running 2 tests
[INFO] [stdout] test tests::test_part_1 ... ok
[INFO] [stdout] test tests::test_part_2 ... ok
[INFO] [stdout] 
[INFO] [stdout] test result: ok. 2 passed; 0 failed; 0 ignored; 0 measured; 0 filtered out; finished in 0.00s
[INFO] [stdout] 
[INFO] [stderr]      Running unittests src/17.rs (/opt/rustwide/target/debug/deps/y2020d17-e76403814ec235a4)
[INFO] [stdout] 
[INFO] [stdout] running 2 tests
[INFO] [stdout] test tests::test_part_1 ... ok
[INFO] [stdout] test tests::test_part_2 ... ok
[INFO] [stdout] 
[INFO] [stdout] test result: ok. 2 passed; 0 failed; 0 ignored; 0 measured; 0 filtered out; finished in 1.44s
[INFO] [stdout] 
[INFO] [stderr]      Running unittests src/01.rs (/opt/rustwide/target/debug/deps/y2021d01-885eb2f8ae5085d5)
[INFO] [stdout] 
[INFO] [stdout] running 0 tests
[INFO] [stdout] 
[INFO] [stdout] test result: ok. 0 passed; 0 failed; 0 ignored; 0 measured; 0 filtered out; finished in 0.00s
[INFO] [stdout] 
[INFO] [stderr]      Running unittests src/11.rs (/opt/rustwide/target/debug/deps/y2022d11-347e500ae4c74ffa)
[INFO] [stdout] 
[INFO] [stdout] running 0 tests
[INFO] [stdout] 
[INFO] [stdout] test result: ok. 0 passed; 0 failed; 0 ignored; 0 measured; 0 filtered out; finished in 0.00s
[INFO] [stdout] 
[INFO] [stderr]      Running unittests src/23.rs (/opt/rustwide/target/debug/deps/y2023d23-7e9c9be76257b1e3)
[INFO] [stdout] 
[INFO] [stdout] running 0 tests
[INFO] [stdout] 
[INFO] [stdout] test result: ok. 0 passed; 0 failed; 0 ignored; 0 measured; 0 filtered out; finished in 0.00s
[INFO] [stdout] 
[INFO] [stdout] 
[INFO] [stdout] running 0 tests
[INFO] [stdout] 
[INFO] [stdout] test result: ok. 0 passed; 0 failed; 0 ignored; 0 measured; 0 filtered out; finished in 0.00s
[INFO] [stdout] 
[INFO] [stderr]      Running unittests src/01.rs (/opt/rustwide/target/debug/deps/y2024d01-5c18b3a418d1f65c)
[INFO] [stderr]      Running unittests src/02.rs (/opt/rustwide/target/debug/deps/y2024d02-d82929b9759dece5)
[INFO] [stdout] 
[INFO] [stdout] running 0 tests
[INFO] [stdout] 
[INFO] [stdout] test result: ok. 0 passed; 0 failed; 0 ignored; 0 measured; 0 filtered out; finished in 0.00s
[INFO] [stdout] 
[INFO] [stderr]      Running unittests src/03.rs (/opt/rustwide/target/debug/deps/y2024d03-922c28c6ba5dee59)
[INFO] [stdout] 
[INFO] [stdout] running 0 tests
[INFO] [stdout] 
[INFO] [stdout] test result: ok. 0 passed; 0 failed; 0 ignored; 0 measured; 0 filtered out; finished in 0.00s
[INFO] [stdout] 
[INFO] [stderr]      Running unittests src/04.rs (/opt/rustwide/target/debug/deps/y2024d04-8d0636ab561d5416)
[INFO] [stdout] 
[INFO] [stdout] running 0 tests
[INFO] [stdout] 
[INFO] [stdout] test result: ok. 0 passed; 0 failed; 0 ignored; 0 measured; 0 filtered out; finished in 0.00s
[INFO] [stdout] 
[INFO] [stderr]      Running unittests src/05.rs (/opt/rustwide/target/debug/deps/y2024d05-5f979e89f9a1eb94)
[INFO] [stdout] 
[INFO] [stdout] running 2 tests
[INFO] [stdout] test tests::test_example_case ... ok
[INFO] [stdout] test tests::test_reorder_case ... FAILED
[INFO] [stdout] 
[INFO] [stdout] failures:
[INFO] [stdout] 
[INFO] [stdout] ---- tests::test_reorder_case stdout ----
[INFO] [stdout] 
[INFO] [stdout] thread 'tests::test_reorder_case' panicked at 2024/05/src/05.rs:129:9:
[INFO] [stdout] assertion `left == right` failed
[INFO] [stdout]   left: []
[INFO] [stdout]  right: [47, 29, 47]
[INFO] [stdout] stack backtrace:
[INFO] [stdout]    0:     0x587118b3917a - std::backtrace_rs::backtrace::libunwind::trace::hb059275cfc8d6126
[INFO] [stdout]                                at /rustc/6067b36314ab5eb2eb47cecc464545ba58e1ad24/library/std/src/../../backtrace/src/backtrace/libunwind.rs:116:5
[INFO] [stdout]    1:     0x587118b3917a - std::backtrace_rs::backtrace::trace_unsynchronized::h2da071e4327ce3ee
[INFO] [stdout]                                at /rustc/6067b36314ab5eb2eb47cecc464545ba58e1ad24/library/std/src/../../backtrace/src/backtrace/mod.rs:66:5
[INFO] [stdout]    2:     0x587118b3917a - std::sys::backtrace::_print_fmt::h842a1474e6f8d23f
[INFO] [stdout]                                at /rustc/6067b36314ab5eb2eb47cecc464545ba58e1ad24/library/std/src/sys/backtrace.rs:66:9
[INFO] [stdout]    3:     0x587118b3917a - <std::sys::backtrace::BacktraceLock::print::DisplayBacktrace as core::fmt::Display>::fmt::h71a62eb3b9696b12
[INFO] [stdout]                                at /rustc/6067b36314ab5eb2eb47cecc464545ba58e1ad24/library/std/src/sys/backtrace.rs:39:26
[INFO] [stdout]    4:     0x587118b608b3 - core::fmt::rt::Argument::fmt::hdb6b616786b41dc1
[INFO] [stdout]                                at /rustc/6067b36314ab5eb2eb47cecc464545ba58e1ad24/library/core/src/fmt/rt.rs:177:76
[INFO] [stdout]    5:     0x587118b608b3 - core::fmt::write::h2cc1698af7e2d686
[INFO] [stdout]                                at /rustc/6067b36314ab5eb2eb47cecc464545ba58e1ad24/library/core/src/fmt/mod.rs:1440:21
[INFO] [stdout]    6:     0x587118b35cd3 - std::io::Write::write_fmt::hab1b4cd059a79022
[INFO] [stdout]                                at /rustc/6067b36314ab5eb2eb47cecc464545ba58e1ad24/library/std/src/io/mod.rs:1887:15
[INFO] [stdout]    7:     0x587118b38fc2 - std::sys::backtrace::BacktraceLock::print::h147fe35b4ea13b08
[INFO] [stdout]                                at /rustc/6067b36314ab5eb2eb47cecc464545ba58e1ad24/library/std/src/sys/backtrace.rs:42:9
[INFO] [stdout]    8:     0x587118b3a59f - std::panicking::default_hook::{{closure}}::hbd44223dbdc0d208
[INFO] [stdout]                                at /rustc/6067b36314ab5eb2eb47cecc464545ba58e1ad24/library/std/src/panicking.rs:298:22
[INFO] [stdout]    9:     0x587118b3a3b8 - std::panicking::default_hook::h20f81eb0576efcec
[INFO] [stdout]                                at /rustc/6067b36314ab5eb2eb47cecc464545ba58e1ad24/library/std/src/panicking.rs:322:9
[INFO] [stdout]   10:     0x587118b020d3 - <alloc::boxed::Box<F,A> as core::ops::function::Fn<Args>>::call::hdb53814c496a4d34
[INFO] [stdout]                                at /rustc/6067b36314ab5eb2eb47cecc464545ba58e1ad24/library/alloc/src/boxed.rs:2027:9
[INFO] [stdout]   11:     0x587118b020d3 - test::test_main::{{closure}}::hc0a4963c59427c24
[INFO] [stdout]                                at /rustc/6067b36314ab5eb2eb47cecc464545ba58e1ad24/library/test/src/lib.rs:134:21
[INFO] [stdout]   12:     0x587118b3b093 - <alloc::boxed::Box<F,A> as core::ops::function::Fn<Args>>::call::h591b2225413a77e9
[INFO] [stdout]                                at /rustc/6067b36314ab5eb2eb47cecc464545ba58e1ad24/library/alloc/src/boxed.rs:2027:9
[INFO] [stdout]   13:     0x587118b3b093 - std::panicking::rust_panic_with_hook::h625eea43051b2edc
[INFO] [stdout]                                at /rustc/6067b36314ab5eb2eb47cecc464545ba58e1ad24/library/std/src/panicking.rs:839:13
[INFO] [stdout]   14:     0x587118b3ad4a - std::panicking::begin_panic_handler::{{closure}}::h4f9159cfbc3f6bd3
[INFO] [stdout]                                at /rustc/6067b36314ab5eb2eb47cecc464545ba58e1ad24/library/std/src/panicking.rs:704:13
[INFO] [stdout]   15:     0x587118b39679 - std::sys::backtrace::__rust_end_short_backtrace::h0390abce48353151
[INFO] [stdout]                                at /rustc/6067b36314ab5eb2eb47cecc464545ba58e1ad24/library/std/src/sys/backtrace.rs:168:18
[INFO] [stdout]   16:     0x587118b3a9dd - rust_begin_unwind
[INFO] [stdout]                                at /rustc/6067b36314ab5eb2eb47cecc464545ba58e1ad24/library/std/src/panicking.rs:695:5
[INFO] [stdout]   17:     0x587118b5f2c0 - core::panicking::panic_fmt::h9e7c637e9e5f29c9
[INFO] [stdout]                                at /rustc/6067b36314ab5eb2eb47cecc464545ba58e1ad24/library/core/src/panicking.rs:75:14
[INFO] [stdout]   18:     0x587118b5f682 - core::panicking::assert_failed_inner::h538bec7c1374cd9c
[INFO] [stdout]   19:     0x587118ab9550 - core::panicking::assert_failed::hf3820c674204a040
[INFO] [stdout]                                at /rustc/6067b36314ab5eb2eb47cecc464545ba58e1ad24/library/core/src/panicking.rs:364:5
[INFO] [stdout]   20:     0x587118abe811 - y2024d05::tests::test_reorder_case::h740e7a9891a8e24e
[INFO] [stdout]                                at /opt/rustwide/workdir/2024/05/src/05.rs:129:9
[INFO] [stdout]   21:     0x587118abe427 - y2024d05::tests::test_reorder_case::{{closure}}::hcdeeab1048eb1e7e
[INFO] [stdout]                                at /opt/rustwide/workdir/2024/05/src/05.rs:110:27
[INFO] [stdout]   22:     0x587118ab2416 - core::ops::function::FnOnce::call_once::hc283e5baa8634adb
[INFO] [stdout]                                at /rustc/6067b36314ab5eb2eb47cecc464545ba58e1ad24/library/core/src/ops/function.rs:250:5
[INFO] [stdout]   23:     0x587118b0782b - core::ops::function::FnOnce::call_once::he27718dfdd183f43
[INFO] [stdout]                                at /rustc/6067b36314ab5eb2eb47cecc464545ba58e1ad24/library/core/src/ops/function.rs:250:5
[INFO] [stdout]   24:     0x587118b0782b - test::__rust_begin_short_backtrace::h4e84902998457a5d
[INFO] [stdout]                                at /rustc/6067b36314ab5eb2eb47cecc464545ba58e1ad24/library/test/src/lib.rs:632:18
[INFO] [stdout]   25:     0x587118b06763 - test::run_test_in_process::{{closure}}::h7176fd18fc1feca0
[INFO] [stdout]                                at /rustc/6067b36314ab5eb2eb47cecc464545ba58e1ad24/library/test/src/lib.rs:655:60
[INFO] [stdout]   26:     0x587118b06763 - <core::panic::unwind_safe::AssertUnwindSafe<F> as core::ops::function::FnOnce<()>>::call_once::hf79cff2a624d8cf7
[INFO] [stdout]                                at /rustc/6067b36314ab5eb2eb47cecc464545ba58e1ad24/library/core/src/panic/unwind_safe.rs:272:9
[INFO] [stdout]   27:     0x587118b06763 - std::panicking::try::do_call::h3da0561d9ab99c25
[INFO] [stdout]                                at /rustc/6067b36314ab5eb2eb47cecc464545ba58e1ad24/library/std/src/panicking.rs:587:40
[INFO] [stdout]   28:     0x587118b06763 - std::panicking::try::h41c9fa508bc61df6
[INFO] [stdout]                                at /rustc/6067b36314ab5eb2eb47cecc464545ba58e1ad24/library/std/src/panicking.rs:550:19
[INFO] [stdout]   29:     0x587118b06763 - std::panic::catch_unwind::h6b3ff07bb5afad93
[INFO] [stdout]                                at /rustc/6067b36314ab5eb2eb47cecc464545ba58e1ad24/library/std/src/panic.rs:358:14
[INFO] [stdout]   30:     0x587118b06763 - test::run_test_in_process::hc7253dd11b39b9f4
[INFO] [stdout]                                at /rustc/6067b36314ab5eb2eb47cecc464545ba58e1ad24/library/test/src/lib.rs:655:27
[INFO] [stdout]   31:     0x587118b06763 - test::run_test::{{closure}}::hfb2007f8649c30bb
[INFO] [stdout]                                at /rustc/6067b36314ab5eb2eb47cecc464545ba58e1ad24/library/test/src/lib.rs:576:43
[INFO] [stdout]   32:     0x587118ac9845 - test::run_test::{{closure}}::h56a17aa7a282a9f4
[INFO] [stdout]                                at /rustc/6067b36314ab5eb2eb47cecc464545ba58e1ad24/library/test/src/lib.rs:606:41
[INFO] [stdout]   33:     0x587118ac9845 - std::sys::backtrace::__rust_begin_short_backtrace::hd2d2d2fb8e8c6aac
[INFO] [stdout]                                at /rustc/6067b36314ab5eb2eb47cecc464545ba58e1ad24/library/std/src/sys/backtrace.rs:152:18
[INFO] [stdout]   34:     0x587118acd12a - std::thread::Builder::spawn_unchecked_::{{closure}}::{{closure}}::h4faa3f9db6133423
[INFO] [stdout]                                at /rustc/6067b36314ab5eb2eb47cecc464545ba58e1ad24/library/std/src/thread/mod.rs:559:17
[INFO] [stdout]   35:     0x587118acd12a - <core::panic::unwind_safe::AssertUnwindSafe<F> as core::ops::function::FnOnce<()>>::call_once::hf2e855a36a4ea846
[INFO] [stdout]                                at /rustc/6067b36314ab5eb2eb47cecc464545ba58e1ad24/library/core/src/panic/unwind_safe.rs:272:9
[INFO] [stdout]   36:     0x587118acd12a - std::panicking::try::do_call::h2f73af3616c35465
[INFO] [stdout]                                at /rustc/6067b36314ab5eb2eb47cecc464545ba58e1ad24/library/std/src/panicking.rs:587:40
[INFO] [stdout]   37:     0x587118acd12a - std::panicking::try::hd1660ce9efadef5a
[INFO] [stdout]                                at /rustc/6067b36314ab5eb2eb47cecc464545ba58e1ad24/library/std/src/panicking.rs:550:19
[INFO] [stdout]   38:     0x587118acd12a - std::panic::catch_unwind::h5ee8d7823b8ca744
[INFO] [stdout]                                at /rustc/6067b36314ab5eb2eb47cecc464545ba58e1ad24/library/std/src/panic.rs:358:14
[INFO] [stdout]   39:     0x587118acd12a - std::thread::Builder::spawn_unchecked_::{{closure}}::h53c3a1894dce8407
[INFO] [stdout]                                at /rustc/6067b36314ab5eb2eb47cecc464545ba58e1ad24/library/std/src/thread/mod.rs:557:30
[INFO] [stdout]   40:     0x587118acd12a - core::ops::function::FnOnce::call_once{{vtable.shim}}::h048ce291ad4f62bf
[INFO] [stdout]                                at /rustc/6067b36314ab5eb2eb47cecc464545ba58e1ad24/library/core/src/ops/function.rs:250:5
[INFO] [stdout]   41:     0x587118b3efcb - <alloc::boxed::Box<F,A> as core::ops::function::FnOnce<Args>>::call_once::ha52bedf99a3b4981
[INFO] [stdout]                                at /rustc/6067b36314ab5eb2eb47cecc464545ba58e1ad24/library/alloc/src/boxed.rs:2013:9
[INFO] [stdout]   42:     0x587118b3efcb - <alloc::boxed::Box<F,A> as core::ops::function::FnOnce<Args>>::call_once::h567748934d80ccf8
[INFO] [stdout]                                at /rustc/6067b36314ab5eb2eb47cecc464545ba58e1ad24/library/alloc/src/boxed.rs:2013:9
[INFO] [stdout]   43:     0x587118b3efcb - std::sys::pal::unix::thread::Thread::new::thread_start::h2d970728ae887adc
[INFO] [stdout]                                at /rustc/6067b36314ab5eb2eb47cecc464545ba58e1ad24/library/std/src/sys/pal/unix/thread.rs:106:17
[INFO] [stdout]   44:     0x70dcb9028ac3 - <unknown>
[INFO] [stdout]   45:     0x70dcb90b9a04 - clone
[INFO] [stdout]   46:                0x0 - <unknown>
[INFO] [stdout] 
[INFO] [stdout] 
[INFO] [stdout] failures:
[INFO] [stdout]     tests::test_reorder_case
[INFO] [stdout] 
[INFO] [stdout] test result: FAILED. 1 passed; 1 failed; 0 ignored; 0 measured; 0 filtered out; finished in 0.04s
[INFO] [stdout] 
[INFO] [stderr] error: test failed, to rerun pass `-p y2024d05 --bin y2024d05`
[INFO] running `Command { std: "docker" "inspect" "086f5c8390d068d0661c6a5b8bfab7e0b10d0517ef57deaddadd2e8bf862b49f", kill_on_drop: false }`
[INFO] running `Command { std: "docker" "rm" "-f" "086f5c8390d068d0661c6a5b8bfab7e0b10d0517ef57deaddadd2e8bf862b49f", kill_on_drop: false }`
[INFO] [stdout] 086f5c8390d068d0661c6a5b8bfab7e0b10d0517ef57deaddadd2e8bf862b49f
