[INFO] cloning repository https://github.com/ucuppppp/belajar-rust
[INFO] running `Command { std: "git" "-c" "credential.helper=" "-c" "credential.helper=/workspace/cargo-home/bin/git-credential-null" "clone" "--bare" "https://github.com/ucuppppp/belajar-rust" "/workspace/cache/git-repos/https%3A%2F%2Fgithub.com%2Fucuppppp%2Fbelajar-rust", kill_on_drop: false }`
[INFO] [stderr] Cloning into bare repository '/workspace/cache/git-repos/https%3A%2F%2Fgithub.com%2Fucuppppp%2Fbelajar-rust'...
[INFO] running `Command { std: "git" "rev-parse" "HEAD", kill_on_drop: false }`
[INFO] [stdout] 71517e57532b9caa48e44dbaa96065f48f51cbd1
[INFO] testing ucuppppp/belajar-rust against nightly-2025-01-18 for randomize-layout-2
[INFO] running `Command { std: "git" "clone" "/workspace/cache/git-repos/https%3A%2F%2Fgithub.com%2Fucuppppp%2Fbelajar-rust" "/workspace/builds/worker-0-tc1/source", kill_on_drop: false }`
[INFO] [stderr] Cloning into '/workspace/builds/worker-0-tc1/source'...
[INFO] [stderr] done.
[INFO] validating manifest of git repo https://github.com/ucuppppp/belajar-rust on toolchain nightly-2025-01-18
[INFO] running `Command { std: CARGO_HOME="/workspace/cargo-home" RUSTUP_HOME="/workspace/rustup-home" "/workspace/cargo-home/bin/cargo" "+nightly-2025-01-18" "metadata" "--manifest-path" "Cargo.toml" "--no-deps", kill_on_drop: false }`
[INFO] started tweaking git repo https://github.com/ucuppppp/belajar-rust
[INFO] finished tweaking git repo https://github.com/ucuppppp/belajar-rust
[INFO] tweaked toml for git repo https://github.com/ucuppppp/belajar-rust written to /workspace/builds/worker-0-tc1/source/Cargo.toml
[INFO] crate git repo https://github.com/ucuppppp/belajar-rust already has a lockfile, it will not be regenerated
[INFO] running `Command { std: CARGO_HOME="/workspace/cargo-home" RUSTUP_HOME="/workspace/rustup-home" "/workspace/cargo-home/bin/cargo" "+nightly-2025-01-18" "fetch" "--manifest-path" "Cargo.toml", kill_on_drop: false }`
[INFO] running `Command { std: "docker" "create" "-v" "/var/lib/crater-agent-workspace/builds/worker-0-tc1/target:/opt/rustwide/target:rw,Z" "-v" "/var/lib/crater-agent-workspace/builds/worker-0-tc1/source:/opt/rustwide/workdir:ro,Z" "-v" "/var/lib/crater-agent-workspace/cargo-home:/opt/rustwide/cargo-home:ro,Z" "-v" "/var/lib/crater-agent-workspace/rustup-home:/opt/rustwide/rustup-home:ro,Z" "-e" "SOURCE_DIR=/opt/rustwide/workdir" "-e" "CARGO_TARGET_DIR=/opt/rustwide/target" "-e" "CARGO_HOME=/opt/rustwide/cargo-home" "-e" "RUSTUP_HOME=/opt/rustwide/rustup-home" "-w" "/opt/rustwide/workdir" "-m" "1610612736" "--user" "0:0" "--network" "none" "ghcr.io/rust-lang/crates-build-env/linux@sha256:819108c5571ea2e421544af4d832f968d213c87fbe3707a016657f43d2f853bc" "/opt/rustwide/cargo-home/bin/cargo" "+nightly-2025-01-18" "metadata" "--no-deps" "--format-version=1", kill_on_drop: false }`
[INFO] [stdout] e78aad91a0a47d3b45f34f4768b88d29847ce7715c851daf76a2a4a8d4511bfa
[INFO] running `Command { std: "docker" "start" "-a" "e78aad91a0a47d3b45f34f4768b88d29847ce7715c851daf76a2a4a8d4511bfa", kill_on_drop: false }`
[INFO] running `Command { std: "docker" "inspect" "e78aad91a0a47d3b45f34f4768b88d29847ce7715c851daf76a2a4a8d4511bfa", kill_on_drop: false }`
[INFO] running `Command { std: "docker" "rm" "-f" "e78aad91a0a47d3b45f34f4768b88d29847ce7715c851daf76a2a4a8d4511bfa", kill_on_drop: false }`
[INFO] [stdout] e78aad91a0a47d3b45f34f4768b88d29847ce7715c851daf76a2a4a8d4511bfa
[INFO] running `Command { std: "docker" "create" "-v" "/var/lib/crater-agent-workspace/builds/worker-0-tc1/target:/opt/rustwide/target:rw,Z" "-v" "/var/lib/crater-agent-workspace/builds/worker-0-tc1/source:/opt/rustwide/workdir:ro,Z" "-v" "/var/lib/crater-agent-workspace/cargo-home:/opt/rustwide/cargo-home:ro,Z" "-v" "/var/lib/crater-agent-workspace/rustup-home:/opt/rustwide/rustup-home:ro,Z" "-e" "SOURCE_DIR=/opt/rustwide/workdir" "-e" "CARGO_TARGET_DIR=/opt/rustwide/target" "-e" "CARGO_INCREMENTAL=0" "-e" "RUST_BACKTRACE=full" "-e" "RUSTFLAGS=--cap-lints=forbid" "-e" "RUSTDOCFLAGS=--cap-lints=forbid" "-e" "CARGO_HOME=/opt/rustwide/cargo-home" "-e" "RUSTUP_HOME=/opt/rustwide/rustup-home" "-w" "/opt/rustwide/workdir" "-m" "1610612736" "--user" "0:0" "--network" "none" "ghcr.io/rust-lang/crates-build-env/linux@sha256:819108c5571ea2e421544af4d832f968d213c87fbe3707a016657f43d2f853bc" "/opt/rustwide/cargo-home/bin/cargo" "+nightly-2025-01-18" "build" "--frozen" "--message-format=json", kill_on_drop: false }`
[INFO] [stdout] a412c3eb3b9411045391407ae49554df97b936fdab381db33b77e14775a9169d
[INFO] running `Command { std: "docker" "start" "-a" "a412c3eb3b9411045391407ae49554df97b936fdab381db33b77e14775a9169d", kill_on_drop: false }`
[INFO] [stderr]    Compiling autocfg v1.4.0
[INFO] [stderr]    Compiling iana-time-zone v0.1.61
[INFO] [stderr]    Compiling num-traits v0.2.19
[INFO] [stderr]    Compiling chrono v0.4.38
[INFO] [stderr]    Compiling belajar-rust v0.1.0 (/opt/rustwide/workdir)
[INFO] [stdout] warning: unused import: `model::*`
[INFO] [stdout]    --> src/main.rs:617:5
[INFO] [stdout]     |
[INFO] [stdout] 617 | use model::*;
[INFO] [stdout]     |     ^^^^^^^^
[INFO] [stdout]     |
[INFO] [stdout]     = note: `#[warn(unused_imports)]` on by default
[INFO] [stdout] 
[INFO] [stdout] 
[INFO] [stdout] warning: unused import: `first::say_hello`
[INFO] [stdout]    --> src/main.rs:619:5
[INFO] [stdout]     |
[INFO] [stdout] 619 | use first::say_hello;
[INFO] [stdout]     |     ^^^^^^^^^^^^^^^^
[INFO] [stdout] 
[INFO] [stdout] 
[INFO] [stdout] warning: unused import: `second::say_hello as say_hello_second`
[INFO] [stdout]    --> src/main.rs:620:5
[INFO] [stdout]     |
[INFO] [stdout] 620 | use second::say_hello as say_hello_second;
[INFO] [stdout]     |     ^^^^^^^^^^^^^^^^^^^^^^^^^^^^^^^^^^^^^
[INFO] [stdout] 
[INFO] [stdout] 
[INFO] [stdout] warning: unused imports: `BTreeMap`, `BTreeSet`, `HashMap`, `HashSet`, `LinkedList`, and `VecDeque`
[INFO] [stdout]    --> src/main.rs:995:24
[INFO] [stdout]     |
[INFO] [stdout] 995 | use std::collections::{BTreeMap, BTreeSet, HashMap, HashSet, LinkedList, VecDeque};
[INFO] [stdout]     |                        ^^^^^^^^  ^^^^^^^^  ^^^^^^^  ^^^^^^^  ^^^^^^^^^^  ^^^^^^^^
[INFO] [stdout] 
[INFO] [stdout] 
[INFO] [stdout] warning: unused import: `self`
[INFO] [stdout]     --> src/main.rs:1118:19
[INFO] [stdout]      |
[INFO] [stdout] 1118 | use std::result::{self, Result};
[INFO] [stdout]      |                   ^^^^
[INFO] [stdout] 
[INFO] [stdout] 
[INFO] [stdout] warning: unused macro definition: `hi`
[INFO] [stdout]     --> src/main.rs:1458:14
[INFO] [stdout]      |
[INFO] [stdout] 1458 | macro_rules! hi {
[INFO] [stdout]      |              ^^
[INFO] [stdout]      |
[INFO] [stdout]      = note: `#[warn(unused_macros)]` on by default
[INFO] [stdout] 
[INFO] [stdout] 
[INFO] [stdout] warning: unused macro definition: `iterate`
[INFO] [stdout]     --> src/main.rs:1479:14
[INFO] [stdout]      |
[INFO] [stdout] 1479 | macro_rules! iterate {
[INFO] [stdout]      |              ^^^^^^^
[INFO] [stdout] 
[INFO] [stdout] 
[INFO] [stdout] warning: unused imports: `Duration`, `Instant`, and `ops::Sub`
[INFO] [stdout]     --> src/main.rs:1499:5
[INFO] [stdout]      |
[INFO] [stdout] 1499 |     ops::Sub,
[INFO] [stdout]      |     ^^^^^^^^
[INFO] [stdout] 1500 |     time::{Duration, Instant},
[INFO] [stdout]      |            ^^^^^^^^  ^^^^^^^
[INFO] [stdout] 
[INFO] [stdout] 
[INFO] [stdout] warning: unused import: `chrono::NaiveDate`
[INFO] [stdout]     --> src/main.rs:1521:5
[INFO] [stdout]      |
[INFO] [stdout] 1521 | use chrono::NaiveDate;
[INFO] [stdout]      |     ^^^^^^^^^^^^^^^^^
[INFO] [stdout] 
[INFO] [stdout] 
[INFO] [stdout] warning: function `say_something` is never used
[INFO] [stdout]    --> src/main.rs:194:4
[INFO] [stdout]     |
[INFO] [stdout] 194 | fn say_something(word: &str, name: &str) {
[INFO] [stdout]     |    ^^^^^^^^^^^^^
[INFO] [stdout]     |
[INFO] [stdout]     = note: `#[warn(dead_code)]` on by default
[INFO] [stdout] 
[INFO] [stdout] 
[INFO] [stdout] warning: function `factorial` is never used
[INFO] [stdout]    --> src/main.rs:198:4
[INFO] [stdout]     |
[INFO] [stdout] 198 | fn factorial(n: i32) -> i32 {
[INFO] [stdout]     |    ^^^^^^^^^
[INFO] [stdout] 
[INFO] [stdout] 
[INFO] [stdout] warning: function `print_text` is never used
[INFO] [stdout]    --> src/main.rs:216:4
[INFO] [stdout]     |
[INFO] [stdout] 216 | fn print_text(value: String, times: i32) {
[INFO] [stdout]     |    ^^^^^^^^^^
[INFO] [stdout] 
[INFO] [stdout] 
[INFO] [stdout] warning: function `factorial_recursive` is never used
[INFO] [stdout]    --> src/main.rs:225:4
[INFO] [stdout]     |
[INFO] [stdout] 225 | fn factorial_recursive(n: u32) -> u32 {
[INFO] [stdout]     |    ^^^^^^^^^^^^^^^^^^^
[INFO] [stdout] 
[INFO] [stdout] 
[INFO] [stdout] warning: function `print_number` is never used
[INFO] [stdout]    --> src/main.rs:239:4
[INFO] [stdout]     |
[INFO] [stdout] 239 | fn print_number(number: i32) {
[INFO] [stdout]     |    ^^^^^^^^^^^^
[INFO] [stdout] 
[INFO] [stdout] 
[INFO] [stdout] warning: function `hi` is never used
[INFO] [stdout]    --> src/main.rs:243:4
[INFO] [stdout]     |
[INFO] [stdout] 243 | fn hi(name: String) {
[INFO] [stdout]     |    ^^
[INFO] [stdout] 
[INFO] [stdout] 
[INFO] [stdout] warning: function `full_name` is never used
[INFO] [stdout]    --> src/main.rs:257:4
[INFO] [stdout]     |
[INFO] [stdout] 257 | fn full_name(first: String, last: String) -> String {
[INFO] [stdout]     |    ^^^^^^^^^
[INFO] [stdout] 
[INFO] [stdout] 
[INFO] [stdout] warning: function `kembalikan` is never used
[INFO] [stdout]    --> src/main.rs:274:4
[INFO] [stdout]     |
[INFO] [stdout] 274 | fn kembalikan(f: String, l: String) -> (String, String, String) {
[INFO] [stdout]     |    ^^^^^^^^^^
[INFO] [stdout] 
[INFO] [stdout] 
[INFO] [stdout] warning: function `fname_references` is never used
[INFO] [stdout]    --> src/main.rs:292:4
[INFO] [stdout]     |
[INFO] [stdout] 292 | fn fname_references(f: &String, l: &String) -> String {
[INFO] [stdout]     |    ^^^^^^^^^^^^^^^^
[INFO] [stdout] 
[INFO] [stdout] 
[INFO] [stdout] warning: function `change_value` is never used
[INFO] [stdout]    --> src/main.rs:308:4
[INFO] [stdout]     |
[INFO] [stdout] 308 | fn change_value(v: &mut String) {
[INFO] [stdout]     |    ^^^^^^^^^^^^
[INFO] [stdout] 
[INFO] [stdout] 
[INFO] [stdout] warning: struct `Person` is never constructed
[INFO] [stdout]    --> src/main.rs:343:8
[INFO] [stdout]     |
[INFO] [stdout] 343 | struct Person {
[INFO] [stdout]     |        ^^^^^^
[INFO] [stdout] 
[INFO] [stdout] 
[INFO] [stdout] warning: function `print_person` is never used
[INFO] [stdout]    --> src/main.rs:367:4
[INFO] [stdout]     |
[INFO] [stdout] 367 | fn print_person(person: &Person) {
[INFO] [stdout]     |    ^^^^^^^^^^^^
[INFO] [stdout] 
[INFO] [stdout] 
[INFO] [stdout] warning: struct `GeoPoint` is never constructed
[INFO] [stdout]    --> src/main.rs:373:8
[INFO] [stdout]     |
[INFO] [stdout] 373 | struct GeoPoint(f64, f64);
[INFO] [stdout]     |        ^^^^^^^^
[INFO] [stdout] 
[INFO] [stdout] 
[INFO] [stdout] warning: associated function `new` is never used
[INFO] [stdout]    --> src/main.rs:376:8
[INFO] [stdout]     |
[INFO] [stdout] 375 | impl GeoPoint {
[INFO] [stdout]     | ------------- associated function in this implementation
[INFO] [stdout] 376 |     fn new(long: f64, lat: f64) -> GeoPoint {
[INFO] [stdout]     |        ^^^
[INFO] [stdout] 
[INFO] [stdout] 
[INFO] [stdout] warning: struct `Nothing` is never constructed
[INFO] [stdout]    --> src/main.rs:387:8
[INFO] [stdout]     |
[INFO] [stdout] 387 | struct Nothing;
[INFO] [stdout]     |        ^^^^^^^
[INFO] [stdout] 
[INFO] [stdout] 
[INFO] [stdout] warning: method `say_hello` is never used
[INFO] [stdout]    --> src/main.rs:395:8
[INFO] [stdout]     |
[INFO] [stdout] 394 | impl Person {
[INFO] [stdout]     | ----------- method in this implementation
[INFO] [stdout] 395 |     fn say_hello(&self, name: &str) {
[INFO] [stdout]     |        ^^^^^^^^^
[INFO] [stdout] 
[INFO] [stdout] 
[INFO] [stdout] warning: enum `Level` is never used
[INFO] [stdout]    --> src/main.rs:418:6
[INFO] [stdout]     |
[INFO] [stdout] 418 | enum Level {
[INFO] [stdout]     |      ^^^^^
[INFO] [stdout] 
[INFO] [stdout] 
[INFO] [stdout] warning: enum `Payment` is never used
[INFO] [stdout]    --> src/main.rs:429:6
[INFO] [stdout]     |
[INFO] [stdout] 429 | enum Payment {
[INFO] [stdout]     |      ^^^^^^^
[INFO] [stdout] 
[INFO] [stdout] 
[INFO] [stdout] warning: method `pay` is never used
[INFO] [stdout]    --> src/main.rs:436:8
[INFO] [stdout]     |
[INFO] [stdout] 435 | impl Payment {
[INFO] [stdout]     | ------------ method in this implementation
[INFO] [stdout] 436 |     fn pay(&self, amount: u32) {
[INFO] [stdout]     |        ^^^
[INFO] [stdout] 
[INFO] [stdout] 
[INFO] [stdout] warning: type alias `Age` is never used
[INFO] [stdout]    --> src/main.rs:588:6
[INFO] [stdout]     |
[INFO] [stdout] 588 | type Age = u8;
[INFO] [stdout]     |      ^^^
[INFO] [stdout] 
[INFO] [stdout] 
[INFO] [stdout] warning: type alias `IdentityNumber` is never used
[INFO] [stdout]    --> src/main.rs:589:6
[INFO] [stdout]     |
[INFO] [stdout] 589 | type IdentityNumber = String;
[INFO] [stdout]     |      ^^^^^^^^^^^^^^
[INFO] [stdout] 
[INFO] [stdout] 
[INFO] [stdout] warning: struct `Customer` is never constructed
[INFO] [stdout]    --> src/main.rs:591:8
[INFO] [stdout]     |
[INFO] [stdout] 591 | struct Customer {
[INFO] [stdout]     |        ^^^^^^^^
[INFO] [stdout] 
[INFO] [stdout] 
[INFO] [stdout] warning: type alias `Pelanggan` is never used
[INFO] [stdout]    --> src/main.rs:597:6
[INFO] [stdout]     |
[INFO] [stdout] 597 | type Pelanggan = Customer;
[INFO] [stdout]     |      ^^^^^^^^^
[INFO] [stdout] 
[INFO] [stdout] 
[INFO] [stdout] warning: trait `CanSayHello` is never used
[INFO] [stdout]    --> src/main.rs:639:7
[INFO] [stdout]     |
[INFO] [stdout] 639 | trait CanSayHello {
[INFO] [stdout]     |       ^^^^^^^^^^^
[INFO] [stdout] 
[INFO] [stdout] 
[INFO] [stdout] warning: function `say_hello_trait` is never used
[INFO] [stdout]    --> src/main.rs:656:4
[INFO] [stdout]     |
[INFO] [stdout] 656 | fn say_hello_trait(val: &impl CanSayHello) {
[INFO] [stdout]     |    ^^^^^^^^^^^^^^^
[INFO] [stdout] 
[INFO] [stdout] 
[INFO] [stdout] warning: trait `CanSayGoodbye` is never used
[INFO] [stdout]    --> src/main.rs:660:7
[INFO] [stdout]     |
[INFO] [stdout] 660 | trait CanSayGoodbye {
[INFO] [stdout]     |       ^^^^^^^^^^^^^
[INFO] [stdout] 
[INFO] [stdout] 
[INFO] [stdout] warning: function `hello_goodbye` is never used
[INFO] [stdout]    --> src/main.rs:674:4
[INFO] [stdout]     |
[INFO] [stdout] 674 | fn hello_goodbye(val: &(impl CanSayHello + CanSayGoodbye)) {
[INFO] [stdout]     |    ^^^^^^^^^^^^^
[INFO] [stdout] 
[INFO] [stdout] 
[INFO] [stdout] warning: struct `SimplePerson` is never constructed
[INFO] [stdout]    --> src/main.rs:698:8
[INFO] [stdout]     |
[INFO] [stdout] 698 | struct SimplePerson {
[INFO] [stdout]     |        ^^^^^^^^^^^^
[INFO] [stdout] 
[INFO] [stdout] 
[INFO] [stdout] warning: function `create_person` is never used
[INFO] [stdout]    --> src/main.rs:711:4
[INFO] [stdout]     |
[INFO] [stdout] 711 | fn create_person(name: String) -> impl CanSayGoodbye {
[INFO] [stdout]     |    ^^^^^^^^^^^^^
[INFO] [stdout] 
[INFO] [stdout] 
[INFO] [stdout] warning: trait `CanSay` is never used
[INFO] [stdout]    --> src/main.rs:722:7
[INFO] [stdout]     |
[INFO] [stdout] 722 | trait CanSay: CanSayHello + CanSayGoodbye {
[INFO] [stdout]     |       ^^^^^^
[INFO] [stdout] 
[INFO] [stdout] 
[INFO] [stdout] warning: struct `Point` is never constructed
[INFO] [stdout]    --> src/main.rs:735:8
[INFO] [stdout]     |
[INFO] [stdout] 735 | struct Point<T = i32> {
[INFO] [stdout]     |        ^^^^^
[INFO] [stdout] 
[INFO] [stdout] 
[INFO] [stdout] warning: methods `get_x` and `get_y` are never used
[INFO] [stdout]    --> src/main.rs:741:8
[INFO] [stdout]     |
[INFO] [stdout] 740 | impl<T> Point<T> {
[INFO] [stdout]     | ---------------- methods in this implementation
[INFO] [stdout] 741 |     fn get_x(&self) -> &T {
[INFO] [stdout]     |        ^^^^^
[INFO] [stdout] ...
[INFO] [stdout] 744 |     fn get_y(&self) -> &T {
[INFO] [stdout]     |        ^^^^^
[INFO] [stdout] 
[INFO] [stdout] 
[INFO] [stdout] warning: enum `Value` is never used
[INFO] [stdout]    --> src/main.rs:757:6
[INFO] [stdout]     |
[INFO] [stdout] 757 | enum Value<T> {
[INFO] [stdout]     |      ^^^^^
[INFO] [stdout] 
[INFO] [stdout] 
[INFO] [stdout] warning: struct `Hi` is never constructed
[INFO] [stdout]    --> src/main.rs:771:8
[INFO] [stdout]     |
[INFO] [stdout] 771 | struct Hi<T: CanSayGoodbye> {
[INFO] [stdout]     |        ^^
[INFO] [stdout] 
[INFO] [stdout] 
[INFO] [stdout] warning: function `min` is never used
[INFO] [stdout]    --> src/main.rs:785:4
[INFO] [stdout]     |
[INFO] [stdout] 785 | fn min<T: PartialOrd>(value1: T, value2: T) -> T {
[INFO] [stdout]     |    ^^^
[INFO] [stdout] 
[INFO] [stdout] 
[INFO] [stdout] warning: trait `GetValue` is never used
[INFO] [stdout]    --> src/main.rs:808:7
[INFO] [stdout]     |
[INFO] [stdout] 808 | trait GetValue<T>
[INFO] [stdout]     |       ^^^^^^^^
[INFO] [stdout] 
[INFO] [stdout] 
[INFO] [stdout] warning: function `double` is never used
[INFO] [stdout]    --> src/main.rs:848:4
[INFO] [stdout]     |
[INFO] [stdout] 848 | fn double(value: Option<i32>) -> Option<i32> {
[INFO] [stdout]     |    ^^^^^^
[INFO] [stdout] 
[INFO] [stdout] 
[INFO] [stdout] warning: struct `Category` is never constructed
[INFO] [stdout]    --> src/main.rs:902:8
[INFO] [stdout]     |
[INFO] [stdout] 902 | struct Category {
[INFO] [stdout]     |        ^^^^^^^^
[INFO] [stdout] 
[INFO] [stdout] 
[INFO] [stdout] warning: function `print_with_filter` is never used
[INFO] [stdout]    --> src/main.rs:931:4
[INFO] [stdout]     |
[INFO] [stdout] 931 | fn print_with_filter(value: String, filter: fn(String) -> String) {
[INFO] [stdout]     |    ^^^^^^^^^^^^^^^^^
[INFO] [stdout] 
[INFO] [stdout] 
[INFO] [stdout] warning: function `to_uppercase` is never used
[INFO] [stdout]    --> src/main.rs:942:4
[INFO] [stdout]     |
[INFO] [stdout] 942 | fn to_uppercase(value: String) -> String {
[INFO] [stdout]     |    ^^^^^^^^^^^^
[INFO] [stdout] 
[INFO] [stdout] 
[INFO] [stdout] warning: struct `Counter` is never constructed
[INFO] [stdout]    --> src/main.rs:965:8
[INFO] [stdout]     |
[INFO] [stdout] 965 | struct Counter {
[INFO] [stdout]     |        ^^^^^^^
[INFO] [stdout] 
[INFO] [stdout] 
[INFO] [stdout] warning: method `increment` is never used
[INFO] [stdout]    --> src/main.rs:970:8
[INFO] [stdout]     |
[INFO] [stdout] 969 | impl Counter {
[INFO] [stdout]     | ------------ method in this implementation
[INFO] [stdout] 970 |     fn increment(&mut self) {
[INFO] [stdout]     |        ^^^^^^^^^
[INFO] [stdout] 
[INFO] [stdout] 
[INFO] [stdout] warning: function `connect_database` is never used
[INFO] [stdout]     --> src/main.rs:1099:4
[INFO] [stdout]      |
[INFO] [stdout] 1099 | fn connect_database(host: Option<String>) {
[INFO] [stdout]      |    ^^^^^^^^^^^^^^^^
[INFO] [stdout] 
[INFO] [stdout] 
[INFO] [stdout] warning: function `connect_cache` is never used
[INFO] [stdout]     --> src/main.rs:1120:4
[INFO] [stdout]      |
[INFO] [stdout] 1120 | fn connect_cache(host: Option<String>) -> Result<String, String> {
[INFO] [stdout]      |    ^^^^^^^^^^^^^
[INFO] [stdout] 
[INFO] [stdout] 
[INFO] [stdout] warning: function `connect_email` is never used
[INFO] [stdout]     --> src/main.rs:1139:4
[INFO] [stdout]      |
[INFO] [stdout] 1139 | fn connect_email(host: Option<String>) -> Result<String, String> {
[INFO] [stdout]      |    ^^^^^^^^^^^^^
[INFO] [stdout] 
[INFO] [stdout] 
[INFO] [stdout] warning: function `connect_application` is never used
[INFO] [stdout]     --> src/main.rs:1146:4
[INFO] [stdout]      |
[INFO] [stdout] 1146 | fn connect_application(host: Option<String>) -> Result<String, String> {
[INFO] [stdout]      |    ^^^^^^^^^^^^^^^^^^^
[INFO] [stdout] 
[INFO] [stdout] 
[INFO] [stdout] warning: function `longest` is never used
[INFO] [stdout]     --> src/main.rs:1187:4
[INFO] [stdout]      |
[INFO] [stdout] 1187 | fn longest<'a>(value: &'a str, value2: &'a str) -> &'a str {
[INFO] [stdout]      |    ^^^^^^^
[INFO] [stdout] 
[INFO] [stdout] 
[INFO] [stdout] warning: struct `Student` is never constructed
[INFO] [stdout]     --> src/main.rs:1214:8
[INFO] [stdout]      |
[INFO] [stdout] 1214 | struct Student<'a, 'b> {
[INFO] [stdout]      |        ^^^^^^^
[INFO] [stdout] 
[INFO] [stdout] 
[INFO] [stdout] warning: method `longest_name` is never used
[INFO] [stdout]     --> src/main.rs:1220:8
[INFO] [stdout]      |
[INFO] [stdout] 1219 | impl<'a, 'b> Student<'a, 'b> {
[INFO] [stdout]      | ---------------------------- method in this implementation
[INFO] [stdout] 1220 |     fn longest_name(&self, student: &Student<'a, 'b>) -> &'a str {
[INFO] [stdout]      |        ^^^^^^^^^^^^
[INFO] [stdout] 
[INFO] [stdout] 
[INFO] [stdout] warning: function `longest_student_name` is never used
[INFO] [stdout]     --> src/main.rs:1229:4
[INFO] [stdout]      |
[INFO] [stdout] 1229 | fn longest_student_name<'a, 'b>(student1: &Student<'a, 'b>, student2: &Student<'a, 'b>) -> &'a str {
[INFO] [stdout]      |    ^^^^^^^^^^^^^^^^^^^^
[INFO] [stdout] 
[INFO] [stdout] 
[INFO] [stdout] warning: struct `Teacher` is never constructed
[INFO] [stdout]     --> src/main.rs:1253:8
[INFO] [stdout]      |
[INFO] [stdout] 1253 | struct Teacher<'a, ID>
[INFO] [stdout]      |        ^^^^^^^
[INFO] [stdout] 
[INFO] [stdout] 
[INFO] [stdout] warning: struct `Company` is never constructed
[INFO] [stdout]     --> src/main.rs:1272:8
[INFO] [stdout]      |
[INFO] [stdout] 1272 | struct Company {
[INFO] [stdout]      |        ^^^^^^^
[INFO] [stdout] 
[INFO] [stdout] 
[INFO] [stdout] warning: function `display_number` is never used
[INFO] [stdout]     --> src/main.rs:1306:4
[INFO] [stdout]      |
[INFO] [stdout] 1306 | fn display_number(val: i32) {
[INFO] [stdout]      |    ^^^^^^^^^^^^^^
[INFO] [stdout] 
[INFO] [stdout] 
[INFO] [stdout] warning: function `display_number_ref` is never used
[INFO] [stdout]     --> src/main.rs:1309:4
[INFO] [stdout]      |
[INFO] [stdout] 1309 | fn display_number_ref(val: &i32) {
[INFO] [stdout]      |    ^^^^^^^^^^^^^^^^^^
[INFO] [stdout] 
[INFO] [stdout] 
[INFO] [stdout] warning: enum `ProductCategory` is never used
[INFO] [stdout]     --> src/main.rs:1314:6
[INFO] [stdout]      |
[INFO] [stdout] 1314 | enum ProductCategory {
[INFO] [stdout]      |      ^^^^^^^^^^^^^^^
[INFO] [stdout] 
[INFO] [stdout] 
[INFO] [stdout] warning: function `print_category` is never used
[INFO] [stdout]     --> src/main.rs:1331:4
[INFO] [stdout]      |
[INFO] [stdout] 1331 | fn print_category(category: &ProductCategory) {
[INFO] [stdout]      |    ^^^^^^^^^^^^^^
[INFO] [stdout] 
[INFO] [stdout] 
[INFO] [stdout] warning: struct `MyValue` is never constructed
[INFO] [stdout]     --> src/main.rs:1343:8
[INFO] [stdout]      |
[INFO] [stdout] 1343 | struct MyValue<T> {
[INFO] [stdout]      |        ^^^^^^^
[INFO] [stdout] 
[INFO] [stdout] 
[INFO] [stdout] warning: function `say_hello_ref` is never used
[INFO] [stdout]     --> src/main.rs:1363:4
[INFO] [stdout]      |
[INFO] [stdout] 1363 | fn say_hello_ref(name: &String) {
[INFO] [stdout]      |    ^^^^^^^^^^^^^
[INFO] [stdout] 
[INFO] [stdout] 
[INFO] [stdout] warning: struct `Book` is never constructed
[INFO] [stdout]     --> src/main.rs:1375:8
[INFO] [stdout]      |
[INFO] [stdout] 1375 | struct Book {
[INFO] [stdout]      |        ^^^^
[INFO] [stdout] 
[INFO] [stdout] 
[INFO] [stdout] warning: enum `Brand` is never used
[INFO] [stdout]     --> src/main.rs:1393:6
[INFO] [stdout]      |
[INFO] [stdout] 1393 | enum Brand {
[INFO] [stdout]      |      ^^^^^
[INFO] [stdout] 
[INFO] [stdout] 
[INFO] [stdout] warning: struct `Seller` is never constructed
[INFO] [stdout]     --> src/main.rs:1417:8
[INFO] [stdout]      |
[INFO] [stdout] 1417 | struct Seller {
[INFO] [stdout]      |        ^^^^^^
[INFO] [stdout] 
[INFO] [stdout] 
[INFO] [stdout] warning: static `APPLICATION` is never used
[INFO] [stdout]     --> src/main.rs:1436:8
[INFO] [stdout]      |
[INFO] [stdout] 1436 | static APPLICATION: &str = "Application";
[INFO] [stdout]      |        ^^^^^^^^^^^
[INFO] [stdout] 
[INFO] [stdout] 
[INFO] [stdout] warning: static `COUNTER` is never used
[INFO] [stdout]     --> src/main.rs:1443:12
[INFO] [stdout]      |
[INFO] [stdout] 1443 | static mut COUNTER: i32 = 0;
[INFO] [stdout]      |            ^^^^^^^
[INFO] [stdout] 
[INFO] [stdout] 
[INFO] [stdout] warning: function `increment` is never used
[INFO] [stdout]     --> src/main.rs:1445:11
[INFO] [stdout]      |
[INFO] [stdout] 1445 | unsafe fn increment() {
[INFO] [stdout]      |           ^^^^^^^^^
[INFO] [stdout] 
[INFO] [stdout] 
[INFO] [stdout] warning: function `say_hello` is never used
[INFO] [stdout]  --> src/first.rs:3:8
[INFO] [stdout]   |
[INFO] [stdout] 3 | pub fn say_hello (name: &str) {
[INFO] [stdout]   |        ^^^^^^^^^
[INFO] [stdout] 
[INFO] [stdout] 
[INFO] [stdout] warning: function `say_hello` is never used
[INFO] [stdout]   --> src/first.rs:11:16
[INFO] [stdout]    |
[INFO] [stdout] 11 |         pub fn say_hello (name: &str) {
[INFO] [stdout]    |                ^^^^^^^^^
[INFO] [stdout] 
[INFO] [stdout] 
[INFO] [stdout] warning: struct `User` is never constructed
[INFO] [stdout]  --> src/model.rs:1:12
[INFO] [stdout]   |
[INFO] [stdout] 1 | pub struct User {
[INFO] [stdout]   |            ^^^^
[INFO] [stdout] 
[INFO] [stdout] 
[INFO] [stdout] warning: method `say_hello` is never used
[INFO] [stdout]  --> src/model.rs:7:16
[INFO] [stdout]   |
[INFO] [stdout] 6 |     impl User {
[INFO] [stdout]   |     --------- method in this implementation
[INFO] [stdout] 7 |         pub fn say_hello(&self, name: &str) {
[INFO] [stdout]   |                ^^^^^^^^^
[INFO] [stdout] 
[INFO] [stdout] 
[INFO] [stdout] warning: function `say_hello` is never used
[INFO] [stdout]  --> src/second.rs:1:8
[INFO] [stdout]   |
[INFO] [stdout] 1 | pub fn say_hello (name: &str) {
[INFO] [stdout]   |        ^^^^^^^^^
[INFO] [stdout] 
[INFO] [stdout] 
[INFO] [stdout] warning: function `say_hello` is never used
[INFO] [stdout]  --> src/third.rs:1:8
[INFO] [stdout]   |
[INFO] [stdout] 1 | pub fn say_hello (name: &str) {
[INFO] [stdout]   |        ^^^^^^^^^
[INFO] [stdout] 
[INFO] [stdout] 
[INFO] [stderr]     Finished `dev` profile [unoptimized + debuginfo] target(s) in 4.42s
[INFO] running `Command { std: "docker" "inspect" "a412c3eb3b9411045391407ae49554df97b936fdab381db33b77e14775a9169d", kill_on_drop: false }`
[INFO] running `Command { std: "docker" "rm" "-f" "a412c3eb3b9411045391407ae49554df97b936fdab381db33b77e14775a9169d", kill_on_drop: false }`
[INFO] [stdout] a412c3eb3b9411045391407ae49554df97b936fdab381db33b77e14775a9169d
[INFO] running `Command { std: "docker" "create" "-v" "/var/lib/crater-agent-workspace/builds/worker-0-tc1/target:/opt/rustwide/target:rw,Z" "-v" "/var/lib/crater-agent-workspace/builds/worker-0-tc1/source:/opt/rustwide/workdir:ro,Z" "-v" "/var/lib/crater-agent-workspace/cargo-home:/opt/rustwide/cargo-home:ro,Z" "-v" "/var/lib/crater-agent-workspace/rustup-home:/opt/rustwide/rustup-home:ro,Z" "-e" "SOURCE_DIR=/opt/rustwide/workdir" "-e" "CARGO_TARGET_DIR=/opt/rustwide/target" "-e" "CARGO_INCREMENTAL=0" "-e" "RUST_BACKTRACE=full" "-e" "RUSTFLAGS=--cap-lints=forbid" "-e" "RUSTDOCFLAGS=--cap-lints=forbid" "-e" "CARGO_HOME=/opt/rustwide/cargo-home" "-e" "RUSTUP_HOME=/opt/rustwide/rustup-home" "-w" "/opt/rustwide/workdir" "-m" "1610612736" "--user" "0:0" "--network" "none" "ghcr.io/rust-lang/crates-build-env/linux@sha256:819108c5571ea2e421544af4d832f968d213c87fbe3707a016657f43d2f853bc" "/opt/rustwide/cargo-home/bin/cargo" "+nightly-2025-01-18" "test" "--frozen" "--no-run" "--message-format=json", kill_on_drop: false }`
[INFO] [stdout] f40fcfe5bf05d23b21474494b423c1c6f0de9faa3ef9b0ad01798018156a98df
[INFO] running `Command { std: "docker" "start" "-a" "f40fcfe5bf05d23b21474494b423c1c6f0de9faa3ef9b0ad01798018156a98df", kill_on_drop: false }`
[INFO] [stderr]    Compiling belajar-rust v0.1.0 (/opt/rustwide/workdir)
[INFO] [stdout] warning: unused import: `model::*`
[INFO] [stdout]    --> src/main.rs:617:5
[INFO] [stdout]     |
[INFO] [stdout] 617 | use model::*;
[INFO] [stdout]     |     ^^^^^^^^
[INFO] [stdout]     |
[INFO] [stdout]     = note: `#[warn(unused_imports)]` on by default
[INFO] [stdout] 
[INFO] [stdout] 
[INFO] [stdout] warning: unused import: `self`
[INFO] [stdout]     --> src/main.rs:1118:19
[INFO] [stdout]      |
[INFO] [stdout] 1118 | use std::result::{self, Result};
[INFO] [stdout]      |                   ^^^^
[INFO] [stdout] 
[INFO] [stdout] 
[INFO] [stdout] warning: unused import: `ops::Sub`
[INFO] [stdout]     --> src/main.rs:1499:5
[INFO] [stdout]      |
[INFO] [stdout] 1499 |     ops::Sub,
[INFO] [stdout]      |     ^^^^^^^^
[INFO] [stdout] 
[INFO] [stdout] 
[INFO] [stdout] warning: unreachable pattern
[INFO] [stdout]    --> src/main.rs:548:9
[INFO] [stdout]     |
[INFO] [stdout] 545 |         GeoPoint(long, _) => {
[INFO] [stdout]     |         ----------------- matches any value
[INFO] [stdout] ...
[INFO] [stdout] 548 |         GeoPoint(_, lat) => {
[INFO] [stdout]     |         ^^^^^^^^^^^^^^^^ no value can reach this
[INFO] [stdout]     |
[INFO] [stdout]     = note: `#[warn(unreachable_patterns)]` on by default
[INFO] [stdout] 
[INFO] [stdout] 
[INFO] [stdout] warning: unreachable pattern
[INFO] [stdout]    --> src/main.rs:551:9
[INFO] [stdout]     |
[INFO] [stdout] 545 |         GeoPoint(long, _) => {
[INFO] [stdout]     |         ----------------- matches any value
[INFO] [stdout] ...
[INFO] [stdout] 551 |         GeoPoint(long, lat) => {
[INFO] [stdout]     |         ^^^^^^^^^^^^^^^^^^^ no value can reach this
[INFO] [stdout] 
[INFO] [stdout] 
[INFO] [stdout] warning: unused variable: `name`
[INFO] [stdout]     --> src/main.rs:1022:9
[INFO] [stdout]      |
[INFO] [stdout] 1022 |     let name = map.get("name");
[INFO] [stdout]      |         ^^^^ help: if this is intentional, prefix it with an underscore: `_name`
[INFO] [stdout]      |
[INFO] [stdout]      = note: `#[warn(unused_variables)]` on by default
[INFO] [stdout] 
[INFO] [stdout] 
[INFO] [stdout] warning: unused variable: `age`
[INFO] [stdout]     --> src/main.rs:1023:9
[INFO] [stdout]      |
[INFO] [stdout] 1023 |     let age = map.get("age");
[INFO] [stdout]      |         ^^^ help: if this is intentional, prefix it with an underscore: `_age`
[INFO] [stdout] 
[INFO] [stdout] 
[INFO] [stdout] warning: unused variable: `name`
[INFO] [stdout]     --> src/main.rs:1034:9
[INFO] [stdout]      |
[INFO] [stdout] 1034 |     let name = map.get("name");
[INFO] [stdout]      |         ^^^^ help: if this is intentional, prefix it with an underscore: `_name`
[INFO] [stdout] 
[INFO] [stdout] 
[INFO] [stdout] warning: unused variable: `age`
[INFO] [stdout]     --> src/main.rs:1035:9
[INFO] [stdout]      |
[INFO] [stdout] 1035 |     let age = map.get("age");
[INFO] [stdout]      |         ^^^ help: if this is intentional, prefix it with an underscore: `_age`
[INFO] [stdout] 
[INFO] [stdout] 
[INFO] [stdout] warning: unused variable: `x`
[INFO] [stdout]     --> src/main.rs:1180:13
[INFO] [stdout]      |
[INFO] [stdout] 1180 |         let x = 5;
[INFO] [stdout]      |             ^ help: if this is intentional, prefix it with an underscore: `_x`
[INFO] [stdout] 
[INFO] [stdout] 
[INFO] [stdout] warning: unused variable: `laptop`
[INFO] [stdout]     --> src/main.rs:1403:9
[INFO] [stdout]      |
[INFO] [stdout] 1403 |     let laptop = Brand::Of("Laptop".to_string(), Rc::clone(&apple));
[INFO] [stdout]      |         ^^^^^^ help: if this is intentional, prefix it with an underscore: `_laptop`
[INFO] [stdout] 
[INFO] [stdout] 
[INFO] [stdout] warning: unused variable: `smartphone`
[INFO] [stdout]     --> src/main.rs:1407:13
[INFO] [stdout]      |
[INFO] [stdout] 1407 |         let smartphone = Brand::Of("Smartphone".to_string(), Rc::clone(&apple));
[INFO] [stdout]      |             ^^^^^^^^^^ help: if this is intentional, prefix it with an underscore: `_smartphone`
[INFO] [stdout] 
[INFO] [stdout] 
[INFO] [stdout] warning: variant `Platinum` is never constructed
[INFO] [stdout]    --> src/main.rs:421:5
[INFO] [stdout]     |
[INFO] [stdout] 418 | enum Level {
[INFO] [stdout]     |      ----- variant in this enum
[INFO] [stdout] ...
[INFO] [stdout] 421 |     Platinum,
[INFO] [stdout]     |     ^^^^^^^^
[INFO] [stdout]     |
[INFO] [stdout]     = note: `#[warn(dead_code)]` on by default
[INFO] [stdout] 
[INFO] [stdout] 
[INFO] [stdout] warning: variants `BankTransfer` and `EWallet` are never constructed
[INFO] [stdout]    --> src/main.rs:431:5
[INFO] [stdout]     |
[INFO] [stdout] 429 | enum Payment {
[INFO] [stdout]     |      ------- variants in this enum
[INFO] [stdout] 430 |     CreditCard(String),
[INFO] [stdout] 431 |     BankTransfer(String, String),
[INFO] [stdout]     |     ^^^^^^^^^^^^
[INFO] [stdout] 432 |     EWallet(String, String),
[INFO] [stdout]     |     ^^^^^^^
[INFO] [stdout] 
[INFO] [stdout] 
[INFO] [stdout] warning: type alias `Pelanggan` is never used
[INFO] [stdout]    --> src/main.rs:597:6
[INFO] [stdout]     |
[INFO] [stdout] 597 | type Pelanggan = Customer;
[INFO] [stdout]     |      ^^^^^^^^^
[INFO] [stdout] 
[INFO] [stdout] 
[INFO] [stdout] warning: methods `hellos` and `say_hello_to` are never used
[INFO] [stdout]    --> src/main.rs:640:8
[INFO] [stdout]     |
[INFO] [stdout] 639 | trait CanSayHello {
[INFO] [stdout]     |       ----------- methods in this trait
[INFO] [stdout] 640 |     fn hellos(&self) -> String {
[INFO] [stdout]     |        ^^^^^^
[INFO] [stdout] ...
[INFO] [stdout] 644 |     fn say_hello_to(&self, name: &str) -> String;
[INFO] [stdout]     |        ^^^^^^^^^^^^
[INFO] [stdout] 
[INFO] [stdout] 
[INFO] [stdout] warning: function `say_hello_trait` is never used
[INFO] [stdout]    --> src/main.rs:656:4
[INFO] [stdout]     |
[INFO] [stdout] 656 | fn say_hello_trait(val: &impl CanSayHello) {
[INFO] [stdout]     |    ^^^^^^^^^^^^^^^
[INFO] [stdout] 
[INFO] [stdout] 
[INFO] [stdout] warning: function `hello_goodbye` is never used
[INFO] [stdout]    --> src/main.rs:674:4
[INFO] [stdout]     |
[INFO] [stdout] 674 | fn hello_goodbye(val: &(impl CanSayHello + CanSayGoodbye)) {
[INFO] [stdout]     |    ^^^^^^^^^^^^^
[INFO] [stdout] 
[INFO] [stdout] 
[INFO] [stdout] warning: trait `CanSay` is never used
[INFO] [stdout]    --> src/main.rs:722:7
[INFO] [stdout]     |
[INFO] [stdout] 722 | trait CanSay: CanSayHello + CanSayGoodbye {
[INFO] [stdout]     |       ^^^^^^
[INFO] [stdout] 
[INFO] [stdout] 
[INFO] [stdout] warning: variant `NONE` is never constructed
[INFO] [stdout]    --> src/main.rs:758:5
[INFO] [stdout]     |
[INFO] [stdout] 757 | enum Value<T> {
[INFO] [stdout]     |      ----- variant in this enum
[INFO] [stdout] 758 |     NONE,
[INFO] [stdout]     |     ^^^^
[INFO] [stdout] 
[INFO] [stdout] 
[INFO] [stdout] warning: trait `GetValue` is never used
[INFO] [stdout]    --> src/main.rs:808:7
[INFO] [stdout]     |
[INFO] [stdout] 808 | trait GetValue<T>
[INFO] [stdout]     |       ^^^^^^^^
[INFO] [stdout] 
[INFO] [stdout] 
[INFO] [stdout] warning: field `username` is never read
[INFO] [stdout]     --> src/main.rs:1216:5
[INFO] [stdout]      |
[INFO] [stdout] 1214 | struct Student<'a, 'b> {
[INFO] [stdout]      |        ------- field in this struct
[INFO] [stdout] 1215 |     name: &'a str,
[INFO] [stdout] 1216 |     username: &'b str,
[INFO] [stdout]      |     ^^^^^^^^
[INFO] [stdout] 
[INFO] [stdout] 
[INFO] [stdout] warning: fields `0` and `1` are never read
[INFO] [stdout]     --> src/main.rs:1315:8
[INFO] [stdout]      |
[INFO] [stdout] 1315 |     Of(String, Box<ProductCategory>),
[INFO] [stdout]      |     -- ^^^^^^  ^^^^^^^^^^^^^^^^^^^^
[INFO] [stdout]      |     |
[INFO] [stdout]      |     fields in this variant
[INFO] [stdout]      |
[INFO] [stdout]      = note: `ProductCategory` has a derived impl for the trait `Debug`, but this is intentionally ignored during dead code analysis
[INFO] [stdout] help: consider changing the fields to be of unit type to suppress this warning while preserving the field numbering, or remove the fields
[INFO] [stdout]      |
[INFO] [stdout] 1315 |     Of((), ()),
[INFO] [stdout]      |        ~~  ~~
[INFO] [stdout] 
[INFO] [stdout] 
[INFO] [stdout] warning: fields `0` and `1` are never read
[INFO] [stdout]     --> src/main.rs:1394:8
[INFO] [stdout]      |
[INFO] [stdout] 1394 |     Of(String, Rc<Brand>),
[INFO] [stdout]      |     -- ^^^^^^  ^^^^^^^^^
[INFO] [stdout]      |     |
[INFO] [stdout]      |     fields in this variant
[INFO] [stdout]      |
[INFO] [stdout] help: consider changing the fields to be of unit type to suppress this warning while preserving the field numbering, or remove the fields
[INFO] [stdout]      |
[INFO] [stdout] 1394 |     Of((), ()),
[INFO] [stdout]      |        ~~  ~~
[INFO] [stdout] 
[INFO] [stdout] 
[INFO] [stdout] warning: field `active` is never read
[INFO] [stdout]     --> src/main.rs:1419:5
[INFO] [stdout]      |
[INFO] [stdout] 1417 | struct Seller {
[INFO] [stdout]      |        ------ field in this struct
[INFO] [stdout] 1418 |     name: RefCell<String>,
[INFO] [stdout] 1419 |     active: RefCell<bool>,
[INFO] [stdout]      |     ^^^^^^
[INFO] [stdout]      |
[INFO] [stdout]      = note: `Seller` has a derived impl for the trait `Debug`, but this is intentionally ignored during dead code analysis
[INFO] [stdout] 
[INFO] [stdout] 
[INFO] [stdout] warning: fields `age` and `alive` are never read
[INFO] [stdout]  --> src/model.rs:3:13
[INFO] [stdout]   |
[INFO] [stdout] 1 | pub struct User {
[INFO] [stdout]   |            ---- fields in this struct
[INFO] [stdout] 2 |         pub name: String,
[INFO] [stdout] 3 |         pub age: u8,
[INFO] [stdout]   |             ^^^
[INFO] [stdout] 4 |         pub alive: bool
[INFO] [stdout]   |             ^^^^^
[INFO] [stdout] 
[INFO] [stdout] 
[INFO] [stdout] warning: creating a shared reference to mutable static is discouraged
[INFO] [stdout]     --> src/main.rs:1454:24
[INFO] [stdout]      |
[INFO] [stdout] 1454 |         println!("{}", COUNTER);
[INFO] [stdout]      |                        ^^^^^^^ shared reference to mutable static
[INFO] [stdout]      |
[INFO] [stdout]      = note: for more information, see <https://doc.rust-lang.org/nightly/edition-guide/rust-2024/static-mut-references.html>
[INFO] [stdout]      = note: shared references to mutable statics are dangerous; it's undefined behavior if the static is mutated or if a mutable reference is created for it while the shared reference lives
[INFO] [stdout]      = note: `#[warn(static_mut_refs)]` on by default
[INFO] [stdout] 
[INFO] [stdout] 
[INFO] [stderr]     Finished `test` profile [unoptimized + debuginfo] target(s) in 1.60s
[INFO] running `Command { std: "docker" "inspect" "f40fcfe5bf05d23b21474494b423c1c6f0de9faa3ef9b0ad01798018156a98df", kill_on_drop: false }`
[INFO] running `Command { std: "docker" "rm" "-f" "f40fcfe5bf05d23b21474494b423c1c6f0de9faa3ef9b0ad01798018156a98df", kill_on_drop: false }`
[INFO] [stdout] f40fcfe5bf05d23b21474494b423c1c6f0de9faa3ef9b0ad01798018156a98df
[INFO] running `Command { std: "docker" "create" "-v" "/var/lib/crater-agent-workspace/builds/worker-0-tc1/target:/opt/rustwide/target:rw,Z" "-v" "/var/lib/crater-agent-workspace/builds/worker-0-tc1/source:/opt/rustwide/workdir:ro,Z" "-v" "/var/lib/crater-agent-workspace/cargo-home:/opt/rustwide/cargo-home:ro,Z" "-v" "/var/lib/crater-agent-workspace/rustup-home:/opt/rustwide/rustup-home:ro,Z" "-e" "SOURCE_DIR=/opt/rustwide/workdir" "-e" "CARGO_TARGET_DIR=/opt/rustwide/target" "-e" "CARGO_INCREMENTAL=0" "-e" "RUST_BACKTRACE=full" "-e" "RUSTFLAGS=--cap-lints=forbid" "-e" "RUSTDOCFLAGS=--cap-lints=forbid" "-e" "CARGO_HOME=/opt/rustwide/cargo-home" "-e" "RUSTUP_HOME=/opt/rustwide/rustup-home" "-w" "/opt/rustwide/workdir" "-m" "1610612736" "--user" "0:0" "--network" "none" "ghcr.io/rust-lang/crates-build-env/linux@sha256:819108c5571ea2e421544af4d832f968d213c87fbe3707a016657f43d2f853bc" "/opt/rustwide/cargo-home/bin/cargo" "+nightly-2025-01-18" "test" "--frozen", kill_on_drop: false }`
[INFO] [stdout] a2ca08e503f28e77fc67ac67eb68e0632f8afce3c59c89a1b876f8dff31dde61
[INFO] running `Command { std: "docker" "start" "-a" "a2ca08e503f28e77fc67ac67eb68e0632f8afce3c59c89a1b876f8dff31dde61", kill_on_drop: false }`
[INFO] [stderr] warning: unused import: `model::*`
[INFO] [stderr]    --> src/main.rs:617:5
[INFO] [stderr]     |
[INFO] [stderr] 617 | use model::*;
[INFO] [stderr]     |     ^^^^^^^^
[INFO] [stderr]     |
[INFO] [stderr]     = note: `#[warn(unused_imports)]` on by default
[INFO] [stderr] 
[INFO] [stderr] warning: unused import: `self`
[INFO] [stderr]     --> src/main.rs:1118:19
[INFO] [stderr]      |
[INFO] [stderr] 1118 | use std::result::{self, Result};
[INFO] [stderr]      |                   ^^^^
[INFO] [stderr] 
[INFO] [stderr] warning: unused import: `ops::Sub`
[INFO] [stderr]     --> src/main.rs:1499:5
[INFO] [stderr]      |
[INFO] [stderr] 1499 |     ops::Sub,
[INFO] [stderr]      |     ^^^^^^^^
[INFO] [stderr] 
[INFO] [stderr] warning: unreachable pattern
[INFO] [stderr]    --> src/main.rs:548:9
[INFO] [stderr]     |
[INFO] [stderr] 545 |         GeoPoint(long, _) => {
[INFO] [stderr]     |         ----------------- matches any value
[INFO] [stderr] ...
[INFO] [stderr] 548 |         GeoPoint(_, lat) => {
[INFO] [stderr]     |         ^^^^^^^^^^^^^^^^ no value can reach this
[INFO] [stderr]     |
[INFO] [stderr]     = note: `#[warn(unreachable_patterns)]` on by default
[INFO] [stderr] 
[INFO] [stderr] warning: unreachable pattern
[INFO] [stderr]    --> src/main.rs:551:9
[INFO] [stderr]     |
[INFO] [stderr] 545 |         GeoPoint(long, _) => {
[INFO] [stderr]     |         ----------------- matches any value
[INFO] [stderr] ...
[INFO] [stderr] 551 |         GeoPoint(long, lat) => {
[INFO] [stderr]     |         ^^^^^^^^^^^^^^^^^^^ no value can reach this
[INFO] [stderr] 
[INFO] [stderr] warning: unused variable: `name`
[INFO] [stderr]     --> src/main.rs:1022:9
[INFO] [stderr]      |
[INFO] [stderr] 1022 |     let name = map.get("name");
[INFO] [stderr]      |         ^^^^ help: if this is intentional, prefix it with an underscore: `_name`
[INFO] [stderr]      |
[INFO] [stderr]      = note: `#[warn(unused_variables)]` on by default
[INFO] [stderr] 
[INFO] [stderr] warning: unused variable: `age`
[INFO] [stderr]     --> src/main.rs:1023:9
[INFO] [stderr]      |
[INFO] [stderr] 1023 |     let age = map.get("age");
[INFO] [stderr]      |         ^^^ help: if this is intentional, prefix it with an underscore: `_age`
[INFO] [stderr] 
[INFO] [stderr] warning: unused variable: `name`
[INFO] [stderr]     --> src/main.rs:1034:9
[INFO] [stderr]      |
[INFO] [stderr] 1034 |     let name = map.get("name");
[INFO] [stderr]      |         ^^^^ help: if this is intentional, prefix it with an underscore: `_name`
[INFO] [stderr] 
[INFO] [stderr] warning: unused variable: `age`
[INFO] [stderr]     --> src/main.rs:1035:9
[INFO] [stderr]      |
[INFO] [stderr] 1035 |     let age = map.get("age");
[INFO] [stderr]      |         ^^^ help: if this is intentional, prefix it with an underscore: `_age`
[INFO] [stderr] 
[INFO] [stderr] warning: unused variable: `x`
[INFO] [stderr]     --> src/main.rs:1180:13
[INFO] [stderr]      |
[INFO] [stderr] 1180 |         let x = 5;
[INFO] [stderr]      |             ^ help: if this is intentional, prefix it with an underscore: `_x`
[INFO] [stderr] 
[INFO] [stderr] warning: unused variable: `laptop`
[INFO] [stderr]     --> src/main.rs:1403:9
[INFO] [stderr]      |
[INFO] [stderr] 1403 |     let laptop = Brand::Of("Laptop".to_string(), Rc::clone(&apple));
[INFO] [stderr]      |         ^^^^^^ help: if this is intentional, prefix it with an underscore: `_laptop`
[INFO] [stderr] 
[INFO] [stderr] warning: unused variable: `smartphone`
[INFO] [stderr]     --> src/main.rs:1407:13
[INFO] [stderr]      |
[INFO] [stderr] 1407 |         let smartphone = Brand::Of("Smartphone".to_string(), Rc::clone(&apple));
[INFO] [stderr]      |             ^^^^^^^^^^ help: if this is intentional, prefix it with an underscore: `_smartphone`
[INFO] [stderr] 
[INFO] [stderr] warning: variant `Platinum` is never constructed
[INFO] [stderr]    --> src/main.rs:421:5
[INFO] [stderr]     |
[INFO] [stderr] 418 | enum Level {
[INFO] [stderr]     |      ----- variant in this enum
[INFO] [stderr] ...
[INFO] [stderr] 421 |     Platinum,
[INFO] [stderr]     |     ^^^^^^^^
[INFO] [stderr]     |
[INFO] [stderr]     = note: `#[warn(dead_code)]` on by default
[INFO] [stderr] 
[INFO] [stderr] warning: variants `BankTransfer` and `EWallet` are never constructed
[INFO] [stderr]    --> src/main.rs:431:5
[INFO] [stderr]     |
[INFO] [stderr] 429 | enum Payment {
[INFO] [stderr]     |      ------- variants in this enum
[INFO] [stderr] 430 |     CreditCard(String),
[INFO] [stderr] 431 |     BankTransfer(String, String),
[INFO] [stderr]     |     ^^^^^^^^^^^^
[INFO] [stderr] 432 |     EWallet(String, String),
[INFO] [stderr]     |     ^^^^^^^
[INFO] [stderr] 
[INFO] [stderr] warning: type alias `Pelanggan` is never used
[INFO] [stderr]    --> src/main.rs:597:6
[INFO] [stderr]     |
[INFO] [stderr] 597 | type Pelanggan = Customer;
[INFO] [stderr]     |      ^^^^^^^^^
[INFO] [stderr] 
[INFO] [stderr] warning: methods `hellos` and `say_hello_to` are never used
[INFO] [stderr]    --> src/main.rs:640:8
[INFO] [stderr]     |
[INFO] [stderr] 639 | trait CanSayHello {
[INFO] [stderr]     |       ----------- methods in this trait
[INFO] [stderr] 640 |     fn hellos(&self) -> String {
[INFO] [stderr]     |        ^^^^^^
[INFO] [stderr] ...
[INFO] [stderr] 644 |     fn say_hello_to(&self, name: &str) -> String;
[INFO] [stderr]     |        ^^^^^^^^^^^^
[INFO] [stderr] 
[INFO] [stderr] warning: function `say_hello_trait` is never used
[INFO] [stderr]    --> src/main.rs:656:4
[INFO] [stderr]     |
[INFO] [stderr] 656 | fn say_hello_trait(val: &impl CanSayHello) {
[INFO] [stderr]     |    ^^^^^^^^^^^^^^^
[INFO] [stderr] 
[INFO] [stderr] warning: function `hello_goodbye` is never used
[INFO] [stderr]    --> src/main.rs:674:4
[INFO] [stderr]     |
[INFO] [stderr] 674 | fn hello_goodbye(val: &(impl CanSayHello + CanSayGoodbye)) {
[INFO] [stderr]     |    ^^^^^^^^^^^^^
[INFO] [stderr] 
[INFO] [stderr] warning: trait `CanSay` is never used
[INFO] [stderr]    --> src/main.rs:722:7
[INFO] [stderr]     |
[INFO] [stderr] 722 | trait CanSay: CanSayHello + CanSayGoodbye {
[INFO] [stderr]     |       ^^^^^^
[INFO] [stderr] 
[INFO] [stderr] warning: variant `NONE` is never constructed
[INFO] [stderr]    --> src/main.rs:758:5
[INFO] [stderr]     |
[INFO] [stderr] 757 | enum Value<T> {
[INFO] [stderr]     |      ----- variant in this enum
[INFO] [stderr] 758 |     NONE,
[INFO] [stderr]     |     ^^^^
[INFO] [stderr] 
[INFO] [stderr] warning: trait `GetValue` is never used
[INFO] [stderr]    --> src/main.rs:808:7
[INFO] [stderr]     |
[INFO] [stderr] 808 | trait GetValue<T>
[INFO] [stderr]     |       ^^^^^^^^
[INFO] [stderr] 
[INFO] [stderr] warning: field `username` is never read
[INFO] [stderr]     --> src/main.rs:1216:5
[INFO] [stderr]      |
[INFO] [stderr] 1214 | struct Student<'a, 'b> {
[INFO] [stderr]      |        ------- field in this struct
[INFO] [stderr] 1215 |     name: &'a str,
[INFO] [stderr] 1216 |     username: &'b str,
[INFO] [stderr]      |     ^^^^^^^^
[INFO] [stderr] 
[INFO] [stderr] warning: fields `0` and `1` are never read
[INFO] [stderr]     --> src/main.rs:1315:8
[INFO] [stderr]      |
[INFO] [stderr] 1315 |     Of(String, Box<ProductCategory>),
[INFO] [stderr]      |     -- ^^^^^^  ^^^^^^^^^^^^^^^^^^^^
[INFO] [stderr]      |     |
[INFO] [stderr]      |     fields in this variant
[INFO] [stderr]      |
[INFO] [stderr]      = note: `ProductCategory` has a derived impl for the trait `Debug`, but this is intentionally ignored during dead code analysis
[INFO] [stderr] help: consider changing the fields to be of unit type to suppress this warning while preserving the field numbering, or remove the fields
[INFO] [stderr]      |
[INFO] [stderr] 1315 |     Of((), ()),
[INFO] [stderr]      |        ~~  ~~
[INFO] [stderr] 
[INFO] [stderr] warning: fields `0` and `1` are never read
[INFO] [stderr]     --> src/main.rs:1394:8
[INFO] [stderr]      |
[INFO] [stderr] 1394 |     Of(String, Rc<Brand>),
[INFO] [stderr]      |     -- ^^^^^^  ^^^^^^^^^
[INFO] [stderr]      |     |
[INFO] [stderr]      |     fields in this variant
[INFO] [stderr]      |
[INFO] [stderr] help: consider changing the fields to be of unit type to suppress this warning while preserving the field numbering, or remove the fields
[INFO] [stderr]      |
[INFO] [stderr] 1394 |     Of((), ()),
[INFO] [stderr]      |        ~~  ~~
[INFO] [stderr] 
[INFO] [stderr] warning: field `active` is never read
[INFO] [stderr]     --> src/main.rs:1419:5
[INFO] [stderr]      |
[INFO] [stderr] 1417 | struct Seller {
[INFO] [stderr]      |        ------ field in this struct
[INFO] [stderr] 1418 |     name: RefCell<String>,
[INFO] [stderr] 1419 |     active: RefCell<bool>,
[INFO] [stderr]      |     ^^^^^^
[INFO] [stderr]      |
[INFO] [stderr]      = note: `Seller` has a derived impl for the trait `Debug`, but this is intentionally ignored during dead code analysis
[INFO] [stderr] 
[INFO] [stderr] warning: fields `age` and `alive` are never read
[INFO] [stderr]  --> src/model.rs:3:13
[INFO] [stderr]   |
[INFO] [stderr] 1 | pub struct User {
[INFO] [stderr]   |            ---- fields in this struct
[INFO] [stderr] 2 |         pub name: String,
[INFO] [stderr] 3 |         pub age: u8,
[INFO] [stderr]   |             ^^^
[INFO] [stderr] 4 |         pub alive: bool
[INFO] [stderr]   |             ^^^^^
[INFO] [stderr] 
[INFO] [stderr] warning: creating a shared reference to mutable static is discouraged
[INFO] [stderr]     --> src/main.rs:1454:24
[INFO] [stderr]      |
[INFO] [stderr] 1454 |         println!("{}", COUNTER);
[INFO] [stderr]      |                        ^^^^^^^ shared reference to mutable static
[INFO] [stderr]      |
[INFO] [stderr]      = note: for more information, see <https://doc.rust-lang.org/nightly/edition-guide/rust-2024/static-mut-references.html>
[INFO] [stderr]      = note: shared references to mutable statics are dangerous; it's undefined behavior if the static is mutated or if a mutable reference is created for it while the shared reference lives
[INFO] [stderr]      = note: `#[warn(static_mut_refs)]` on by default
[INFO] [stderr] 
[INFO] [stderr] warning: `belajar-rust` (bin "belajar-rust" test) generated 27 warnings (run `cargo fix --bin "belajar-rust" --tests` to apply 3 suggestions)
[INFO] [stderr]     Finished `test` profile [unoptimized + debuginfo] target(s) in 0.04s
[INFO] [stderr]      Running unittests src/main.rs (/opt/rustwide/target/debug/deps/belajar_rust-5f17451652226f68)
[INFO] [stdout] 
[INFO] [stdout] running 90 tests
[INFO] [stdout] test let_statement ... ok
[INFO] [stdout] test generic_in_function ... ok
[INFO] [stdout] test arr_iteration_for ... ok
[INFO] [stdout] test arr_iteration ... ok
[INFO] [stdout] test loop_expression ... ok
[INFO] [stdout] test loop_label ... ok
[INFO] [stdout] test ownership_rules ... ok
[INFO] [stdout] test data_copy ... ok
[INFO] [stdout] test range_datatype ... ok
[INFO] [stdout] test range_inclusive ... ok
[INFO] [stdout] test references ... ok
[INFO] [stdout] test if_expression ... ok
[INFO] [stdout] test slice_reference ... ok
[INFO] [stdout] test fn_ownership ... ok
[INFO] [stdout] test clone ... ok
[INFO] [stdout] test test_application_error ... ok
[INFO] [stdout] test ownership_movement ... ok
[INFO] [stdout] test loop_return_value ... ok
[INFO] [stdout] test str_slice ... ok
[INFO] [stdout] test param_or_arg ... ok
[INFO] [stdout] test string ... ok
[INFO] [stdout] test r_value_own ... ok
[INFO] [stdout] test string_type ... ok
[INFO] [stdout] test test_associated_function ... ok
[INFO] [stdout] test test_box_enum ... ok
[INFO] [stdout] test test_btree_set ... ok
[INFO] [stdout] test test_change_value ... ok
[INFO] [stdout] test test_attribute_derive ... ok
[INFO] [stdout] test test_box ... ok
[INFO] [stdout] test test_btree_map ... ok
[INFO] [stdout] test test_closure ... ok
[INFO] [stdout] test test_closure_as_closure ... ok
[INFO] [stdout] test test_closure_scope_alt ... ok
[INFO] [stdout] test test_comparing ... ok
[INFO] [stdout] test test_dangling_reference ... ok
[INFO] [stdout] test test_chrono ... ok
[INFO] [stdout] test test_customer ... ok
[INFO] [stdout] test test_deref_ref ... ok
[INFO] [stdout] test test_deref_struct ... ok
[INFO] [stdout] test test_closure_as_parameter ... ok
[INFO] [stdout] test test_closure_scope ... ok
[INFO] [stdout] test test_dereference ... ok
[INFO] [stdout] test test_enum ... ok
[INFO] [stdout] test test_enum_matching ... ok
[INFO] [stdout] test test_format ... ok
[INFO] [stdout] test test_generic_enum ... ok
[INFO] [stdout] test test_generic_struct ... ok
[INFO] [stdout] test test_generic_method ... ok
[INFO] [stdout] test test_hash_map ... ok
[INFO] [stdout] test test_iterator_method ... ok
[INFO] [stdout] test test_generic_struct_with_trait ... ok
[INFO] [stdout] test test_iterator ... ok
[INFO] [stdout] test test_ignoring ... ok
[INFO] [stdout] test test_hash_set ... ok
[INFO] [stdout] test test_drop ... ok
[INFO] [stdout] test test_kembali_owner ... ok
[INFO] [stdout] test test_lifetime_annotation ... ok
[INFO] [stdout] test test_lifetime_annotation_dangling_ref ... ok
[INFO] [stdout] test test_lifetime_annotation_generic ... ok
[INFO] [stdout] test test_linked_list ... ok
[INFO] [stdout] test test_macro ... ok
[INFO] [stdout] test test_macro_iterate ... ok
[INFO] [stdout] test test_match_expression ... ok
[INFO] [stdout] test test_match_value ... ok
[INFO] [stdout] test test_method ... ok
[INFO] [stdout] test test_module ... ok
[INFO] [stdout] test test_payment ... ok
[INFO] [stdout] test test_recoverable_error ... ok
[INFO] [stdout] test test_multiple_ownership ... ok
[INFO] [stdout] test test_recursive ... ok
[INFO] [stdout] test test_nothing ... ok
[INFO] [stdout] test test_operator_add ... ok
[INFO] [stdout] test test_return_trait ... ok
[INFO] [stdout] test test_range_pattern ... ok
[INFO] [stdout] test test_static ... ok
[INFO] [stdout] test test_option ... ok
[INFO] [stdout] test test_ref_cell ... ok
[INFO] [stdout] test test_struct_pattern ... ok
[INFO] [stdout] test test_student ... ok
[INFO] [stdout] test test_trait ... ok
[INFO] [stdout] test test_use ... ok
[INFO] [stdout] test test_vector_deque ... ok
[INFO] [stdout] test tuple_struct ... ok
[INFO] [stdout] test test_vector ... ok
[INFO] [stdout] test while_loop ... ok
[INFO] [stdout] test test_string_manipulation ... ok
[INFO] [stdout] test test_struct ... ok
[INFO] [stdout] test test_unsafe ... ok
[INFO] [stdout] test test_panic ... FAILED
[INFO] [stdout] test test_std_time ... ok
[INFO] [stdout] 
[INFO] [stdout] failures:
[INFO] [stdout] 
[INFO] [stdout] ---- test_panic stdout ----
[INFO] [stdout] Connecting to database localhost
[INFO] [stdout] 
[INFO] [stdout] thread 'test_panic' panicked at src/main.rs:1105:13:
[INFO] [stdout] No database host provided
[INFO] [stdout] stack backtrace:
[INFO] [stdout]    0:     0x5d9056185cda - std::backtrace_rs::backtrace::libunwind::trace::hb059275cfc8d6126
[INFO] [stdout]                                at /rustc/6067b36314ab5eb2eb47cecc464545ba58e1ad24/library/std/src/../../backtrace/src/backtrace/libunwind.rs:116:5
[INFO] [stdout]    1:     0x5d9056185cda - std::backtrace_rs::backtrace::trace_unsynchronized::h2da071e4327ce3ee
[INFO] [stdout]                                at /rustc/6067b36314ab5eb2eb47cecc464545ba58e1ad24/library/std/src/../../backtrace/src/backtrace/mod.rs:66:5
[INFO] [stdout]    2:     0x5d9056185cda - std::sys::backtrace::_print_fmt::h842a1474e6f8d23f
[INFO] [stdout]                                at /rustc/6067b36314ab5eb2eb47cecc464545ba58e1ad24/library/std/src/sys/backtrace.rs:66:9
[INFO] [stdout]    3:     0x5d9056185cda - <std::sys::backtrace::BacktraceLock::print::DisplayBacktrace as core::fmt::Display>::fmt::h71a62eb3b9696b12
[INFO] [stdout]                                at /rustc/6067b36314ab5eb2eb47cecc464545ba58e1ad24/library/std/src/sys/backtrace.rs:39:26
[INFO] [stdout]    4:     0x5d90561af3d3 - core::fmt::rt::Argument::fmt::hdb6b616786b41dc1
[INFO] [stdout]                                at /rustc/6067b36314ab5eb2eb47cecc464545ba58e1ad24/library/core/src/fmt/rt.rs:177:76
[INFO] [stdout]    5:     0x5d90561af3d3 - core::fmt::write::h2cc1698af7e2d686
[INFO] [stdout]                                at /rustc/6067b36314ab5eb2eb47cecc464545ba58e1ad24/library/core/src/fmt/mod.rs:1440:21
[INFO] [stdout]    6:     0x5d90561825b3 - std::io::Write::write_fmt::hab1b4cd059a79022
[INFO] [stdout]                                at /rustc/6067b36314ab5eb2eb47cecc464545ba58e1ad24/library/std/src/io/mod.rs:1887:15
[INFO] [stdout]    7:     0x5d9056185b22 - std::sys::backtrace::BacktraceLock::print::h147fe35b4ea13b08
[INFO] [stdout]                                at /rustc/6067b36314ab5eb2eb47cecc464545ba58e1ad24/library/std/src/sys/backtrace.rs:42:9
[INFO] [stdout]    8:     0x5d90561870ff - std::panicking::default_hook::{{closure}}::hbd44223dbdc0d208
[INFO] [stdout]                                at /rustc/6067b36314ab5eb2eb47cecc464545ba58e1ad24/library/std/src/panicking.rs:298:22
[INFO] [stdout]    9:     0x5d9056186f18 - std::panicking::default_hook::h20f81eb0576efcec
[INFO] [stdout]                                at /rustc/6067b36314ab5eb2eb47cecc464545ba58e1ad24/library/std/src/panicking.rs:322:9
[INFO] [stdout]   10:     0x5d90561092b3 - <alloc::boxed::Box<F,A> as core::ops::function::Fn<Args>>::call::hdb53814c496a4d34
[INFO] [stdout]                                at /rustc/6067b36314ab5eb2eb47cecc464545ba58e1ad24/library/alloc/src/boxed.rs:2027:9
[INFO] [stdout]   11:     0x5d90561092b3 - test::test_main::{{closure}}::hc0a4963c59427c24
[INFO] [stdout]                                at /rustc/6067b36314ab5eb2eb47cecc464545ba58e1ad24/library/test/src/lib.rs:134:21
[INFO] [stdout]   12:     0x5d9056187bf3 - <alloc::boxed::Box<F,A> as core::ops::function::Fn<Args>>::call::h591b2225413a77e9
[INFO] [stdout]                                at /rustc/6067b36314ab5eb2eb47cecc464545ba58e1ad24/library/alloc/src/boxed.rs:2027:9
[INFO] [stdout]   13:     0x5d9056187bf3 - std::panicking::rust_panic_with_hook::h625eea43051b2edc
[INFO] [stdout]                                at /rustc/6067b36314ab5eb2eb47cecc464545ba58e1ad24/library/std/src/panicking.rs:839:13
[INFO] [stdout]   14:     0x5d9056187876 - std::panicking::begin_panic_handler::{{closure}}::h4f9159cfbc3f6bd3
[INFO] [stdout]                                at /rustc/6067b36314ab5eb2eb47cecc464545ba58e1ad24/library/std/src/panicking.rs:697:13
[INFO] [stdout]   15:     0x5d90561861d9 - std::sys::backtrace::__rust_end_short_backtrace::h0390abce48353151
[INFO] [stdout]                                at /rustc/6067b36314ab5eb2eb47cecc464545ba58e1ad24/library/std/src/sys/backtrace.rs:168:18
[INFO] [stdout]   16:     0x5d905618753d - rust_begin_unwind
[INFO] [stdout]                                at /rustc/6067b36314ab5eb2eb47cecc464545ba58e1ad24/library/std/src/panicking.rs:695:5
[INFO] [stdout]   17:     0x5d90561ad880 - core::panicking::panic_fmt::h9e7c637e9e5f29c9
[INFO] [stdout]                                at /rustc/6067b36314ab5eb2eb47cecc464545ba58e1ad24/library/core/src/panicking.rs:75:14
[INFO] [stdout]   18:     0x5d90560b0f6a - belajar_rust::connect_database::h33045d0a3044ce54
[INFO] [stdout]                                at /opt/rustwide/workdir/src/main.rs:1105:13
[INFO] [stdout]   19:     0x5d90560b80d8 - belajar_rust::test_panic::h2e5843d42a318aa2
[INFO] [stdout]                                at /opt/rustwide/workdir/src/main.rs:1113:5
[INFO] [stdout]   20:     0x5d90560b8067 - belajar_rust::test_panic::{{closure}}::h99fc47c00164cca1
[INFO] [stdout]                                at /opt/rustwide/workdir/src/main.rs:1111:16
[INFO] [stdout]   21:     0x5d90560c0f36 - core::ops::function::FnOnce::call_once::h088dd5f9e70a2a3d
[INFO] [stdout]                                at /rustc/6067b36314ab5eb2eb47cecc464545ba58e1ad24/library/core/src/ops/function.rs:250:5
[INFO] [stdout]   22:     0x5d905610ea0b - core::ops::function::FnOnce::call_once::he27718dfdd183f43
[INFO] [stdout]                                at /rustc/6067b36314ab5eb2eb47cecc464545ba58e1ad24/library/core/src/ops/function.rs:250:5
[INFO] [stdout]   23:     0x5d905610ea0b - test::__rust_begin_short_backtrace::h4e84902998457a5d
[INFO] [stdout]                                at /rustc/6067b36314ab5eb2eb47cecc464545ba58e1ad24/library/test/src/lib.rs:632:18
[INFO] [stdout]   24:     0x5d905610d943 - test::run_test_in_process::{{closure}}::h7176fd18fc1feca0
[INFO] [stdout]                                at /rustc/6067b36314ab5eb2eb47cecc464545ba58e1ad24/library/test/src/lib.rs:655:60
[INFO] [stdout]   25:     0x5d905610d943 - <core::panic::unwind_safe::AssertUnwindSafe<F> as core::ops::function::FnOnce<()>>::call_once::hf79cff2a624d8cf7
[INFO] [stdout]                                at /rustc/6067b36314ab5eb2eb47cecc464545ba58e1ad24/library/core/src/panic/unwind_safe.rs:272:9
[INFO] [stdout]   26:     0x5d905610d943 - std::panicking::try::do_call::h3da0561d9ab99c25
[INFO] [stdout]                                at /rustc/6067b36314ab5eb2eb47cecc464545ba58e1ad24/library/std/src/panicking.rs:587:40
[INFO] [stdout]   27:     0x5d905610d943 - std::panicking::try::h41c9fa508bc61df6
[INFO] [stdout]                                at /rustc/6067b36314ab5eb2eb47cecc464545ba58e1ad24/library/std/src/panicking.rs:550:19
[INFO] [stdout]   28:     0x5d905610d943 - std::panic::catch_unwind::h6b3ff07bb5afad93
[INFO] [stdout]                                at /rustc/6067b36314ab5eb2eb47cecc464545ba58e1ad24/library/std/src/panic.rs:358:14
[INFO] [stdout]   29:     0x5d905610d943 - test::run_test_in_process::hc7253dd11b39b9f4
[INFO] [stdout]                                at /rustc/6067b36314ab5eb2eb47cecc464545ba58e1ad24/library/test/src/lib.rs:655:27
[INFO] [stdout]   30:     0x5d905610d943 - test::run_test::{{closure}}::hfb2007f8649c30bb
[INFO] [stdout]                                at /rustc/6067b36314ab5eb2eb47cecc464545ba58e1ad24/library/test/src/lib.rs:576:43
[INFO] [stdout]   31:     0x5d90560d0a25 - test::run_test::{{closure}}::h56a17aa7a282a9f4
[INFO] [stdout]                                at /rustc/6067b36314ab5eb2eb47cecc464545ba58e1ad24/library/test/src/lib.rs:606:41
[INFO] [stdout]   32:     0x5d90560d0a25 - std::sys::backtrace::__rust_begin_short_backtrace::hd2d2d2fb8e8c6aac
[INFO] [stdout]                                at /rustc/6067b36314ab5eb2eb47cecc464545ba58e1ad24/library/std/src/sys/backtrace.rs:152:18
[INFO] [stdout]   33:     0x5d90560d430a - std::thread::Builder::spawn_unchecked_::{{closure}}::{{closure}}::h4faa3f9db6133423
[INFO] [stdout]                                at /rustc/6067b36314ab5eb2eb47cecc464545ba58e1ad24/library/std/src/thread/mod.rs:559:17
[INFO] [stdout]   34:     0x5d90560d430a - <core::panic::unwind_safe::AssertUnwindSafe<F> as core::ops::function::FnOnce<()>>::call_once::hf2e855a36a4ea846
[INFO] [stdout]                                at /rustc/6067b36314ab5eb2eb47cecc464545ba58e1ad24/library/core/src/panic/unwind_safe.rs:272:9
[INFO] [stdout]   35:     0x5d90560d430a - std::panicking::try::do_call::h2f73af3616c35465
[INFO] [stdout]                                at /rustc/6067b36314ab5eb2eb47cecc464545ba58e1ad24/library/std/src/panicking.rs:587:40
[INFO] [stdout]   36:     0x5d90560d430a - std::panicking::try::hd1660ce9efadef5a
[INFO] [stdout]                                at /rustc/6067b36314ab5eb2eb47cecc464545ba58e1ad24/library/std/src/panicking.rs:550:19
[INFO] [stdout]   37:     0x5d90560d430a - std::panic::catch_unwind::h5ee8d7823b8ca744
[INFO] [stdout]                                at /rustc/6067b36314ab5eb2eb47cecc464545ba58e1ad24/library/std/src/panic.rs:358:14
[INFO] [stdout]   38:     0x5d90560d430a - std::thread::Builder::spawn_unchecked_::{{closure}}::h53c3a1894dce8407
[INFO] [stdout]                                at /rustc/6067b36314ab5eb2eb47cecc464545ba58e1ad24/library/std/src/thread/mod.rs:557:30
[INFO] [stdout]   39:     0x5d90560d430a - core::ops::function::FnOnce::call_once{{vtable.shim}}::h048ce291ad4f62bf
[INFO] [stdout]                                at /rustc/6067b36314ab5eb2eb47cecc464545ba58e1ad24/library/core/src/ops/function.rs:250:5
[INFO] [stdout]   40:     0x5d905618be0b - <alloc::boxed::Box<F,A> as core::ops::function::FnOnce<Args>>::call_once::ha52bedf99a3b4981
[INFO] [stdout]                                at /rustc/6067b36314ab5eb2eb47cecc464545ba58e1ad24/library/alloc/src/boxed.rs:2013:9
[INFO] [stdout]   41:     0x5d905618be0b - <alloc::boxed::Box<F,A> as core::ops::function::FnOnce<Args>>::call_once::h567748934d80ccf8
[INFO] [stdout]                                at /rustc/6067b36314ab5eb2eb47cecc464545ba58e1ad24/library/alloc/src/boxed.rs:2013:9
[INFO] [stdout]   42:     0x5d905618be0b - std::sys::pal::unix::thread::Thread::new::thread_start::h2d970728ae887adc
[INFO] [stdout]                                at /rustc/6067b36314ab5eb2eb47cecc464545ba58e1ad24/library/std/src/sys/pal/unix/thread.rs:106:17
[INFO] [stdout]   43:     0x7a5d838abac3 - <unknown>
[INFO] [stdout]   44:     0x7a5d8393ca04 - clone
[INFO] [stdout]   45:                0x0 - <unknown>
[INFO] [stdout] 
[INFO] [stdout] 
[INFO] [stdout] failures:
[INFO] [stdout]     test_panic
[INFO] [stdout] 
[INFO] [stdout] test result: FAILED. 89 passed; 1 failed; 0 ignored; 0 measured; 0 filtered out; finished in 0.22s
[INFO] [stdout] 
[INFO] [stderr] error: test failed, to rerun pass `--bin belajar-rust`
[INFO] running `Command { std: "docker" "inspect" "a2ca08e503f28e77fc67ac67eb68e0632f8afce3c59c89a1b876f8dff31dde61", kill_on_drop: false }`
[INFO] running `Command { std: "docker" "rm" "-f" "a2ca08e503f28e77fc67ac67eb68e0632f8afce3c59c89a1b876f8dff31dde61", kill_on_drop: false }`
[INFO] [stdout] a2ca08e503f28e77fc67ac67eb68e0632f8afce3c59c89a1b876f8dff31dde61
