[INFO] cloning repository https://github.com/u-kai/storybook-helper
[INFO] running `Command { std: "git" "-c" "credential.helper=" "-c" "credential.helper=/workspace/cargo-home/bin/git-credential-null" "clone" "--bare" "https://github.com/u-kai/storybook-helper" "/workspace/cache/git-repos/https%3A%2F%2Fgithub.com%2Fu-kai%2Fstorybook-helper", kill_on_drop: false }`
[INFO] [stderr] Cloning into bare repository '/workspace/cache/git-repos/https%3A%2F%2Fgithub.com%2Fu-kai%2Fstorybook-helper'...
[INFO] running `Command { std: "git" "rev-parse" "HEAD", kill_on_drop: false }`
[INFO] [stdout] 7a39a9c6af18012cb204c134c406eca46b14fd76
[INFO] testing u-kai/storybook-helper against nightly-2025-01-18+rustflags=-Zrandomize-layout for randomize-layout-2
[INFO] running `Command { std: "git" "clone" "/workspace/cache/git-repos/https%3A%2F%2Fgithub.com%2Fu-kai%2Fstorybook-helper" "/workspace/builds/worker-1-tc2/source", kill_on_drop: false }`
[INFO] [stderr] Cloning into '/workspace/builds/worker-1-tc2/source'...
[INFO] [stderr] done.
[INFO] validating manifest of git repo https://github.com/u-kai/storybook-helper on toolchain nightly-2025-01-18
[INFO] running `Command { std: CARGO_HOME="/workspace/cargo-home" RUSTUP_HOME="/workspace/rustup-home" "/workspace/cargo-home/bin/cargo" "+nightly-2025-01-18" "metadata" "--manifest-path" "Cargo.toml" "--no-deps", kill_on_drop: false }`
[INFO] started tweaking git repo https://github.com/u-kai/storybook-helper
[INFO] finished tweaking git repo https://github.com/u-kai/storybook-helper
[INFO] tweaked toml for git repo https://github.com/u-kai/storybook-helper written to /workspace/builds/worker-1-tc2/source/Cargo.toml
[INFO] crate git repo https://github.com/u-kai/storybook-helper already has a lockfile, it will not be regenerated
[INFO] running `Command { std: CARGO_HOME="/workspace/cargo-home" RUSTUP_HOME="/workspace/rustup-home" "/workspace/cargo-home/bin/cargo" "+nightly-2025-01-18" "fetch" "--manifest-path" "Cargo.toml", kill_on_drop: false }`
[INFO] running `Command { std: "docker" "create" "-v" "/var/lib/crater-agent-workspace/builds/worker-1-tc2/target:/opt/rustwide/target:rw,Z" "-v" "/var/lib/crater-agent-workspace/builds/worker-1-tc2/source:/opt/rustwide/workdir:ro,Z" "-v" "/var/lib/crater-agent-workspace/cargo-home:/opt/rustwide/cargo-home:ro,Z" "-v" "/var/lib/crater-agent-workspace/rustup-home:/opt/rustwide/rustup-home:ro,Z" "-e" "SOURCE_DIR=/opt/rustwide/workdir" "-e" "CARGO_TARGET_DIR=/opt/rustwide/target" "-e" "CARGO_HOME=/opt/rustwide/cargo-home" "-e" "RUSTUP_HOME=/opt/rustwide/rustup-home" "-w" "/opt/rustwide/workdir" "-m" "1610612736" "--user" "0:0" "--network" "none" "ghcr.io/rust-lang/crates-build-env/linux@sha256:819108c5571ea2e421544af4d832f968d213c87fbe3707a016657f43d2f853bc" "/opt/rustwide/cargo-home/bin/cargo" "+nightly-2025-01-18" "metadata" "--no-deps" "--format-version=1", kill_on_drop: false }`
[INFO] [stdout] a2551da7a048abada17f5f22cb9dfeb7fe519acb97069b47248b0193b84905b2
[INFO] running `Command { std: "docker" "start" "-a" "a2551da7a048abada17f5f22cb9dfeb7fe519acb97069b47248b0193b84905b2", kill_on_drop: false }`
[INFO] running `Command { std: "docker" "inspect" "a2551da7a048abada17f5f22cb9dfeb7fe519acb97069b47248b0193b84905b2", kill_on_drop: false }`
[INFO] running `Command { std: "docker" "rm" "-f" "a2551da7a048abada17f5f22cb9dfeb7fe519acb97069b47248b0193b84905b2", kill_on_drop: false }`
[INFO] [stdout] a2551da7a048abada17f5f22cb9dfeb7fe519acb97069b47248b0193b84905b2
[INFO] running `Command { std: "docker" "create" "-v" "/var/lib/crater-agent-workspace/builds/worker-1-tc2/target:/opt/rustwide/target:rw,Z" "-v" "/var/lib/crater-agent-workspace/builds/worker-1-tc2/source:/opt/rustwide/workdir:ro,Z" "-v" "/var/lib/crater-agent-workspace/cargo-home:/opt/rustwide/cargo-home:ro,Z" "-v" "/var/lib/crater-agent-workspace/rustup-home:/opt/rustwide/rustup-home:ro,Z" "-e" "SOURCE_DIR=/opt/rustwide/workdir" "-e" "CARGO_TARGET_DIR=/opt/rustwide/target" "-e" "CARGO_INCREMENTAL=0" "-e" "RUST_BACKTRACE=full" "-e" "RUSTFLAGS=--cap-lints=forbid -Zrandomize-layout" "-e" "RUSTDOCFLAGS=--cap-lints=forbid" "-e" "CARGO_HOME=/opt/rustwide/cargo-home" "-e" "RUSTUP_HOME=/opt/rustwide/rustup-home" "-w" "/opt/rustwide/workdir" "-m" "1610612736" "--user" "0:0" "--network" "none" "ghcr.io/rust-lang/crates-build-env/linux@sha256:819108c5571ea2e421544af4d832f968d213c87fbe3707a016657f43d2f853bc" "/opt/rustwide/cargo-home/bin/cargo" "+nightly-2025-01-18" "build" "--frozen" "--message-format=json", kill_on_drop: false }`
[INFO] [stdout] 6b118b5b3b0e5fb19b4dabd2c72878adad33e27801614a68a6b9353d6f208f1c
[INFO] running `Command { std: "docker" "start" "-a" "6b118b5b3b0e5fb19b4dabd2c72878adad33e27801614a68a6b9353d6f208f1c", kill_on_drop: false }`
[INFO] [stderr]    Compiling proc-macro2 v1.0.81
[INFO] [stderr]    Compiling unicode-ident v1.0.12
[INFO] [stderr]    Compiling utf8parse v0.2.1
[INFO] [stderr]    Compiling anstyle-query v1.0.2
[INFO] [stderr]    Compiling anstyle v1.0.6
[INFO] [stderr]    Compiling colorchoice v1.0.0
[INFO] [stderr]    Compiling strsim v0.11.1
[INFO] [stderr]    Compiling clap_lex v0.7.0
[INFO] [stderr]    Compiling heck v0.5.0
[INFO] [stderr]    Compiling anstyle-parse v0.2.3
[INFO] [stderr]    Compiling anstream v0.6.13
[INFO] [stderr]    Compiling clap_builder v4.5.2
[INFO] [stderr]    Compiling quote v1.0.36
[INFO] [stderr]    Compiling syn v2.0.59
[INFO] [stderr]    Compiling clap_derive v4.5.4
[INFO] [stderr]    Compiling clap v4.5.4
[INFO] [stderr]    Compiling storybook-helper v0.1.0 (/opt/rustwide/workdir)
[INFO] [stdout] warning: unreachable pattern
[INFO] [stdout]    --> src/token.rs:153:13
[INFO] [stdout]     |
[INFO] [stdout] 99  |             TSXTokenType::From => "from",
[INFO] [stdout]     |             ------------------ matches all the relevant values
[INFO] [stdout] ...
[INFO] [stdout] 153 |             TSXTokenType::From => "from",
[INFO] [stdout]     |             ^^^^^^^^^^^^^^^^^^ no value can reach this
[INFO] [stdout]     |
[INFO] [stdout]     = note: `#[warn(unreachable_patterns)]` on by default
[INFO] [stdout] 
[INFO] [stdout] 
[INFO] [stdout] warning: method `expand_str` is never used
[INFO] [stdout]   --> src/component.rs:29:12
[INFO] [stdout]    |
[INFO] [stdout] 10 | impl Component {
[INFO] [stdout]    | -------------- method in this implementation
[INFO] [stdout] ...
[INFO] [stdout] 29 |     pub fn expand_str(&self) -> String {
[INFO] [stdout]    |            ^^^^^^^^^^
[INFO] [stdout]    |
[INFO] [stdout]    = note: `#[warn(dead_code)]` on by default
[INFO] [stdout] 
[INFO] [stdout] 
[INFO] [stdout] warning: associated items `new_object_type` and `expand_str` are never used
[INFO] [stdout]   --> src/component.rs:74:12
[INFO] [stdout]    |
[INFO] [stdout] 67 | impl NamedProps {
[INFO] [stdout]    | --------------- associated items in this implementation
[INFO] [stdout] ...
[INFO] [stdout] 74 |     pub fn new_object_type(name: impl Into<String>, inner: ObjectType) -> Self {
[INFO] [stdout]    |            ^^^^^^^^^^^^^^^
[INFO] [stdout] ...
[INFO] [stdout] 86 |     pub fn expand_str(&self) -> String {
[INFO] [stdout]    |            ^^^^^^^^^^
[INFO] [stdout] 
[INFO] [stdout] 
[INFO] [stdout] warning: variants `Primitive`, `Union`, and `Literal` are never constructed
[INFO] [stdout]    --> src/component.rs:126:5
[INFO] [stdout]     |
[INFO] [stdout] 125 | pub(super) enum Type {
[INFO] [stdout]     |                 ---- variants in this enum
[INFO] [stdout] 126 |     Primitive(PrimitiveType),
[INFO] [stdout]     |     ^^^^^^^^^
[INFO] [stdout] ...
[INFO] [stdout] 129 |     Union(Vec<Type>),
[INFO] [stdout]     |     ^^^^^
[INFO] [stdout] 130 |     Intersection(Vec<Type>),
[INFO] [stdout] 131 |     Literal(String),
[INFO] [stdout]     |     ^^^^^^^
[INFO] [stdout]     |
[INFO] [stdout]     = note: `Type` has derived impls for the traits `Clone` and `Debug`, but these are intentionally ignored during dead code analysis
[INFO] [stdout] 
[INFO] [stdout] 
[INFO] [stdout] warning: variants `Number`, `String`, and `Boolean` are never constructed
[INFO] [stdout]    --> src/component.rs:177:5
[INFO] [stdout]     |
[INFO] [stdout] 176 | pub(super) enum PrimitiveType {
[INFO] [stdout]     |                 ------------- variants in this enum
[INFO] [stdout] 177 |     Number,
[INFO] [stdout]     |     ^^^^^^
[INFO] [stdout] 178 |     String,
[INFO] [stdout]     |     ^^^^^^
[INFO] [stdout] 179 |     Boolean,
[INFO] [stdout]     |     ^^^^^^^
[INFO] [stdout]     |
[INFO] [stdout]     = note: `PrimitiveType` has derived impls for the traits `Clone` and `Debug`, but these are intentionally ignored during dead code analysis
[INFO] [stdout] 
[INFO] [stdout] 
[INFO] [stdout] warning: variants `String`, `Number`, `Boolean`, and `Undefined` are never constructed
[INFO] [stdout]   --> src/token.rs:78:5
[INFO] [stdout]    |
[INFO] [stdout] 16 | pub enum TSXTokenType {
[INFO] [stdout]    |          ------------ variants in this enum
[INFO] [stdout] ...
[INFO] [stdout] 78 |     String,
[INFO] [stdout]    |     ^^^^^^
[INFO] [stdout] 79 |     Number,
[INFO] [stdout]    |     ^^^^^^
[INFO] [stdout] 80 |     Boolean,
[INFO] [stdout]    |     ^^^^^^^
[INFO] [stdout] 81 |     Undefined,
[INFO] [stdout]    |     ^^^^^^^^^
[INFO] [stdout]    |
[INFO] [stdout]    = note: `TSXTokenType` has derived impls for the traits `Clone` and `Debug`, but these are intentionally ignored during dead code analysis
[INFO] [stdout] 
[INFO] [stdout] 
[INFO] [stdout] warning: method `to_str` is never used
[INFO] [stdout]   --> src/token.rs:85:12
[INFO] [stdout]    |
[INFO] [stdout] 84 | impl TSXTokenType {
[INFO] [stdout]    | ----------------- method in this implementation
[INFO] [stdout] 85 |     pub fn to_str(&self) -> &'static str {
[INFO] [stdout]    |            ^^^^^^
[INFO] [stdout] 
[INFO] [stdout] 
[INFO] [stderr]     Finished `dev` profile [unoptimized + debuginfo] target(s) in 15.56s
[INFO] running `Command { std: "docker" "inspect" "6b118b5b3b0e5fb19b4dabd2c72878adad33e27801614a68a6b9353d6f208f1c", kill_on_drop: false }`
[INFO] running `Command { std: "docker" "rm" "-f" "6b118b5b3b0e5fb19b4dabd2c72878adad33e27801614a68a6b9353d6f208f1c", kill_on_drop: false }`
[INFO] [stdout] 6b118b5b3b0e5fb19b4dabd2c72878adad33e27801614a68a6b9353d6f208f1c
[INFO] running `Command { std: "docker" "create" "-v" "/var/lib/crater-agent-workspace/builds/worker-1-tc2/target:/opt/rustwide/target:rw,Z" "-v" "/var/lib/crater-agent-workspace/builds/worker-1-tc2/source:/opt/rustwide/workdir:ro,Z" "-v" "/var/lib/crater-agent-workspace/cargo-home:/opt/rustwide/cargo-home:ro,Z" "-v" "/var/lib/crater-agent-workspace/rustup-home:/opt/rustwide/rustup-home:ro,Z" "-e" "SOURCE_DIR=/opt/rustwide/workdir" "-e" "CARGO_TARGET_DIR=/opt/rustwide/target" "-e" "CARGO_INCREMENTAL=0" "-e" "RUST_BACKTRACE=full" "-e" "RUSTFLAGS=--cap-lints=forbid -Zrandomize-layout" "-e" "RUSTDOCFLAGS=--cap-lints=forbid" "-e" "CARGO_HOME=/opt/rustwide/cargo-home" "-e" "RUSTUP_HOME=/opt/rustwide/rustup-home" "-w" "/opt/rustwide/workdir" "-m" "1610612736" "--user" "0:0" "--network" "none" "ghcr.io/rust-lang/crates-build-env/linux@sha256:819108c5571ea2e421544af4d832f968d213c87fbe3707a016657f43d2f853bc" "/opt/rustwide/cargo-home/bin/cargo" "+nightly-2025-01-18" "test" "--frozen" "--no-run" "--message-format=json", kill_on_drop: false }`
[INFO] [stdout] 69e12565a5390b1c4f21f4925f311987b5f9dedcd9eb1a4bcc182033865c4d6e
[INFO] running `Command { std: "docker" "start" "-a" "69e12565a5390b1c4f21f4925f311987b5f9dedcd9eb1a4bcc182033865c4d6e", kill_on_drop: false }`
[INFO] [stdout] warning: unreachable pattern
[INFO] [stdout]    --> src/token.rs:153:13
[INFO] [stdout]     |
[INFO] [stdout] 99  |             TSXTokenType::From => "from",
[INFO] [stdout]     |             ------------------ matches all the relevant values
[INFO] [stdout] ...
[INFO] [stdout] 153 |             TSXTokenType::From => "from",
[INFO] [stdout]     |             ^^^^^^^^^^^^^^^^^^ no value can reach this
[INFO] [stdout]     |
[INFO] [stdout]     = note: `#[warn(unreachable_patterns)]` on by default
[INFO] [stdout] 
[INFO] [stdout] 
[INFO] [stdout] warning: method `expand_str` is never used
[INFO] [stdout]   --> src/component.rs:29:12
[INFO] [stdout]    |
[INFO] [stdout] 10 | impl Component {
[INFO] [stdout]    | -------------- method in this implementation
[INFO] [stdout] ...
[INFO] [stdout] 29 |     pub fn expand_str(&self) -> String {
[INFO] [stdout]    |            ^^^^^^^^^^
[INFO] [stdout]    |
[INFO] [stdout]    = note: `#[warn(dead_code)]` on by default
[INFO] [stdout] 
[INFO] [stdout] 
[INFO] [stderr]    Compiling storybook-helper v0.1.0 (/opt/rustwide/workdir)
[INFO] [stdout] warning: associated items `new_object_type` and `expand_str` are never used
[INFO] [stdout]   --> src/component.rs:74:12
[INFO] [stdout]    |
[INFO] [stdout] 67 | impl NamedProps {
[INFO] [stdout]    | --------------- associated items in this implementation
[INFO] [stdout] ...
[INFO] [stdout] 74 |     pub fn new_object_type(name: impl Into<String>, inner: ObjectType) -> Self {
[INFO] [stdout]    |            ^^^^^^^^^^^^^^^
[INFO] [stdout] ...
[INFO] [stdout] 86 |     pub fn expand_str(&self) -> String {
[INFO] [stdout]    |            ^^^^^^^^^^
[INFO] [stdout] 
[INFO] [stdout] 
[INFO] [stdout] warning: variants `Primitive`, `Union`, and `Literal` are never constructed
[INFO] [stdout]    --> src/component.rs:126:5
[INFO] [stdout]     |
[INFO] [stdout] 125 | pub(super) enum Type {
[INFO] [stdout]     |                 ---- variants in this enum
[INFO] [stdout] 126 |     Primitive(PrimitiveType),
[INFO] [stdout]     |     ^^^^^^^^^
[INFO] [stdout] ...
[INFO] [stdout] 129 |     Union(Vec<Type>),
[INFO] [stdout]     |     ^^^^^
[INFO] [stdout] 130 |     Intersection(Vec<Type>),
[INFO] [stdout] 131 |     Literal(String),
[INFO] [stdout]     |     ^^^^^^^
[INFO] [stdout]     |
[INFO] [stdout]     = note: `Type` has derived impls for the traits `Clone` and `Debug`, but these are intentionally ignored during dead code analysis
[INFO] [stdout] 
[INFO] [stdout] 
[INFO] [stdout] warning: variants `Number`, `String`, and `Boolean` are never constructed
[INFO] [stdout]    --> src/component.rs:177:5
[INFO] [stdout]     |
[INFO] [stdout] 176 | pub(super) enum PrimitiveType {
[INFO] [stdout]     |                 ------------- variants in this enum
[INFO] [stdout] 177 |     Number,
[INFO] [stdout]     |     ^^^^^^
[INFO] [stdout] 178 |     String,
[INFO] [stdout]     |     ^^^^^^
[INFO] [stdout] 179 |     Boolean,
[INFO] [stdout]     |     ^^^^^^^
[INFO] [stdout]     |
[INFO] [stdout]     = note: `PrimitiveType` has derived impls for the traits `Clone` and `Debug`, but these are intentionally ignored during dead code analysis
[INFO] [stdout] 
[INFO] [stdout] 
[INFO] [stdout] warning: variants `String`, `Number`, `Boolean`, and `Undefined` are never constructed
[INFO] [stdout]   --> src/token.rs:78:5
[INFO] [stdout]    |
[INFO] [stdout] 16 | pub enum TSXTokenType {
[INFO] [stdout]    |          ------------ variants in this enum
[INFO] [stdout] ...
[INFO] [stdout] 78 |     String,
[INFO] [stdout]    |     ^^^^^^
[INFO] [stdout] 79 |     Number,
[INFO] [stdout]    |     ^^^^^^
[INFO] [stdout] 80 |     Boolean,
[INFO] [stdout]    |     ^^^^^^^
[INFO] [stdout] 81 |     Undefined,
[INFO] [stdout]    |     ^^^^^^^^^
[INFO] [stdout]    |
[INFO] [stdout]    = note: `TSXTokenType` has derived impls for the traits `Clone` and `Debug`, but these are intentionally ignored during dead code analysis
[INFO] [stdout] 
[INFO] [stdout] 
[INFO] [stdout] warning: method `to_str` is never used
[INFO] [stdout]   --> src/token.rs:85:12
[INFO] [stdout]    |
[INFO] [stdout] 84 | impl TSXTokenType {
[INFO] [stdout]    | ----------------- method in this implementation
[INFO] [stdout] 85 |     pub fn to_str(&self) -> &'static str {
[INFO] [stdout]    |            ^^^^^^
[INFO] [stdout] 
[INFO] [stdout] 
[INFO] [stdout] warning: unused variable: `sentences`
[INFO] [stdout]    --> src/parser.rs:607:17
[INFO] [stdout]     |
[INFO] [stdout] 607 |         let mut sentences = ObjectType::new();
[INFO] [stdout]     |                 ^^^^^^^^^ help: if this is intentional, prefix it with an underscore: `_sentences`
[INFO] [stdout]     |
[INFO] [stdout]     = note: `#[warn(unused_variables)]` on by default
[INFO] [stdout] 
[INFO] [stdout] 
[INFO] [stdout] warning: variable does not need to be mutable
[INFO] [stdout]    --> src/parser.rs:607:13
[INFO] [stdout]     |
[INFO] [stdout] 607 |         let mut sentences = ObjectType::new();
[INFO] [stdout]     |             ----^^^^^^^^^
[INFO] [stdout]     |             |
[INFO] [stdout]     |             help: remove this `mut`
[INFO] [stdout]     |
[INFO] [stdout]     = note: `#[warn(unused_mut)]` on by default
[INFO] [stdout] 
[INFO] [stdout] 
[INFO] [stdout] warning: unreachable pattern
[INFO] [stdout]    --> src/token.rs:153:13
[INFO] [stdout]     |
[INFO] [stdout] 99  |             TSXTokenType::From => "from",
[INFO] [stdout]     |             ------------------ matches all the relevant values
[INFO] [stdout] ...
[INFO] [stdout] 153 |             TSXTokenType::From => "from",
[INFO] [stdout]     |             ^^^^^^^^^^^^^^^^^^ no value can reach this
[INFO] [stdout]     |
[INFO] [stdout]     = note: `#[warn(unreachable_patterns)]` on by default
[INFO] [stdout] 
[INFO] [stdout] 
[INFO] [stdout] warning: method `expand_str` is never used
[INFO] [stdout]   --> src/component.rs:29:12
[INFO] [stdout]    |
[INFO] [stdout] 10 | impl Component {
[INFO] [stdout]    | -------------- method in this implementation
[INFO] [stdout] ...
[INFO] [stdout] 29 |     pub fn expand_str(&self) -> String {
[INFO] [stdout]    |            ^^^^^^^^^^
[INFO] [stdout]    |
[INFO] [stdout]    = note: `#[warn(dead_code)]` on by default
[INFO] [stdout] 
[INFO] [stdout] 
[INFO] [stdout] warning: method `expand_str` is never used
[INFO] [stdout]   --> src/component.rs:86:12
[INFO] [stdout]    |
[INFO] [stdout] 67 | impl NamedProps {
[INFO] [stdout]    | --------------- method in this implementation
[INFO] [stdout] ...
[INFO] [stdout] 86 |     pub fn expand_str(&self) -> String {
[INFO] [stdout]    |            ^^^^^^^^^^
[INFO] [stdout] 
[INFO] [stdout] 
[INFO] [stdout] warning: variants `Union` and `Literal` are never constructed
[INFO] [stdout]    --> src/component.rs:129:5
[INFO] [stdout]     |
[INFO] [stdout] 125 | pub(super) enum Type {
[INFO] [stdout]     |                 ---- variants in this enum
[INFO] [stdout] ...
[INFO] [stdout] 129 |     Union(Vec<Type>),
[INFO] [stdout]     |     ^^^^^
[INFO] [stdout] 130 |     Intersection(Vec<Type>),
[INFO] [stdout] 131 |     Literal(String),
[INFO] [stdout]     |     ^^^^^^^
[INFO] [stdout]     |
[INFO] [stdout]     = note: `Type` has derived impls for the traits `Clone` and `Debug`, but these are intentionally ignored during dead code analysis
[INFO] [stdout] 
[INFO] [stdout] 
[INFO] [stdout] warning: variant `Boolean` is never constructed
[INFO] [stdout]    --> src/component.rs:179:5
[INFO] [stdout]     |
[INFO] [stdout] 176 | pub(super) enum PrimitiveType {
[INFO] [stdout]     |                 ------------- variant in this enum
[INFO] [stdout] ...
[INFO] [stdout] 179 |     Boolean,
[INFO] [stdout]     |     ^^^^^^^
[INFO] [stdout]     |
[INFO] [stdout]     = note: `PrimitiveType` has derived impls for the traits `Clone` and `Debug`, but these are intentionally ignored during dead code analysis
[INFO] [stdout] 
[INFO] [stdout] 
[INFO] [stdout] warning: variants `String`, `Number`, `Boolean`, and `Undefined` are never constructed
[INFO] [stdout]   --> src/token.rs:78:5
[INFO] [stdout]    |
[INFO] [stdout] 16 | pub enum TSXTokenType {
[INFO] [stdout]    |          ------------ variants in this enum
[INFO] [stdout] ...
[INFO] [stdout] 78 |     String,
[INFO] [stdout]    |     ^^^^^^
[INFO] [stdout] 79 |     Number,
[INFO] [stdout]    |     ^^^^^^
[INFO] [stdout] 80 |     Boolean,
[INFO] [stdout]    |     ^^^^^^^
[INFO] [stdout] 81 |     Undefined,
[INFO] [stdout]    |     ^^^^^^^^^
[INFO] [stdout]    |
[INFO] [stdout]    = note: `TSXTokenType` has derived impls for the traits `Clone` and `Debug`, but these are intentionally ignored during dead code analysis
[INFO] [stdout] 
[INFO] [stdout] 
[INFO] [stdout] warning: method `to_str` is never used
[INFO] [stdout]   --> src/token.rs:85:12
[INFO] [stdout]    |
[INFO] [stdout] 84 | impl TSXTokenType {
[INFO] [stdout]    | ----------------- method in this implementation
[INFO] [stdout] 85 |     pub fn to_str(&self) -> &'static str {
[INFO] [stdout]    |            ^^^^^^
[INFO] [stdout] 
[INFO] [stdout] 
[INFO] [stderr]     Finished `test` profile [unoptimized + debuginfo] target(s) in 1.42s
[INFO] running `Command { std: "docker" "inspect" "69e12565a5390b1c4f21f4925f311987b5f9dedcd9eb1a4bcc182033865c4d6e", kill_on_drop: false }`
[INFO] running `Command { std: "docker" "rm" "-f" "69e12565a5390b1c4f21f4925f311987b5f9dedcd9eb1a4bcc182033865c4d6e", kill_on_drop: false }`
[INFO] [stdout] 69e12565a5390b1c4f21f4925f311987b5f9dedcd9eb1a4bcc182033865c4d6e
[INFO] running `Command { std: "docker" "create" "-v" "/var/lib/crater-agent-workspace/builds/worker-1-tc2/target:/opt/rustwide/target:rw,Z" "-v" "/var/lib/crater-agent-workspace/builds/worker-1-tc2/source:/opt/rustwide/workdir:ro,Z" "-v" "/var/lib/crater-agent-workspace/cargo-home:/opt/rustwide/cargo-home:ro,Z" "-v" "/var/lib/crater-agent-workspace/rustup-home:/opt/rustwide/rustup-home:ro,Z" "-e" "SOURCE_DIR=/opt/rustwide/workdir" "-e" "CARGO_TARGET_DIR=/opt/rustwide/target" "-e" "CARGO_INCREMENTAL=0" "-e" "RUST_BACKTRACE=full" "-e" "RUSTFLAGS=--cap-lints=forbid -Zrandomize-layout" "-e" "RUSTDOCFLAGS=--cap-lints=forbid" "-e" "CARGO_HOME=/opt/rustwide/cargo-home" "-e" "RUSTUP_HOME=/opt/rustwide/rustup-home" "-w" "/opt/rustwide/workdir" "-m" "1610612736" "--user" "0:0" "--network" "none" "ghcr.io/rust-lang/crates-build-env/linux@sha256:819108c5571ea2e421544af4d832f968d213c87fbe3707a016657f43d2f853bc" "/opt/rustwide/cargo-home/bin/cargo" "+nightly-2025-01-18" "test" "--frozen", kill_on_drop: false }`
[INFO] [stdout] cf8dc97663deeead926d90190c1074140e9b60138d7d3bc9e77025ba0a53b952
[INFO] running `Command { std: "docker" "start" "-a" "cf8dc97663deeead926d90190c1074140e9b60138d7d3bc9e77025ba0a53b952", kill_on_drop: false }`
[INFO] [stderr] warning: unreachable pattern
[INFO] [stderr]    --> src/token.rs:153:13
[INFO] [stderr]     |
[INFO] [stderr] 99  |             TSXTokenType::From => "from",
[INFO] [stderr]     |             ------------------ matches all the relevant values
[INFO] [stderr] ...
[INFO] [stderr] 153 |             TSXTokenType::From => "from",
[INFO] [stderr]     |             ^^^^^^^^^^^^^^^^^^ no value can reach this
[INFO] [stderr]     |
[INFO] [stderr]     = note: `#[warn(unreachable_patterns)]` on by default
[INFO] [stderr] 
[INFO] [stderr] warning: method `expand_str` is never used
[INFO] [stderr]   --> src/component.rs:29:12
[INFO] [stderr]    |
[INFO] [stderr] 10 | impl Component {
[INFO] [stderr]    | -------------- method in this implementation
[INFO] [stderr] ...
[INFO] [stderr] 29 |     pub fn expand_str(&self) -> String {
[INFO] [stderr]    |            ^^^^^^^^^^
[INFO] [stderr]    |
[INFO] [stderr]    = note: `#[warn(dead_code)]` on by default
[INFO] [stderr] 
[INFO] [stderr] warning: associated items `new_object_type` and `expand_str` are never used
[INFO] [stderr]   --> src/component.rs:74:12
[INFO] [stderr]    |
[INFO] [stderr] 67 | impl NamedProps {
[INFO] [stderr]    | --------------- associated items in this implementation
[INFO] [stderr] ...
[INFO] [stderr] 74 |     pub fn new_object_type(name: impl Into<String>, inner: ObjectType) -> Self {
[INFO] [stderr]    |            ^^^^^^^^^^^^^^^
[INFO] [stderr] ...
[INFO] [stderr] 86 |     pub fn expand_str(&self) -> String {
[INFO] [stderr]    |            ^^^^^^^^^^
[INFO] [stderr] 
[INFO] [stderr] warning: variants `Primitive`, `Union`, and `Literal` are never constructed
[INFO] [stderr]    --> src/component.rs:126:5
[INFO] [stderr]     |
[INFO] [stderr] 125 | pub(super) enum Type {
[INFO] [stderr]     |                 ---- variants in this enum
[INFO] [stderr] 126 |     Primitive(PrimitiveType),
[INFO] [stderr]     |     ^^^^^^^^^
[INFO] [stderr] ...
[INFO] [stderr] 129 |     Union(Vec<Type>),
[INFO] [stderr]     |     ^^^^^
[INFO] [stderr] 130 |     Intersection(Vec<Type>),
[INFO] [stderr] 131 |     Literal(String),
[INFO] [stderr]     |     ^^^^^^^
[INFO] [stderr]     |
[INFO] [stderr]     = note: `Type` has derived impls for the traits `Clone` and `Debug`, but these are intentionally ignored during dead code analysis
[INFO] [stderr] 
[INFO] [stderr] warning: variants `Number`, `String`, and `Boolean` are never constructed
[INFO] [stderr]    --> src/component.rs:177:5
[INFO] [stderr]     |
[INFO] [stderr] 176 | pub(super) enum PrimitiveType {
[INFO] [stderr]     |                 ------------- variants in this enum
[INFO] [stderr] 177 |     Number,
[INFO] [stderr]     |     ^^^^^^
[INFO] [stderr] 178 |     String,
[INFO] [stderr]     |     ^^^^^^
[INFO] [stderr] 179 |     Boolean,
[INFO] [stderr]     |     ^^^^^^^
[INFO] [stderr]     |
[INFO] [stderr]     = note: `PrimitiveType` has derived impls for the traits `Clone` and `Debug`, but these are intentionally ignored during dead code analysis
[INFO] [stderr] 
[INFO] [stderr] warning: variants `String`, `Number`, `Boolean`, and `Undefined` are never constructed
[INFO] [stderr]   --> src/token.rs:78:5
[INFO] [stderr]    |
[INFO] [stderr] 16 | pub enum TSXTokenType {
[INFO] [stderr]    |          ------------ variants in this enum
[INFO] [stderr] ...
[INFO] [stderr] 78 |     String,
[INFO] [stderr]    |     ^^^^^^
[INFO] [stderr] 79 |     Number,
[INFO] [stderr]    |     ^^^^^^
[INFO] [stderr] 80 |     Boolean,
[INFO] [stderr]    |     ^^^^^^^
[INFO] [stderr] 81 |     Undefined,
[INFO] [stderr]    |     ^^^^^^^^^
[INFO] [stderr]    |
[INFO] [stderr]    = note: `TSXTokenType` has derived impls for the traits `Clone` and `Debug`, but these are intentionally ignored during dead code analysis
[INFO] [stderr] 
[INFO] [stderr] warning: method `to_str` is never used
[INFO] [stderr]   --> src/token.rs:85:12
[INFO] [stderr]    |
[INFO] [stderr] 84 | impl TSXTokenType {
[INFO] [stderr]    | ----------------- method in this implementation
[INFO] [stderr] 85 |     pub fn to_str(&self) -> &'static str {
[INFO] [stderr]    |            ^^^^^^
[INFO] [stderr] 
[INFO] [stderr] warning: unused variable: `sentences`
[INFO] [stderr]    --> src/parser.rs:607:17
[INFO] [stderr]     |
[INFO] [stderr] 607 |         let mut sentences = ObjectType::new();
[INFO] [stderr]     |                 ^^^^^^^^^ help: if this is intentional, prefix it with an underscore: `_sentences`
[INFO] [stderr]     |
[INFO] [stderr]     = note: `#[warn(unused_variables)]` on by default
[INFO] [stderr] 
[INFO] [stderr] warning: variable does not need to be mutable
[INFO] [stderr]    --> src/parser.rs:607:13
[INFO] [stdout] 
[INFO] [stderr]     |
[INFO] [stdout] running 16 tests
[INFO] [stderr] 607 |         let mut sentences = ObjectType::new();
[INFO] [stderr]     |             ----^^^^^^^^^
[INFO] [stderr]     |             |
[INFO] [stderr]     |             help: remove this `mut`
[INFO] [stderr]     |
[INFO] [stderr]     = note: `#[warn(unused_mut)]` on by default
[INFO] [stderr] 
[INFO] [stderr] warning: method `expand_str` is never used
[INFO] [stderr]   --> src/component.rs:86:12
[INFO] [stderr]    |
[INFO] [stderr] 67 | impl NamedProps {
[INFO] [stderr]    | --------------- method in this implementation
[INFO] [stderr] ...
[INFO] [stderr] 86 |     pub fn expand_str(&self) -> String {
[INFO] [stderr]    |            ^^^^^^^^^^
[INFO] [stderr] 
[INFO] [stderr] warning: variants `Union` and `Literal` are never constructed
[INFO] [stderr]    --> src/component.rs:129:5
[INFO] [stderr]     |
[INFO] [stderr] 125 | pub(super) enum Type {
[INFO] [stderr]     |                 ---- variants in this enum
[INFO] [stderr] ...
[INFO] [stderr] 129 |     Union(Vec<Type>),
[INFO] [stderr]     |     ^^^^^
[INFO] [stderr] 130 |     Intersection(Vec<Type>),
[INFO] [stderr] 131 |     Literal(String),
[INFO] [stderr]     |     ^^^^^^^
[INFO] [stderr]     |
[INFO] [stderr]     = note: `Type` has derived impls for the traits `Clone` and `Debug`, but these are intentionally ignored during dead code analysis
[INFO] [stderr] 
[INFO] [stderr] warning: variant `Boolean` is never constructed
[INFO] [stderr]    --> src/component.rs:179:5
[INFO] [stderr]     |
[INFO] [stderr] 176 | pub(super) enum PrimitiveType {
[INFO] [stderr]     |                 ------------- variant in this enum
[INFO] [stderr] ...
[INFO] [stderr] 179 |     Boolean,
[INFO] [stderr]     |     ^^^^^^^
[INFO] [stderr]     |
[INFO] [stderr]     = note: `PrimitiveType` has derived impls for the traits `Clone` and `Debug`, but these are intentionally ignored during dead code analysis
[INFO] [stderr] 
[INFO] [stderr] warning: `storybook-helper` (lib) generated 7 warnings
[INFO] [stderr] warning: `storybook-helper` (lib test) generated 9 warnings (4 duplicates) (run `cargo fix --lib -p storybook-helper --tests` to apply 1 suggestion)
[INFO] [stderr]     Finished `test` profile [unoptimized + debuginfo] target(s) in 0.03s
[INFO] [stderr]      Running unittests src/lib.rs (/opt/rustwide/target/debug/deps/storybook_helper-716250034b505e1b)
[INFO] [stdout] test parser::tests::test_to_and_type ... ok
[INFO] [stdout] test parser::tests::test_to_array ... ok
[INFO] [stdout] test lexer::tests::test_lexer ... ok
[INFO] [stdout] test parser::tests::test_to_component ... ok
[INFO] [stdout] test parser::tests::test_to_component2 ... ok
[INFO] [stdout] test parser::tests::test_to_component3 ... ok
[INFO] [stdout] test parser::tests::test_to_component4 ... ok
[INFO] [stdout] test parser::tests::test_to_func_generic ... ok
[INFO] [stdout] test parser::tests::test_to_react_dot_fc ... ok
[INFO] [stdout] test parser::tests::test_to_obj_array ... ok
[INFO] [stdout] test component::tests::test_expand_str ... ok
[INFO] [stdout] test tests::test_is_stories ... ok
[INFO] [stdout] test tests::test_is_tsx ... ok
[INFO] [stdout] test parser::tests::test_to_union_generic ... ok
[INFO] [stdout] test tests::test_make_storybook_content ... ok
[INFO] [stdout] test tests::test_all_file_path ... FAILED
[INFO] [stdout] 
[INFO] [stdout] failures:
[INFO] [stdout] 
[INFO] [stdout] ---- tests::test_all_file_path stdout ----
[INFO] [stdout] 
[INFO] [stdout] thread 'tests::test_all_file_path' panicked at src/lib.rs:153:43:
[INFO] [stdout] called `Result::unwrap()` on an `Err` value: Os { code: 30, kind: ReadOnlyFilesystem, message: "Read-only file system" }
[INFO] [stdout] stack backtrace:
[INFO] [stdout]    0:     0x60fa73001eca - std::backtrace_rs::backtrace::libunwind::trace::hb059275cfc8d6126
[INFO] [stdout]                                at /rustc/6067b36314ab5eb2eb47cecc464545ba58e1ad24/library/std/src/../../backtrace/src/backtrace/libunwind.rs:116:5
[INFO] [stdout]    1:     0x60fa73001eca - std::backtrace_rs::backtrace::trace_unsynchronized::h2da071e4327ce3ee
[INFO] [stdout]                                at /rustc/6067b36314ab5eb2eb47cecc464545ba58e1ad24/library/std/src/../../backtrace/src/backtrace/mod.rs:66:5
[INFO] [stdout]    2:     0x60fa73001eca - std::sys::backtrace::_print_fmt::h842a1474e6f8d23f
[INFO] [stdout]                                at /rustc/6067b36314ab5eb2eb47cecc464545ba58e1ad24/library/std/src/sys/backtrace.rs:66:9
[INFO] [stdout]    3:     0x60fa73001eca - <std::sys::backtrace::BacktraceLock::print::DisplayBacktrace as core::fmt::Display>::fmt::h71a62eb3b9696b12
[INFO] [stdout]                                at /rustc/6067b36314ab5eb2eb47cecc464545ba58e1ad24/library/std/src/sys/backtrace.rs:39:26
[INFO] [stdout]    4:     0x60fa7302a653 - core::fmt::rt::Argument::fmt::hdb6b616786b41dc1
[INFO] [stdout]                                at /rustc/6067b36314ab5eb2eb47cecc464545ba58e1ad24/library/core/src/fmt/rt.rs:177:76
[INFO] [stdout]    5:     0x60fa7302a653 - core::fmt::write::h2cc1698af7e2d686
[INFO] [stdout]                                at /rustc/6067b36314ab5eb2eb47cecc464545ba58e1ad24/library/core/src/fmt/mod.rs:1440:21
[INFO] [stdout]    6:     0x60fa72ffe5f3 - std::io::Write::write_fmt::hab1b4cd059a79022
[INFO] [stdout]                                at /rustc/6067b36314ab5eb2eb47cecc464545ba58e1ad24/library/std/src/io/mod.rs:1887:15
[INFO] [stdout]    7:     0x60fa73001d12 - std::sys::backtrace::BacktraceLock::print::h147fe35b4ea13b08
[INFO] [stdout]                                at /rustc/6067b36314ab5eb2eb47cecc464545ba58e1ad24/library/std/src/sys/backtrace.rs:42:9
[INFO] [stdout]    8:     0x60fa730032ef - std::panicking::default_hook::{{closure}}::hbd44223dbdc0d208
[INFO] [stdout]                                at /rustc/6067b36314ab5eb2eb47cecc464545ba58e1ad24/library/std/src/panicking.rs:298:22
[INFO] [stdout]    9:     0x60fa73003108 - std::panicking::default_hook::h20f81eb0576efcec
[INFO] [stdout]                                at /rustc/6067b36314ab5eb2eb47cecc464545ba58e1ad24/library/std/src/panicking.rs:322:9
[INFO] [stdout]   10:     0x60fa72fc1353 - <alloc::boxed::Box<F,A> as core::ops::function::Fn<Args>>::call::hdb53814c496a4d34
[INFO] [stdout]                                at /rustc/6067b36314ab5eb2eb47cecc464545ba58e1ad24/library/alloc/src/boxed.rs:2027:9
[INFO] [stdout]   11:     0x60fa72fc1353 - test::test_main::{{closure}}::hc0a4963c59427c24
[INFO] [stdout]                                at /rustc/6067b36314ab5eb2eb47cecc464545ba58e1ad24/library/test/src/lib.rs:134:21
[INFO] [stdout]   12:     0x60fa73003de3 - <alloc::boxed::Box<F,A> as core::ops::function::Fn<Args>>::call::h591b2225413a77e9
[INFO] [stdout]                                at /rustc/6067b36314ab5eb2eb47cecc464545ba58e1ad24/library/alloc/src/boxed.rs:2027:9
[INFO] [stdout]   13:     0x60fa73003de3 - std::panicking::rust_panic_with_hook::h625eea43051b2edc
[INFO] [stdout]                                at /rustc/6067b36314ab5eb2eb47cecc464545ba58e1ad24/library/std/src/panicking.rs:839:13
[INFO] [stdout]   14:     0x60fa73003a9a - std::panicking::begin_panic_handler::{{closure}}::h4f9159cfbc3f6bd3
[INFO] [stdout]                                at /rustc/6067b36314ab5eb2eb47cecc464545ba58e1ad24/library/std/src/panicking.rs:704:13
[INFO] [stdout]   15:     0x60fa730023c9 - std::sys::backtrace::__rust_end_short_backtrace::h0390abce48353151
[INFO] [stdout]                                at /rustc/6067b36314ab5eb2eb47cecc464545ba58e1ad24/library/std/src/sys/backtrace.rs:168:18
[INFO] [stdout]   16:     0x60fa7300372d - rust_begin_unwind
[INFO] [stdout]                                at /rustc/6067b36314ab5eb2eb47cecc464545ba58e1ad24/library/std/src/panicking.rs:695:5
[INFO] [stdout]   17:     0x60fa73028d20 - core::panicking::panic_fmt::h9e7c637e9e5f29c9
[INFO] [stdout]                                at /rustc/6067b36314ab5eb2eb47cecc464545ba58e1ad24/library/core/src/panicking.rs:75:14
[INFO] [stdout]   18:     0x60fa73029196 - core::result::unwrap_failed::h7979f09313fe1849
[INFO] [stdout]                                at /rustc/6067b36314ab5eb2eb47cecc464545ba58e1ad24/library/core/src/result.rs:1704:5
[INFO] [stdout]   19:     0x60fa72f854da - core::result::Result<T,E>::unwrap::h6d69ae9ba6badccf
[INFO] [stdout]                                at /rustc/6067b36314ab5eb2eb47cecc464545ba58e1ad24/library/core/src/result.rs:1109:23
[INFO] [stdout]   20:     0x60fa72f854da - storybook_helper::tests::create_dir_all::hb33908ea8433b6c9
[INFO] [stdout]                                at /opt/rustwide/workdir/src/lib.rs:153:9
[INFO] [stdout]   21:     0x60fa72f868d8 - storybook_helper::tests::test_all_file_path::hf61cac317aa18495
[INFO] [stdout]                                at /opt/rustwide/workdir/src/lib.rs:222:9
[INFO] [stdout]   22:     0x60fa72f867b7 - storybook_helper::tests::test_all_file_path::{{closure}}::h9cd32a93c1ff2adc
[INFO] [stdout]                                at /opt/rustwide/workdir/src/lib.rs:220:28
[INFO] [stdout]   23:     0x60fa72f72f76 - core::ops::function::FnOnce::call_once::h98fad8862e6f84ba
[INFO] [stdout]                                at /rustc/6067b36314ab5eb2eb47cecc464545ba58e1ad24/library/core/src/ops/function.rs:250:5
[INFO] [stdout]   24:     0x60fa72fc6aab - core::ops::function::FnOnce::call_once::he27718dfdd183f43
[INFO] [stdout]                                at /rustc/6067b36314ab5eb2eb47cecc464545ba58e1ad24/library/core/src/ops/function.rs:250:5
[INFO] [stdout]   25:     0x60fa72fc6aab - test::__rust_begin_short_backtrace::h4e84902998457a5d
[INFO] [stdout]                                at /rustc/6067b36314ab5eb2eb47cecc464545ba58e1ad24/library/test/src/lib.rs:632:18
[INFO] [stdout]   26:     0x60fa72fc59e3 - test::run_test_in_process::{{closure}}::h7176fd18fc1feca0
[INFO] [stdout]                                at /rustc/6067b36314ab5eb2eb47cecc464545ba58e1ad24/library/test/src/lib.rs:655:60
[INFO] [stdout]   27:     0x60fa72fc59e3 - <core::panic::unwind_safe::AssertUnwindSafe<F> as core::ops::function::FnOnce<()>>::call_once::hf79cff2a624d8cf7
[INFO] [stdout]                                at /rustc/6067b36314ab5eb2eb47cecc464545ba58e1ad24/library/core/src/panic/unwind_safe.rs:272:9
[INFO] [stdout]   28:     0x60fa72fc59e3 - std::panicking::try::do_call::h3da0561d9ab99c25
[INFO] [stdout]                                at /rustc/6067b36314ab5eb2eb47cecc464545ba58e1ad24/library/std/src/panicking.rs:587:40
[INFO] [stdout]   29:     0x60fa72fc59e3 - std::panicking::try::h41c9fa508bc61df6
[INFO] [stdout]                                at /rustc/6067b36314ab5eb2eb47cecc464545ba58e1ad24/library/std/src/panicking.rs:550:19
[INFO] [stdout]   30:     0x60fa72fc59e3 - std::panic::catch_unwind::h6b3ff07bb5afad93
[INFO] [stdout]                                at /rustc/6067b36314ab5eb2eb47cecc464545ba58e1ad24/library/std/src/panic.rs:358:14
[INFO] [stdout]   31:     0x60fa72fc59e3 - test::run_test_in_process::hc7253dd11b39b9f4
[INFO] [stdout]                                at /rustc/6067b36314ab5eb2eb47cecc464545ba58e1ad24/library/test/src/lib.rs:655:27
[INFO] [stdout]   32:     0x60fa72fc59e3 - test::run_test::{{closure}}::hfb2007f8649c30bb
[INFO] [stdout]                                at /rustc/6067b36314ab5eb2eb47cecc464545ba58e1ad24/library/test/src/lib.rs:576:43
[INFO] [stdout]   33:     0x60fa72f88ac5 - test::run_test::{{closure}}::h56a17aa7a282a9f4
[INFO] [stdout]                                at /rustc/6067b36314ab5eb2eb47cecc464545ba58e1ad24/library/test/src/lib.rs:606:41
[INFO] [stdout]   34:     0x60fa72f88ac5 - std::sys::backtrace::__rust_begin_short_backtrace::hd2d2d2fb8e8c6aac
[INFO] [stdout]                                at /rustc/6067b36314ab5eb2eb47cecc464545ba58e1ad24/library/std/src/sys/backtrace.rs:152:18
[INFO] [stdout]   35:     0x60fa72f8c3aa - std::thread::Builder::spawn_unchecked_::{{closure}}::{{closure}}::h4faa3f9db6133423
[INFO] [stdout]                                at /rustc/6067b36314ab5eb2eb47cecc464545ba58e1ad24/library/std/src/thread/mod.rs:559:17
[INFO] [stdout]   36:     0x60fa72f8c3aa - <core::panic::unwind_safe::AssertUnwindSafe<F> as core::ops::function::FnOnce<()>>::call_once::hf2e855a36a4ea846
[INFO] [stdout]                                at /rustc/6067b36314ab5eb2eb47cecc464545ba58e1ad24/library/core/src/panic/unwind_safe.rs:272:9
[INFO] [stdout]   37:     0x60fa72f8c3aa - std::panicking::try::do_call::h2f73af3616c35465
[INFO] [stdout]                                at /rustc/6067b36314ab5eb2eb47cecc464545ba58e1ad24/library/std/src/panicking.rs:587:40
[INFO] [stdout]   38:     0x60fa72f8c3aa - std::panicking::try::hd1660ce9efadef5a
[INFO] [stdout]                                at /rustc/6067b36314ab5eb2eb47cecc464545ba58e1ad24/library/std/src/panicking.rs:550:19
[INFO] [stdout]   39:     0x60fa72f8c3aa - std::panic::catch_unwind::h5ee8d7823b8ca744
[INFO] [stdout]                                at /rustc/6067b36314ab5eb2eb47cecc464545ba58e1ad24/library/std/src/panic.rs:358:14
[INFO] [stdout]   40:     0x60fa72f8c3aa - std::thread::Builder::spawn_unchecked_::{{closure}}::h53c3a1894dce8407
[INFO] [stdout]                                at /rustc/6067b36314ab5eb2eb47cecc464545ba58e1ad24/library/std/src/thread/mod.rs:557:30
[INFO] [stdout]   41:     0x60fa72f8c3aa - core::ops::function::FnOnce::call_once{{vtable.shim}}::h048ce291ad4f62bf
[INFO] [stdout]                                at /rustc/6067b36314ab5eb2eb47cecc464545ba58e1ad24/library/core/src/ops/function.rs:250:5
[INFO] [stdout]   42:     0x60fa73008a3b - <alloc::boxed::Box<F,A> as core::ops::function::FnOnce<Args>>::call_once::ha52bedf99a3b4981
[INFO] [stdout]                                at /rustc/6067b36314ab5eb2eb47cecc464545ba58e1ad24/library/alloc/src/boxed.rs:2013:9
[INFO] [stdout]   43:     0x60fa73008a3b - <alloc::boxed::Box<F,A> as core::ops::function::FnOnce<Args>>::call_once::h567748934d80ccf8
[INFO] [stdout]                                at /rustc/6067b36314ab5eb2eb47cecc464545ba58e1ad24/library/alloc/src/boxed.rs:2013:9
[INFO] [stdout]   44:     0x60fa73008a3b - std::sys::pal::unix::thread::Thread::new::thread_start::h2d970728ae887adc
[INFO] [stdout]                                at /rustc/6067b36314ab5eb2eb47cecc464545ba58e1ad24/library/std/src/sys/pal/unix/thread.rs:106:17
[INFO] [stdout]   45:     0x7fc003f8eac3 - <unknown>
[INFO] [stdout]   46:     0x7fc00401fa04 - clone
[INFO] [stdout]   47:                0x0 - <unknown>
[INFO] [stdout] 
[INFO] [stdout] 
[INFO] [stdout] failures:
[INFO] [stdout]     tests::test_all_file_path
[INFO] [stdout] 
[INFO] [stdout] test result: FAILED. 15 passed; 1 failed; 0 ignored; 0 measured; 0 filtered out; finished in 0.03s
[INFO] [stdout] 
[INFO] [stderr] error: test failed, to rerun pass `--lib`
[INFO] running `Command { std: "docker" "inspect" "cf8dc97663deeead926d90190c1074140e9b60138d7d3bc9e77025ba0a53b952", kill_on_drop: false }`
[INFO] running `Command { std: "docker" "rm" "-f" "cf8dc97663deeead926d90190c1074140e9b60138d7d3bc9e77025ba0a53b952", kill_on_drop: false }`
[INFO] [stdout] cf8dc97663deeead926d90190c1074140e9b60138d7d3bc9e77025ba0a53b952
