[INFO] cloning repository https://github.com/twjang/simple-vsop2013-rs
[INFO] running `Command { std: "git" "-c" "credential.helper=" "-c" "credential.helper=/workspace/cargo-home/bin/git-credential-null" "clone" "--bare" "https://github.com/twjang/simple-vsop2013-rs" "/workspace/cache/git-repos/https%3A%2F%2Fgithub.com%2Ftwjang%2Fsimple-vsop2013-rs", kill_on_drop: false }`
[INFO] [stderr] Cloning into bare repository '/workspace/cache/git-repos/https%3A%2F%2Fgithub.com%2Ftwjang%2Fsimple-vsop2013-rs'...
[INFO] running `Command { std: "git" "rev-parse" "HEAD", kill_on_drop: false }`
[INFO] [stdout] bdec0ef2cb281201fbf44998c5032cb2dcda145b
[INFO] testing twjang/simple-vsop2013-rs against nightly-2025-01-18+rustflags=-Zrandomize-layout for randomize-layout-2
[INFO] running `Command { std: "git" "clone" "/workspace/cache/git-repos/https%3A%2F%2Fgithub.com%2Ftwjang%2Fsimple-vsop2013-rs" "/workspace/builds/worker-2-tc2/source", kill_on_drop: false }`
[INFO] [stderr] Cloning into '/workspace/builds/worker-2-tc2/source'...
[INFO] [stderr] done.
[INFO] [stderr] Updating files:  81% (495/605)
Updating files:  82% (497/605)
Updating files:  83% (503/605)
Updating files:  84% (509/605)
Updating files:  85% (515/605)
Updating files:  86% (521/605)
Updating files:  87% (527/605)
Updating files:  88% (533/605)
Updating files:  89% (539/605)
Updating files:  90% (545/605)
Updating files:  91% (551/605)
Updating files:  92% (557/605)
Updating files:  93% (563/605)
Updating files:  94% (569/605)
Updating files:  95% (575/605)
Updating files:  96% (581/605)
Updating files:  97% (587/605)
Updating files:  98% (593/605)
Updating files:  99% (599/605)
Updating files: 100% (605/605)
Updating files: 100% (605/605), done.
[INFO] validating manifest of git repo https://github.com/twjang/simple-vsop2013-rs on toolchain nightly-2025-01-18
[INFO] running `Command { std: CARGO_HOME="/workspace/cargo-home" RUSTUP_HOME="/workspace/rustup-home" "/workspace/cargo-home/bin/cargo" "+nightly-2025-01-18" "metadata" "--manifest-path" "Cargo.toml" "--no-deps", kill_on_drop: false }`
[INFO] started tweaking git repo https://github.com/twjang/simple-vsop2013-rs
[INFO] finished tweaking git repo https://github.com/twjang/simple-vsop2013-rs
[INFO] tweaked toml for git repo https://github.com/twjang/simple-vsop2013-rs written to /workspace/builds/worker-2-tc2/source/Cargo.toml
[INFO] crate git repo https://github.com/twjang/simple-vsop2013-rs already has a lockfile, it will not be regenerated
[INFO] running `Command { std: CARGO_HOME="/workspace/cargo-home" RUSTUP_HOME="/workspace/rustup-home" "/workspace/cargo-home/bin/cargo" "+nightly-2025-01-18" "fetch" "--manifest-path" "Cargo.toml", kill_on_drop: false }`
[INFO] running `Command { std: "docker" "create" "-v" "/var/lib/crater-agent-workspace/builds/worker-2-tc2/target:/opt/rustwide/target:rw,Z" "-v" "/var/lib/crater-agent-workspace/builds/worker-2-tc2/source:/opt/rustwide/workdir:ro,Z" "-v" "/var/lib/crater-agent-workspace/cargo-home:/opt/rustwide/cargo-home:ro,Z" "-v" "/var/lib/crater-agent-workspace/rustup-home:/opt/rustwide/rustup-home:ro,Z" "-e" "SOURCE_DIR=/opt/rustwide/workdir" "-e" "CARGO_TARGET_DIR=/opt/rustwide/target" "-e" "CARGO_HOME=/opt/rustwide/cargo-home" "-e" "RUSTUP_HOME=/opt/rustwide/rustup-home" "-w" "/opt/rustwide/workdir" "-m" "1610612736" "--user" "0:0" "--network" "none" "ghcr.io/rust-lang/crates-build-env/linux@sha256:819108c5571ea2e421544af4d832f968d213c87fbe3707a016657f43d2f853bc" "/opt/rustwide/cargo-home/bin/cargo" "+nightly-2025-01-18" "metadata" "--no-deps" "--format-version=1", kill_on_drop: false }`
[INFO] [stdout] d50d22889123bc76c407b5dae99fe81e4caf8c2f0d96605d503903fa6e7cb0bb
[INFO] running `Command { std: "docker" "start" "-a" "d50d22889123bc76c407b5dae99fe81e4caf8c2f0d96605d503903fa6e7cb0bb", kill_on_drop: false }`
[INFO] running `Command { std: "docker" "inspect" "d50d22889123bc76c407b5dae99fe81e4caf8c2f0d96605d503903fa6e7cb0bb", kill_on_drop: false }`
[INFO] running `Command { std: "docker" "rm" "-f" "d50d22889123bc76c407b5dae99fe81e4caf8c2f0d96605d503903fa6e7cb0bb", kill_on_drop: false }`
[INFO] [stdout] d50d22889123bc76c407b5dae99fe81e4caf8c2f0d96605d503903fa6e7cb0bb
[INFO] running `Command { std: "docker" "create" "-v" "/var/lib/crater-agent-workspace/builds/worker-2-tc2/target:/opt/rustwide/target:rw,Z" "-v" "/var/lib/crater-agent-workspace/builds/worker-2-tc2/source:/opt/rustwide/workdir:ro,Z" "-v" "/var/lib/crater-agent-workspace/cargo-home:/opt/rustwide/cargo-home:ro,Z" "-v" "/var/lib/crater-agent-workspace/rustup-home:/opt/rustwide/rustup-home:ro,Z" "-e" "SOURCE_DIR=/opt/rustwide/workdir" "-e" "CARGO_TARGET_DIR=/opt/rustwide/target" "-e" "CARGO_INCREMENTAL=0" "-e" "RUST_BACKTRACE=full" "-e" "RUSTFLAGS=--cap-lints=forbid -Zrandomize-layout" "-e" "RUSTDOCFLAGS=--cap-lints=forbid" "-e" "CARGO_HOME=/opt/rustwide/cargo-home" "-e" "RUSTUP_HOME=/opt/rustwide/rustup-home" "-w" "/opt/rustwide/workdir" "-m" "1610612736" "--user" "0:0" "--network" "none" "ghcr.io/rust-lang/crates-build-env/linux@sha256:819108c5571ea2e421544af4d832f968d213c87fbe3707a016657f43d2f853bc" "/opt/rustwide/cargo-home/bin/cargo" "+nightly-2025-01-18" "build" "--frozen" "--message-format=json", kill_on_drop: false }`
[INFO] [stdout] fa7775676a30927adc50838be79a9ef60103f57958ac25bbe444215bcde85710
[INFO] running `Command { std: "docker" "start" "-a" "fa7775676a30927adc50838be79a9ef60103f57958ac25bbe444215bcde85710", kill_on_drop: false }`
[INFO] [stderr]    Compiling include-bytes-plus v1.1.0
[INFO] [stderr]    Compiling simple-vsop2013 v0.1.0 (/opt/rustwide/workdir)
[INFO] [stdout] warning: value assigned to `idx` is never read
[INFO] [stdout]   --> src/utils.rs:37:13
[INFO] [stdout]    |
[INFO] [stdout] 37 |     let mut idx: usize = 0;
[INFO] [stdout]    |             ^^^
[INFO] [stdout]    |
[INFO] [stdout]    = help: maybe it is overwritten before being read?
[INFO] [stdout]    = note: `#[warn(unused_assignments)]` on by default
[INFO] [stdout] 
[INFO] [stdout] 
[INFO] [stdout] warning: constant `CONST_ROT` is never used
[INFO] [stdout]     --> src/coeff.rs:1202:11
[INFO] [stdout]      |
[INFO] [stdout] 1202 | pub const CONST_ROT: [f64;9] = [
[INFO] [stdout]      |           ^^^^^^^^^
[INFO] [stdout]      |
[INFO] [stdout]      = note: `#[warn(dead_code)]` on by default
[INFO] [stdout] 
[INFO] [stdout] 
[INFO] [stderr]     Finished `dev` profile [unoptimized + debuginfo] target(s) in 5.51s
[INFO] running `Command { std: "docker" "inspect" "fa7775676a30927adc50838be79a9ef60103f57958ac25bbe444215bcde85710", kill_on_drop: false }`
[INFO] running `Command { std: "docker" "rm" "-f" "fa7775676a30927adc50838be79a9ef60103f57958ac25bbe444215bcde85710", kill_on_drop: false }`
[INFO] [stdout] fa7775676a30927adc50838be79a9ef60103f57958ac25bbe444215bcde85710
[INFO] running `Command { std: "docker" "create" "-v" "/var/lib/crater-agent-workspace/builds/worker-2-tc2/target:/opt/rustwide/target:rw,Z" "-v" "/var/lib/crater-agent-workspace/builds/worker-2-tc2/source:/opt/rustwide/workdir:ro,Z" "-v" "/var/lib/crater-agent-workspace/cargo-home:/opt/rustwide/cargo-home:ro,Z" "-v" "/var/lib/crater-agent-workspace/rustup-home:/opt/rustwide/rustup-home:ro,Z" "-e" "SOURCE_DIR=/opt/rustwide/workdir" "-e" "CARGO_TARGET_DIR=/opt/rustwide/target" "-e" "CARGO_INCREMENTAL=0" "-e" "RUST_BACKTRACE=full" "-e" "RUSTFLAGS=--cap-lints=forbid -Zrandomize-layout" "-e" "RUSTDOCFLAGS=--cap-lints=forbid" "-e" "CARGO_HOME=/opt/rustwide/cargo-home" "-e" "RUSTUP_HOME=/opt/rustwide/rustup-home" "-w" "/opt/rustwide/workdir" "-m" "1610612736" "--user" "0:0" "--network" "none" "ghcr.io/rust-lang/crates-build-env/linux@sha256:819108c5571ea2e421544af4d832f968d213c87fbe3707a016657f43d2f853bc" "/opt/rustwide/cargo-home/bin/cargo" "+nightly-2025-01-18" "test" "--frozen" "--no-run" "--message-format=json", kill_on_drop: false }`
[INFO] [stdout] c0a08411bbbeae35e30564ed67b5ae88157274ef7a387ecfae3ebf4e9758f9a9
[INFO] running `Command { std: "docker" "start" "-a" "c0a08411bbbeae35e30564ed67b5ae88157274ef7a387ecfae3ebf4e9758f9a9", kill_on_drop: false }`
[INFO] [stderr]    Compiling simple-vsop2013 v0.1.0 (/opt/rustwide/workdir)
[INFO] [stdout] warning: value assigned to `idx` is never read
[INFO] [stdout]   --> src/utils.rs:37:13
[INFO] [stdout]    |
[INFO] [stdout] 37 |     let mut idx: usize = 0;
[INFO] [stdout]    |             ^^^
[INFO] [stdout]    |
[INFO] [stdout]    = help: maybe it is overwritten before being read?
[INFO] [stdout]    = note: `#[warn(unused_assignments)]` on by default
[INFO] [stdout] 
[INFO] [stdout] 
[INFO] [stdout] warning: constant `CONST_ROT` is never used
[INFO] [stdout]     --> src/coeff.rs:1202:11
[INFO] [stdout]      |
[INFO] [stdout] 1202 | pub const CONST_ROT: [f64;9] = [
[INFO] [stdout]      |           ^^^^^^^^^
[INFO] [stdout]      |
[INFO] [stdout]      = note: `#[warn(dead_code)]` on by default
[INFO] [stdout] 
[INFO] [stdout] 
[INFO] [stdout] warning: value assigned to `idx` is never read
[INFO] [stdout]   --> src/utils.rs:37:13
[INFO] [stdout]    |
[INFO] [stdout] 37 |     let mut idx: usize = 0;
[INFO] [stdout]    |             ^^^
[INFO] [stdout]    |
[INFO] [stdout]    = help: maybe it is overwritten before being read?
[INFO] [stdout]    = note: `#[warn(unused_assignments)]` on by default
[INFO] [stdout] 
[INFO] [stdout] 
[INFO] [stdout] warning: constant `CONST_ROT` is never used
[INFO] [stdout]     --> src/coeff.rs:1202:11
[INFO] [stdout]      |
[INFO] [stdout] 1202 | pub const CONST_ROT: [f64;9] = [
[INFO] [stdout]      |           ^^^^^^^^^
[INFO] [stdout]      |
[INFO] [stdout]      = note: `#[warn(dead_code)]` on by default
[INFO] [stdout] 
[INFO] [stdout] 
[INFO] [stderr]     Finished `test` profile [unoptimized + debuginfo] target(s) in 5.00s
[INFO] running `Command { std: "docker" "inspect" "c0a08411bbbeae35e30564ed67b5ae88157274ef7a387ecfae3ebf4e9758f9a9", kill_on_drop: false }`
[INFO] running `Command { std: "docker" "rm" "-f" "c0a08411bbbeae35e30564ed67b5ae88157274ef7a387ecfae3ebf4e9758f9a9", kill_on_drop: false }`
[INFO] [stdout] c0a08411bbbeae35e30564ed67b5ae88157274ef7a387ecfae3ebf4e9758f9a9
[INFO] running `Command { std: "docker" "create" "-v" "/var/lib/crater-agent-workspace/builds/worker-2-tc2/target:/opt/rustwide/target:rw,Z" "-v" "/var/lib/crater-agent-workspace/builds/worker-2-tc2/source:/opt/rustwide/workdir:ro,Z" "-v" "/var/lib/crater-agent-workspace/cargo-home:/opt/rustwide/cargo-home:ro,Z" "-v" "/var/lib/crater-agent-workspace/rustup-home:/opt/rustwide/rustup-home:ro,Z" "-e" "SOURCE_DIR=/opt/rustwide/workdir" "-e" "CARGO_TARGET_DIR=/opt/rustwide/target" "-e" "CARGO_INCREMENTAL=0" "-e" "RUST_BACKTRACE=full" "-e" "RUSTFLAGS=--cap-lints=forbid -Zrandomize-layout" "-e" "RUSTDOCFLAGS=--cap-lints=forbid" "-e" "CARGO_HOME=/opt/rustwide/cargo-home" "-e" "RUSTUP_HOME=/opt/rustwide/rustup-home" "-w" "/opt/rustwide/workdir" "-m" "1610612736" "--user" "0:0" "--network" "none" "ghcr.io/rust-lang/crates-build-env/linux@sha256:819108c5571ea2e421544af4d832f968d213c87fbe3707a016657f43d2f853bc" "/opt/rustwide/cargo-home/bin/cargo" "+nightly-2025-01-18" "test" "--frozen", kill_on_drop: false }`
[INFO] [stdout] 3922572d854083862a9dfe36672cc6ebd5cab6dcd22ee6a504de8ae422c74edb
[INFO] running `Command { std: "docker" "start" "-a" "3922572d854083862a9dfe36672cc6ebd5cab6dcd22ee6a504de8ae422c74edb", kill_on_drop: false }`
[INFO] [stderr] warning: value assigned to `idx` is never read
[INFO] [stderr]   --> src/utils.rs:37:13
[INFO] [stderr]    |
[INFO] [stderr] 37 |     let mut idx: usize = 0;
[INFO] [stderr]    |             ^^^
[INFO] [stderr]    |
[INFO] [stderr]    = help: maybe it is overwritten before being read?
[INFO] [stderr]    = note: `#[warn(unused_assignments)]` on by default
[INFO] [stderr] 
[INFO] [stderr] warning: constant `CONST_ROT` is never used
[INFO] [stderr]     --> src/coeff.rs:1202:11
[INFO] [stderr]      |
[INFO] [stderr] 1202 | pub const CONST_ROT: [f64;9] = [
[INFO] [stderr]      |           ^^^^^^^^^
[INFO] [stderr]      |
[INFO] [stderr]      = note: `#[warn(dead_code)]` on by default
[INFO] [stderr] 
[INFO] [stderr] warning: `simple-vsop2013` (lib) generated 2 warnings
[INFO] [stderr] warning: `simple-vsop2013` (lib test) generated 2 warnings (2 duplicates)
[INFO] [stderr]     Finished `test` profile [unoptimized + debuginfo] target(s) in 0.00s
[INFO] [stderr]      Running unittests src/lib.rs (/opt/rustwide/target/debug/deps/simple_vsop2013-0c8a065398a35faa)
[INFO] [stdout] 
[INFO] [stdout] running 1 test
[INFO] [stdout] test tests::check_emb ... ok
[INFO] [stdout] 
[INFO] [stdout] test result: ok. 1 passed; 0 failed; 0 ignored; 0 measured; 0 filtered out; finished in 0.66s
[INFO] [stdout] 
[INFO] [stderr]    Doc-tests simple_vsop2013
[INFO] [stdout] 
[INFO] [stdout] running 2 tests
[INFO] [stdout] test src/generated.rs - generated::emb_elliptic_vars (line 298) ... FAILED
[INFO] [stdout] test src/generated.rs - generated::emb_elliptic_vars (line 296) ... FAILED
[INFO] [stdout] 
[INFO] [stdout] failures:
[INFO] [stdout] 
[INFO] [stdout] ---- src/generated.rs - generated::emb_elliptic_vars (line 298) stdout ----
[INFO] [stdout] error: struct literal body without path
[INFO] [stdout]  --> src/generated.rs:298:80
[INFO] [stdout]   |
[INFO] [stdout] 2 |   fn main() { #[allow(non_snake_case)] fn _doctest_main_src_generated_rs_298_0() {
[INFO] [stdout]   |  ________________________________________________________________________________^
[INFO] [stdout] 3 | | i: inclination
[INFO] [stdout] 4 | | } _doctest_main_src_generated_rs_298_0() }
[INFO] [stdout]   | |_^
[INFO] [stdout]   |
[INFO] [stdout] help: you might have forgotten to add the struct literal inside the block
[INFO] [stdout]   |
[INFO] [stdout] 2 ~ fn main() { #[allow(non_snake_case)] fn _doctest_main_src_generated_rs_298_0() { SomeStruct {
[INFO] [stdout] 3 | i: inclination
[INFO] [stdout] 4 ~ } } _doctest_main_src_generated_rs_298_0() }
[INFO] [stdout]   |
[INFO] [stdout] 
[INFO] [stdout] error: aborting due to 1 previous error
[INFO] [stdout] 
[INFO] [stdout] Couldn't compile the test.
[INFO] [stdout] ---- src/generated.rs - generated::emb_elliptic_vars (line 296) stdout ----
[INFO] [stdout] error: struct literal body without path
[INFO] [stdout]  --> src/generated.rs:296:80
[INFO] [stdout]   |
[INFO] [stdout] 2 |   fn main() { #[allow(non_snake_case)] fn _doctest_main_src_generated_rs_296_0() {
[INFO] [stdout]   |  ________________________________________________________________________________^
[INFO] [stdout] 3 | | e: eccentricity
[INFO] [stdout] 4 | | } _doctest_main_src_generated_rs_296_0() }
[INFO] [stdout]   | |_^
[INFO] [stdout]   |
[INFO] [stdout] help: you might have forgotten to add the struct literal inside the block
[INFO] [stdout]   |
[INFO] [stdout] 2 ~ fn main() { #[allow(non_snake_case)] fn _doctest_main_src_generated_rs_296_0() { SomeStruct {
[INFO] [stdout] 3 | e: eccentricity
[INFO] [stdout] 4 ~ } } _doctest_main_src_generated_rs_296_0() }
[INFO] [stdout]   |
[INFO] [stdout] 
[INFO] [stdout] error: aborting due to 1 previous error
[INFO] [stdout] 
[INFO] [stdout] Couldn't compile the test.
[INFO] [stdout] 
[INFO] [stdout] failures:
[INFO] [stdout]     src/generated.rs - generated::emb_elliptic_vars (line 296)
[INFO] [stdout]     src/generated.rs - generated::emb_elliptic_vars (line 298)
[INFO] [stdout] 
[INFO] [stdout] test result: FAILED. 0 passed; 2 failed; 0 ignored; 0 measured; 0 filtered out; finished in 0.08s
[INFO] [stdout] 
[INFO] [stderr] error: doctest failed, to rerun pass `--doc`
[INFO] running `Command { std: "docker" "inspect" "3922572d854083862a9dfe36672cc6ebd5cab6dcd22ee6a504de8ae422c74edb", kill_on_drop: false }`
[INFO] running `Command { std: "docker" "rm" "-f" "3922572d854083862a9dfe36672cc6ebd5cab6dcd22ee6a504de8ae422c74edb", kill_on_drop: false }`
[INFO] [stdout] 3922572d854083862a9dfe36672cc6ebd5cab6dcd22ee6a504de8ae422c74edb
