[INFO] cloning repository https://github.com/twigoftilia/aoc-2021
[INFO] running `Command { std: "git" "-c" "credential.helper=" "-c" "credential.helper=/workspace/cargo-home/bin/git-credential-null" "clone" "--bare" "https://github.com/twigoftilia/aoc-2021" "/workspace/cache/git-repos/https%3A%2F%2Fgithub.com%2Ftwigoftilia%2Faoc-2021", kill_on_drop: false }`
[INFO] [stderr] Cloning into bare repository '/workspace/cache/git-repos/https%3A%2F%2Fgithub.com%2Ftwigoftilia%2Faoc-2021'...
[INFO] running `Command { std: "git" "rev-parse" "HEAD", kill_on_drop: false }`
[INFO] [stdout] 18392191973616161a57f0ae7c4e06cb05f04280
[INFO] testing twigoftilia/aoc-2021 against nightly-2025-01-18 for randomize-layout-2
[INFO] running `Command { std: "git" "clone" "/workspace/cache/git-repos/https%3A%2F%2Fgithub.com%2Ftwigoftilia%2Faoc-2021" "/workspace/builds/worker-3-tc1/source", kill_on_drop: false }`
[INFO] [stderr] Cloning into '/workspace/builds/worker-3-tc1/source'...
[INFO] [stderr] done.
[INFO] validating manifest of git repo https://github.com/twigoftilia/aoc-2021 on toolchain nightly-2025-01-18
[INFO] running `Command { std: CARGO_HOME="/workspace/cargo-home" RUSTUP_HOME="/workspace/rustup-home" "/workspace/cargo-home/bin/cargo" "+nightly-2025-01-18" "metadata" "--manifest-path" "Cargo.toml" "--no-deps", kill_on_drop: false }`
[INFO] started tweaking git repo https://github.com/twigoftilia/aoc-2021
[INFO] finished tweaking git repo https://github.com/twigoftilia/aoc-2021
[INFO] tweaked toml for git repo https://github.com/twigoftilia/aoc-2021 written to /workspace/builds/worker-3-tc1/source/Cargo.toml
[INFO] crate git repo https://github.com/twigoftilia/aoc-2021 already has a lockfile, it will not be regenerated
[INFO] running `Command { std: CARGO_HOME="/workspace/cargo-home" RUSTUP_HOME="/workspace/rustup-home" "/workspace/cargo-home/bin/cargo" "+nightly-2025-01-18" "fetch" "--manifest-path" "Cargo.toml", kill_on_drop: false }`
[INFO] running `Command { std: "docker" "create" "-v" "/var/lib/crater-agent-workspace/builds/worker-3-tc1/target:/opt/rustwide/target:rw,Z" "-v" "/var/lib/crater-agent-workspace/builds/worker-3-tc1/source:/opt/rustwide/workdir:ro,Z" "-v" "/var/lib/crater-agent-workspace/cargo-home:/opt/rustwide/cargo-home:ro,Z" "-v" "/var/lib/crater-agent-workspace/rustup-home:/opt/rustwide/rustup-home:ro,Z" "-e" "SOURCE_DIR=/opt/rustwide/workdir" "-e" "CARGO_TARGET_DIR=/opt/rustwide/target" "-e" "CARGO_HOME=/opt/rustwide/cargo-home" "-e" "RUSTUP_HOME=/opt/rustwide/rustup-home" "-w" "/opt/rustwide/workdir" "-m" "1610612736" "--user" "0:0" "--network" "none" "ghcr.io/rust-lang/crates-build-env/linux@sha256:819108c5571ea2e421544af4d832f968d213c87fbe3707a016657f43d2f853bc" "/opt/rustwide/cargo-home/bin/cargo" "+nightly-2025-01-18" "metadata" "--no-deps" "--format-version=1", kill_on_drop: false }`
[INFO] [stdout] bf7849251152cb886d55f417b74d81b92e064bd955433c4d6aa0ef0bf54f3d3d
[INFO] running `Command { std: "docker" "start" "-a" "bf7849251152cb886d55f417b74d81b92e064bd955433c4d6aa0ef0bf54f3d3d", kill_on_drop: false }`
[INFO] running `Command { std: "docker" "inspect" "bf7849251152cb886d55f417b74d81b92e064bd955433c4d6aa0ef0bf54f3d3d", kill_on_drop: false }`
[INFO] running `Command { std: "docker" "rm" "-f" "bf7849251152cb886d55f417b74d81b92e064bd955433c4d6aa0ef0bf54f3d3d", kill_on_drop: false }`
[INFO] [stdout] bf7849251152cb886d55f417b74d81b92e064bd955433c4d6aa0ef0bf54f3d3d
[INFO] running `Command { std: "docker" "create" "-v" "/var/lib/crater-agent-workspace/builds/worker-3-tc1/target:/opt/rustwide/target:rw,Z" "-v" "/var/lib/crater-agent-workspace/builds/worker-3-tc1/source:/opt/rustwide/workdir:ro,Z" "-v" "/var/lib/crater-agent-workspace/cargo-home:/opt/rustwide/cargo-home:ro,Z" "-v" "/var/lib/crater-agent-workspace/rustup-home:/opt/rustwide/rustup-home:ro,Z" "-e" "SOURCE_DIR=/opt/rustwide/workdir" "-e" "CARGO_TARGET_DIR=/opt/rustwide/target" "-e" "CARGO_INCREMENTAL=0" "-e" "RUST_BACKTRACE=full" "-e" "RUSTFLAGS=--cap-lints=forbid" "-e" "RUSTDOCFLAGS=--cap-lints=forbid" "-e" "CARGO_HOME=/opt/rustwide/cargo-home" "-e" "RUSTUP_HOME=/opt/rustwide/rustup-home" "-w" "/opt/rustwide/workdir" "-m" "1610612736" "--user" "0:0" "--network" "none" "ghcr.io/rust-lang/crates-build-env/linux@sha256:819108c5571ea2e421544af4d832f968d213c87fbe3707a016657f43d2f853bc" "/opt/rustwide/cargo-home/bin/cargo" "+nightly-2025-01-18" "build" "--frozen" "--message-format=json", kill_on_drop: false }`
[INFO] [stdout] 86832ef01bc500d24411d24742eb4b5b113125794e0b8c2c1e4cfa34f2f5eefc
[INFO] running `Command { std: "docker" "start" "-a" "86832ef01bc500d24411d24742eb4b5b113125794e0b8c2c1e4cfa34f2f5eefc", kill_on_drop: false }`
[INFO] [stderr]    Compiling autocfg v1.0.1
[INFO] [stderr]    Compiling proc-macro2 v1.0.34
[INFO] [stderr]    Compiling unicode-xid v0.2.2
[INFO] [stderr]    Compiling syn v1.0.82
[INFO] [stderr]    Compiling typenum v1.14.0
[INFO] [stderr]    Compiling rawpointer v0.2.1
[INFO] [stderr]    Compiling paste v1.0.6
[INFO] [stderr]    Compiling matrixmultiply v0.3.2
[INFO] [stderr]    Compiling num-traits v0.2.14
[INFO] [stderr]    Compiling num-integer v0.1.44
[INFO] [stderr]    Compiling num-rational v0.4.0
[INFO] [stderr]    Compiling quote v1.0.10
[INFO] [stderr]    Compiling num-complex v0.4.0
[INFO] [stderr]    Compiling approx v0.5.0
[INFO] [stderr]    Compiling simba v0.5.1
[INFO] [stderr]    Compiling nalgebra-macros v0.1.0
[INFO] [stderr]    Compiling nalgebra v0.28.0
[INFO] [stderr]    Compiling advent_of_code_2021 v0.1.0 (/opt/rustwide/workdir)
[INFO] [stdout] warning: function `test_inclusive_range` is never used
[INFO] [stdout]   --> src/lib.rs:17:4
[INFO] [stdout]    |
[INFO] [stdout] 17 | fn test_inclusive_range(str: &str, min: &i32, max: &i32) -> bool {
[INFO] [stdout]    |    ^^^^^^^^^^^^^^^^^^^^
[INFO] [stdout]    |
[INFO] [stdout]    = note: `#[warn(dead_code)]` on by default
[INFO] [stdout] 
[INFO] [stdout] 
[INFO] [stdout] warning: using `.deref()` on a double reference, which returns `&str` instead of dereferencing the inner type
[INFO] [stdout]   --> src/bin/day02.rs:21:40
[INFO] [stdout]    |
[INFO] [stdout] 21 |         let dir = pair.first().unwrap().deref();
[INFO] [stdout]    |                                        ^^^^^^^^
[INFO] [stdout]    |
[INFO] [stdout]    = note: `#[warn(suspicious_double_ref_op)]` on by default
[INFO] [stdout] 
[INFO] [stdout] 
[INFO] [stdout] warning: using `.deref()` on a double reference, which returns `&str` instead of dereferencing the inner type
[INFO] [stdout]   --> src/bin/day02.rs:22:44
[INFO] [stdout]    |
[INFO] [stdout] 22 |         let val: i32 = pair.last().unwrap().deref().parse().unwrap();
[INFO] [stdout]    |                                            ^^^^^^^^
[INFO] [stdout] 
[INFO] [stdout] 
[INFO] [stdout] warning: using `.deref()` on a double reference, which returns `&str` instead of dereferencing the inner type
[INFO] [stdout]   --> src/bin/day02.rs:48:40
[INFO] [stdout]    |
[INFO] [stdout] 48 |         let dir = pair.first().unwrap().deref();
[INFO] [stdout]    |                                        ^^^^^^^^
[INFO] [stdout] 
[INFO] [stdout] 
[INFO] [stdout] warning: using `.deref()` on a double reference, which returns `&str` instead of dereferencing the inner type
[INFO] [stdout]   --> src/bin/day02.rs:49:44
[INFO] [stdout]    |
[INFO] [stdout] 49 |         let val: i32 = pair.last().unwrap().deref().parse().unwrap();
[INFO] [stdout]    |                                            ^^^^^^^^
[INFO] [stdout] 
[INFO] [stdout] 
[INFO] [stdout] warning: unused import: `HashMap`
[INFO] [stdout]  --> src/bin/day13.rs:1:24
[INFO] [stdout]   |
[INFO] [stdout] 1 | use std::collections::{HashMap, HashSet};
[INFO] [stdout]   |                        ^^^^^^^
[INFO] [stdout]   |
[INFO] [stdout]   = note: `#[warn(unused_imports)]` on by default
[INFO] [stdout] 
[INFO] [stdout] 
[INFO] [stdout] warning: unused import: `super::*`
[INFO] [stdout]    --> src/bin/day13.rs:130:9
[INFO] [stdout]     |
[INFO] [stdout] 130 |     use super::*;
[INFO] [stdout]     |         ^^^^^^^^
[INFO] [stdout]     |
[INFO] [stdout] help: if this is a test module, consider adding a `#[cfg(test)]` to the containing module
[INFO] [stdout]    --> src/bin/day13.rs:129:1
[INFO] [stdout]     |
[INFO] [stdout] 129 | mod tests {
[INFO] [stdout]     | ^^^^^^^^^
[INFO] [stdout] 
[INFO] [stdout] 
[INFO] [stdout] warning: static `INPUT_EXAMPLE` is never used
[INFO] [stdout]    --> src/bin/day13.rs:131:12
[INFO] [stdout]     |
[INFO] [stdout] 131 |     static INPUT_EXAMPLE: &str = include_str!(r"../../inputs/day13-example.txt");
[INFO] [stdout]     |            ^^^^^^^^^^^^^
[INFO] [stdout]     |
[INFO] [stdout]     = note: `#[warn(dead_code)]` on by default
[INFO] [stdout] 
[INFO] [stdout] 
[INFO] [stdout] warning: function `fmt_u8_seg` is never used
[INFO] [stdout]    --> src/bin/day08.rs:184:4
[INFO] [stdout]     |
[INFO] [stdout] 184 | fn fmt_u8_seg(n: u8) -> String {
[INFO] [stdout]     |    ^^^^^^^^^^
[INFO] [stdout]     |
[INFO] [stdout]     = note: `#[warn(dead_code)]` on by default
[INFO] [stdout] 
[INFO] [stdout] 
[INFO] [stdout] warning: unused import: `HashSet`
[INFO] [stdout]  --> src/bin/day14.rs:1:33
[INFO] [stdout]   |
[INFO] [stdout] 1 | use std::collections::{HashMap, HashSet};
[INFO] [stdout]   |                                 ^^^^^^^
[INFO] [stdout]   |
[INFO] [stdout]   = note: `#[warn(unused_imports)]` on by default
[INFO] [stdout] 
[INFO] [stdout] 
[INFO] [stdout] warning: unused variable: `k`
[INFO] [stdout]   --> src/bin/day14.rs:16:56
[INFO] [stdout]    |
[INFO] [stdout] 16 |     let max = map.iter().max_by_key(|(_, v)| *v).map(|(k, v)| v).unwrap();
[INFO] [stdout]    |                                                        ^ help: if this is intentional, prefix it with an underscore: `_k`
[INFO] [stdout]    |
[INFO] [stdout]    = note: `#[warn(unused_variables)]` on by default
[INFO] [stdout] 
[INFO] [stdout] 
[INFO] [stdout] warning: unused variable: `k`
[INFO] [stdout]   --> src/bin/day14.rs:17:56
[INFO] [stdout]    |
[INFO] [stdout] 17 |     let min = map.iter().min_by_key(|(_, v)| *v).map(|(k, v)| v).unwrap();
[INFO] [stdout]    |                                                        ^ help: if this is intentional, prefix it with an underscore: `_k`
[INFO] [stdout] 
[INFO] [stdout] 
[INFO] [stderr]     Finished `dev` profile [unoptimized + debuginfo] target(s) in 29.51s
[INFO] [stderr] warning: the following packages contain code that will be rejected by a future version of Rust: nalgebra v0.28.0
[INFO] [stderr] note: to see what the problems were, use the option `--future-incompat-report`, or run `cargo report future-incompatibilities --id 1`
[INFO] running `Command { std: "docker" "inspect" "86832ef01bc500d24411d24742eb4b5b113125794e0b8c2c1e4cfa34f2f5eefc", kill_on_drop: false }`
[INFO] running `Command { std: "docker" "rm" "-f" "86832ef01bc500d24411d24742eb4b5b113125794e0b8c2c1e4cfa34f2f5eefc", kill_on_drop: false }`
[INFO] [stdout] 86832ef01bc500d24411d24742eb4b5b113125794e0b8c2c1e4cfa34f2f5eefc
[INFO] running `Command { std: "docker" "create" "-v" "/var/lib/crater-agent-workspace/builds/worker-3-tc1/target:/opt/rustwide/target:rw,Z" "-v" "/var/lib/crater-agent-workspace/builds/worker-3-tc1/source:/opt/rustwide/workdir:ro,Z" "-v" "/var/lib/crater-agent-workspace/cargo-home:/opt/rustwide/cargo-home:ro,Z" "-v" "/var/lib/crater-agent-workspace/rustup-home:/opt/rustwide/rustup-home:ro,Z" "-e" "SOURCE_DIR=/opt/rustwide/workdir" "-e" "CARGO_TARGET_DIR=/opt/rustwide/target" "-e" "CARGO_INCREMENTAL=0" "-e" "RUST_BACKTRACE=full" "-e" "RUSTFLAGS=--cap-lints=forbid" "-e" "RUSTDOCFLAGS=--cap-lints=forbid" "-e" "CARGO_HOME=/opt/rustwide/cargo-home" "-e" "RUSTUP_HOME=/opt/rustwide/rustup-home" "-w" "/opt/rustwide/workdir" "-m" "1610612736" "--user" "0:0" "--network" "none" "ghcr.io/rust-lang/crates-build-env/linux@sha256:819108c5571ea2e421544af4d832f968d213c87fbe3707a016657f43d2f853bc" "/opt/rustwide/cargo-home/bin/cargo" "+nightly-2025-01-18" "test" "--frozen" "--no-run" "--message-format=json", kill_on_drop: false }`
[INFO] [stdout] e4f29eefe43c28389653e616319829a9a8ee969b17cd7646946b1f61c4fb8fe4
[INFO] running `Command { std: "docker" "start" "-a" "e4f29eefe43c28389653e616319829a9a8ee969b17cd7646946b1f61c4fb8fe4", kill_on_drop: false }`
[INFO] [stdout] warning: function `test_inclusive_range` is never used
[INFO] [stdout]   --> src/lib.rs:17:4
[INFO] [stdout]    |
[INFO] [stdout] 17 | fn test_inclusive_range(str: &str, min: &i32, max: &i32) -> bool {
[INFO] [stdout]    |    ^^^^^^^^^^^^^^^^^^^^
[INFO] [stdout]    |
[INFO] [stdout]    = note: `#[warn(dead_code)]` on by default
[INFO] [stdout] 
[INFO] [stdout] 
[INFO] [stderr]    Compiling advent_of_code_2021 v0.1.0 (/opt/rustwide/workdir)
[INFO] [stdout] warning: function `test_inclusive_range` is never used
[INFO] [stdout]   --> src/lib.rs:17:4
[INFO] [stdout]    |
[INFO] [stdout] 17 | fn test_inclusive_range(str: &str, min: &i32, max: &i32) -> bool {
[INFO] [stdout]    |    ^^^^^^^^^^^^^^^^^^^^
[INFO] [stdout]    |
[INFO] [stdout]    = note: `#[warn(dead_code)]` on by default
[INFO] [stdout] 
[INFO] [stdout] 
[INFO] [stdout] warning: unused import: `HashSet`
[INFO] [stdout]  --> src/bin/day14.rs:1:33
[INFO] [stdout]   |
[INFO] [stdout] 1 | use std::collections::{HashMap, HashSet};
[INFO] [stdout]   |                                 ^^^^^^^
[INFO] [stdout]   |
[INFO] [stdout]   = note: `#[warn(unused_imports)]` on by default
[INFO] [stdout] 
[INFO] [stdout] 
[INFO] [stdout] warning: unused variable: `k`
[INFO] [stdout]   --> src/bin/day14.rs:16:56
[INFO] [stdout]    |
[INFO] [stdout] 16 |     let max = map.iter().max_by_key(|(_, v)| *v).map(|(k, v)| v).unwrap();
[INFO] [stdout]    |                                                        ^ help: if this is intentional, prefix it with an underscore: `_k`
[INFO] [stdout]    |
[INFO] [stdout]    = note: `#[warn(unused_variables)]` on by default
[INFO] [stdout] 
[INFO] [stdout] 
[INFO] [stdout] warning: unused variable: `k`
[INFO] [stdout]   --> src/bin/day14.rs:17:56
[INFO] [stdout]    |
[INFO] [stdout] 17 |     let min = map.iter().min_by_key(|(_, v)| *v).map(|(k, v)| v).unwrap();
[INFO] [stdout]    |                                                        ^ help: if this is intentional, prefix it with an underscore: `_k`
[INFO] [stdout] 
[INFO] [stdout] 
[INFO] [stdout] warning: unused import: `HashMap`
[INFO] [stdout]  --> src/bin/day13.rs:1:24
[INFO] [stdout]   |
[INFO] [stdout] 1 | use std::collections::{HashMap, HashSet};
[INFO] [stdout]   |                        ^^^^^^^
[INFO] [stdout]   |
[INFO] [stdout]   = note: `#[warn(unused_imports)]` on by default
[INFO] [stdout] 
[INFO] [stdout] 
[INFO] [stdout] warning: function `fmt_u8_seg` is never used
[INFO] [stdout]    --> src/bin/day08.rs:184:4
[INFO] [stdout]     |
[INFO] [stdout] 184 | fn fmt_u8_seg(n: u8) -> String {
[INFO] [stdout]     |    ^^^^^^^^^^
[INFO] [stdout]     |
[INFO] [stdout]     = note: `#[warn(dead_code)]` on by default
[INFO] [stdout] 
[INFO] [stdout] 
[INFO] [stdout] warning: unused variable: `p2`
[INFO] [stdout]   --> src/bin/day10.rs:63:18
[INFO] [stdout]    |
[INFO] [stdout] 63 |         let (p1, p2) = puzzle_1_and_2(INPUT).unwrap();
[INFO] [stdout]    |                  ^^ help: if this is intentional, prefix it with an underscore: `_p2`
[INFO] [stdout]    |
[INFO] [stdout]    = note: `#[warn(unused_variables)]` on by default
[INFO] [stdout] 
[INFO] [stdout] 
[INFO] [stdout] warning: unused variable: `p1`
[INFO] [stdout]   --> src/bin/day10.rs:68:14
[INFO] [stdout]    |
[INFO] [stdout] 68 |         let (p1, p2) = puzzle_1_and_2(INPUT).unwrap();
[INFO] [stdout]    |              ^^ help: if this is intentional, prefix it with an underscore: `_p1`
[INFO] [stdout] 
[INFO] [stdout] 
[INFO] [stdout] warning: unused variable: `p2`
[INFO] [stdout]   --> src/bin/day10.rs:73:18
[INFO] [stdout]    |
[INFO] [stdout] 73 |         let (p1, p2) = puzzle_1_and_2(INPUT_EXAMPLE).unwrap();
[INFO] [stdout]    |                  ^^ help: if this is intentional, prefix it with an underscore: `_p2`
[INFO] [stdout] 
[INFO] [stdout] 
[INFO] [stdout] warning: unused variable: `p1`
[INFO] [stdout]   --> src/bin/day10.rs:78:14
[INFO] [stdout]    |
[INFO] [stdout] 78 |         let (p1, p2) = puzzle_1_and_2(INPUT_EXAMPLE).unwrap();
[INFO] [stdout]    |              ^^ help: if this is intentional, prefix it with an underscore: `_p1`
[INFO] [stdout] 
[INFO] [stdout] 
[INFO] [stdout] warning: using `.deref()` on a double reference, which returns `&str` instead of dereferencing the inner type
[INFO] [stdout]   --> src/bin/day02.rs:21:40
[INFO] [stdout]    |
[INFO] [stdout] 21 |         let dir = pair.first().unwrap().deref();
[INFO] [stdout]    |                                        ^^^^^^^^
[INFO] [stdout]    |
[INFO] [stdout]    = note: `#[warn(suspicious_double_ref_op)]` on by default
[INFO] [stdout] 
[INFO] [stdout] 
[INFO] [stdout] warning: using `.deref()` on a double reference, which returns `&str` instead of dereferencing the inner type
[INFO] [stdout]   --> src/bin/day02.rs:22:44
[INFO] [stdout]    |
[INFO] [stdout] 22 |         let val: i32 = pair.last().unwrap().deref().parse().unwrap();
[INFO] [stdout]    |                                            ^^^^^^^^
[INFO] [stdout] 
[INFO] [stdout] 
[INFO] [stdout] warning: using `.deref()` on a double reference, which returns `&str` instead of dereferencing the inner type
[INFO] [stdout]   --> src/bin/day02.rs:48:40
[INFO] [stdout]    |
[INFO] [stdout] 48 |         let dir = pair.first().unwrap().deref();
[INFO] [stdout]    |                                        ^^^^^^^^
[INFO] [stdout] 
[INFO] [stdout] 
[INFO] [stdout] warning: using `.deref()` on a double reference, which returns `&str` instead of dereferencing the inner type
[INFO] [stdout]   --> src/bin/day02.rs:49:44
[INFO] [stdout]    |
[INFO] [stdout] 49 |         let val: i32 = pair.last().unwrap().deref().parse().unwrap();
[INFO] [stdout]    |                                            ^^^^^^^^
[INFO] [stdout] 
[INFO] [stdout] 
[INFO] [stderr]     Finished `test` profile [unoptimized + debuginfo] target(s) in 4.54s
[INFO] [stderr] warning: the following packages contain code that will be rejected by a future version of Rust: nalgebra v0.28.0
[INFO] [stderr] note: to see what the problems were, use the option `--future-incompat-report`, or run `cargo report future-incompatibilities --id 1`
[INFO] running `Command { std: "docker" "inspect" "e4f29eefe43c28389653e616319829a9a8ee969b17cd7646946b1f61c4fb8fe4", kill_on_drop: false }`
[INFO] running `Command { std: "docker" "rm" "-f" "e4f29eefe43c28389653e616319829a9a8ee969b17cd7646946b1f61c4fb8fe4", kill_on_drop: false }`
[INFO] [stdout] e4f29eefe43c28389653e616319829a9a8ee969b17cd7646946b1f61c4fb8fe4
[INFO] running `Command { std: "docker" "create" "-v" "/var/lib/crater-agent-workspace/builds/worker-3-tc1/target:/opt/rustwide/target:rw,Z" "-v" "/var/lib/crater-agent-workspace/builds/worker-3-tc1/source:/opt/rustwide/workdir:ro,Z" "-v" "/var/lib/crater-agent-workspace/cargo-home:/opt/rustwide/cargo-home:ro,Z" "-v" "/var/lib/crater-agent-workspace/rustup-home:/opt/rustwide/rustup-home:ro,Z" "-e" "SOURCE_DIR=/opt/rustwide/workdir" "-e" "CARGO_TARGET_DIR=/opt/rustwide/target" "-e" "CARGO_INCREMENTAL=0" "-e" "RUST_BACKTRACE=full" "-e" "RUSTFLAGS=--cap-lints=forbid" "-e" "RUSTDOCFLAGS=--cap-lints=forbid" "-e" "CARGO_HOME=/opt/rustwide/cargo-home" "-e" "RUSTUP_HOME=/opt/rustwide/rustup-home" "-w" "/opt/rustwide/workdir" "-m" "1610612736" "--user" "0:0" "--network" "none" "ghcr.io/rust-lang/crates-build-env/linux@sha256:819108c5571ea2e421544af4d832f968d213c87fbe3707a016657f43d2f853bc" "/opt/rustwide/cargo-home/bin/cargo" "+nightly-2025-01-18" "test" "--frozen", kill_on_drop: false }`
[INFO] [stdout] 3d2eee7456ca52fc9ffe69441aa1b9567690a6acdf5a44f24d8b030f29389286
[INFO] running `Command { std: "docker" "start" "-a" "3d2eee7456ca52fc9ffe69441aa1b9567690a6acdf5a44f24d8b030f29389286", kill_on_drop: false }`
[INFO] [stderr] warning: function `test_inclusive_range` is never used
[INFO] [stderr]   --> src/lib.rs:17:4
[INFO] [stderr]    |
[INFO] [stderr] 17 | fn test_inclusive_range(str: &str, min: &i32, max: &i32) -> bool {
[INFO] [stderr]    |    ^^^^^^^^^^^^^^^^^^^^
[INFO] [stderr]    |
[INFO] [stderr]    = note: `#[warn(dead_code)]` on by default
[INFO] [stderr] 
[INFO] [stderr] warning: `advent_of_code_2021` (lib) generated 1 warning
[INFO] [stderr] warning: `advent_of_code_2021` (lib test) generated 1 warning (1 duplicate)
[INFO] [stderr] warning: using `.deref()` on a double reference, which returns `&str` instead of dereferencing the inner type
[INFO] [stderr]   --> src/bin/day02.rs:21:40
[INFO] [stderr]    |
[INFO] [stderr] 21 |         let dir = pair.first().unwrap().deref();
[INFO] [stderr]    |                                        ^^^^^^^^
[INFO] [stderr]    |
[INFO] [stderr]    = note: `#[warn(suspicious_double_ref_op)]` on by default
[INFO] [stderr] 
[INFO] [stderr] warning: using `.deref()` on a double reference, which returns `&str` instead of dereferencing the inner type
[INFO] [stderr]   --> src/bin/day02.rs:22:44
[INFO] [stderr]    |
[INFO] [stderr] 22 |         let val: i32 = pair.last().unwrap().deref().parse().unwrap();
[INFO] [stderr]    |                                            ^^^^^^^^
[INFO] [stderr] 
[INFO] [stderr] warning: using `.deref()` on a double reference, which returns `&str` instead of dereferencing the inner type
[INFO] [stderr]   --> src/bin/day02.rs:48:40
[INFO] [stderr]    |
[INFO] [stderr] 48 |         let dir = pair.first().unwrap().deref();
[INFO] [stderr]    |                                        ^^^^^^^^
[INFO] [stderr] 
[INFO] [stderr] warning: using `.deref()` on a double reference, which returns `&str` instead of dereferencing the inner type
[INFO] [stderr]   --> src/bin/day02.rs:49:44
[INFO] [stderr]    |
[INFO] [stderr] 49 |         let val: i32 = pair.last().unwrap().deref().parse().unwrap();
[INFO] [stderr]    |                                            ^^^^^^^^
[INFO] [stderr] 
[INFO] [stderr] warning: function `fmt_u8_seg` is never used
[INFO] [stderr]    --> src/bin/day08.rs:184:4
[INFO] [stderr]     |
[INFO] [stderr] 184 | fn fmt_u8_seg(n: u8) -> String {
[INFO] [stderr]     |    ^^^^^^^^^^
[INFO] [stderr]     |
[INFO] [stderr]     = note: `#[warn(dead_code)]` on by default
[INFO] [stderr] 
[INFO] [stderr] warning: `advent_of_code_2021` (bin "day02" test) generated 4 warnings
[INFO] [stderr] warning: `advent_of_code_2021` (bin "day08" test) generated 1 warning
[INFO] [stderr] warning: unused import: `HashSet`
[INFO] [stderr]  --> src/bin/day14.rs:1:33
[INFO] [stderr]   |
[INFO] [stderr] 1 | use std::collections::{HashMap, HashSet};
[INFO] [stderr]   |                                 ^^^^^^^
[INFO] [stderr]   |
[INFO] [stderr]   = note: `#[warn(unused_imports)]` on by default
[INFO] [stderr] 
[INFO] [stderr] warning: unused variable: `k`
[INFO] [stderr]   --> src/bin/day14.rs:16:56
[INFO] [stderr]    |
[INFO] [stderr] 16 |     let max = map.iter().max_by_key(|(_, v)| *v).map(|(k, v)| v).unwrap();
[INFO] [stderr]    |                                                        ^ help: if this is intentional, prefix it with an underscore: `_k`
[INFO] [stderr]    |
[INFO] [stderr]    = note: `#[warn(unused_variables)]` on by default
[INFO] [stderr] 
[INFO] [stderr] warning: unused variable: `k`
[INFO] [stderr]   --> src/bin/day14.rs:17:56
[INFO] [stderr]    |
[INFO] [stderr] 17 |     let min = map.iter().min_by_key(|(_, v)| *v).map(|(k, v)| v).unwrap();
[INFO] [stderr]    |                                                        ^ help: if this is intentional, prefix it with an underscore: `_k`
[INFO] [stderr] 
[INFO] [stderr] warning: unused variable: `p2`
[INFO] [stderr]   --> src/bin/day10.rs:63:18
[INFO] [stderr]    |
[INFO] [stderr] 63 |         let (p1, p2) = puzzle_1_and_2(INPUT).unwrap();
[INFO] [stderr]    |                  ^^ help: if this is intentional, prefix it with an underscore: `_p2`
[INFO] [stderr]    |
[INFO] [stderr]    = note: `#[warn(unused_variables)]` on by default
[INFO] [stderr] 
[INFO] [stderr] warning: unused variable: `p1`
[INFO] [stderr]   --> src/bin/day10.rs:68:14
[INFO] [stderr]    |
[INFO] [stderr] 68 |         let (p1, p2) = puzzle_1_and_2(INPUT).unwrap();
[INFO] [stderr]    |              ^^ help: if this is intentional, prefix it with an underscore: `_p1`
[INFO] [stderr] 
[INFO] [stderr] warning: unused variable: `p2`
[INFO] [stderr]   --> src/bin/day10.rs:73:18
[INFO] [stderr]    |
[INFO] [stderr] 73 |         let (p1, p2) = puzzle_1_and_2(INPUT_EXAMPLE).unwrap();
[INFO] [stderr]    |                  ^^ help: if this is intentional, prefix it with an underscore: `_p2`
[INFO] [stderr] 
[INFO] [stderr] warning: unused variable: `p1`
[INFO] [stderr]   --> src/bin/day10.rs:78:14
[INFO] [stderr]    |
[INFO] [stderr] 78 |         let (p1, p2) = puzzle_1_and_2(INPUT_EXAMPLE).unwrap();
[INFO] [stderr]    |              ^^ help: if this is intentional, prefix it with an underscore: `_p1`
[INFO] [stderr] 
[INFO] [stderr] warning: unused import: `HashMap`
[INFO] [stderr]  --> src/bin/day13.rs:1:24
[INFO] [stderr]   |
[INFO] [stderr] 1 | use std::collections::{HashMap, HashSet};
[INFO] [stderr]   |                        ^^^^^^^
[INFO] [stderr]   |
[INFO] [stderr]   = note: `#[warn(unused_imports)]` on by default
[INFO] [stderr] 
[INFO] [stderr] warning: `advent_of_code_2021` (bin "day14" test) generated 3 warnings (run `cargo fix --bin "day14" --tests` to apply 1 suggestion)
[INFO] [stderr] warning: `advent_of_code_2021` (bin "day10" test) generated 4 warnings
[INFO] [stderr] warning: `advent_of_code_2021` (bin "day13" test) generated 1 warning (run `cargo fix --bin "day13" --tests` to apply 1 suggestion)
[INFO] [stderr]     Finished `test` profile [unoptimized + debuginfo] target(s) in 0.05s
[INFO] [stderr] warning: the following packages contain code that will be rejected by a future version of Rust: nalgebra v0.28.0
[INFO] [stderr] note: to see what the problems were, use the option `--future-incompat-report`, or run `cargo report future-incompatibilities --id 1`
[INFO] [stderr]      Running unittests src/lib.rs (/opt/rustwide/target/debug/deps/advent_of_code_2021-f711d6fab3e49a97)
[INFO] [stdout] 
[INFO] [stdout] running 0 tests
[INFO] [stderr]      Running unittests src/main.rs (/opt/rustwide/target/debug/deps/advent_of_code_2021-e10e9ca49837b7be)
[INFO] [stdout] 
[INFO] [stdout] test result: ok. 0 passed; 0 failed; 0 ignored; 0 measured; 0 filtered out; finished in 0.00s
[INFO] [stdout] 
[INFO] [stdout] 
[INFO] [stdout] running 0 tests
[INFO] [stdout] 
[INFO] [stdout] test result: ok. 0 passed; 0 failed; 0 ignored; 0 measured; 0 filtered out; finished in 0.00s
[INFO] [stdout] 
[INFO] [stderr]      Running unittests src/bin/day01.rs (/opt/rustwide/target/debug/deps/day01-2165f598d787d98e)
[INFO] [stdout] 
[INFO] [stdout] running 3 tests
[INFO] [stdout] test tests::first_solution ... ok
[INFO] [stdout] test tests::example_first ... ok
[INFO] [stdout] test tests::second_solution ... ok
[INFO] [stdout] 
[INFO] [stdout] test result: ok. 3 passed; 0 failed; 0 ignored; 0 measured; 0 filtered out; finished in 0.01s
[INFO] [stdout] 
[INFO] [stderr]      Running unittests src/bin/day02.rs (/opt/rustwide/target/debug/deps/day02-22a7e819f3d6e2e2)
[INFO] [stdout] 
[INFO] [stdout] running 4 tests
[INFO] [stdout] test tests::example_second ... ok
[INFO] [stdout] test tests::example_first ... ok
[INFO] [stdout] test tests::second_solution ... ok
[INFO] [stdout] test tests::first_solution ... FAILED
[INFO] [stdout] 
[INFO] [stdout] failures:
[INFO] [stdout] 
[INFO] [stdout] ---- tests::first_solution stdout ----
[INFO] [stdout] 
[INFO] [stdout] thread 'tests::first_solution' panicked at src/bin/day02.rs:77:9:
[INFO] [stdout] assertion `left == right` failed
[INFO] [stdout]   left: 1962940
[INFO] [stdout]  right: 150
[INFO] [stdout] stack backtrace:
[INFO] [stdout]    0:     0x5cf4ae48b45a - std::backtrace_rs::backtrace::libunwind::trace::hb059275cfc8d6126
[INFO] [stdout]                                at /rustc/6067b36314ab5eb2eb47cecc464545ba58e1ad24/library/std/src/../../backtrace/src/backtrace/libunwind.rs:116:5
[INFO] [stdout]    1:     0x5cf4ae48b45a - std::backtrace_rs::backtrace::trace_unsynchronized::h2da071e4327ce3ee
[INFO] [stdout]                                at /rustc/6067b36314ab5eb2eb47cecc464545ba58e1ad24/library/std/src/../../backtrace/src/backtrace/mod.rs:66:5
[INFO] [stdout]    2:     0x5cf4ae48b45a - std::sys::backtrace::_print_fmt::h842a1474e6f8d23f
[INFO] [stdout]                                at /rustc/6067b36314ab5eb2eb47cecc464545ba58e1ad24/library/std/src/sys/backtrace.rs:66:9
[INFO] [stdout]    3:     0x5cf4ae48b45a - <std::sys::backtrace::BacktraceLock::print::DisplayBacktrace as core::fmt::Display>::fmt::h71a62eb3b9696b12
[INFO] [stdout]                                at /rustc/6067b36314ab5eb2eb47cecc464545ba58e1ad24/library/std/src/sys/backtrace.rs:39:26
[INFO] [stdout]    4:     0x5cf4ae4b29f3 - core::fmt::rt::Argument::fmt::hdb6b616786b41dc1
[INFO] [stdout]                                at /rustc/6067b36314ab5eb2eb47cecc464545ba58e1ad24/library/core/src/fmt/rt.rs:177:76
[INFO] [stdout]    5:     0x5cf4ae4b29f3 - core::fmt::write::h2cc1698af7e2d686
[INFO] [stdout]                                at /rustc/6067b36314ab5eb2eb47cecc464545ba58e1ad24/library/core/src/fmt/mod.rs:1440:21
[INFO] [stdout]    6:     0x5cf4ae487fb3 - std::io::Write::write_fmt::hab1b4cd059a79022
[INFO] [stdout]                                at /rustc/6067b36314ab5eb2eb47cecc464545ba58e1ad24/library/std/src/io/mod.rs:1887:15
[INFO] [stdout]    7:     0x5cf4ae48b2a2 - std::sys::backtrace::BacktraceLock::print::h147fe35b4ea13b08
[INFO] [stdout]                                at /rustc/6067b36314ab5eb2eb47cecc464545ba58e1ad24/library/std/src/sys/backtrace.rs:42:9
[INFO] [stdout]    8:     0x5cf4ae48c87f - std::panicking::default_hook::{{closure}}::hbd44223dbdc0d208
[INFO] [stdout]                                at /rustc/6067b36314ab5eb2eb47cecc464545ba58e1ad24/library/std/src/panicking.rs:298:22
[INFO] [stderr] error: test failed, to rerun pass `--bin day02`
[INFO] [stdout]    9:     0x5cf4ae48c698 - std::panicking::default_hook::h20f81eb0576efcec
[INFO] [stdout]                                at /rustc/6067b36314ab5eb2eb47cecc464545ba58e1ad24/library/std/src/panicking.rs:322:9
[INFO] [stdout]   10:     0x5cf4ae4514d3 - <alloc::boxed::Box<F,A> as core::ops::function::Fn<Args>>::call::hdb53814c496a4d34
[INFO] [stdout]                                at /rustc/6067b36314ab5eb2eb47cecc464545ba58e1ad24/library/alloc/src/boxed.rs:2027:9
[INFO] [stdout]   11:     0x5cf4ae4514d3 - test::test_main::{{closure}}::hc0a4963c59427c24
[INFO] [stdout]                                at /rustc/6067b36314ab5eb2eb47cecc464545ba58e1ad24/library/test/src/lib.rs:134:21
[INFO] [stdout]   12:     0x5cf4ae48d373 - <alloc::boxed::Box<F,A> as core::ops::function::Fn<Args>>::call::h591b2225413a77e9
[INFO] [stdout]                                at /rustc/6067b36314ab5eb2eb47cecc464545ba58e1ad24/library/alloc/src/boxed.rs:2027:9
[INFO] [stdout]   13:     0x5cf4ae48d373 - std::panicking::rust_panic_with_hook::h625eea43051b2edc
[INFO] [stdout]                                at /rustc/6067b36314ab5eb2eb47cecc464545ba58e1ad24/library/std/src/panicking.rs:839:13
[INFO] [stdout]   14:     0x5cf4ae48d02a - std::panicking::begin_panic_handler::{{closure}}::h4f9159cfbc3f6bd3
[INFO] [stdout]                                at /rustc/6067b36314ab5eb2eb47cecc464545ba58e1ad24/library/std/src/panicking.rs:704:13
[INFO] [stdout]   15:     0x5cf4ae48b959 - std::sys::backtrace::__rust_end_short_backtrace::h0390abce48353151
[INFO] [stdout]                                at /rustc/6067b36314ab5eb2eb47cecc464545ba58e1ad24/library/std/src/sys/backtrace.rs:168:18
[INFO] [stdout]   16:     0x5cf4ae48ccbd - rust_begin_unwind
[INFO] [stdout]                                at /rustc/6067b36314ab5eb2eb47cecc464545ba58e1ad24/library/std/src/panicking.rs:695:5
[INFO] [stdout]   17:     0x5cf4ae4b14a0 - core::panicking::panic_fmt::h9e7c637e9e5f29c9
[INFO] [stdout]                                at /rustc/6067b36314ab5eb2eb47cecc464545ba58e1ad24/library/core/src/panicking.rs:75:14
[INFO] [stdout]   18:     0x5cf4ae4b17c2 - core::panicking::assert_failed_inner::h538bec7c1374cd9c
[INFO] [stdout]   19:     0x5cf4ae46b21c - core::panicking::assert_failed::hd02c0d569d89af5b
[INFO] [stdout]                                at /rustc/6067b36314ab5eb2eb47cecc464545ba58e1ad24/library/core/src/panicking.rs:364:5
[INFO] [stdout]   20:     0x5cf4ae416dce - day02::tests::first_solution::h060bf9eaf154b6ac
[INFO] [stdout]                                at /opt/rustwide/workdir/src/bin/day02.rs:77:9
[INFO] [stdout]   21:     0x5cf4ae416c27 - day02::tests::first_solution::{{closure}}::h2c16178db3f858ab
[INFO] [stdout]                                at /opt/rustwide/workdir/src/bin/day02.rs:76:24
[INFO] [stdout]   22:     0x5cf4ae414526 - core::ops::function::FnOnce::call_once::h694565932c3e0047
[INFO] [stdout]                                at /rustc/6067b36314ab5eb2eb47cecc464545ba58e1ad24/library/core/src/ops/function.rs:250:5
[INFO] [stdout]   23:     0x5cf4ae456c2b - core::ops::function::FnOnce::call_once::he27718dfdd183f43
[INFO] [stdout]                                at /rustc/6067b36314ab5eb2eb47cecc464545ba58e1ad24/library/core/src/ops/function.rs:250:5
[INFO] [stdout]   24:     0x5cf4ae456c2b - test::__rust_begin_short_backtrace::h4e84902998457a5d
[INFO] [stdout]                                at /rustc/6067b36314ab5eb2eb47cecc464545ba58e1ad24/library/test/src/lib.rs:632:18
[INFO] [stdout]   25:     0x5cf4ae455b63 - test::run_test_in_process::{{closure}}::h7176fd18fc1feca0
[INFO] [stdout]                                at /rustc/6067b36314ab5eb2eb47cecc464545ba58e1ad24/library/test/src/lib.rs:655:60
[INFO] [stdout]   26:     0x5cf4ae455b63 - <core::panic::unwind_safe::AssertUnwindSafe<F> as core::ops::function::FnOnce<()>>::call_once::hf79cff2a624d8cf7
[INFO] [stdout]                                at /rustc/6067b36314ab5eb2eb47cecc464545ba58e1ad24/library/core/src/panic/unwind_safe.rs:272:9
[INFO] [stdout]   27:     0x5cf4ae455b63 - std::panicking::try::do_call::h3da0561d9ab99c25
[INFO] [stdout]                                at /rustc/6067b36314ab5eb2eb47cecc464545ba58e1ad24/library/std/src/panicking.rs:587:40
[INFO] [stdout]   28:     0x5cf4ae455b63 - std::panicking::try::h41c9fa508bc61df6
[INFO] [stdout]                                at /rustc/6067b36314ab5eb2eb47cecc464545ba58e1ad24/library/std/src/panicking.rs:550:19
[INFO] [stdout]   29:     0x5cf4ae455b63 - std::panic::catch_unwind::h6b3ff07bb5afad93
[INFO] [stdout]                                at /rustc/6067b36314ab5eb2eb47cecc464545ba58e1ad24/library/std/src/panic.rs:358:14
[INFO] [stdout]   30:     0x5cf4ae455b63 - test::run_test_in_process::hc7253dd11b39b9f4
[INFO] [stdout]                                at /rustc/6067b36314ab5eb2eb47cecc464545ba58e1ad24/library/test/src/lib.rs:655:27
[INFO] [stdout]   31:     0x5cf4ae455b63 - test::run_test::{{closure}}::hfb2007f8649c30bb
[INFO] [stdout]                                at /rustc/6067b36314ab5eb2eb47cecc464545ba58e1ad24/library/test/src/lib.rs:576:43
[INFO] [stdout]   32:     0x5cf4ae418c45 - test::run_test::{{closure}}::h56a17aa7a282a9f4
[INFO] [stdout]                                at /rustc/6067b36314ab5eb2eb47cecc464545ba58e1ad24/library/test/src/lib.rs:606:41
[INFO] [stdout]   33:     0x5cf4ae418c45 - std::sys::backtrace::__rust_begin_short_backtrace::hd2d2d2fb8e8c6aac
[INFO] [stdout]                                at /rustc/6067b36314ab5eb2eb47cecc464545ba58e1ad24/library/std/src/sys/backtrace.rs:152:18
[INFO] [stdout]   34:     0x5cf4ae41c52a - std::thread::Builder::spawn_unchecked_::{{closure}}::{{closure}}::h4faa3f9db6133423
[INFO] [stdout]                                at /rustc/6067b36314ab5eb2eb47cecc464545ba58e1ad24/library/std/src/thread/mod.rs:559:17
[INFO] [stdout]   35:     0x5cf4ae41c52a - <core::panic::unwind_safe::AssertUnwindSafe<F> as core::ops::function::FnOnce<()>>::call_once::hf2e855a36a4ea846
[INFO] [stdout]                                at /rustc/6067b36314ab5eb2eb47cecc464545ba58e1ad24/library/core/src/panic/unwind_safe.rs:272:9
[INFO] [stdout]   36:     0x5cf4ae41c52a - std::panicking::try::do_call::h2f73af3616c35465
[INFO] [stdout]                                at /rustc/6067b36314ab5eb2eb47cecc464545ba58e1ad24/library/std/src/panicking.rs:587:40
[INFO] [stdout]   37:     0x5cf4ae41c52a - std::panicking::try::hd1660ce9efadef5a
[INFO] [stdout]                                at /rustc/6067b36314ab5eb2eb47cecc464545ba58e1ad24/library/std/src/panicking.rs:550:19
[INFO] [stdout]   38:     0x5cf4ae41c52a - std::panic::catch_unwind::h5ee8d7823b8ca744
[INFO] [stdout]                                at /rustc/6067b36314ab5eb2eb47cecc464545ba58e1ad24/library/std/src/panic.rs:358:14
[INFO] [stdout]   39:     0x5cf4ae41c52a - std::thread::Builder::spawn_unchecked_::{{closure}}::h53c3a1894dce8407
[INFO] [stdout]                                at /rustc/6067b36314ab5eb2eb47cecc464545ba58e1ad24/library/std/src/thread/mod.rs:557:30
[INFO] [stdout]   40:     0x5cf4ae41c52a - core::ops::function::FnOnce::call_once{{vtable.shim}}::h048ce291ad4f62bf
[INFO] [stdout]                                at /rustc/6067b36314ab5eb2eb47cecc464545ba58e1ad24/library/core/src/ops/function.rs:250:5
[INFO] [stdout]   41:     0x5cf4ae4912ab - <alloc::boxed::Box<F,A> as core::ops::function::FnOnce<Args>>::call_once::ha52bedf99a3b4981
[INFO] [stdout]                                at /rustc/6067b36314ab5eb2eb47cecc464545ba58e1ad24/library/alloc/src/boxed.rs:2013:9
[INFO] [stdout]   42:     0x5cf4ae4912ab - <alloc::boxed::Box<F,A> as core::ops::function::FnOnce<Args>>::call_once::h567748934d80ccf8
[INFO] [stdout]                                at /rustc/6067b36314ab5eb2eb47cecc464545ba58e1ad24/library/alloc/src/boxed.rs:2013:9
[INFO] [stdout]   43:     0x5cf4ae4912ab - std::sys::pal::unix::thread::Thread::new::thread_start::h2d970728ae887adc
[INFO] [stdout]                                at /rustc/6067b36314ab5eb2eb47cecc464545ba58e1ad24/library/std/src/sys/pal/unix/thread.rs:106:17
[INFO] [stdout]   44:     0x784568053ac3 - <unknown>
[INFO] [stdout]   45:     0x7845680e4a04 - clone
[INFO] [stdout]   46:                0x0 - <unknown>
[INFO] [stdout] 
[INFO] [stdout] 
[INFO] [stdout] failures:
[INFO] [stdout]     tests::first_solution
[INFO] [stdout] 
[INFO] [stdout] test result: FAILED. 3 passed; 1 failed; 0 ignored; 0 measured; 0 filtered out; finished in 0.06s
[INFO] [stdout] 
[INFO] running `Command { std: "docker" "inspect" "3d2eee7456ca52fc9ffe69441aa1b9567690a6acdf5a44f24d8b030f29389286", kill_on_drop: false }`
[INFO] running `Command { std: "docker" "rm" "-f" "3d2eee7456ca52fc9ffe69441aa1b9567690a6acdf5a44f24d8b030f29389286", kill_on_drop: false }`
[INFO] [stdout] 3d2eee7456ca52fc9ffe69441aa1b9567690a6acdf5a44f24d8b030f29389286
