[INFO] cloning repository https://github.com/tweedegolf/pcap-workshop
[INFO] running `Command { std: "git" "-c" "credential.helper=" "-c" "credential.helper=/workspace/cargo-home/bin/git-credential-null" "clone" "--bare" "https://github.com/tweedegolf/pcap-workshop" "/workspace/cache/git-repos/https%3A%2F%2Fgithub.com%2Ftweedegolf%2Fpcap-workshop", kill_on_drop: false }`
[INFO] [stderr] Cloning into bare repository '/workspace/cache/git-repos/https%3A%2F%2Fgithub.com%2Ftweedegolf%2Fpcap-workshop'...
[INFO] running `Command { std: "git" "rev-parse" "HEAD", kill_on_drop: false }`
[INFO] [stdout] 0fadf72fdb0279caaaa2fab0a22bd424914c48db
[INFO] testing tweedegolf/pcap-workshop against nightly-2025-01-18 for randomize-layout-2
[INFO] running `Command { std: "git" "clone" "/workspace/cache/git-repos/https%3A%2F%2Fgithub.com%2Ftweedegolf%2Fpcap-workshop" "/workspace/builds/worker-3-tc1/source", kill_on_drop: false }`
[INFO] [stderr] Cloning into '/workspace/builds/worker-3-tc1/source'...
[INFO] [stderr] done.
[INFO] validating manifest of git repo https://github.com/tweedegolf/pcap-workshop on toolchain nightly-2025-01-18
[INFO] running `Command { std: CARGO_HOME="/workspace/cargo-home" RUSTUP_HOME="/workspace/rustup-home" "/workspace/cargo-home/bin/cargo" "+nightly-2025-01-18" "metadata" "--manifest-path" "Cargo.toml" "--no-deps", kill_on_drop: false }`
[INFO] started tweaking git repo https://github.com/tweedegolf/pcap-workshop
[INFO] finished tweaking git repo https://github.com/tweedegolf/pcap-workshop
[INFO] tweaked toml for git repo https://github.com/tweedegolf/pcap-workshop written to /workspace/builds/worker-3-tc1/source/Cargo.toml
[INFO] crate git repo https://github.com/tweedegolf/pcap-workshop already has a lockfile, it will not be regenerated
[INFO] running `Command { std: CARGO_HOME="/workspace/cargo-home" RUSTUP_HOME="/workspace/rustup-home" "/workspace/cargo-home/bin/cargo" "+nightly-2025-01-18" "fetch" "--manifest-path" "Cargo.toml", kill_on_drop: false }`
[INFO] running `Command { std: "docker" "create" "-v" "/var/lib/crater-agent-workspace/builds/worker-3-tc1/target:/opt/rustwide/target:rw,Z" "-v" "/var/lib/crater-agent-workspace/builds/worker-3-tc1/source:/opt/rustwide/workdir:ro,Z" "-v" "/var/lib/crater-agent-workspace/cargo-home:/opt/rustwide/cargo-home:ro,Z" "-v" "/var/lib/crater-agent-workspace/rustup-home:/opt/rustwide/rustup-home:ro,Z" "-e" "SOURCE_DIR=/opt/rustwide/workdir" "-e" "CARGO_TARGET_DIR=/opt/rustwide/target" "-e" "CARGO_HOME=/opt/rustwide/cargo-home" "-e" "RUSTUP_HOME=/opt/rustwide/rustup-home" "-w" "/opt/rustwide/workdir" "-m" "1610612736" "--user" "0:0" "--network" "none" "ghcr.io/rust-lang/crates-build-env/linux@sha256:819108c5571ea2e421544af4d832f968d213c87fbe3707a016657f43d2f853bc" "/opt/rustwide/cargo-home/bin/cargo" "+nightly-2025-01-18" "metadata" "--no-deps" "--format-version=1", kill_on_drop: false }`
[INFO] [stdout] 909e491c70c138d99a60b5faf112310aa637b9808691df7fdcf0b1ad0829cc57
[INFO] running `Command { std: "docker" "start" "-a" "909e491c70c138d99a60b5faf112310aa637b9808691df7fdcf0b1ad0829cc57", kill_on_drop: false }`
[INFO] running `Command { std: "docker" "inspect" "909e491c70c138d99a60b5faf112310aa637b9808691df7fdcf0b1ad0829cc57", kill_on_drop: false }`
[INFO] running `Command { std: "docker" "rm" "-f" "909e491c70c138d99a60b5faf112310aa637b9808691df7fdcf0b1ad0829cc57", kill_on_drop: false }`
[INFO] [stdout] 909e491c70c138d99a60b5faf112310aa637b9808691df7fdcf0b1ad0829cc57
[INFO] running `Command { std: "docker" "create" "-v" "/var/lib/crater-agent-workspace/builds/worker-3-tc1/target:/opt/rustwide/target:rw,Z" "-v" "/var/lib/crater-agent-workspace/builds/worker-3-tc1/source:/opt/rustwide/workdir:ro,Z" "-v" "/var/lib/crater-agent-workspace/cargo-home:/opt/rustwide/cargo-home:ro,Z" "-v" "/var/lib/crater-agent-workspace/rustup-home:/opt/rustwide/rustup-home:ro,Z" "-e" "SOURCE_DIR=/opt/rustwide/workdir" "-e" "CARGO_TARGET_DIR=/opt/rustwide/target" "-e" "CARGO_INCREMENTAL=0" "-e" "RUST_BACKTRACE=full" "-e" "RUSTFLAGS=--cap-lints=forbid" "-e" "RUSTDOCFLAGS=--cap-lints=forbid" "-e" "CARGO_HOME=/opt/rustwide/cargo-home" "-e" "RUSTUP_HOME=/opt/rustwide/rustup-home" "-w" "/opt/rustwide/workdir" "-m" "1610612736" "--user" "0:0" "--network" "none" "ghcr.io/rust-lang/crates-build-env/linux@sha256:819108c5571ea2e421544af4d832f968d213c87fbe3707a016657f43d2f853bc" "/opt/rustwide/cargo-home/bin/cargo" "+nightly-2025-01-18" "build" "--frozen" "--message-format=json", kill_on_drop: false }`
[INFO] [stdout] 887f4f27b934dd9f4e2a645a111b7bb840a43a1a301d8a6f36fa1a2690905ff1
[INFO] running `Command { std: "docker" "start" "-a" "887f4f27b934dd9f4e2a645a111b7bb840a43a1a301d8a6f36fa1a2690905ff1", kill_on_drop: false }`
[INFO] [stderr]    Compiling pcap_parser v0.1.0 (/opt/rustwide/workdir)
[INFO] [stdout] warning: unused variable: `endianness`
[INFO] [stdout]   --> src/step1.rs:46:14
[INFO] [stdout]    |
[INFO] [stdout] 46 | fn parse_u16(endianness: Endianness, slice: &[u8], start_index: usize) -> Option<u32> {
[INFO] [stdout]    |              ^^^^^^^^^^ help: if this is intentional, prefix it with an underscore: `_endianness`
[INFO] [stdout]    |
[INFO] [stdout]    = note: `#[warn(unused_variables)]` on by default
[INFO] [stdout] 
[INFO] [stdout] 
[INFO] [stdout] warning: unused variable: `slice`
[INFO] [stdout]   --> src/step1.rs:46:38
[INFO] [stdout]    |
[INFO] [stdout] 46 | fn parse_u16(endianness: Endianness, slice: &[u8], start_index: usize) -> Option<u32> {
[INFO] [stdout]    |                                      ^^^^^ help: if this is intentional, prefix it with an underscore: `_slice`
[INFO] [stdout] 
[INFO] [stdout] 
[INFO] [stdout] warning: unused variable: `start_index`
[INFO] [stdout]   --> src/step1.rs:46:52
[INFO] [stdout]    |
[INFO] [stdout] 46 | fn parse_u16(endianness: Endianness, slice: &[u8], start_index: usize) -> Option<u32> {
[INFO] [stdout]    |                                                    ^^^^^^^^^^^ help: if this is intentional, prefix it with an underscore: `_start_index`
[INFO] [stdout] 
[INFO] [stdout] 
[INFO] [stdout] warning: unused variable: `endianness`
[INFO] [stdout]  --> src/step2.rs:5:14
[INFO] [stdout]   |
[INFO] [stdout] 5 | fn parse_u16(endianness: Endianness, slice: &[u8], start_index: usize) -> Option<u32> {
[INFO] [stdout]   |              ^^^^^^^^^^ help: if this is intentional, prefix it with an underscore: `_endianness`
[INFO] [stdout] 
[INFO] [stdout] 
[INFO] [stdout] warning: unused variable: `slice`
[INFO] [stdout]  --> src/step2.rs:5:38
[INFO] [stdout]   |
[INFO] [stdout] 5 | fn parse_u16(endianness: Endianness, slice: &[u8], start_index: usize) -> Option<u32> {
[INFO] [stdout]   |                                      ^^^^^ help: if this is intentional, prefix it with an underscore: `_slice`
[INFO] [stdout] 
[INFO] [stdout] 
[INFO] [stdout] warning: unused variable: `start_index`
[INFO] [stdout]  --> src/step2.rs:5:52
[INFO] [stdout]   |
[INFO] [stdout] 5 | fn parse_u16(endianness: Endianness, slice: &[u8], start_index: usize) -> Option<u32> {
[INFO] [stdout]   |                                                    ^^^^^^^^^^^ help: if this is intentional, prefix it with an underscore: `_start_index`
[INFO] [stdout] 
[INFO] [stdout] 
[INFO] [stdout] warning: unused variable: `byte_order_magic`
[INFO] [stdout]   --> src/step2.rs:39:13
[INFO] [stdout]    |
[INFO] [stdout] 39 |         let byte_order_magic = parse_u32(Endianness::Le, data, 8)?;
[INFO] [stdout]    |             ^^^^^^^^^^^^^^^^ help: if this is intentional, prefix it with an underscore: `_byte_order_magic`
[INFO] [stdout] 
[INFO] [stdout] 
[INFO] [stdout] warning: unused variable: `endianness`
[INFO] [stdout]  --> src/step3.rs:5:14
[INFO] [stdout]   |
[INFO] [stdout] 5 | fn parse_u16(endianness: Endianness, slice: &[u8], start_index: usize) -> Option<u32> {
[INFO] [stdout]   |              ^^^^^^^^^^ help: if this is intentional, prefix it with an underscore: `_endianness`
[INFO] [stdout] 
[INFO] [stdout] 
[INFO] [stdout] warning: unused variable: `slice`
[INFO] [stdout]  --> src/step3.rs:5:38
[INFO] [stdout]   |
[INFO] [stdout] 5 | fn parse_u16(endianness: Endianness, slice: &[u8], start_index: usize) -> Option<u32> {
[INFO] [stdout]   |                                      ^^^^^ help: if this is intentional, prefix it with an underscore: `_slice`
[INFO] [stdout] 
[INFO] [stdout] 
[INFO] [stdout] warning: unused variable: `start_index`
[INFO] [stdout]  --> src/step3.rs:5:52
[INFO] [stdout]   |
[INFO] [stdout] 5 | fn parse_u16(endianness: Endianness, slice: &[u8], start_index: usize) -> Option<u32> {
[INFO] [stdout]   |                                                    ^^^^^^^^^^^ help: if this is intentional, prefix it with an underscore: `_start_index`
[INFO] [stdout] 
[INFO] [stdout] 
[INFO] [stdout] warning: unused variable: `byte_order_magic`
[INFO] [stdout]   --> src/step3.rs:48:13
[INFO] [stdout]    |
[INFO] [stdout] 48 |         let byte_order_magic = parse_u32(Endianness::Le, data, 8).ok_or(InputTooShort)?;
[INFO] [stdout]    |             ^^^^^^^^^^^^^^^^ help: if this is intentional, prefix it with an underscore: `_byte_order_magic`
[INFO] [stdout] 
[INFO] [stdout] 
[INFO] [stdout] warning: enum `Endianness` is never used
[INFO] [stdout]  --> src/step1.rs:1:6
[INFO] [stdout]   |
[INFO] [stdout] 1 | enum Endianness {
[INFO] [stdout]   |      ^^^^^^^^^^
[INFO] [stdout]   |
[INFO] [stdout]   = note: `#[warn(dead_code)]` on by default
[INFO] [stdout] 
[INFO] [stdout] 
[INFO] [stdout] warning: struct `SectionHeaderBlock` is never constructed
[INFO] [stdout]  --> src/step1.rs:7:8
[INFO] [stdout]   |
[INFO] [stdout] 7 | struct SectionHeaderBlock<'a> {
[INFO] [stdout]   |        ^^^^^^^^^^^^^^^^^^
[INFO] [stdout] 
[INFO] [stdout] 
[INFO] [stdout] warning: associated function `parse` is never used
[INFO] [stdout]   --> src/step1.rs:14:8
[INFO] [stdout]    |
[INFO] [stdout] 13 | impl<'a> SectionHeaderBlock<'a> {
[INFO] [stdout]    | ------------------------------- associated function in this implementation
[INFO] [stdout] 14 |     fn parse(data: &'a [u8]) -> Self {
[INFO] [stdout]    |        ^^^^^
[INFO] [stdout] 
[INFO] [stdout] 
[INFO] [stdout] warning: function `parse_u16` is never used
[INFO] [stdout]   --> src/step1.rs:46:4
[INFO] [stdout]    |
[INFO] [stdout] 46 | fn parse_u16(endianness: Endianness, slice: &[u8], start_index: usize) -> Option<u32> {
[INFO] [stdout]    |    ^^^^^^^^^
[INFO] [stdout] 
[INFO] [stdout] 
[INFO] [stdout] warning: function `parse_u32` is never used
[INFO] [stdout]   --> src/step1.rs:50:4
[INFO] [stdout]    |
[INFO] [stdout] 50 | fn parse_u32(endianness: Endianness, slice: &[u8], start_index: usize) -> Option<u32> {
[INFO] [stdout]    |    ^^^^^^^^^
[INFO] [stdout] 
[INFO] [stdout] 
[INFO] [stdout] warning: function `get_array` is never used
[INFO] [stdout]   --> src/step1.rs:58:4
[INFO] [stdout]    |
[INFO] [stdout] 58 | fn get_array<T, const N: usize>(slice: &[T], start_index: usize) -> Option<&[T; N]> {
[INFO] [stdout]    |    ^^^^^^^^^
[INFO] [stdout] 
[INFO] [stdout] 
[INFO] [stdout] warning: function `get_array` is never used
[INFO] [stdout]  --> src/step2.rs:1:4
[INFO] [stdout]   |
[INFO] [stdout] 1 | fn get_array<T, const N: usize>(slice: &[T], start_index: usize) -> Option<&[T; N]> {
[INFO] [stdout]   |    ^^^^^^^^^
[INFO] [stdout] 
[INFO] [stdout] 
[INFO] [stdout] warning: function `parse_u16` is never used
[INFO] [stdout]  --> src/step2.rs:5:4
[INFO] [stdout]   |
[INFO] [stdout] 5 | fn parse_u16(endianness: Endianness, slice: &[u8], start_index: usize) -> Option<u32> {
[INFO] [stdout]   |    ^^^^^^^^^
[INFO] [stdout] 
[INFO] [stdout] 
[INFO] [stdout] warning: function `parse_u32` is never used
[INFO] [stdout]  --> src/step2.rs:9:4
[INFO] [stdout]   |
[INFO] [stdout] 9 | fn parse_u32(endianness: Endianness, slice: &[u8], start_index: usize) -> Option<u32> {
[INFO] [stdout]   |    ^^^^^^^^^
[INFO] [stdout] 
[INFO] [stdout] 
[INFO] [stdout] warning: enum `Endianness` is never used
[INFO] [stdout]   --> src/step2.rs:17:6
[INFO] [stdout]    |
[INFO] [stdout] 17 | enum Endianness {
[INFO] [stdout]    |      ^^^^^^^^^^
[INFO] [stdout] 
[INFO] [stdout] 
[INFO] [stdout] warning: struct `SectionHeaderBlock` is never constructed
[INFO] [stdout]   --> src/step2.rs:23:8
[INFO] [stdout]    |
[INFO] [stdout] 23 | struct SectionHeaderBlock<'a> {
[INFO] [stdout]    |        ^^^^^^^^^^^^^^^^^^
[INFO] [stdout] 
[INFO] [stdout] 
[INFO] [stdout] warning: associated function `parse` is never used
[INFO] [stdout]   --> src/step2.rs:30:8
[INFO] [stdout]    |
[INFO] [stdout] 29 | impl<'a> SectionHeaderBlock<'a> {
[INFO] [stdout]    | ------------------------------- associated function in this implementation
[INFO] [stdout] 30 |     fn parse(data: &'a [u8]) -> Option<Self> {
[INFO] [stdout]    |        ^^^^^
[INFO] [stdout] 
[INFO] [stdout] 
[INFO] [stdout] warning: function `get_array` is never used
[INFO] [stdout]  --> src/step3.rs:1:4
[INFO] [stdout]   |
[INFO] [stdout] 1 | fn get_array<T, const N: usize>(slice: &[T], start_index: usize) -> Option<&[T; N]> {
[INFO] [stdout]   |    ^^^^^^^^^
[INFO] [stdout] 
[INFO] [stdout] 
[INFO] [stdout] warning: function `parse_u16` is never used
[INFO] [stdout]  --> src/step3.rs:5:4
[INFO] [stdout]   |
[INFO] [stdout] 5 | fn parse_u16(endianness: Endianness, slice: &[u8], start_index: usize) -> Option<u32> {
[INFO] [stdout]   |    ^^^^^^^^^
[INFO] [stdout] 
[INFO] [stdout] 
[INFO] [stdout] warning: function `parse_u32` is never used
[INFO] [stdout]  --> src/step3.rs:9:4
[INFO] [stdout]   |
[INFO] [stdout] 9 | fn parse_u32(endianness: Endianness, slice: &[u8], start_index: usize) -> Option<u32> {
[INFO] [stdout]   |    ^^^^^^^^^
[INFO] [stdout] 
[INFO] [stdout] 
[INFO] [stdout] warning: enum `Endianness` is never used
[INFO] [stdout]   --> src/step3.rs:17:6
[INFO] [stdout]    |
[INFO] [stdout] 17 | enum Endianness {
[INFO] [stdout]    |      ^^^^^^^^^^
[INFO] [stdout] 
[INFO] [stdout] 
[INFO] [stdout] warning: enum `ParseError` is never used
[INFO] [stdout]   --> src/step3.rs:23:6
[INFO] [stdout]    |
[INFO] [stdout] 23 | enum ParseError {
[INFO] [stdout]    |      ^^^^^^^^^^
[INFO] [stdout] 
[INFO] [stdout] 
[INFO] [stdout] warning: struct `SectionHeaderBlock` is never constructed
[INFO] [stdout]   --> src/step3.rs:29:8
[INFO] [stdout]    |
[INFO] [stdout] 29 | struct SectionHeaderBlock<'a> {
[INFO] [stdout]    |        ^^^^^^^^^^^^^^^^^^
[INFO] [stdout] 
[INFO] [stdout] 
[INFO] [stdout] warning: associated function `parse` is never used
[INFO] [stdout]   --> src/step3.rs:36:8
[INFO] [stdout]    |
[INFO] [stdout] 35 | impl<'a> SectionHeaderBlock<'a> {
[INFO] [stdout]    | ------------------------------- associated function in this implementation
[INFO] [stdout] 36 |     fn parse(data: &'a [u8]) -> Result<Self, ParseError> {
[INFO] [stdout]    |        ^^^^^
[INFO] [stdout] 
[INFO] [stdout] 
[INFO] [stderr]     Finished `dev` profile [unoptimized + debuginfo] target(s) in 0.10s
[INFO] running `Command { std: "docker" "inspect" "887f4f27b934dd9f4e2a645a111b7bb840a43a1a301d8a6f36fa1a2690905ff1", kill_on_drop: false }`
[INFO] running `Command { std: "docker" "rm" "-f" "887f4f27b934dd9f4e2a645a111b7bb840a43a1a301d8a6f36fa1a2690905ff1", kill_on_drop: false }`
[INFO] [stdout] 887f4f27b934dd9f4e2a645a111b7bb840a43a1a301d8a6f36fa1a2690905ff1
[INFO] running `Command { std: "docker" "create" "-v" "/var/lib/crater-agent-workspace/builds/worker-3-tc1/target:/opt/rustwide/target:rw,Z" "-v" "/var/lib/crater-agent-workspace/builds/worker-3-tc1/source:/opt/rustwide/workdir:ro,Z" "-v" "/var/lib/crater-agent-workspace/cargo-home:/opt/rustwide/cargo-home:ro,Z" "-v" "/var/lib/crater-agent-workspace/rustup-home:/opt/rustwide/rustup-home:ro,Z" "-e" "SOURCE_DIR=/opt/rustwide/workdir" "-e" "CARGO_TARGET_DIR=/opt/rustwide/target" "-e" "CARGO_INCREMENTAL=0" "-e" "RUST_BACKTRACE=full" "-e" "RUSTFLAGS=--cap-lints=forbid" "-e" "RUSTDOCFLAGS=--cap-lints=forbid" "-e" "CARGO_HOME=/opt/rustwide/cargo-home" "-e" "RUSTUP_HOME=/opt/rustwide/rustup-home" "-w" "/opt/rustwide/workdir" "-m" "1610612736" "--user" "0:0" "--network" "none" "ghcr.io/rust-lang/crates-build-env/linux@sha256:819108c5571ea2e421544af4d832f968d213c87fbe3707a016657f43d2f853bc" "/opt/rustwide/cargo-home/bin/cargo" "+nightly-2025-01-18" "test" "--frozen" "--no-run" "--message-format=json", kill_on_drop: false }`
[INFO] [stdout] 59234562c1fea1b9d8cb08be7ab2cb41b035bd94bffe519a8a0ba9695343da89
[INFO] running `Command { std: "docker" "start" "-a" "59234562c1fea1b9d8cb08be7ab2cb41b035bd94bffe519a8a0ba9695343da89", kill_on_drop: false }`
[INFO] [stdout] warning: unused variable: `endianness`
[INFO] [stdout]   --> src/step1.rs:46:14
[INFO] [stdout]    |
[INFO] [stdout] 46 | fn parse_u16(endianness: Endianness, slice: &[u8], start_index: usize) -> Option<u32> {
[INFO] [stdout]    |              ^^^^^^^^^^ help: if this is intentional, prefix it with an underscore: `_endianness`
[INFO] [stdout]    |
[INFO] [stdout]    = note: `#[warn(unused_variables)]` on by default
[INFO] [stdout] 
[INFO] [stdout] 
[INFO] [stdout] warning: unused variable: `slice`
[INFO] [stdout]   --> src/step1.rs:46:38
[INFO] [stdout]    |
[INFO] [stdout] 46 | fn parse_u16(endianness: Endianness, slice: &[u8], start_index: usize) -> Option<u32> {
[INFO] [stdout]    |                                      ^^^^^ help: if this is intentional, prefix it with an underscore: `_slice`
[INFO] [stdout] 
[INFO] [stdout] 
[INFO] [stdout] warning: unused variable: `start_index`
[INFO] [stdout]   --> src/step1.rs:46:52
[INFO] [stdout]    |
[INFO] [stdout] 46 | fn parse_u16(endianness: Endianness, slice: &[u8], start_index: usize) -> Option<u32> {
[INFO] [stdout]    |                                                    ^^^^^^^^^^^ help: if this is intentional, prefix it with an underscore: `_start_index`
[INFO] [stdout] 
[INFO] [stdout] 
[INFO] [stdout] warning: unused variable: `endianness`
[INFO] [stdout]  --> src/step2.rs:5:14
[INFO] [stdout]   |
[INFO] [stdout] 5 | fn parse_u16(endianness: Endianness, slice: &[u8], start_index: usize) -> Option<u32> {
[INFO] [stdout]   |              ^^^^^^^^^^ help: if this is intentional, prefix it with an underscore: `_endianness`
[INFO] [stdout] 
[INFO] [stdout] 
[INFO] [stderr]    Compiling pcap_parser v0.1.0 (/opt/rustwide/workdir)
[INFO] [stdout] warning: unused variable: `slice`
[INFO] [stdout]  --> src/step2.rs:5:38
[INFO] [stdout]   |
[INFO] [stdout] 5 | fn parse_u16(endianness: Endianness, slice: &[u8], start_index: usize) -> Option<u32> {
[INFO] [stdout]   |                                      ^^^^^ help: if this is intentional, prefix it with an underscore: `_slice`
[INFO] [stdout] 
[INFO] [stdout] 
[INFO] [stdout] warning: unused variable: `start_index`
[INFO] [stdout]  --> src/step2.rs:5:52
[INFO] [stdout]   |
[INFO] [stdout] 5 | fn parse_u16(endianness: Endianness, slice: &[u8], start_index: usize) -> Option<u32> {
[INFO] [stdout]   |                                                    ^^^^^^^^^^^ help: if this is intentional, prefix it with an underscore: `_start_index`
[INFO] [stdout] 
[INFO] [stdout] 
[INFO] [stdout] warning: unused variable: `byte_order_magic`
[INFO] [stdout]   --> src/step2.rs:39:13
[INFO] [stdout]    |
[INFO] [stdout] 39 |         let byte_order_magic = parse_u32(Endianness::Le, data, 8)?;
[INFO] [stdout]    |             ^^^^^^^^^^^^^^^^ help: if this is intentional, prefix it with an underscore: `_byte_order_magic`
[INFO] [stdout] 
[INFO] [stdout] 
[INFO] [stdout] warning: unused variable: `endianness`
[INFO] [stdout]  --> src/step3.rs:5:14
[INFO] [stdout]   |
[INFO] [stdout] 5 | fn parse_u16(endianness: Endianness, slice: &[u8], start_index: usize) -> Option<u32> {
[INFO] [stdout]   |              ^^^^^^^^^^ help: if this is intentional, prefix it with an underscore: `_endianness`
[INFO] [stdout] 
[INFO] [stdout] 
[INFO] [stdout] warning: unused variable: `slice`
[INFO] [stdout]  --> src/step3.rs:5:38
[INFO] [stdout]   |
[INFO] [stdout] 5 | fn parse_u16(endianness: Endianness, slice: &[u8], start_index: usize) -> Option<u32> {
[INFO] [stdout]   |                                      ^^^^^ help: if this is intentional, prefix it with an underscore: `_slice`
[INFO] [stdout] 
[INFO] [stdout] 
[INFO] [stdout] warning: unused variable: `start_index`
[INFO] [stdout]  --> src/step3.rs:5:52
[INFO] [stdout]   |
[INFO] [stdout] 5 | fn parse_u16(endianness: Endianness, slice: &[u8], start_index: usize) -> Option<u32> {
[INFO] [stdout]   |                                                    ^^^^^^^^^^^ help: if this is intentional, prefix it with an underscore: `_start_index`
[INFO] [stdout] 
[INFO] [stdout] 
[INFO] [stdout] warning: unused variable: `byte_order_magic`
[INFO] [stdout]   --> src/step3.rs:48:13
[INFO] [stdout]    |
[INFO] [stdout] 48 |         let byte_order_magic = parse_u32(Endianness::Le, data, 8).ok_or(InputTooShort)?;
[INFO] [stdout]    |             ^^^^^^^^^^^^^^^^ help: if this is intentional, prefix it with an underscore: `_byte_order_magic`
[INFO] [stdout] 
[INFO] [stdout] 
[INFO] [stdout] warning: enum `Endianness` is never used
[INFO] [stdout]  --> src/step1.rs:1:6
[INFO] [stdout]   |
[INFO] [stdout] 1 | enum Endianness {
[INFO] [stdout]   |      ^^^^^^^^^^
[INFO] [stdout]   |
[INFO] [stdout]   = note: `#[warn(dead_code)]` on by default
[INFO] [stdout] 
[INFO] [stdout] 
[INFO] [stdout] warning: struct `SectionHeaderBlock` is never constructed
[INFO] [stdout]  --> src/step1.rs:7:8
[INFO] [stdout]   |
[INFO] [stdout] 7 | struct SectionHeaderBlock<'a> {
[INFO] [stdout]   |        ^^^^^^^^^^^^^^^^^^
[INFO] [stdout] 
[INFO] [stdout] 
[INFO] [stdout] warning: associated function `parse` is never used
[INFO] [stdout]   --> src/step1.rs:14:8
[INFO] [stdout]    |
[INFO] [stdout] 13 | impl<'a> SectionHeaderBlock<'a> {
[INFO] [stdout]    | ------------------------------- associated function in this implementation
[INFO] [stdout] 14 |     fn parse(data: &'a [u8]) -> Self {
[INFO] [stdout]    |        ^^^^^
[INFO] [stdout] 
[INFO] [stdout] 
[INFO] [stdout] warning: function `parse_u16` is never used
[INFO] [stdout]   --> src/step1.rs:46:4
[INFO] [stdout]    |
[INFO] [stdout] 46 | fn parse_u16(endianness: Endianness, slice: &[u8], start_index: usize) -> Option<u32> {
[INFO] [stdout]    |    ^^^^^^^^^
[INFO] [stdout] 
[INFO] [stdout] 
[INFO] [stdout] warning: function `parse_u32` is never used
[INFO] [stdout]   --> src/step1.rs:50:4
[INFO] [stdout]    |
[INFO] [stdout] 50 | fn parse_u32(endianness: Endianness, slice: &[u8], start_index: usize) -> Option<u32> {
[INFO] [stdout]    |    ^^^^^^^^^
[INFO] [stdout] 
[INFO] [stdout] 
[INFO] [stdout] warning: function `get_array` is never used
[INFO] [stdout]   --> src/step1.rs:58:4
[INFO] [stdout]    |
[INFO] [stdout] 58 | fn get_array<T, const N: usize>(slice: &[T], start_index: usize) -> Option<&[T; N]> {
[INFO] [stdout]    |    ^^^^^^^^^
[INFO] [stdout] 
[INFO] [stdout] 
[INFO] [stdout] warning: function `get_array` is never used
[INFO] [stdout]  --> src/step2.rs:1:4
[INFO] [stdout]   |
[INFO] [stdout] 1 | fn get_array<T, const N: usize>(slice: &[T], start_index: usize) -> Option<&[T; N]> {
[INFO] [stdout]   |    ^^^^^^^^^
[INFO] [stdout] 
[INFO] [stdout] 
[INFO] [stdout] warning: function `parse_u16` is never used
[INFO] [stdout]  --> src/step2.rs:5:4
[INFO] [stdout]   |
[INFO] [stdout] 5 | fn parse_u16(endianness: Endianness, slice: &[u8], start_index: usize) -> Option<u32> {
[INFO] [stdout]   |    ^^^^^^^^^
[INFO] [stdout] 
[INFO] [stdout] 
[INFO] [stdout] warning: function `parse_u32` is never used
[INFO] [stdout]  --> src/step2.rs:9:4
[INFO] [stdout]   |
[INFO] [stdout] 9 | fn parse_u32(endianness: Endianness, slice: &[u8], start_index: usize) -> Option<u32> {
[INFO] [stdout]   |    ^^^^^^^^^
[INFO] [stdout] 
[INFO] [stdout] 
[INFO] [stdout] warning: enum `Endianness` is never used
[INFO] [stdout]   --> src/step2.rs:17:6
[INFO] [stdout]    |
[INFO] [stdout] 17 | enum Endianness {
[INFO] [stdout]    |      ^^^^^^^^^^
[INFO] [stdout] 
[INFO] [stdout] 
[INFO] [stdout] warning: struct `SectionHeaderBlock` is never constructed
[INFO] [stdout]   --> src/step2.rs:23:8
[INFO] [stdout]    |
[INFO] [stdout] 23 | struct SectionHeaderBlock<'a> {
[INFO] [stdout]    |        ^^^^^^^^^^^^^^^^^^
[INFO] [stdout] 
[INFO] [stdout] 
[INFO] [stdout] warning: associated function `parse` is never used
[INFO] [stdout]   --> src/step2.rs:30:8
[INFO] [stdout]    |
[INFO] [stdout] 29 | impl<'a> SectionHeaderBlock<'a> {
[INFO] [stdout]    | ------------------------------- associated function in this implementation
[INFO] [stdout] 30 |     fn parse(data: &'a [u8]) -> Option<Self> {
[INFO] [stdout]    |        ^^^^^
[INFO] [stdout] 
[INFO] [stdout] 
[INFO] [stdout] warning: function `get_array` is never used
[INFO] [stdout]  --> src/step3.rs:1:4
[INFO] [stdout]   |
[INFO] [stdout] 1 | fn get_array<T, const N: usize>(slice: &[T], start_index: usize) -> Option<&[T; N]> {
[INFO] [stdout]   |    ^^^^^^^^^
[INFO] [stdout] 
[INFO] [stdout] 
[INFO] [stdout] warning: function `parse_u16` is never used
[INFO] [stdout]  --> src/step3.rs:5:4
[INFO] [stdout]   |
[INFO] [stdout] 5 | fn parse_u16(endianness: Endianness, slice: &[u8], start_index: usize) -> Option<u32> {
[INFO] [stdout]   |    ^^^^^^^^^
[INFO] [stdout] 
[INFO] [stdout] 
[INFO] [stdout] warning: function `parse_u32` is never used
[INFO] [stdout]  --> src/step3.rs:9:4
[INFO] [stdout]   |
[INFO] [stdout] 9 | fn parse_u32(endianness: Endianness, slice: &[u8], start_index: usize) -> Option<u32> {
[INFO] [stdout]   |    ^^^^^^^^^
[INFO] [stdout] 
[INFO] [stdout] 
[INFO] [stdout] warning: enum `Endianness` is never used
[INFO] [stdout]   --> src/step3.rs:17:6
[INFO] [stdout]    |
[INFO] [stdout] 17 | enum Endianness {
[INFO] [stdout]    |      ^^^^^^^^^^
[INFO] [stdout] 
[INFO] [stdout] 
[INFO] [stdout] warning: enum `ParseError` is never used
[INFO] [stdout]   --> src/step3.rs:23:6
[INFO] [stdout]    |
[INFO] [stdout] 23 | enum ParseError {
[INFO] [stdout]    |      ^^^^^^^^^^
[INFO] [stdout] 
[INFO] [stdout] 
[INFO] [stdout] warning: struct `SectionHeaderBlock` is never constructed
[INFO] [stdout]   --> src/step3.rs:29:8
[INFO] [stdout]    |
[INFO] [stdout] 29 | struct SectionHeaderBlock<'a> {
[INFO] [stdout]    |        ^^^^^^^^^^^^^^^^^^
[INFO] [stdout] 
[INFO] [stdout] 
[INFO] [stdout] warning: associated function `parse` is never used
[INFO] [stdout]   --> src/step3.rs:36:8
[INFO] [stdout]    |
[INFO] [stdout] 35 | impl<'a> SectionHeaderBlock<'a> {
[INFO] [stdout]    | ------------------------------- associated function in this implementation
[INFO] [stdout] 36 |     fn parse(data: &'a [u8]) -> Result<Self, ParseError> {
[INFO] [stdout]    |        ^^^^^
[INFO] [stdout] 
[INFO] [stdout] 
[INFO] [stdout] warning: unused variable: `endianness`
[INFO] [stdout]   --> src/step1.rs:46:14
[INFO] [stdout]    |
[INFO] [stdout] 46 | fn parse_u16(endianness: Endianness, slice: &[u8], start_index: usize) -> Option<u32> {
[INFO] [stdout]    |              ^^^^^^^^^^ help: if this is intentional, prefix it with an underscore: `_endianness`
[INFO] [stdout]    |
[INFO] [stdout]    = note: `#[warn(unused_variables)]` on by default
[INFO] [stdout] 
[INFO] [stdout] 
[INFO] [stdout] warning: unused variable: `slice`
[INFO] [stdout]   --> src/step1.rs:46:38
[INFO] [stdout]    |
[INFO] [stdout] 46 | fn parse_u16(endianness: Endianness, slice: &[u8], start_index: usize) -> Option<u32> {
[INFO] [stdout]    |                                      ^^^^^ help: if this is intentional, prefix it with an underscore: `_slice`
[INFO] [stdout] 
[INFO] [stdout] 
[INFO] [stdout] warning: unused variable: `start_index`
[INFO] [stdout]   --> src/step1.rs:46:52
[INFO] [stdout]    |
[INFO] [stdout] 46 | fn parse_u16(endianness: Endianness, slice: &[u8], start_index: usize) -> Option<u32> {
[INFO] [stdout]    |                                                    ^^^^^^^^^^^ help: if this is intentional, prefix it with an underscore: `_start_index`
[INFO] [stdout] 
[INFO] [stdout] 
[INFO] [stdout] warning: unused variable: `endianness`
[INFO] [stdout]  --> src/step2.rs:5:14
[INFO] [stdout]   |
[INFO] [stdout] 5 | fn parse_u16(endianness: Endianness, slice: &[u8], start_index: usize) -> Option<u32> {
[INFO] [stdout]   |              ^^^^^^^^^^ help: if this is intentional, prefix it with an underscore: `_endianness`
[INFO] [stdout] 
[INFO] [stdout] 
[INFO] [stdout] warning: unused variable: `slice`
[INFO] [stdout]  --> src/step2.rs:5:38
[INFO] [stdout]   |
[INFO] [stdout] 5 | fn parse_u16(endianness: Endianness, slice: &[u8], start_index: usize) -> Option<u32> {
[INFO] [stdout]   |                                      ^^^^^ help: if this is intentional, prefix it with an underscore: `_slice`
[INFO] [stdout] 
[INFO] [stdout] 
[INFO] [stdout] warning: unused variable: `start_index`
[INFO] [stdout]  --> src/step2.rs:5:52
[INFO] [stdout]   |
[INFO] [stdout] 5 | fn parse_u16(endianness: Endianness, slice: &[u8], start_index: usize) -> Option<u32> {
[INFO] [stdout]   |                                                    ^^^^^^^^^^^ help: if this is intentional, prefix it with an underscore: `_start_index`
[INFO] [stdout] 
[INFO] [stdout] 
[INFO] [stdout] warning: unused variable: `byte_order_magic`
[INFO] [stdout]   --> src/step2.rs:39:13
[INFO] [stdout]    |
[INFO] [stdout] 39 |         let byte_order_magic = parse_u32(Endianness::Le, data, 8)?;
[INFO] [stdout]    |             ^^^^^^^^^^^^^^^^ help: if this is intentional, prefix it with an underscore: `_byte_order_magic`
[INFO] [stdout] 
[INFO] [stdout] 
[INFO] [stdout] warning: unused variable: `endianness`
[INFO] [stdout]  --> src/step3.rs:5:14
[INFO] [stdout]   |
[INFO] [stdout] 5 | fn parse_u16(endianness: Endianness, slice: &[u8], start_index: usize) -> Option<u32> {
[INFO] [stdout]   |              ^^^^^^^^^^ help: if this is intentional, prefix it with an underscore: `_endianness`
[INFO] [stdout] 
[INFO] [stdout] 
[INFO] [stdout] warning: unused variable: `slice`
[INFO] [stdout]  --> src/step3.rs:5:38
[INFO] [stdout]   |
[INFO] [stdout] 5 | fn parse_u16(endianness: Endianness, slice: &[u8], start_index: usize) -> Option<u32> {
[INFO] [stdout]   |                                      ^^^^^ help: if this is intentional, prefix it with an underscore: `_slice`
[INFO] [stdout] 
[INFO] [stdout] 
[INFO] [stdout] warning: unused variable: `start_index`
[INFO] [stdout]  --> src/step3.rs:5:52
[INFO] [stdout]   |
[INFO] [stdout] 5 | fn parse_u16(endianness: Endianness, slice: &[u8], start_index: usize) -> Option<u32> {
[INFO] [stdout]   |                                                    ^^^^^^^^^^^ help: if this is intentional, prefix it with an underscore: `_start_index`
[INFO] [stdout] 
[INFO] [stdout] 
[INFO] [stdout] warning: unused variable: `byte_order_magic`
[INFO] [stdout]   --> src/step3.rs:48:13
[INFO] [stdout]    |
[INFO] [stdout] 48 |         let byte_order_magic = parse_u32(Endianness::Le, data, 8).ok_or(InputTooShort)?;
[INFO] [stdout]    |             ^^^^^^^^^^^^^^^^ help: if this is intentional, prefix it with an underscore: `_byte_order_magic`
[INFO] [stdout] 
[INFO] [stdout] 
[INFO] [stdout] warning: fields `major_version` and `minor_version` are never read
[INFO] [stdout]  --> src/step1.rs:8:5
[INFO] [stdout]   |
[INFO] [stdout] 7 | struct SectionHeaderBlock<'a> {
[INFO] [stdout]   |        ------------------ fields in this struct
[INFO] [stdout] 8 |     major_version: u16,
[INFO] [stdout]   |     ^^^^^^^^^^^^^
[INFO] [stdout] 9 |     minor_version: u16,
[INFO] [stdout]   |     ^^^^^^^^^^^^^
[INFO] [stdout]   |
[INFO] [stdout]   = note: `SectionHeaderBlock` has a derived impl for the trait `Debug`, but this is intentionally ignored during dead code analysis
[INFO] [stdout]   = note: `#[warn(dead_code)]` on by default
[INFO] [stdout] 
[INFO] [stdout] 
[INFO] [stdout] warning: function `parse_u16` is never used
[INFO] [stdout]   --> src/step1.rs:46:4
[INFO] [stdout]    |
[INFO] [stdout] 46 | fn parse_u16(endianness: Endianness, slice: &[u8], start_index: usize) -> Option<u32> {
[INFO] [stdout]    |    ^^^^^^^^^
[INFO] [stdout] 
[INFO] [stdout] 
[INFO] [stdout] warning: function `parse_u32` is never used
[INFO] [stdout]   --> src/step1.rs:50:4
[INFO] [stdout]    |
[INFO] [stdout] 50 | fn parse_u32(endianness: Endianness, slice: &[u8], start_index: usize) -> Option<u32> {
[INFO] [stdout]    |    ^^^^^^^^^
[INFO] [stdout] 
[INFO] [stdout] 
[INFO] [stdout] warning: function `get_array` is never used
[INFO] [stdout]   --> src/step1.rs:58:4
[INFO] [stdout]    |
[INFO] [stdout] 58 | fn get_array<T, const N: usize>(slice: &[T], start_index: usize) -> Option<&[T; N]> {
[INFO] [stdout]    |    ^^^^^^^^^
[INFO] [stdout] 
[INFO] [stdout] 
[INFO] [stdout] warning: function `parse_u16` is never used
[INFO] [stdout]  --> src/step2.rs:5:4
[INFO] [stdout]   |
[INFO] [stdout] 5 | fn parse_u16(endianness: Endianness, slice: &[u8], start_index: usize) -> Option<u32> {
[INFO] [stdout]   |    ^^^^^^^^^
[INFO] [stdout] 
[INFO] [stdout] 
[INFO] [stdout] warning: variant `Be` is never constructed
[INFO] [stdout]   --> src/step2.rs:19:5
[INFO] [stdout]    |
[INFO] [stdout] 17 | enum Endianness {
[INFO] [stdout]    |      ---------- variant in this enum
[INFO] [stdout] 18 |     Le,
[INFO] [stdout] 19 |     Be,
[INFO] [stdout]    |     ^^
[INFO] [stdout] 
[INFO] [stdout] 
[INFO] [stdout] warning: function `parse_u16` is never used
[INFO] [stdout]  --> src/step3.rs:5:4
[INFO] [stdout]   |
[INFO] [stdout] 5 | fn parse_u16(endianness: Endianness, slice: &[u8], start_index: usize) -> Option<u32> {
[INFO] [stdout]   |    ^^^^^^^^^
[INFO] [stdout] 
[INFO] [stdout] 
[INFO] [stdout] warning: variant `Be` is never constructed
[INFO] [stdout]   --> src/step3.rs:19:5
[INFO] [stdout]    |
[INFO] [stdout] 17 | enum Endianness {
[INFO] [stdout]    |      ---------- variant in this enum
[INFO] [stdout] 18 |     Le,
[INFO] [stdout] 19 |     Be,
[INFO] [stdout]    |     ^^
[INFO] [stdout] 
[INFO] [stdout] 
[INFO] [stderr]     Finished `test` profile [unoptimized + debuginfo] target(s) in 0.35s
[INFO] running `Command { std: "docker" "inspect" "59234562c1fea1b9d8cb08be7ab2cb41b035bd94bffe519a8a0ba9695343da89", kill_on_drop: false }`
[INFO] running `Command { std: "docker" "rm" "-f" "59234562c1fea1b9d8cb08be7ab2cb41b035bd94bffe519a8a0ba9695343da89", kill_on_drop: false }`
[INFO] [stdout] 59234562c1fea1b9d8cb08be7ab2cb41b035bd94bffe519a8a0ba9695343da89
[INFO] running `Command { std: "docker" "create" "-v" "/var/lib/crater-agent-workspace/builds/worker-3-tc1/target:/opt/rustwide/target:rw,Z" "-v" "/var/lib/crater-agent-workspace/builds/worker-3-tc1/source:/opt/rustwide/workdir:ro,Z" "-v" "/var/lib/crater-agent-workspace/cargo-home:/opt/rustwide/cargo-home:ro,Z" "-v" "/var/lib/crater-agent-workspace/rustup-home:/opt/rustwide/rustup-home:ro,Z" "-e" "SOURCE_DIR=/opt/rustwide/workdir" "-e" "CARGO_TARGET_DIR=/opt/rustwide/target" "-e" "CARGO_INCREMENTAL=0" "-e" "RUST_BACKTRACE=full" "-e" "RUSTFLAGS=--cap-lints=forbid" "-e" "RUSTDOCFLAGS=--cap-lints=forbid" "-e" "CARGO_HOME=/opt/rustwide/cargo-home" "-e" "RUSTUP_HOME=/opt/rustwide/rustup-home" "-w" "/opt/rustwide/workdir" "-m" "1610612736" "--user" "0:0" "--network" "none" "ghcr.io/rust-lang/crates-build-env/linux@sha256:819108c5571ea2e421544af4d832f968d213c87fbe3707a016657f43d2f853bc" "/opt/rustwide/cargo-home/bin/cargo" "+nightly-2025-01-18" "test" "--frozen", kill_on_drop: false }`
[INFO] [stdout] 3bc5aa20cfcbd7ac4188cf784ce3f1a50f816a6b325b0dc5711b6d7547e8cf6c
[INFO] running `Command { std: "docker" "start" "-a" "3bc5aa20cfcbd7ac4188cf784ce3f1a50f816a6b325b0dc5711b6d7547e8cf6c", kill_on_drop: false }`
[INFO] [stderr] warning: unused variable: `endianness`
[INFO] [stderr]   --> src/step1.rs:46:14
[INFO] [stderr]    |
[INFO] [stderr] 46 | fn parse_u16(endianness: Endianness, slice: &[u8], start_index: usize) -> Option<u32> {
[INFO] [stderr]    |              ^^^^^^^^^^ help: if this is intentional, prefix it with an underscore: `_endianness`
[INFO] [stderr]    |
[INFO] [stderr]    = note: `#[warn(unused_variables)]` on by default
[INFO] [stderr] 
[INFO] [stderr] warning: unused variable: `slice`
[INFO] [stderr]   --> src/step1.rs:46:38
[INFO] [stderr]    |
[INFO] [stderr] 46 | fn parse_u16(endianness: Endianness, slice: &[u8], start_index: usize) -> Option<u32> {
[INFO] [stderr]    |                                      ^^^^^ help: if this is intentional, prefix it with an underscore: `_slice`
[INFO] [stderr] 
[INFO] [stderr] warning: unused variable: `start_index`
[INFO] [stderr]   --> src/step1.rs:46:52
[INFO] [stderr]    |
[INFO] [stderr] 46 | fn parse_u16(endianness: Endianness, slice: &[u8], start_index: usize) -> Option<u32> {
[INFO] [stderr]    |                                                    ^^^^^^^^^^^ help: if this is intentional, prefix it with an underscore: `_start_index`
[INFO] [stderr] 
[INFO] [stderr] warning: unused variable: `endianness`
[INFO] [stderr]  --> src/step2.rs:5:14
[INFO] [stderr]   |
[INFO] [stderr] 5 | fn parse_u16(endianness: Endianness, slice: &[u8], start_index: usize) -> Option<u32> {
[INFO] [stderr]   |              ^^^^^^^^^^ help: if this is intentional, prefix it with an underscore: `_endianness`
[INFO] [stderr] 
[INFO] [stderr] warning: unused variable: `slice`
[INFO] [stderr]  --> src/step2.rs:5:38
[INFO] [stderr]   |
[INFO] [stderr] 5 | fn parse_u16(endianness: Endianness, slice: &[u8], start_index: usize) -> Option<u32> {
[INFO] [stderr]   |                                      ^^^^^ help: if this is intentional, prefix it with an underscore: `_slice`
[INFO] [stderr] 
[INFO] [stderr] warning: unused variable: `start_index`
[INFO] [stderr]  --> src/step2.rs:5:52
[INFO] [stderr]   |
[INFO] [stderr] 5 | fn parse_u16(endianness: Endianness, slice: &[u8], start_index: usize) -> Option<u32> {
[INFO] [stderr]   |                                                    ^^^^^^^^^^^ help: if this is intentional, prefix it with an underscore: `_start_index`
[INFO] [stderr] 
[INFO] [stderr] warning: unused variable: `byte_order_magic`
[INFO] [stderr]   --> src/step2.rs:39:13
[INFO] [stderr]    |
[INFO] [stderr] 39 |         let byte_order_magic = parse_u32(Endianness::Le, data, 8)?;
[INFO] [stderr]    |             ^^^^^^^^^^^^^^^^ help: if this is intentional, prefix it with an underscore: `_byte_order_magic`
[INFO] [stderr] 
[INFO] [stderr] warning: unused variable: `endianness`
[INFO] [stderr]  --> src/step3.rs:5:14
[INFO] [stderr]   |
[INFO] [stderr] 5 | fn parse_u16(endianness: Endianness, slice: &[u8], start_index: usize) -> Option<u32> {
[INFO] [stderr]   |              ^^^^^^^^^^ help: if this is intentional, prefix it with an underscore: `_endianness`
[INFO] [stderr] 
[INFO] [stderr] warning: unused variable: `slice`
[INFO] [stderr]  --> src/step3.rs:5:38
[INFO] [stderr]   |
[INFO] [stderr] 5 | fn parse_u16(endianness: Endianness, slice: &[u8], start_index: usize) -> Option<u32> {
[INFO] [stderr]   |                                      ^^^^^ help: if this is intentional, prefix it with an underscore: `_slice`
[INFO] [stderr] 
[INFO] [stderr] warning: unused variable: `start_index`
[INFO] [stderr]  --> src/step3.rs:5:52
[INFO] [stderr]   |
[INFO] [stderr] 5 | fn parse_u16(endianness: Endianness, slice: &[u8], start_index: usize) -> Option<u32> {
[INFO] [stderr]   |                                                    ^^^^^^^^^^^ help: if this is intentional, prefix it with an underscore: `_start_index`
[INFO] [stderr] 
[INFO] [stderr] warning: unused variable: `byte_order_magic`
[INFO] [stderr]   --> src/step3.rs:48:13
[INFO] [stderr]    |
[INFO] [stderr] 48 |         let byte_order_magic = parse_u32(Endianness::Le, data, 8).ok_or(InputTooShort)?;
[INFO] [stderr]    |             ^^^^^^^^^^^^^^^^ help: if this is intentional, prefix it with an underscore: `_byte_order_magic`
[INFO] [stderr] 
[INFO] [stderr] warning: enum `Endianness` is never used
[INFO] [stderr]  --> src/step1.rs:1:6
[INFO] [stderr]   |
[INFO] [stderr] 1 | enum Endianness {
[INFO] [stderr]   |      ^^^^^^^^^^
[INFO] [stderr]   |
[INFO] [stderr]   = note: `#[warn(dead_code)]` on by default
[INFO] [stderr] 
[INFO] [stderr] warning: struct `SectionHeaderBlock` is never constructed
[INFO] [stderr]  --> src/step1.rs:7:8
[INFO] [stderr]   |
[INFO] [stderr] 7 | struct SectionHeaderBlock<'a> {
[INFO] [stderr]   |        ^^^^^^^^^^^^^^^^^^
[INFO] [stderr] 
[INFO] [stderr] warning: associated function `parse` is never used
[INFO] [stderr]   --> src/step1.rs:14:8
[INFO] [stderr]    |
[INFO] [stderr] 13 | impl<'a> SectionHeaderBlock<'a> {
[INFO] [stderr]    | ------------------------------- associated function in this implementation
[INFO] [stderr] 14 |     fn parse(data: &'a [u8]) -> Self {
[INFO] [stderr]    |        ^^^^^
[INFO] [stderr] 
[INFO] [stderr] warning: function `parse_u16` is never used
[INFO] [stderr]   --> src/step1.rs:46:4
[INFO] [stderr]    |
[INFO] [stderr] 46 | fn parse_u16(endianness: Endianness, slice: &[u8], start_index: usize) -> Option<u32> {
[INFO] [stderr]    |    ^^^^^^^^^
[INFO] [stderr] 
[INFO] [stderr] warning: function `parse_u32` is never used
[INFO] [stderr]   --> src/step1.rs:50:4
[INFO] [stderr]    |
[INFO] [stderr] 50 | fn parse_u32(endianness: Endianness, slice: &[u8], start_index: usize) -> Option<u32> {
[INFO] [stderr]    |    ^^^^^^^^^
[INFO] [stderr] 
[INFO] [stderr] warning: function `get_array` is never used
[INFO] [stderr]   --> src/step1.rs:58:4
[INFO] [stderr]    |
[INFO] [stderr] 58 | fn get_array<T, const N: usize>(slice: &[T], start_index: usize) -> Option<&[T; N]> {
[INFO] [stderr]    |    ^^^^^^^^^
[INFO] [stderr] 
[INFO] [stderr] warning: function `get_array` is never used
[INFO] [stderr]  --> src/step2.rs:1:4
[INFO] [stderr]   |
[INFO] [stderr] 1 | fn get_array<T, const N: usize>(slice: &[T], start_index: usize) -> Option<&[T; N]> {
[INFO] [stderr]   |    ^^^^^^^^^
[INFO] [stderr] 
[INFO] [stderr] warning: function `parse_u16` is never used
[INFO] [stderr]  --> src/step2.rs:5:4
[INFO] [stderr]   |
[INFO] [stderr] 5 | fn parse_u16(endianness: Endianness, slice: &[u8], start_index: usize) -> Option<u32> {
[INFO] [stderr]   |    ^^^^^^^^^
[INFO] [stderr] 
[INFO] [stderr] warning: function `parse_u32` is never used
[INFO] [stderr]  --> src/step2.rs:9:4
[INFO] [stderr]   |
[INFO] [stderr] 9 | fn parse_u32(endianness: Endianness, slice: &[u8], start_index: usize) -> Option<u32> {
[INFO] [stderr]   |    ^^^^^^^^^
[INFO] [stderr] 
[INFO] [stderr] warning: enum `Endianness` is never used
[INFO] [stderr]   --> src/step2.rs:17:6
[INFO] [stderr]    |
[INFO] [stderr] 17 | enum Endianness {
[INFO] [stderr]    |      ^^^^^^^^^^
[INFO] [stderr] 
[INFO] [stderr] warning: struct `SectionHeaderBlock` is never constructed
[INFO] [stderr]   --> src/step2.rs:23:8
[INFO] [stderr]    |
[INFO] [stderr] 23 | struct SectionHeaderBlock<'a> {
[INFO] [stderr]    |        ^^^^^^^^^^^^^^^^^^
[INFO] [stderr] 
[INFO] [stderr] warning: associated function `parse` is never used
[INFO] [stderr]   --> src/step2.rs:30:8
[INFO] [stderr]    |
[INFO] [stderr] 29 | impl<'a> SectionHeaderBlock<'a> {
[INFO] [stderr]    | ------------------------------- associated function in this implementation
[INFO] [stderr] 30 |     fn parse(data: &'a [u8]) -> Option<Self> {
[INFO] [stderr]    |        ^^^^^
[INFO] [stderr] 
[INFO] [stderr] warning: function `get_array` is never used
[INFO] [stderr]  --> src/step3.rs:1:4
[INFO] [stderr]   |
[INFO] [stderr] 1 | fn get_array<T, const N: usize>(slice: &[T], start_index: usize) -> Option<&[T; N]> {
[INFO] [stderr]   |    ^^^^^^^^^
[INFO] [stderr] 
[INFO] [stderr] warning: function `parse_u16` is never used
[INFO] [stderr]  --> src/step3.rs:5:4
[INFO] [stderr]   |
[INFO] [stderr] 5 | fn parse_u16(endianness: Endianness, slice: &[u8], start_index: usize) -> Option<u32> {
[INFO] [stderr]   |    ^^^^^^^^^
[INFO] [stderr] 
[INFO] [stderr] warning: function `parse_u32` is never used
[INFO] [stderr]  --> src/step3.rs:9:4
[INFO] [stderr]   |
[INFO] [stderr] 9 | fn parse_u32(endianness: Endianness, slice: &[u8], start_index: usize) -> Option<u32> {
[INFO] [stderr]   |    ^^^^^^^^^
[INFO] [stderr] 
[INFO] [stderr] warning: enum `Endianness` is never used
[INFO] [stderr]   --> src/step3.rs:17:6
[INFO] [stderr]    |
[INFO] [stderr] 17 | enum Endianness {
[INFO] [stderr]    |      ^^^^^^^^^^
[INFO] [stderr] 
[INFO] [stderr] warning: enum `ParseError` is never used
[INFO] [stderr]   --> src/step3.rs:23:6
[INFO] [stderr]    |
[INFO] [stderr] 23 | enum ParseError {
[INFO] [stderr]    |      ^^^^^^^^^^
[INFO] [stderr] 
[INFO] [stderr] warning: struct `SectionHeaderBlock` is never constructed
[INFO] [stderr]   --> src/step3.rs:29:8
[INFO] [stderr]    |
[INFO] [stderr] 29 | struct SectionHeaderBlock<'a> {
[INFO] [stderr]    |        ^^^^^^^^^^^^^^^^^^
[INFO] [stderr] 
[INFO] [stderr] warning: associated function `parse` is never used
[INFO] [stderr]   --> src/step3.rs:36:8
[INFO] [stderr]    |
[INFO] [stderr] 35 | impl<'a> SectionHeaderBlock<'a> {
[INFO] [stderr]    | ------------------------------- associated function in this implementation
[INFO] [stderr] 36 |     fn parse(data: &'a [u8]) -> Result<Self, ParseError> {
[INFO] [stderr]    |        ^^^^^
[INFO] [stderr] 
[INFO] [stderr] warning: `pcap_parser` (lib) generated 30 warnings
[INFO] [stderr] warning: fields `major_version` and `minor_version` are never read
[INFO] [stderr]  --> src/step1.rs:8:5
[INFO] [stderr]   |
[INFO] [stderr] 7 | struct SectionHeaderBlock<'a> {
[INFO] [stderr]   |        ------------------ fields in this struct
[INFO] [stderr] 8 |     major_version: u16,
[INFO] [stderr]   |     ^^^^^^^^^^^^^
[INFO] [stderr] 9 |     minor_version: u16,
[INFO] [stderr]   |     ^^^^^^^^^^^^^
[INFO] [stderr]   |
[INFO] [stderr]   = note: `SectionHeaderBlock` has a derived impl for the trait `Debug`, but this is intentionally ignored during dead code analysis
[INFO] [stderr]   = note: `#[warn(dead_code)]` on by default
[INFO] [stderr] 
[INFO] [stderr] warning: variant `Be` is never constructed
[INFO] [stderr]   --> src/step2.rs:19:5
[INFO] [stderr]    |
[INFO] [stderr] 17 | enum Endianness {
[INFO] [stderr]    |      ---------- variant in this enum
[INFO] [stderr] 18 |     Le,
[INFO] [stderr] 19 |     Be,
[INFO] [stderr]    |     ^^
[INFO] [stderr] 
[INFO] [stderr] warning: variant `Be` is never constructed
[INFO] [stderr]   --> src/step3.rs:19:5
[INFO] [stderr]    |
[INFO] [stderr] 17 | enum Endianness {
[INFO] [stderr]    |      ---------- variant in this enum
[INFO] [stderr] 18 |     Le,
[INFO] [stderr] 19 |     Be,
[INFO] [stderr]    |     ^^
[INFO] [stderr] 
[INFO] [stderr] warning: `pcap_parser` (lib test) generated 19 warnings (16 duplicates)
[INFO] [stderr]     Finished `test` profile [unoptimized + debuginfo] target(s) in 0.01s
[INFO] [stderr]      Running unittests src/lib.rs (/opt/rustwide/target/debug/deps/pcap_parser-13ab8218c5bc3c9d)
[INFO] [stdout] 
[INFO] [stdout] running 5 tests
[INFO] [stdout] test step2::tests::empty_input_fails ... ok
[INFO] [stdout] test step3::tests::empty_input_fails ... ok
[INFO] [stdout] test step2::tests::correct_input_works ... FAILED
[INFO] [stdout] test step1::tests::it_works ... FAILED
[INFO] [stdout] test step3::tests::correct_input_works ... FAILED
[INFO] [stdout] 
[INFO] [stdout] failures:
[INFO] [stdout] 
[INFO] [stdout] ---- step2::tests::correct_input_works stdout ----
[INFO] [stdout] 
[INFO] [stdout] thread 'step2::tests::correct_input_works' panicked at src/step2.rs:41:9:
[INFO] [stdout] not yet implemented
[INFO] [stdout] stack backtrace:
[INFO] [stdout]    0:     0x570de23cfd4a - std::backtrace_rs::backtrace::libunwind::trace::hb059275cfc8d6126
[INFO] [stdout]                                at /rustc/6067b36314ab5eb2eb47cecc464545ba58e1ad24/library/std/src/../../backtrace/src/backtrace/libunwind.rs:116:5
[INFO] [stdout]    1:     0x570de23cfd4a - std::backtrace_rs::backtrace::trace_unsynchronized::h2da071e4327ce3ee
[INFO] [stdout]                                at /rustc/6067b36314ab5eb2eb47cecc464545ba58e1ad24/library/std/src/../../backtrace/src/backtrace/mod.rs:66:5
[INFO] [stdout]    2:     0x570de23cfd4a - std::sys::backtrace::_print_fmt::h842a1474e6f8d23f
[INFO] [stdout]                                at /rustc/6067b36314ab5eb2eb47cecc464545ba58e1ad24/library/std/src/sys/backtrace.rs:66:9
[INFO] [stdout]    3:     0x570de23cfd4a - <std::sys::backtrace::BacktraceLock::print::DisplayBacktrace as core::fmt::Display>::fmt::h71a62eb3b9696b12
[INFO] [stdout]                                at /rustc/6067b36314ab5eb2eb47cecc464545ba58e1ad24/library/std/src/sys/backtrace.rs:39:26
[INFO] [stdout]    4:     0x570de23f72b3 - core::fmt::rt::Argument::fmt::hdb6b616786b41dc1
[INFO] [stdout]                                at /rustc/6067b36314ab5eb2eb47cecc464545ba58e1ad24/library/core/src/fmt/rt.rs:177:76
[INFO] [stdout]    5:     0x570de23f72b3 - core::fmt::write::h2cc1698af7e2d686
[INFO] [stdout]                                at /rustc/6067b36314ab5eb2eb47cecc464545ba58e1ad24/library/core/src/fmt/mod.rs:1440:21
[INFO] [stdout]    6:     0x570de23cc8a3 - std::io::Write::write_fmt::hab1b4cd059a79022
[INFO] [stdout]                                at /rustc/6067b36314ab5eb2eb47cecc464545ba58e1ad24/library/std/src/io/mod.rs:1887:15
[INFO] [stdout]    7:     0x570de23cfb92 - std::sys::backtrace::BacktraceLock::print::h147fe35b4ea13b08
[INFO] [stdout]                                at /rustc/6067b36314ab5eb2eb47cecc464545ba58e1ad24/library/std/src/sys/backtrace.rs:42:9
[INFO] [stdout]    8:     0x570de23d116f - std::panicking::default_hook::{{closure}}::hbd44223dbdc0d208
[INFO] [stdout]                                at /rustc/6067b36314ab5eb2eb47cecc464545ba58e1ad24/library/std/src/panicking.rs:298:22
[INFO] [stdout]    9:     0x570de23d0f88 - std::panicking::default_hook::h20f81eb0576efcec
[INFO] [stdout]                                at /rustc/6067b36314ab5eb2eb47cecc464545ba58e1ad24/library/std/src/panicking.rs:322:9
[INFO] [stdout]   10:     0x570de2399da3 - <alloc::boxed::Box<F,A> as core::ops::function::Fn<Args>>::call::hdb53814c496a4d34
[INFO] [stdout]                                at /rustc/6067b36314ab5eb2eb47cecc464545ba58e1ad24/library/alloc/src/boxed.rs:2027:9
[INFO] [stderr] error: test failed, to rerun pass `--lib`
[INFO] [stdout]   11:     0x570de2399da3 - test::test_main::{{closure}}::hc0a4963c59427c24
[INFO] [stdout]                                at /rustc/6067b36314ab5eb2eb47cecc464545ba58e1ad24/library/test/src/lib.rs:134:21
[INFO] [stdout]   12:     0x570de23d1c63 - <alloc::boxed::Box<F,A> as core::ops::function::Fn<Args>>::call::h591b2225413a77e9
[INFO] [stdout]                                at /rustc/6067b36314ab5eb2eb47cecc464545ba58e1ad24/library/alloc/src/boxed.rs:2027:9
[INFO] [stdout]   13:     0x570de23d1c63 - std::panicking::rust_panic_with_hook::h625eea43051b2edc
[INFO] [stdout]                                at /rustc/6067b36314ab5eb2eb47cecc464545ba58e1ad24/library/std/src/panicking.rs:839:13
[INFO] [stdout]   14:     0x570de23d18e6 - std::panicking::begin_panic_handler::{{closure}}::h4f9159cfbc3f6bd3
[INFO] [stdout]                                at /rustc/6067b36314ab5eb2eb47cecc464545ba58e1ad24/library/std/src/panicking.rs:697:13
[INFO] [stdout]   15:     0x570de23d0249 - std::sys::backtrace::__rust_end_short_backtrace::h0390abce48353151
[INFO] [stdout]                                at /rustc/6067b36314ab5eb2eb47cecc464545ba58e1ad24/library/std/src/sys/backtrace.rs:168:18
[INFO] [stdout]   16:     0x570de23d15ad - rust_begin_unwind
[INFO] [stdout]                                at /rustc/6067b36314ab5eb2eb47cecc464545ba58e1ad24/library/std/src/panicking.rs:695:5
[INFO] [stdout]   17:     0x570de23f5d60 - core::panicking::panic_fmt::h9e7c637e9e5f29c9
[INFO] [stdout]                                at /rustc/6067b36314ab5eb2eb47cecc464545ba58e1ad24/library/core/src/panicking.rs:75:14
[INFO] [stdout]   18:     0x570de23f5dec - core::panicking::panic::haa3255ea20181a33
[INFO] [stdout]                                at /rustc/6067b36314ab5eb2eb47cecc464545ba58e1ad24/library/core/src/panicking.rs:145:5
[INFO] [stdout]   19:     0x570de235f44e - pcap_parser::step2::SectionHeaderBlock::parse::hdd2ffa5f59e5f971
[INFO] [stdout]                                at /opt/rustwide/workdir/src/step2.rs:41:9
[INFO] [stdout]   20:     0x570de235f9c8 - pcap_parser::step2::tests::correct_input_works::h84b938fe3039a5ea
[INFO] [stdout]                                at /opt/rustwide/workdir/src/step2.rs:69:17
[INFO] [stdout]   21:     0x570de235f997 - pcap_parser::step2::tests::correct_input_works::{{closure}}::hcfc55f0e80f07a88
[INFO] [stdout]                                at /opt/rustwide/workdir/src/step2.rs:68:29
[INFO] [stdout]   22:     0x570de235d696 - core::ops::function::FnOnce::call_once::h7eb0e103bfa4383e
[INFO] [stdout]                                at /rustc/6067b36314ab5eb2eb47cecc464545ba58e1ad24/library/core/src/ops/function.rs:250:5
[INFO] [stdout]   23:     0x570de239f4fb - core::ops::function::FnOnce::call_once::he27718dfdd183f43
[INFO] [stdout]                                at /rustc/6067b36314ab5eb2eb47cecc464545ba58e1ad24/library/core/src/ops/function.rs:250:5
[INFO] [stdout]   24:     0x570de239f4fb - test::__rust_begin_short_backtrace::h4e84902998457a5d
[INFO] [stdout]                                at /rustc/6067b36314ab5eb2eb47cecc464545ba58e1ad24/library/test/src/lib.rs:632:18
[INFO] [stdout]   25:     0x570de239e433 - test::run_test_in_process::{{closure}}::h7176fd18fc1feca0
[INFO] [stdout]                                at /rustc/6067b36314ab5eb2eb47cecc464545ba58e1ad24/library/test/src/lib.rs:655:60
[INFO] [stdout]   26:     0x570de239e433 - <core::panic::unwind_safe::AssertUnwindSafe<F> as core::ops::function::FnOnce<()>>::call_once::hf79cff2a624d8cf7
[INFO] [stdout]                                at /rustc/6067b36314ab5eb2eb47cecc464545ba58e1ad24/library/core/src/panic/unwind_safe.rs:272:9
[INFO] [stdout]   27:     0x570de239e433 - std::panicking::try::do_call::h3da0561d9ab99c25
[INFO] [stdout]                                at /rustc/6067b36314ab5eb2eb47cecc464545ba58e1ad24/library/std/src/panicking.rs:587:40
[INFO] [stdout]   28:     0x570de239e433 - std::panicking::try::h41c9fa508bc61df6
[INFO] [stdout]                                at /rustc/6067b36314ab5eb2eb47cecc464545ba58e1ad24/library/std/src/panicking.rs:550:19
[INFO] [stdout]   29:     0x570de239e433 - std::panic::catch_unwind::h6b3ff07bb5afad93
[INFO] [stdout]                                at /rustc/6067b36314ab5eb2eb47cecc464545ba58e1ad24/library/std/src/panic.rs:358:14
[INFO] [stdout]   30:     0x570de239e433 - test::run_test_in_process::hc7253dd11b39b9f4
[INFO] [stdout]                                at /rustc/6067b36314ab5eb2eb47cecc464545ba58e1ad24/library/test/src/lib.rs:655:27
[INFO] [stdout]   31:     0x570de239e433 - test::run_test::{{closure}}::hfb2007f8649c30bb
[INFO] [stdout]                                at /rustc/6067b36314ab5eb2eb47cecc464545ba58e1ad24/library/test/src/lib.rs:576:43
[INFO] [stdout]   32:     0x570de2361515 - test::run_test::{{closure}}::h56a17aa7a282a9f4
[INFO] [stdout]                                at /rustc/6067b36314ab5eb2eb47cecc464545ba58e1ad24/library/test/src/lib.rs:606:41
[INFO] [stdout]   33:     0x570de2361515 - std::sys::backtrace::__rust_begin_short_backtrace::hd2d2d2fb8e8c6aac
[INFO] [stdout]                                at /rustc/6067b36314ab5eb2eb47cecc464545ba58e1ad24/library/std/src/sys/backtrace.rs:152:18
[INFO] [stdout]   34:     0x570de2364dfa - std::thread::Builder::spawn_unchecked_::{{closure}}::{{closure}}::h4faa3f9db6133423
[INFO] [stdout]                                at /rustc/6067b36314ab5eb2eb47cecc464545ba58e1ad24/library/std/src/thread/mod.rs:559:17
[INFO] [stdout]   35:     0x570de2364dfa - <core::panic::unwind_safe::AssertUnwindSafe<F> as core::ops::function::FnOnce<()>>::call_once::hf2e855a36a4ea846
[INFO] [stdout]                                at /rustc/6067b36314ab5eb2eb47cecc464545ba58e1ad24/library/core/src/panic/unwind_safe.rs:272:9
[INFO] [stdout]   36:     0x570de2364dfa - std::panicking::try::do_call::h2f73af3616c35465
[INFO] [stdout]                                at /rustc/6067b36314ab5eb2eb47cecc464545ba58e1ad24/library/std/src/panicking.rs:587:40
[INFO] [stdout]   37:     0x570de2364dfa - std::panicking::try::hd1660ce9efadef5a
[INFO] [stdout]                                at /rustc/6067b36314ab5eb2eb47cecc464545ba58e1ad24/library/std/src/panicking.rs:550:19
[INFO] [stdout]   38:     0x570de2364dfa - std::panic::catch_unwind::h5ee8d7823b8ca744
[INFO] [stdout]                                at /rustc/6067b36314ab5eb2eb47cecc464545ba58e1ad24/library/std/src/panic.rs:358:14
[INFO] [stdout]   39:     0x570de2364dfa - std::thread::Builder::spawn_unchecked_::{{closure}}::h53c3a1894dce8407
[INFO] [stdout]                                at /rustc/6067b36314ab5eb2eb47cecc464545ba58e1ad24/library/std/src/thread/mod.rs:557:30
[INFO] [stdout]   40:     0x570de2364dfa - core::ops::function::FnOnce::call_once{{vtable.shim}}::h048ce291ad4f62bf
[INFO] [stdout]                                at /rustc/6067b36314ab5eb2eb47cecc464545ba58e1ad24/library/core/src/ops/function.rs:250:5
[INFO] [stdout]   41:     0x570de23d5b9b - <alloc::boxed::Box<F,A> as core::ops::function::FnOnce<Args>>::call_once::ha52bedf99a3b4981
[INFO] [stdout]                                at /rustc/6067b36314ab5eb2eb47cecc464545ba58e1ad24/library/alloc/src/boxed.rs:2013:9
[INFO] [stdout]   42:     0x570de23d5b9b - <alloc::boxed::Box<F,A> as core::ops::function::FnOnce<Args>>::call_once::h567748934d80ccf8
[INFO] [stdout]                                at /rustc/6067b36314ab5eb2eb47cecc464545ba58e1ad24/library/alloc/src/boxed.rs:2013:9
[INFO] [stdout]   43:     0x570de23d5b9b - std::sys::pal::unix::thread::Thread::new::thread_start::h2d970728ae887adc
[INFO] [stdout]                                at /rustc/6067b36314ab5eb2eb47cecc464545ba58e1ad24/library/std/src/sys/pal/unix/thread.rs:106:17
[INFO] [stdout]   44:     0x78ce05d0cac3 - <unknown>
[INFO] [stdout]   45:     0x78ce05d9da04 - clone
[INFO] [stdout]   46:                0x0 - <unknown>
[INFO] [stdout] 
[INFO] [stdout] ---- step1::tests::it_works stdout ----
[INFO] [stdout] 
[INFO] [stdout] thread 'step1::tests::it_works' panicked at src/step1.rs:83:9:
[INFO] [stdout] assertion `left == right` failed
[INFO] [stdout]   left: Ok("")
[INFO] [stdout]  right: Ok("\u{3}\0-\0Mac OS X 10.10.4, build 14E46 (Darwin 14.4.0)\0\0\0\u{4}\04\0Dumpcap 1.12.6 (v1.12.6-0-gee1fc")
[INFO] [stdout] stack backtrace:
[INFO] [stdout]    0:     0x570de23cfd4a - std::backtrace_rs::backtrace::libunwind::trace::hb059275cfc8d6126
[INFO] [stdout]                                at /rustc/6067b36314ab5eb2eb47cecc464545ba58e1ad24/library/std/src/../../backtrace/src/backtrace/libunwind.rs:116:5
[INFO] [stdout]    1:     0x570de23cfd4a - std::backtrace_rs::backtrace::trace_unsynchronized::h2da071e4327ce3ee
[INFO] [stdout]                                at /rustc/6067b36314ab5eb2eb47cecc464545ba58e1ad24/library/std/src/../../backtrace/src/backtrace/mod.rs:66:5
[INFO] [stdout]    2:     0x570de23cfd4a - std::sys::backtrace::_print_fmt::h842a1474e6f8d23f
[INFO] [stdout]                                at /rustc/6067b36314ab5eb2eb47cecc464545ba58e1ad24/library/std/src/sys/backtrace.rs:66:9
[INFO] [stdout]    3:     0x570de23cfd4a - <std::sys::backtrace::BacktraceLock::print::DisplayBacktrace as core::fmt::Display>::fmt::h71a62eb3b9696b12
[INFO] [stdout]                                at /rustc/6067b36314ab5eb2eb47cecc464545ba58e1ad24/library/std/src/sys/backtrace.rs:39:26
[INFO] [stdout]    4:     0x570de23f72b3 - core::fmt::rt::Argument::fmt::hdb6b616786b41dc1
[INFO] [stdout]                                at /rustc/6067b36314ab5eb2eb47cecc464545ba58e1ad24/library/core/src/fmt/rt.rs:177:76
[INFO] [stdout]    5:     0x570de23f72b3 - core::fmt::write::h2cc1698af7e2d686
[INFO] [stdout]                                at /rustc/6067b36314ab5eb2eb47cecc464545ba58e1ad24/library/core/src/fmt/mod.rs:1440:21
[INFO] [stdout]    6:     0x570de23cc8a3 - std::io::Write::write_fmt::hab1b4cd059a79022
[INFO] [stdout]                                at /rustc/6067b36314ab5eb2eb47cecc464545ba58e1ad24/library/std/src/io/mod.rs:1887:15
[INFO] [stdout]    7:     0x570de23cfb92 - std::sys::backtrace::BacktraceLock::print::h147fe35b4ea13b08
[INFO] [stdout]                                at /rustc/6067b36314ab5eb2eb47cecc464545ba58e1ad24/library/std/src/sys/backtrace.rs:42:9
[INFO] [stdout]    8:     0x570de23d116f - std::panicking::default_hook::{{closure}}::hbd44223dbdc0d208
[INFO] [stdout]                                at /rustc/6067b36314ab5eb2eb47cecc464545ba58e1ad24/library/std/src/panicking.rs:298:22
[INFO] [stdout]    9:     0x570de23d0f88 - std::panicking::default_hook::h20f81eb0576efcec
[INFO] [stdout]                                at /rustc/6067b36314ab5eb2eb47cecc464545ba58e1ad24/library/std/src/panicking.rs:322:9
[INFO] [stdout]   10:     0x570de2399da3 - <alloc::boxed::Box<F,A> as core::ops::function::Fn<Args>>::call::hdb53814c496a4d34
[INFO] [stdout]                                at /rustc/6067b36314ab5eb2eb47cecc464545ba58e1ad24/library/alloc/src/boxed.rs:2027:9
[INFO] [stdout]   11:     0x570de2399da3 - test::test_main::{{closure}}::hc0a4963c59427c24
[INFO] [stdout]                                at /rustc/6067b36314ab5eb2eb47cecc464545ba58e1ad24/library/test/src/lib.rs:134:21
[INFO] [stdout]   12:     0x570de23d1c63 - <alloc::boxed::Box<F,A> as core::ops::function::Fn<Args>>::call::h591b2225413a77e9
[INFO] [stdout]                                at /rustc/6067b36314ab5eb2eb47cecc464545ba58e1ad24/library/alloc/src/boxed.rs:2027:9
[INFO] [stdout]   13:     0x570de23d1c63 - std::panicking::rust_panic_with_hook::h625eea43051b2edc
[INFO] [stdout]                                at /rustc/6067b36314ab5eb2eb47cecc464545ba58e1ad24/library/std/src/panicking.rs:839:13
[INFO] [stdout]   14:     0x570de23d191a - std::panicking::begin_panic_handler::{{closure}}::h4f9159cfbc3f6bd3
[INFO] [stdout]                                at /rustc/6067b36314ab5eb2eb47cecc464545ba58e1ad24/library/std/src/panicking.rs:704:13
[INFO] [stdout]   15:     0x570de23d0249 - std::sys::backtrace::__rust_end_short_backtrace::h0390abce48353151
[INFO] [stdout]                                at /rustc/6067b36314ab5eb2eb47cecc464545ba58e1ad24/library/std/src/sys/backtrace.rs:168:18
[INFO] [stdout]   16:     0x570de23d15ad - rust_begin_unwind
[INFO] [stdout]                                at /rustc/6067b36314ab5eb2eb47cecc464545ba58e1ad24/library/std/src/panicking.rs:695:5
[INFO] [stdout]   17:     0x570de23f5d60 - core::panicking::panic_fmt::h9e7c637e9e5f29c9
[INFO] [stdout]                                at /rustc/6067b36314ab5eb2eb47cecc464545ba58e1ad24/library/core/src/panicking.rs:75:14
[INFO] [stdout]   18:     0x570de23f6082 - core::panicking::assert_failed_inner::h538bec7c1374cd9c
[INFO] [stdout]   19:     0x570de235dbbd - core::panicking::assert_failed::hebcb940e68449a08
[INFO] [stdout]                                at /rustc/6067b36314ab5eb2eb47cecc464545ba58e1ad24/library/core/src/panicking.rs:364:5
[INFO] [stdout]   20:     0x570de235f7a7 - pcap_parser::step1::tests::it_works::ha664ded293cdaa57
[INFO] [stdout]                                at /opt/rustwide/workdir/src/step1.rs:83:9
[INFO] [stdout]   21:     0x570de235f707 - pcap_parser::step1::tests::it_works::{{closure}}::hcf3a74a403a02d9e
[INFO] [stdout]                                at /opt/rustwide/workdir/src/step1.rs:80:18
[INFO] [stdout]   22:     0x570de235d706 - core::ops::function::FnOnce::call_once::h853556b4d882e36b
[INFO] [stdout]                                at /rustc/6067b36314ab5eb2eb47cecc464545ba58e1ad24/library/core/src/ops/function.rs:250:5
[INFO] [stdout]   23:     0x570de239f4fb - core::ops::function::FnOnce::call_once::he27718dfdd183f43
[INFO] [stdout]                                at /rustc/6067b36314ab5eb2eb47cecc464545ba58e1ad24/library/core/src/ops/function.rs:250:5
[INFO] [stdout]   24:     0x570de239f4fb - test::__rust_begin_short_backtrace::h4e84902998457a5d
[INFO] [stdout]                                at /rustc/6067b36314ab5eb2eb47cecc464545ba58e1ad24/library/test/src/lib.rs:632:18
[INFO] [stdout]   25:     0x570de239e433 - test::run_test_in_process::{{closure}}::h7176fd18fc1feca0
[INFO] [stdout]                                at /rustc/6067b36314ab5eb2eb47cecc464545ba58e1ad24/library/test/src/lib.rs:655:60
[INFO] [stdout]   26:     0x570de239e433 - <core::panic::unwind_safe::AssertUnwindSafe<F> as core::ops::function::FnOnce<()>>::call_once::hf79cff2a624d8cf7
[INFO] [stdout]                                at /rustc/6067b36314ab5eb2eb47cecc464545ba58e1ad24/library/core/src/panic/unwind_safe.rs:272:9
[INFO] [stdout]   27:     0x570de239e433 - std::panicking::try::do_call::h3da0561d9ab99c25
[INFO] [stdout]                                at /rustc/6067b36314ab5eb2eb47cecc464545ba58e1ad24/library/std/src/panicking.rs:587:40
[INFO] [stdout]   28:     0x570de239e433 - std::panicking::try::h41c9fa508bc61df6
[INFO] [stdout]                                at /rustc/6067b36314ab5eb2eb47cecc464545ba58e1ad24/library/std/src/panicking.rs:550:19
[INFO] [stdout]   29:     0x570de239e433 - std::panic::catch_unwind::h6b3ff07bb5afad93
[INFO] [stdout]                                at /rustc/6067b36314ab5eb2eb47cecc464545ba58e1ad24/library/std/src/panic.rs:358:14
[INFO] [stdout]   30:     0x570de239e433 - test::run_test_in_process::hc7253dd11b39b9f4
[INFO] [stdout]                                at /rustc/6067b36314ab5eb2eb47cecc464545ba58e1ad24/library/test/src/lib.rs:655:27
[INFO] [stdout]   31:     0x570de239e433 - test::run_test::{{closure}}::hfb2007f8649c30bb
[INFO] [stdout]                                at /rustc/6067b36314ab5eb2eb47cecc464545ba58e1ad24/library/test/src/lib.rs:576:43
[INFO] [stdout]   32:     0x570de2361515 - test::run_test::{{closure}}::h56a17aa7a282a9f4
[INFO] [stdout]                                at /rustc/6067b36314ab5eb2eb47cecc464545ba58e1ad24/library/test/src/lib.rs:606:41
[INFO] [stdout]   33:     0x570de2361515 - std::sys::backtrace::__rust_begin_short_backtrace::hd2d2d2fb8e8c6aac
[INFO] [stdout]                                at /rustc/6067b36314ab5eb2eb47cecc464545ba58e1ad24/library/std/src/sys/backtrace.rs:152:18
[INFO] [stdout]   34:     0x570de2364dfa - std::thread::Builder::spawn_unchecked_::{{closure}}::{{closure}}::h4faa3f9db6133423
[INFO] [stdout]                                at /rustc/6067b36314ab5eb2eb47cecc464545ba58e1ad24/library/std/src/thread/mod.rs:559:17
[INFO] [stdout]   35:     0x570de2364dfa - <core::panic::unwind_safe::AssertUnwindSafe<F> as core::ops::function::FnOnce<()>>::call_once::hf2e855a36a4ea846
[INFO] [stdout]                                at /rustc/6067b36314ab5eb2eb47cecc464545ba58e1ad24/library/core/src/panic/unwind_safe.rs:272:9
[INFO] [stdout]   36:     0x570de2364dfa - std::panicking::try::do_call::h2f73af3616c35465
[INFO] [stdout]                                at /rustc/6067b36314ab5eb2eb47cecc464545ba58e1ad24/library/std/src/panicking.rs:587:40
[INFO] [stdout]   37:     0x570de2364dfa - std::panicking::try::hd1660ce9efadef5a
[INFO] [stdout]                                at /rustc/6067b36314ab5eb2eb47cecc464545ba58e1ad24/library/std/src/panicking.rs:550:19
[INFO] [stdout]   38:     0x570de2364dfa - std::panic::catch_unwind::h5ee8d7823b8ca744
[INFO] [stdout]                                at /rustc/6067b36314ab5eb2eb47cecc464545ba58e1ad24/library/std/src/panic.rs:358:14
[INFO] [stdout]   39:     0x570de2364dfa - std::thread::Builder::spawn_unchecked_::{{closure}}::h53c3a1894dce8407
[INFO] [stdout]                                at /rustc/6067b36314ab5eb2eb47cecc464545ba58e1ad24/library/std/src/thread/mod.rs:557:30
[INFO] [stdout]   40:     0x570de2364dfa - core::ops::function::FnOnce::call_once{{vtable.shim}}::h048ce291ad4f62bf
[INFO] [stdout]                                at /rustc/6067b36314ab5eb2eb47cecc464545ba58e1ad24/library/core/src/ops/function.rs:250:5
[INFO] [stdout]   41:     0x570de23d5b9b - <alloc::boxed::Box<F,A> as core::ops::function::FnOnce<Args>>::call_once::ha52bedf99a3b4981
[INFO] [stdout]                                at /rustc/6067b36314ab5eb2eb47cecc464545ba58e1ad24/library/alloc/src/boxed.rs:2013:9
[INFO] [stdout]   42:     0x570de23d5b9b - <alloc::boxed::Box<F,A> as core::ops::function::FnOnce<Args>>::call_once::h567748934d80ccf8
[INFO] [stdout]                                at /rustc/6067b36314ab5eb2eb47cecc464545ba58e1ad24/library/alloc/src/boxed.rs:2013:9
[INFO] [stdout]   43:     0x570de23d5b9b - std::sys::pal::unix::thread::Thread::new::thread_start::h2d970728ae887adc
[INFO] [stdout]                                at /rustc/6067b36314ab5eb2eb47cecc464545ba58e1ad24/library/std/src/sys/pal/unix/thread.rs:106:17
[INFO] [stdout]   44:     0x78ce05d0cac3 - <unknown>
[INFO] [stdout]   45:     0x78ce05d9da04 - clone
[INFO] [stdout]   46:                0x0 - <unknown>
[INFO] [stdout] 
[INFO] [stdout] ---- step3::tests::correct_input_works stdout ----
[INFO] [stdout] 
[INFO] [stdout] thread 'step3::tests::correct_input_works' panicked at src/step3.rs:50:9:
[INFO] [stdout] not yet implemented
[INFO] [stdout] stack backtrace:
[INFO] [stdout]    0:     0x570de23cfd4a - std::backtrace_rs::backtrace::libunwind::trace::hb059275cfc8d6126
[INFO] [stdout]                                at /rustc/6067b36314ab5eb2eb47cecc464545ba58e1ad24/library/std/src/../../backtrace/src/backtrace/libunwind.rs:116:5
[INFO] [stdout]    1:     0x570de23cfd4a - std::backtrace_rs::backtrace::trace_unsynchronized::h2da071e4327ce3ee
[INFO] [stdout]                                at /rustc/6067b36314ab5eb2eb47cecc464545ba58e1ad24/library/std/src/../../backtrace/src/backtrace/mod.rs:66:5
[INFO] [stdout]    2:     0x570de23cfd4a - std::sys::backtrace::_print_fmt::h842a1474e6f8d23f
[INFO] [stdout]                                at /rustc/6067b36314ab5eb2eb47cecc464545ba58e1ad24/library/std/src/sys/backtrace.rs:66:9
[INFO] [stdout]    3:     0x570de23cfd4a - <std::sys::backtrace::BacktraceLock::print::DisplayBacktrace as core::fmt::Display>::fmt::h71a62eb3b9696b12
[INFO] [stdout]                                at /rustc/6067b36314ab5eb2eb47cecc464545ba58e1ad24/library/std/src/sys/backtrace.rs:39:26
[INFO] [stdout]    4:     0x570de23f72b3 - core::fmt::rt::Argument::fmt::hdb6b616786b41dc1
[INFO] [stdout]                                at /rustc/6067b36314ab5eb2eb47cecc464545ba58e1ad24/library/core/src/fmt/rt.rs:177:76
[INFO] [stdout]    5:     0x570de23f72b3 - core::fmt::write::h2cc1698af7e2d686
[INFO] [stdout]                                at /rustc/6067b36314ab5eb2eb47cecc464545ba58e1ad24/library/core/src/fmt/mod.rs:1440:21
[INFO] [stdout]    6:     0x570de23cc8a3 - std::io::Write::write_fmt::hab1b4cd059a79022
[INFO] [stdout]                                at /rustc/6067b36314ab5eb2eb47cecc464545ba58e1ad24/library/std/src/io/mod.rs:1887:15
[INFO] [stdout]    7:     0x570de23cfb92 - std::sys::backtrace::BacktraceLock::print::h147fe35b4ea13b08
[INFO] [stdout]                                at /rustc/6067b36314ab5eb2eb47cecc464545ba58e1ad24/library/std/src/sys/backtrace.rs:42:9
[INFO] [stdout]    8:     0x570de23d116f - std::panicking::default_hook::{{closure}}::hbd44223dbdc0d208
[INFO] [stdout]                                at /rustc/6067b36314ab5eb2eb47cecc464545ba58e1ad24/library/std/src/panicking.rs:298:22
[INFO] [stdout]    9:     0x570de23d0f88 - std::panicking::default_hook::h20f81eb0576efcec
[INFO] [stdout]                                at /rustc/6067b36314ab5eb2eb47cecc464545ba58e1ad24/library/std/src/panicking.rs:322:9
[INFO] [stdout]   10:     0x570de2399da3 - <alloc::boxed::Box<F,A> as core::ops::function::Fn<Args>>::call::hdb53814c496a4d34
[INFO] [stdout]                                at /rustc/6067b36314ab5eb2eb47cecc464545ba58e1ad24/library/alloc/src/boxed.rs:2027:9
[INFO] [stdout]   11:     0x570de2399da3 - test::test_main::{{closure}}::hc0a4963c59427c24
[INFO] [stdout]                                at /rustc/6067b36314ab5eb2eb47cecc464545ba58e1ad24/library/test/src/lib.rs:134:21
[INFO] [stdout]   12:     0x570de23d1c63 - <alloc::boxed::Box<F,A> as core::ops::function::Fn<Args>>::call::h591b2225413a77e9
[INFO] [stdout]                                at /rustc/6067b36314ab5eb2eb47cecc464545ba58e1ad24/library/alloc/src/boxed.rs:2027:9
[INFO] [stdout]   13:     0x570de23d1c63 - std::panicking::rust_panic_with_hook::h625eea43051b2edc
[INFO] [stdout]                                at /rustc/6067b36314ab5eb2eb47cecc464545ba58e1ad24/library/std/src/panicking.rs:839:13
[INFO] [stdout]   14:     0x570de23d18e6 - std::panicking::begin_panic_handler::{{closure}}::h4f9159cfbc3f6bd3
[INFO] [stdout]                                at /rustc/6067b36314ab5eb2eb47cecc464545ba58e1ad24/library/std/src/panicking.rs:697:13
[INFO] [stdout]   15:     0x570de23d0249 - std::sys::backtrace::__rust_end_short_backtrace::h0390abce48353151
[INFO] [stdout]                                at /rustc/6067b36314ab5eb2eb47cecc464545ba58e1ad24/library/std/src/sys/backtrace.rs:168:18
[INFO] [stdout]   16:     0x570de23d15ad - rust_begin_unwind
[INFO] [stdout]                                at /rustc/6067b36314ab5eb2eb47cecc464545ba58e1ad24/library/std/src/panicking.rs:695:5
[INFO] [stdout]   17:     0x570de23f5d60 - core::panicking::panic_fmt::h9e7c637e9e5f29c9
[INFO] [stdout]                                at /rustc/6067b36314ab5eb2eb47cecc464545ba58e1ad24/library/core/src/panicking.rs:75:14
[INFO] [stdout]   18:     0x570de23f5dec - core::panicking::panic::haa3255ea20181a33
[INFO] [stdout]                                at /rustc/6067b36314ab5eb2eb47cecc464545ba58e1ad24/library/core/src/panicking.rs:145:5
[INFO] [stdout]   19:     0x570de235f6c7 - pcap_parser::step3::SectionHeaderBlock::parse::hb8544e942a0eb0c0
[INFO] [stdout]                                at /opt/rustwide/workdir/src/step3.rs:50:9
[INFO] [stdout]   20:     0x570de235fc68 - pcap_parser::step3::tests::correct_input_works::h4f70fd5cea21da27
[INFO] [stdout]                                at /opt/rustwide/workdir/src/step3.rs:81:17
[INFO] [stdout]   21:     0x570de235fc37 - pcap_parser::step3::tests::correct_input_works::{{closure}}::h74859afd3d6a7aea
[INFO] [stdout]                                at /opt/rustwide/workdir/src/step3.rs:80:29
[INFO] [stdout]   22:     0x570de235d596 - core::ops::function::FnOnce::call_once::h054eb515e98c65e6
[INFO] [stdout]                                at /rustc/6067b36314ab5eb2eb47cecc464545ba58e1ad24/library/core/src/ops/function.rs:250:5
[INFO] [stdout]   23:     0x570de239f4fb - core::ops::function::FnOnce::call_once::he27718dfdd183f43
[INFO] [stdout]                                at /rustc/6067b36314ab5eb2eb47cecc464545ba58e1ad24/library/core/src/ops/function.rs:250:5
[INFO] [stdout]   24:     0x570de239f4fb - test::__rust_begin_short_backtrace::h4e84902998457a5d
[INFO] [stdout]                                at /rustc/6067b36314ab5eb2eb47cecc464545ba58e1ad24/library/test/src/lib.rs:632:18
[INFO] [stdout]   25:     0x570de239e433 - test::run_test_in_process::{{closure}}::h7176fd18fc1feca0
[INFO] [stdout]                                at /rustc/6067b36314ab5eb2eb47cecc464545ba58e1ad24/library/test/src/lib.rs:655:60
[INFO] [stdout]   26:     0x570de239e433 - <core::panic::unwind_safe::AssertUnwindSafe<F> as core::ops::function::FnOnce<()>>::call_once::hf79cff2a624d8cf7
[INFO] [stdout]                                at /rustc/6067b36314ab5eb2eb47cecc464545ba58e1ad24/library/core/src/panic/unwind_safe.rs:272:9
[INFO] [stdout]   27:     0x570de239e433 - std::panicking::try::do_call::h3da0561d9ab99c25
[INFO] [stdout]                                at /rustc/6067b36314ab5eb2eb47cecc464545ba58e1ad24/library/std/src/panicking.rs:587:40
[INFO] [stdout]   28:     0x570de239e433 - std::panicking::try::h41c9fa508bc61df6
[INFO] [stdout]                                at /rustc/6067b36314ab5eb2eb47cecc464545ba58e1ad24/library/std/src/panicking.rs:550:19
[INFO] [stdout]   29:     0x570de239e433 - std::panic::catch_unwind::h6b3ff07bb5afad93
[INFO] [stdout]                                at /rustc/6067b36314ab5eb2eb47cecc464545ba58e1ad24/library/std/src/panic.rs:358:14
[INFO] [stdout]   30:     0x570de239e433 - test::run_test_in_process::hc7253dd11b39b9f4
[INFO] [stdout]                                at /rustc/6067b36314ab5eb2eb47cecc464545ba58e1ad24/library/test/src/lib.rs:655:27
[INFO] [stdout]   31:     0x570de239e433 - test::run_test::{{closure}}::hfb2007f8649c30bb
[INFO] [stdout]                                at /rustc/6067b36314ab5eb2eb47cecc464545ba58e1ad24/library/test/src/lib.rs:576:43
[INFO] [stdout]   32:     0x570de2361515 - test::run_test::{{closure}}::h56a17aa7a282a9f4
[INFO] [stdout]                                at /rustc/6067b36314ab5eb2eb47cecc464545ba58e1ad24/library/test/src/lib.rs:606:41
[INFO] [stdout]   33:     0x570de2361515 - std::sys::backtrace::__rust_begin_short_backtrace::hd2d2d2fb8e8c6aac
[INFO] [stdout]                                at /rustc/6067b36314ab5eb2eb47cecc464545ba58e1ad24/library/std/src/sys/backtrace.rs:152:18
[INFO] [stdout]   34:     0x570de2364dfa - std::thread::Builder::spawn_unchecked_::{{closure}}::{{closure}}::h4faa3f9db6133423
[INFO] [stdout]                                at /rustc/6067b36314ab5eb2eb47cecc464545ba58e1ad24/library/std/src/thread/mod.rs:559:17
[INFO] [stdout]   35:     0x570de2364dfa - <core::panic::unwind_safe::AssertUnwindSafe<F> as core::ops::function::FnOnce<()>>::call_once::hf2e855a36a4ea846
[INFO] [stdout]                                at /rustc/6067b36314ab5eb2eb47cecc464545ba58e1ad24/library/core/src/panic/unwind_safe.rs:272:9
[INFO] [stdout]   36:     0x570de2364dfa - std::panicking::try::do_call::h2f73af3616c35465
[INFO] [stdout]                                at /rustc/6067b36314ab5eb2eb47cecc464545ba58e1ad24/library/std/src/panicking.rs:587:40
[INFO] [stdout]   37:     0x570de2364dfa - std::panicking::try::hd1660ce9efadef5a
[INFO] [stdout]                                at /rustc/6067b36314ab5eb2eb47cecc464545ba58e1ad24/library/std/src/panicking.rs:550:19
[INFO] [stdout]   38:     0x570de2364dfa - std::panic::catch_unwind::h5ee8d7823b8ca744
[INFO] [stdout]                                at /rustc/6067b36314ab5eb2eb47cecc464545ba58e1ad24/library/std/src/panic.rs:358:14
[INFO] [stdout]   39:     0x570de2364dfa - std::thread::Builder::spawn_unchecked_::{{closure}}::h53c3a1894dce8407
[INFO] [stdout]                                at /rustc/6067b36314ab5eb2eb47cecc464545ba58e1ad24/library/std/src/thread/mod.rs:557:30
[INFO] [stdout]   40:     0x570de2364dfa - core::ops::function::FnOnce::call_once{{vtable.shim}}::h048ce291ad4f62bf
[INFO] [stdout]                                at /rustc/6067b36314ab5eb2eb47cecc464545ba58e1ad24/library/core/src/ops/function.rs:250:5
[INFO] [stdout]   41:     0x570de23d5b9b - <alloc::boxed::Box<F,A> as core::ops::function::FnOnce<Args>>::call_once::ha52bedf99a3b4981
[INFO] [stdout]                                at /rustc/6067b36314ab5eb2eb47cecc464545ba58e1ad24/library/alloc/src/boxed.rs:2013:9
[INFO] [stdout]   42:     0x570de23d5b9b - <alloc::boxed::Box<F,A> as core::ops::function::FnOnce<Args>>::call_once::h567748934d80ccf8
[INFO] [stdout]                                at /rustc/6067b36314ab5eb2eb47cecc464545ba58e1ad24/library/alloc/src/boxed.rs:2013:9
[INFO] [stdout]   43:     0x570de23d5b9b - std::sys::pal::unix::thread::Thread::new::thread_start::h2d970728ae887adc
[INFO] [stdout]                                at /rustc/6067b36314ab5eb2eb47cecc464545ba58e1ad24/library/std/src/sys/pal/unix/thread.rs:106:17
[INFO] [stdout]   44:     0x78ce05d0cac3 - <unknown>
[INFO] [stdout]   45:     0x78ce05d9da04 - clone
[INFO] [stdout]   46:                0x0 - <unknown>
[INFO] [stdout] 
[INFO] [stdout] 
[INFO] [stdout] failures:
[INFO] [stdout]     step1::tests::it_works
[INFO] [stdout]     step2::tests::correct_input_works
[INFO] [stdout]     step3::tests::correct_input_works
[INFO] [stdout] 
[INFO] [stdout] test result: FAILED. 2 passed; 3 failed; 0 ignored; 0 measured; 0 filtered out; finished in 0.04s
[INFO] [stdout] 
[INFO] running `Command { std: "docker" "inspect" "3bc5aa20cfcbd7ac4188cf784ce3f1a50f816a6b325b0dc5711b6d7547e8cf6c", kill_on_drop: false }`
[INFO] running `Command { std: "docker" "rm" "-f" "3bc5aa20cfcbd7ac4188cf784ce3f1a50f816a6b325b0dc5711b6d7547e8cf6c", kill_on_drop: false }`
[INFO] [stdout] 3bc5aa20cfcbd7ac4188cf784ce3f1a50f816a6b325b0dc5711b6d7547e8cf6c
