[INFO] cloning repository https://github.com/tunhan9x/shadow-tls-v3
[INFO] running `Command { std: "git" "-c" "credential.helper=" "-c" "credential.helper=/workspace/cargo-home/bin/git-credential-null" "clone" "--bare" "https://github.com/tunhan9x/shadow-tls-v3" "/workspace/cache/git-repos/https%3A%2F%2Fgithub.com%2Ftunhan9x%2Fshadow-tls-v3", kill_on_drop: false }`
[INFO] [stderr] Cloning into bare repository '/workspace/cache/git-repos/https%3A%2F%2Fgithub.com%2Ftunhan9x%2Fshadow-tls-v3'...
[INFO] running `Command { std: "git" "rev-parse" "HEAD", kill_on_drop: false }`
[INFO] [stdout] dee3a5a819d6f56cfdd56c44a0d42be186c44238
[INFO] testing tunhan9x/shadow-tls-v3 against nightly-2025-01-18 for randomize-layout-2
[INFO] running `Command { std: "git" "clone" "/workspace/cache/git-repos/https%3A%2F%2Fgithub.com%2Ftunhan9x%2Fshadow-tls-v3" "/workspace/builds/worker-3-tc1/source", kill_on_drop: false }`
[INFO] [stderr] Cloning into '/workspace/builds/worker-3-tc1/source'...
[INFO] [stderr] done.
[INFO] validating manifest of git repo https://github.com/tunhan9x/shadow-tls-v3 on toolchain nightly-2025-01-18
[INFO] running `Command { std: CARGO_HOME="/workspace/cargo-home" RUSTUP_HOME="/workspace/rustup-home" "/workspace/cargo-home/bin/cargo" "+nightly-2025-01-18" "metadata" "--manifest-path" "Cargo.toml" "--no-deps", kill_on_drop: false }`
[INFO] removed /workspace/builds/worker-3-tc1/source/rust-toolchain
[INFO] started tweaking git repo https://github.com/tunhan9x/shadow-tls-v3
[INFO] finished tweaking git repo https://github.com/tunhan9x/shadow-tls-v3
[INFO] tweaked toml for git repo https://github.com/tunhan9x/shadow-tls-v3 written to /workspace/builds/worker-3-tc1/source/Cargo.toml
[INFO] crate git repo https://github.com/tunhan9x/shadow-tls-v3 already has a lockfile, it will not be regenerated
[INFO] running `Command { std: CARGO_HOME="/workspace/cargo-home" RUSTUP_HOME="/workspace/rustup-home" "/workspace/cargo-home/bin/cargo" "+nightly-2025-01-18" "fetch" "--manifest-path" "Cargo.toml", kill_on_drop: false }`
[INFO] [stderr]     Updating crates.io index
[INFO] [stderr]  Downloading crates ...
[INFO] [stderr]   Downloaded monoio-rustls-fork-shadow-tls v0.3.0-mod.2
[INFO] [stderr]   Downloaded auto-const-array v0.2.1
[INFO] [stderr]   Downloaded rustls-fork-shadow-tls v0.20.9-mod.2
[INFO] [stderr]   Downloaded local-sync v0.1.1
[INFO] [stderr]   Downloaded rustls-pki-types v1.0.1
[INFO] [stderr]   Downloaded monoio-macros v0.1.0
[INFO] [stderr]   Downloaded monoio-io-wrapper v0.1.1
[INFO] [stderr]   Downloaded io-uring v0.6.2
[INFO] [stderr]   Downloaded monoio v0.2.0
[INFO] running `Command { std: "docker" "create" "-v" "/var/lib/crater-agent-workspace/builds/worker-3-tc1/target:/opt/rustwide/target:rw,Z" "-v" "/var/lib/crater-agent-workspace/builds/worker-3-tc1/source:/opt/rustwide/workdir:ro,Z" "-v" "/var/lib/crater-agent-workspace/cargo-home:/opt/rustwide/cargo-home:ro,Z" "-v" "/var/lib/crater-agent-workspace/rustup-home:/opt/rustwide/rustup-home:ro,Z" "-e" "SOURCE_DIR=/opt/rustwide/workdir" "-e" "CARGO_TARGET_DIR=/opt/rustwide/target" "-e" "CARGO_HOME=/opt/rustwide/cargo-home" "-e" "RUSTUP_HOME=/opt/rustwide/rustup-home" "-w" "/opt/rustwide/workdir" "-m" "1610612736" "--user" "0:0" "--network" "none" "ghcr.io/rust-lang/crates-build-env/linux@sha256:819108c5571ea2e421544af4d832f968d213c87fbe3707a016657f43d2f853bc" "/opt/rustwide/cargo-home/bin/cargo" "+nightly-2025-01-18" "metadata" "--no-deps" "--format-version=1", kill_on_drop: false }`
[INFO] [stdout] a44bf721740a64f13b35a63c12aa5ad1a1dcf86b7f0021fb514bf701766dc74d
[INFO] running `Command { std: "docker" "start" "-a" "a44bf721740a64f13b35a63c12aa5ad1a1dcf86b7f0021fb514bf701766dc74d", kill_on_drop: false }`
[INFO] running `Command { std: "docker" "inspect" "a44bf721740a64f13b35a63c12aa5ad1a1dcf86b7f0021fb514bf701766dc74d", kill_on_drop: false }`
[INFO] running `Command { std: "docker" "rm" "-f" "a44bf721740a64f13b35a63c12aa5ad1a1dcf86b7f0021fb514bf701766dc74d", kill_on_drop: false }`
[INFO] [stdout] a44bf721740a64f13b35a63c12aa5ad1a1dcf86b7f0021fb514bf701766dc74d
[INFO] running `Command { std: "docker" "create" "-v" "/var/lib/crater-agent-workspace/builds/worker-3-tc1/target:/opt/rustwide/target:rw,Z" "-v" "/var/lib/crater-agent-workspace/builds/worker-3-tc1/source:/opt/rustwide/workdir:ro,Z" "-v" "/var/lib/crater-agent-workspace/cargo-home:/opt/rustwide/cargo-home:ro,Z" "-v" "/var/lib/crater-agent-workspace/rustup-home:/opt/rustwide/rustup-home:ro,Z" "-e" "SOURCE_DIR=/opt/rustwide/workdir" "-e" "CARGO_TARGET_DIR=/opt/rustwide/target" "-e" "CARGO_INCREMENTAL=0" "-e" "RUST_BACKTRACE=full" "-e" "RUSTFLAGS=--cap-lints=forbid" "-e" "RUSTDOCFLAGS=--cap-lints=forbid" "-e" "CARGO_HOME=/opt/rustwide/cargo-home" "-e" "RUSTUP_HOME=/opt/rustwide/rustup-home" "-w" "/opt/rustwide/workdir" "-m" "1610612736" "--user" "0:0" "--network" "none" "ghcr.io/rust-lang/crates-build-env/linux@sha256:819108c5571ea2e421544af4d832f968d213c87fbe3707a016657f43d2f853bc" "/opt/rustwide/cargo-home/bin/cargo" "+nightly-2025-01-18" "build" "--frozen" "--message-format=json", kill_on_drop: false }`
[INFO] [stdout] 33a0d7c0147bbc94b375d1e49a07c4bee99d1e995e046035301a21efeb11c89c
[INFO] running `Command { std: "docker" "start" "-a" "33a0d7c0147bbc94b375d1e49a07c4bee99d1e995e046035301a21efeb11c89c", kill_on_drop: false }`
[INFO] [stderr]    Compiling libc v0.2.151
[INFO] [stderr]    Compiling proc-macro2 v1.0.70
[INFO] [stderr]    Compiling unicode-ident v1.0.12
[INFO] [stderr]    Compiling cfg-if v1.0.0
[INFO] [stderr]    Compiling autocfg v1.1.0
[INFO] [stderr]    Compiling scopeguard v1.2.0
[INFO] [stderr]    Compiling version_check v0.9.4
[INFO] [stderr]    Compiling typenum v1.17.0
[INFO] [stderr]    Compiling futures-core v0.3.29
[INFO] [stderr]    Compiling once_cell v1.19.0
[INFO] [stderr]    Compiling log v0.4.20
[INFO] [stderr]    Compiling pin-project-lite v0.2.13
[INFO] [stderr]    Compiling pin-utils v0.1.0
[INFO] [stderr]    Compiling bitflags v1.3.2
[INFO] [stderr]    Compiling untrusted v0.9.0
[INFO] [stderr]    Compiling futures-sink v0.3.29
[INFO] [stderr]    Compiling io-uring v0.6.2
[INFO] [stderr]    Compiling byteorder v1.5.0
[INFO] [stderr]    Compiling futures-task v0.3.29
[INFO] [stderr]    Compiling subtle v2.5.0
[INFO] [stderr]    Compiling utf8parse v0.2.1
[INFO] [stderr]    Compiling thiserror v1.0.50
[INFO] [stderr]    Compiling serde v1.0.193
[INFO] [stderr]    Compiling anstyle-parse v0.2.3
[INFO] [stderr]    Compiling tracing-core v0.1.32
[INFO] [stderr]    Compiling bytes v1.5.0
[INFO] [stderr]    Compiling lock_api v0.4.11
[INFO] [stderr]    Compiling memoffset v0.7.1
[INFO] [stderr]    Compiling spin v0.5.2
[INFO] [stderr]    Compiling anstyle-query v1.0.2
[INFO] [stderr]    Compiling regex-syntax v0.8.2
[INFO] [stderr]    Compiling untrusted v0.7.1
[INFO] [stderr]    Compiling fxhash v0.2.1
[INFO] [stderr]    Compiling colorchoice v1.0.0
[INFO] [stderr]    Compiling anstyle v1.0.4
[INFO] [stderr]    Compiling regex-syntax v0.6.29
[INFO] [stderr]    Compiling rustls-fork-shadow-tls v0.20.9-mod.2
[INFO] [stderr]    Compiling futures-util v0.3.29
[INFO] [stderr]    Compiling generic-array v0.14.7
[INFO] [stderr]    Compiling strsim v0.10.0
[INFO] [stderr]    Compiling bitflags v2.4.1
[INFO] [stderr]    Compiling lazy_static v1.4.0
[INFO] [stderr]    Compiling heck v0.4.1
[INFO] [stderr]    Compiling clap_lex v0.6.0
[INFO] [stderr]    Compiling serde_json v1.0.108
[INFO] [stderr]    Compiling ppv-lite86 v0.2.17
[INFO] [stderr]    Compiling spin v0.9.8
[INFO] [stderr]    Compiling anstream v0.6.5
[INFO] [stderr]    Compiling anyhow v1.0.75
[INFO] [stderr]    Compiling cpufeatures v0.2.11
[INFO] [stderr]    Compiling overload v0.1.1
[INFO] [stderr]    Compiling nu-ansi-term v0.46.0
[INFO] [stderr]    Compiling sharded-slab v0.1.7
[INFO] [stderr]    Compiling tracing-log v0.2.0
[INFO] [stderr]    Compiling thread_local v1.1.7
[INFO] [stderr]    Compiling itoa v1.0.10
[INFO] [stderr]    Compiling quote v1.0.33
[INFO] [stderr]    Compiling clap_builder v4.4.11
[INFO] [stderr]    Compiling ryu v1.0.16
[INFO] [stderr]    Compiling rustls-pki-types v1.0.1
[INFO] [stderr]    Compiling smallvec v1.11.2
[INFO] [stderr]    Compiling rustc-hash v1.1.0
[INFO] [stderr]    Compiling syn v2.0.40
[INFO] [stderr]    Compiling cc v1.0.83
[INFO] [stderr]    Compiling webpki-roots v0.26.0
[INFO] [stderr]    Compiling getrandom v0.2.11
[INFO] [stderr]    Compiling num_cpus v1.16.0
[INFO] [stderr]    Compiling mio v0.8.10
[INFO] [stderr]    Compiling socket2 v0.5.5
[INFO] [stderr]    Compiling nix v0.26.4
[INFO] [stderr]    Compiling nix v0.27.1
[INFO] [stderr]    Compiling crypto-common v0.1.6
[INFO] [stderr]    Compiling block-buffer v0.10.4
[INFO] [stderr]    Compiling threadpool v1.8.1
[INFO] [stderr]    Compiling nanorand v0.7.0
[INFO] [stderr]    Compiling digest v0.10.7
[INFO] [stderr]    Compiling rand_core v0.6.4
[INFO] [stderr]    Compiling hmac v0.12.1
[INFO] [stderr]    Compiling sha1 v0.10.6
[INFO] [stderr]    Compiling sha2 v0.10.8
[INFO] [stderr]    Compiling local-sync v0.1.1
[INFO] [stderr]    Compiling ring v0.17.7
[INFO] [stderr]    Compiling ring v0.16.20
[INFO] [stderr]    Compiling regex-automata v0.4.3
[INFO] [stderr]    Compiling rand_chacha v0.3.1
[INFO] [stderr]    Compiling regex-automata v0.1.10
[INFO] [stderr]    Compiling rand v0.8.5
[INFO] [stderr]    Compiling ctrlc v3.4.1
[INFO] [stderr]    Compiling matchers v0.1.0
[INFO] [stderr]    Compiling regex v1.10.2
[INFO] [stderr]    Compiling pin-project-internal v1.1.3
[INFO] [stderr]    Compiling monoio-macros v0.1.0
[INFO] [stderr]    Compiling auto-const-array v0.2.1
[INFO] [stderr]    Compiling tracing-attributes v0.1.27
[INFO] [stderr]    Compiling serde_derive v1.0.193
[INFO] [stderr]    Compiling thiserror-impl v1.0.50
[INFO] [stderr]    Compiling clap_derive v4.4.7
[INFO] [stderr]    Compiling webpki v0.22.4
[INFO] [stderr]    Compiling sct v0.7.1
[INFO] [stderr]    Compiling pin-project v1.1.3
[INFO] [stderr]    Compiling flume v0.10.14
[INFO] [stderr]    Compiling monoio v0.2.0
[INFO] [stderr]    Compiling tracing v0.1.40
[INFO] [stderr]    Compiling tracing-subscriber v0.3.18
[INFO] [stderr]    Compiling clap v4.4.11
[INFO] [stderr]    Compiling monoio-io-wrapper v0.1.1
[INFO] [stderr]    Compiling monoio-rustls-fork-shadow-tls v0.3.0-mod.2
[INFO] [stderr]    Compiling shadow-tls v0.2.25 (/opt/rustwide/workdir)
[INFO] [stdout] warning: trait `HashedStream` is never used
[INFO] [stdout]   --> src/helper_v2.rs:29:18
[INFO] [stdout]    |
[INFO] [stdout] 29 | pub(crate) trait HashedStream {
[INFO] [stdout]    |                  ^^^^^^^^^^^^
[INFO] [stdout]    |
[INFO] [stdout]    = note: `#[warn(dead_code)]` on by default
[INFO] [stdout] 
[INFO] [stdout] 
[INFO] [stdout] warning: method `hash` is never used
[INFO] [stdout]    --> src/helper_v2.rs:101:19
[INFO] [stdout]     |
[INFO] [stdout] 93  | impl<S> HashedWriteStream<S> {
[INFO] [stdout]     | ---------------------------- method in this implementation
[INFO] [stdout] ...
[INFO] [stdout] 101 |     pub(crate) fn hash(&self) -> [u8; 20] {
[INFO] [stdout]     |                   ^^^^
[INFO] [stdout] 
[INFO] [stdout] 
[INFO] [stderr]     Finished `dev` profile [unoptimized + debuginfo] target(s) in 59.13s
[INFO] running `Command { std: "docker" "inspect" "33a0d7c0147bbc94b375d1e49a07c4bee99d1e995e046035301a21efeb11c89c", kill_on_drop: false }`
[INFO] running `Command { std: "docker" "rm" "-f" "33a0d7c0147bbc94b375d1e49a07c4bee99d1e995e046035301a21efeb11c89c", kill_on_drop: false }`
[INFO] [stdout] 33a0d7c0147bbc94b375d1e49a07c4bee99d1e995e046035301a21efeb11c89c
[INFO] running `Command { std: "docker" "create" "-v" "/var/lib/crater-agent-workspace/builds/worker-3-tc1/target:/opt/rustwide/target:rw,Z" "-v" "/var/lib/crater-agent-workspace/builds/worker-3-tc1/source:/opt/rustwide/workdir:ro,Z" "-v" "/var/lib/crater-agent-workspace/cargo-home:/opt/rustwide/cargo-home:ro,Z" "-v" "/var/lib/crater-agent-workspace/rustup-home:/opt/rustwide/rustup-home:ro,Z" "-e" "SOURCE_DIR=/opt/rustwide/workdir" "-e" "CARGO_TARGET_DIR=/opt/rustwide/target" "-e" "CARGO_INCREMENTAL=0" "-e" "RUST_BACKTRACE=full" "-e" "RUSTFLAGS=--cap-lints=forbid" "-e" "RUSTDOCFLAGS=--cap-lints=forbid" "-e" "CARGO_HOME=/opt/rustwide/cargo-home" "-e" "RUSTUP_HOME=/opt/rustwide/rustup-home" "-w" "/opt/rustwide/workdir" "-m" "1610612736" "--user" "0:0" "--network" "none" "ghcr.io/rust-lang/crates-build-env/linux@sha256:819108c5571ea2e421544af4d832f968d213c87fbe3707a016657f43d2f853bc" "/opt/rustwide/cargo-home/bin/cargo" "+nightly-2025-01-18" "test" "--frozen" "--no-run" "--message-format=json", kill_on_drop: false }`
[INFO] [stdout] a6f95feab784349435b0d8dadc927d527fda4d22ffe763d85d4d01fd549ff35b
[INFO] running `Command { std: "docker" "start" "-a" "a6f95feab784349435b0d8dadc927d527fda4d22ffe763d85d4d01fd549ff35b", kill_on_drop: false }`
[INFO] [stderr]    Compiling shadow-tls v0.2.25 (/opt/rustwide/workdir)
[INFO] [stdout] warning: trait `HashedStream` is never used
[INFO] [stdout]   --> src/helper_v2.rs:29:18
[INFO] [stdout]    |
[INFO] [stdout] 29 | pub(crate) trait HashedStream {
[INFO] [stdout]    |                  ^^^^^^^^^^^^
[INFO] [stdout]    |
[INFO] [stdout]    = note: `#[warn(dead_code)]` on by default
[INFO] [stdout] 
[INFO] [stdout] 
[INFO] [stdout] warning: method `hash` is never used
[INFO] [stdout]    --> src/helper_v2.rs:101:19
[INFO] [stdout]     |
[INFO] [stdout] 93  | impl<S> HashedWriteStream<S> {
[INFO] [stdout]     | ---------------------------- method in this implementation
[INFO] [stdout] ...
[INFO] [stdout] 101 |     pub(crate) fn hash(&self) -> [u8; 20] {
[INFO] [stdout]     |                   ^^^^
[INFO] [stdout] 
[INFO] [stdout] 
[INFO] [stdout] warning: trait `HashedStream` is never used
[INFO] [stdout]   --> src/helper_v2.rs:29:18
[INFO] [stdout]    |
[INFO] [stdout] 29 | pub(crate) trait HashedStream {
[INFO] [stdout]    |                  ^^^^^^^^^^^^
[INFO] [stdout]    |
[INFO] [stdout]    = note: `#[warn(dead_code)]` on by default
[INFO] [stdout] 
[INFO] [stdout] 
[INFO] [stdout] warning: method `hash` is never used
[INFO] [stdout]    --> src/helper_v2.rs:101:19
[INFO] [stdout]     |
[INFO] [stdout] 93  | impl<S> HashedWriteStream<S> {
[INFO] [stdout]     | ---------------------------- method in this implementation
[INFO] [stdout] ...
[INFO] [stdout] 101 |     pub(crate) fn hash(&self) -> [u8; 20] {
[INFO] [stdout]     |                   ^^^^
[INFO] [stdout] 
[INFO] [stdout] 
[INFO] [stderr]     Finished `test` profile [unoptimized + debuginfo] target(s) in 4.15s
[INFO] running `Command { std: "docker" "inspect" "a6f95feab784349435b0d8dadc927d527fda4d22ffe763d85d4d01fd549ff35b", kill_on_drop: false }`
[INFO] running `Command { std: "docker" "rm" "-f" "a6f95feab784349435b0d8dadc927d527fda4d22ffe763d85d4d01fd549ff35b", kill_on_drop: false }`
[INFO] [stdout] a6f95feab784349435b0d8dadc927d527fda4d22ffe763d85d4d01fd549ff35b
[INFO] running `Command { std: "docker" "create" "-v" "/var/lib/crater-agent-workspace/builds/worker-3-tc1/target:/opt/rustwide/target:rw,Z" "-v" "/var/lib/crater-agent-workspace/builds/worker-3-tc1/source:/opt/rustwide/workdir:ro,Z" "-v" "/var/lib/crater-agent-workspace/cargo-home:/opt/rustwide/cargo-home:ro,Z" "-v" "/var/lib/crater-agent-workspace/rustup-home:/opt/rustwide/rustup-home:ro,Z" "-e" "SOURCE_DIR=/opt/rustwide/workdir" "-e" "CARGO_TARGET_DIR=/opt/rustwide/target" "-e" "CARGO_INCREMENTAL=0" "-e" "RUST_BACKTRACE=full" "-e" "RUSTFLAGS=--cap-lints=forbid" "-e" "RUSTDOCFLAGS=--cap-lints=forbid" "-e" "CARGO_HOME=/opt/rustwide/cargo-home" "-e" "RUSTUP_HOME=/opt/rustwide/rustup-home" "-w" "/opt/rustwide/workdir" "-m" "1610612736" "--user" "0:0" "--network" "none" "ghcr.io/rust-lang/crates-build-env/linux@sha256:819108c5571ea2e421544af4d832f968d213c87fbe3707a016657f43d2f853bc" "/opt/rustwide/cargo-home/bin/cargo" "+nightly-2025-01-18" "test" "--frozen", kill_on_drop: false }`
[INFO] [stdout] 5931af914188b5ed0ff26a7c4c03255b0152673e8db98eaff160232f9e99ca66
[INFO] running `Command { std: "docker" "start" "-a" "5931af914188b5ed0ff26a7c4c03255b0152673e8db98eaff160232f9e99ca66", kill_on_drop: false }`
[INFO] [stderr] warning: trait `HashedStream` is never used
[INFO] [stderr]   --> src/helper_v2.rs:29:18
[INFO] [stderr]    |
[INFO] [stderr] 29 | pub(crate) trait HashedStream {
[INFO] [stderr]    |                  ^^^^^^^^^^^^
[INFO] [stderr]    |
[INFO] [stderr]    = note: `#[warn(dead_code)]` on by default
[INFO] [stderr] 
[INFO] [stderr] warning: method `hash` is never used
[INFO] [stderr]    --> src/helper_v2.rs:101:19
[INFO] [stderr]     |
[INFO] [stderr] 93  | impl<S> HashedWriteStream<S> {
[INFO] [stderr]     | ---------------------------- method in this implementation
[INFO] [stderr] ...
[INFO] [stderr] 101 |     pub(crate) fn hash(&self) -> [u8; 20] {
[INFO] [stderr]     |                   ^^^^
[INFO] [stderr] 
[INFO] [stderr] warning: `shadow-tls` (lib) generated 2 warnings
[INFO] [stderr] warning: `shadow-tls` (lib test) generated 2 warnings (2 duplicates)
[INFO] [stderr]     Finished `test` profile [unoptimized + debuginfo] target(s) in 0.15s
[INFO] [stderr]      Running unittests src/lib.rs (/opt/rustwide/target/debug/deps/shadow_tls-85618803b0ad776c)
[INFO] [stdout] 
[INFO] [stdout] running 2 tests
[INFO] [stdout] test sip003::test_parse_sip003_options ... ok
[INFO] [stdout] test server::tests::parse_tls_addrs ... ok
[INFO] [stdout] 
[INFO] [stdout] test result: ok. 2 passed; 0 failed; 0 ignored; 0 measured; 0 filtered out; finished in 0.01s
[INFO] [stdout] 
[INFO] [stderr]      Running unittests src/main.rs (/opt/rustwide/target/debug/deps/shadow_tls-6d5dee07b1fca44d)
[INFO] [stdout] 
[INFO] [stdout] running 0 tests
[INFO] [stdout] 
[INFO] [stdout] test result: ok. 0 passed; 0 failed; 0 ignored; 0 measured; 0 filtered out; finished in 0.00s
[INFO] [stdout] 
[INFO] [stderr]      Running tests/sni.rs (/opt/rustwide/target/debug/deps/sni-2e13da424b75ef72)
[INFO] [stdout] 
[INFO] [stdout] running 1 test
[INFO] [stdout] test sni ... FAILED
[INFO] [stdout] 
[INFO] [stdout] failures:
[INFO] [stdout] 
[INFO] [stdout] ---- sni stdout ----
[INFO] [stdout] 
[INFO] [stdout] thread 'sni' panicked at tests/sni.rs:52:10:
[INFO] [stdout] unable to connect captive.apple.com: Io(Custom { kind: UnexpectedEof, error: "tls handshake eof" })
[INFO] [stdout] stack backtrace:
[INFO] [stdout]    0:     0x6235e1b9009a - std::backtrace_rs::backtrace::libunwind::trace::hb059275cfc8d6126
[INFO] [stdout]                                at /rustc/6067b36314ab5eb2eb47cecc464545ba58e1ad24/library/std/src/../../backtrace/src/backtrace/libunwind.rs:116:5
[INFO] [stdout]    1:     0x6235e1b9009a - std::backtrace_rs::backtrace::trace_unsynchronized::h2da071e4327ce3ee
[INFO] [stdout]                                at /rustc/6067b36314ab5eb2eb47cecc464545ba58e1ad24/library/std/src/../../backtrace/src/backtrace/mod.rs:66:5
[INFO] [stdout]    2:     0x6235e1b9009a - std::sys::backtrace::_print_fmt::h842a1474e6f8d23f
[INFO] [stdout]                                at /rustc/6067b36314ab5eb2eb47cecc464545ba58e1ad24/library/std/src/sys/backtrace.rs:66:9
[INFO] [stdout]    3:     0x6235e1b9009a - <std::sys::backtrace::BacktraceLock::print::DisplayBacktrace as core::fmt::Display>::fmt::h71a62eb3b9696b12
[INFO] [stdout]                                at /rustc/6067b36314ab5eb2eb47cecc464545ba58e1ad24/library/std/src/sys/backtrace.rs:39:26
[INFO] [stdout]    4:     0x6235e1bba7e3 - core::fmt::rt::Argument::fmt::hdb6b616786b41dc1
[INFO] [stdout]                                at /rustc/6067b36314ab5eb2eb47cecc464545ba58e1ad24/library/core/src/fmt/rt.rs:177:76
[INFO] [stdout]    5:     0x6235e1bba7e3 - core::fmt::write::h2cc1698af7e2d686
[INFO] [stdout]                                at /rustc/6067b36314ab5eb2eb47cecc464545ba58e1ad24/library/core/src/fmt/mod.rs:1440:21
[INFO] [stdout]    6:     0x6235e1b8c1f3 - std::io::Write::write_fmt::hab1b4cd059a79022
[INFO] [stdout]                                at /rustc/6067b36314ab5eb2eb47cecc464545ba58e1ad24/library/std/src/io/mod.rs:1887:15
[INFO] [stdout]    7:     0x6235e1b8fee2 - std::sys::backtrace::BacktraceLock::print::h147fe35b4ea13b08
[INFO] [stdout]                                at /rustc/6067b36314ab5eb2eb47cecc464545ba58e1ad24/library/std/src/sys/backtrace.rs:42:9
[INFO] [stdout]    8:     0x6235e1b914bf - std::panicking::default_hook::{{closure}}::hbd44223dbdc0d208
[INFO] [stdout]                                at /rustc/6067b36314ab5eb2eb47cecc464545ba58e1ad24/library/std/src/panicking.rs:298:22
[INFO] [stdout]    9:     0x6235e1b912d8 - std::panicking::default_hook::h20f81eb0576efcec
[INFO] [stdout]                                at /rustc/6067b36314ab5eb2eb47cecc464545ba58e1ad24/library/std/src/panicking.rs:322:9
[INFO] [stdout]   10:     0x6235e1878663 - <alloc::boxed::Box<F,A> as core::ops::function::Fn<Args>>::call::hdb53814c496a4d34
[INFO] [stdout]                                at /rustc/6067b36314ab5eb2eb47cecc464545ba58e1ad24/library/alloc/src/boxed.rs:2027:9
[INFO] [stdout]   11:     0x6235e1878663 - test::test_main::{{closure}}::hc0a4963c59427c24
[INFO] [stdout]                                at /rustc/6067b36314ab5eb2eb47cecc464545ba58e1ad24/library/test/src/lib.rs:134:21
[INFO] [stdout]   12:     0x6235e1b91fb3 - <alloc::boxed::Box<F,A> as core::ops::function::Fn<Args>>::call::h591b2225413a77e9
[INFO] [stdout]                                at /rustc/6067b36314ab5eb2eb47cecc464545ba58e1ad24/library/alloc/src/boxed.rs:2027:9
[INFO] [stdout]   13:     0x6235e1b91fb3 - std::panicking::rust_panic_with_hook::h625eea43051b2edc
[INFO] [stdout]                                at /rustc/6067b36314ab5eb2eb47cecc464545ba58e1ad24/library/std/src/panicking.rs:839:13
[INFO] [stdout]   14:     0x6235e1b91c6a - std::panicking::begin_panic_handler::{{closure}}::h4f9159cfbc3f6bd3
[INFO] [stdout]                                at /rustc/6067b36314ab5eb2eb47cecc464545ba58e1ad24/library/std/src/panicking.rs:704:13
[INFO] [stdout]   15:     0x6235e1b90599 - std::sys::backtrace::__rust_end_short_backtrace::h0390abce48353151
[INFO] [stdout]                                at /rustc/6067b36314ab5eb2eb47cecc464545ba58e1ad24/library/std/src/sys/backtrace.rs:168:18
[INFO] [stdout]   16:     0x6235e1b918fd - rust_begin_unwind
[INFO] [stdout]                                at /rustc/6067b36314ab5eb2eb47cecc464545ba58e1ad24/library/std/src/panicking.rs:695:5
[INFO] [stdout]   17:     0x6235e1bb8d60 - core::panicking::panic_fmt::h9e7c637e9e5f29c9
[INFO] [stdout]                                at /rustc/6067b36314ab5eb2eb47cecc464545ba58e1ad24/library/core/src/panicking.rs:75:14
[INFO] [stdout]   18:     0x6235e1bb91d6 - core::result::unwrap_failed::h7979f09313fe1849
[INFO] [stdout]                                at /rustc/6067b36314ab5eb2eb47cecc464545ba58e1ad24/library/core/src/result.rs:1704:5
[INFO] [stdout]   19:     0x6235e1834538 - core::result::Result<T,E>::expect::h3fb047b124da1c30
[INFO] [stdout]                                at /rustc/6067b36314ab5eb2eb47cecc464545ba58e1ad24/library/core/src/result.rs:1061:23
[INFO] [stdout]   20:     0x6235e183def0 - sni::sni::{{closure}}::h74479f6be3c13811
[INFO] [stdout]                                at /opt/rustwide/workdir/tests/sni.rs:46:28
[INFO] [stdout]   21:     0x6235e1835281 - monoio::task::core::CoreStage<T>::poll::{{closure}}::hbbabdbdc571e2135
[INFO] [stdout]                                at /opt/rustwide/cargo-home/registry/src/index.crates.io-1949cf8c6b5b557f/monoio-0.2.0/src/task/core.rs:93:17
[INFO] [stdout]   22:     0x6235e1838116 - <core::cell::UnsafeCell<T> as monoio::task::utils::UnsafeCellExt<T>>::with_mut::he9d5bde42f380215
[INFO] [stdout]                                at /opt/rustwide/cargo-home/registry/src/index.crates.io-1949cf8c6b5b557f/monoio-0.2.0/src/task/utils.rs:14:9
[INFO] [stdout]   23:     0x6235e18352e3 - monoio::task::core::CoreStage<T>::with_mut::h707a3806d955ebb0
[INFO] [stdout]                                at /opt/rustwide/cargo-home/registry/src/index.crates.io-1949cf8c6b5b557f/monoio-0.2.0/src/task/core.rs:78:9
[INFO] [stdout]   24:     0x6235e18351e2 - monoio::task::core::CoreStage<T>::poll::he08840063a5a4741
[INFO] [stdout]                                at /opt/rustwide/cargo-home/registry/src/index.crates.io-1949cf8c6b5b557f/monoio-0.2.0/src/task/core.rs:83:13
[INFO] [stdout]   25:     0x6235e18355d3 - monoio::task::harness::poll_future::h6c0ef69662504c31
[INFO] [stdout]                                at /opt/rustwide/cargo-home/registry/src/index.crates.io-1949cf8c6b5b557f/monoio-0.2.0/src/task/harness.rs:432:18
[INFO] [stdout]   26:     0x6235e1835677 - monoio::task::harness::Harness<T,S>::poll_inner::hdc3adae8ecf64986
[INFO] [stdout]                                at /opt/rustwide/cargo-home/registry/src/index.crates.io-1949cf8c6b5b557f/monoio-0.2.0/src/task/harness.rs:79:19
[INFO] [stdout]   27:     0x6235e1836033 - monoio::task::harness::Harness<T,S>::poll::h2f4d27b42d79baf2
[INFO] [stdout]                                at /opt/rustwide/cargo-home/registry/src/index.crates.io-1949cf8c6b5b557f/monoio-0.2.0/src/task/harness.rs:55:15
[INFO] [stdout]   28:     0x6235e1834cab - monoio::task::raw::poll::hd6c9529cebf0cd6d
[INFO] [stdout]                                at /opt/rustwide/cargo-home/registry/src/index.crates.io-1949cf8c6b5b557f/monoio-0.2.0/src/task/raw.rs:104:5
[INFO] [stdout]   29:     0x6235e1b08217 - monoio::task::raw::RawTask::poll::h6fffff176e46d8e0
[INFO] [stdout]                                at /opt/rustwide/cargo-home/registry/src/index.crates.io-1949cf8c6b5b557f/monoio-0.2.0/src/task/raw.rs:73:18
[INFO] [stdout]   30:     0x6235e18e19d5 - monoio::task::Task<S>::run::h3aa31c901a9a597e
[INFO] [stdout]                                at /opt/rustwide/cargo-home/registry/src/index.crates.io-1949cf8c6b5b557f/monoio-0.2.0/src/task/mod.rs:47:9
[INFO] [stdout]   31:     0x6235e183692e - monoio::runtime::Runtime<D>::block_on::{{closure}}::{{closure}}::h09031c7305797092
[INFO] [stdout]                                at /opt/rustwide/cargo-home/registry/src/index.crates.io-1949cf8c6b5b557f/monoio-0.2.0/src/runtime.rs:158:29
[INFO] [stdout]   32:     0x6235e183bb82 - monoio::macros::scoped_tls::ScopedKey<T>::set::h8a274ea052e697d8
[INFO] [stdout]                                at /opt/rustwide/cargo-home/registry/src/index.crates.io-1949cf8c6b5b557f/monoio-0.2.0/src/macros/scoped_tls.rs:92:9
[INFO] [stdout]   33:     0x6235e1836724 - monoio::runtime::Runtime<D>::block_on::{{closure}}::h43b8559814b62081
[INFO] [stdout]                                at /opt/rustwide/cargo-home/registry/src/index.crates.io-1949cf8c6b5b557f/monoio-0.2.0/src/runtime.rs:145:13
[INFO] [stdout]   34:     0x6235e183b922 - monoio::macros::scoped_tls::ScopedKey<T>::set::h1df6935440e31cb7
[INFO] [stdout]                                at /opt/rustwide/cargo-home/registry/src/index.crates.io-1949cf8c6b5b557f/monoio-0.2.0/src/macros/scoped_tls.rs:92:9
[INFO] [stdout]   35:     0x6235e1837ac6 - <monoio::driver::legacy::LegacyDriver as monoio::driver::Driver>::with::h34f02e57b77472d8
[INFO] [stdout]                                at /opt/rustwide/cargo-home/registry/src/index.crates.io-1949cf8c6b5b557f/monoio-0.2.0/src/driver/legacy/mod.rs:355:9
[INFO] [stdout]   36:     0x6235e183ceba - <monoio::time::driver::TimeDriver<D> as monoio::driver::Driver>::with::h91a964d7284538fc
[INFO] [stdout]                                at /opt/rustwide/cargo-home/registry/src/index.crates.io-1949cf8c6b5b557f/monoio-0.2.0/src/time/driver/mod.rs:326:9
[INFO] [stdout]   37:     0x6235e183642d - monoio::runtime::Runtime<D>::block_on::h140e5d019153c0c1
[INFO] [stdout]                                at /opt/rustwide/cargo-home/registry/src/index.crates.io-1949cf8c6b5b557f/monoio-0.2.0/src/runtime.rs:144:9
[INFO] [stdout]   38:     0x6235e1837055 - monoio::runtime::FusionRuntime<L,R>::block_on::h956db3306b6081ac
[INFO] [stdout]                                at /opt/rustwide/cargo-home/registry/src/index.crates.io-1949cf8c6b5b557f/monoio-0.2.0/src/runtime.rs:236:17
[INFO] [stdout]   39:     0x6235e183d07a - sni::sni::h1f22f6a149f58a07
[INFO] [stdout]                                at /opt/rustwide/workdir/tests/sni.rs:63:5
[INFO] [stdout]   40:     0x6235e183cf67 - sni::sni::{{closure}}::h6d2358a1fa8b87d9
[INFO] [stdout]                                at /opt/rustwide/workdir/tests/sni.rs:16:15
[INFO] [stdout]   41:     0x6235e1833516 - core::ops::function::FnOnce::call_once::h826cc1744093c7e3
[INFO] [stdout]                                at /rustc/6067b36314ab5eb2eb47cecc464545ba58e1ad24/library/core/src/ops/function.rs:250:5
[INFO] [stdout]   42:     0x6235e187ddbb - core::ops::function::FnOnce::call_once::he27718dfdd183f43
[INFO] [stdout]                                at /rustc/6067b36314ab5eb2eb47cecc464545ba58e1ad24/library/core/src/ops/function.rs:250:5
[INFO] [stdout]   43:     0x6235e187ddbb - test::__rust_begin_short_backtrace::h4e84902998457a5d
[INFO] [stdout]                                at /rustc/6067b36314ab5eb2eb47cecc464545ba58e1ad24/library/test/src/lib.rs:632:18
[INFO] [stdout]   44:     0x6235e187ccf3 - test::run_test_in_process::{{closure}}::h7176fd18fc1feca0
[INFO] [stdout]                                at /rustc/6067b36314ab5eb2eb47cecc464545ba58e1ad24/library/test/src/lib.rs:655:60
[INFO] [stdout]   45:     0x6235e187ccf3 - <core::panic::unwind_safe::AssertUnwindSafe<F> as core::ops::function::FnOnce<()>>::call_once::hf79cff2a624d8cf7
[INFO] [stdout]                                at /rustc/6067b36314ab5eb2eb47cecc464545ba58e1ad24/library/core/src/panic/unwind_safe.rs:272:9
[INFO] [stdout]   46:     0x6235e187ccf3 - std::panicking::try::do_call::h3da0561d9ab99c25
[INFO] [stdout]                                at /rustc/6067b36314ab5eb2eb47cecc464545ba58e1ad24/library/std/src/panicking.rs:587:40
[INFO] [stdout]   47:     0x6235e187ccf3 - std::panicking::try::h41c9fa508bc61df6
[INFO] [stdout]                                at /rustc/6067b36314ab5eb2eb47cecc464545ba58e1ad24/library/std/src/panicking.rs:550:19
[INFO] [stdout]   48:     0x6235e187ccf3 - std::panic::catch_unwind::h6b3ff07bb5afad93
[INFO] [stdout]                                at /rustc/6067b36314ab5eb2eb47cecc464545ba58e1ad24/library/std/src/panic.rs:358:14
[INFO] [stdout]   49:     0x6235e187ccf3 - test::run_test_in_process::hc7253dd11b39b9f4
[INFO] [stdout]                                at /rustc/6067b36314ab5eb2eb47cecc464545ba58e1ad24/library/test/src/lib.rs:655:27
[INFO] [stdout]   50:     0x6235e187ccf3 - test::run_test::{{closure}}::hfb2007f8649c30bb
[INFO] [stdout]                                at /rustc/6067b36314ab5eb2eb47cecc464545ba58e1ad24/library/test/src/lib.rs:576:43
[INFO] [stdout]   51:     0x6235e183fdd5 - test::run_test::{{closure}}::h56a17aa7a282a9f4
[INFO] [stdout]                                at /rustc/6067b36314ab5eb2eb47cecc464545ba58e1ad24/library/test/src/lib.rs:606:41
[INFO] [stdout]   52:     0x6235e183fdd5 - std::sys::backtrace::__rust_begin_short_backtrace::hd2d2d2fb8e8c6aac
[INFO] [stdout]                                at /rustc/6067b36314ab5eb2eb47cecc464545ba58e1ad24/library/std/src/sys/backtrace.rs:152:18
[INFO] [stdout]   53:     0x6235e18436ba - std::thread::Builder::spawn_unchecked_::{{closure}}::{{closure}}::h4faa3f9db6133423
[INFO] [stdout]                                at /rustc/6067b36314ab5eb2eb47cecc464545ba58e1ad24/library/std/src/thread/mod.rs:559:17
[INFO] [stdout]   54:     0x6235e18436ba - <core::panic::unwind_safe::AssertUnwindSafe<F> as core::ops::function::FnOnce<()>>::call_once::hf2e855a36a4ea846
[INFO] [stdout]                                at /rustc/6067b36314ab5eb2eb47cecc464545ba58e1ad24/library/core/src/panic/unwind_safe.rs:272:9
[INFO] [stdout]   55:     0x6235e18436ba - std::panicking::try::do_call::h2f73af3616c35465
[INFO] [stdout]                                at /rustc/6067b36314ab5eb2eb47cecc464545ba58e1ad24/library/std/src/panicking.rs:587:40
[INFO] [stdout]   56:     0x6235e18436ba - std::panicking::try::hd1660ce9efadef5a
[INFO] [stdout]                                at /rustc/6067b36314ab5eb2eb47cecc464545ba58e1ad24/library/std/src/panicking.rs:550:19
[INFO] [stdout]   57:     0x6235e18436ba - std::panic::catch_unwind::h5ee8d7823b8ca744
[INFO] [stdout]                                at /rustc/6067b36314ab5eb2eb47cecc464545ba58e1ad24/library/std/src/panic.rs:358:14
[INFO] [stdout]   58:     0x6235e18436ba - std::thread::Builder::spawn_unchecked_::{{closure}}::h53c3a1894dce8407
[INFO] [stdout]                                at /rustc/6067b36314ab5eb2eb47cecc464545ba58e1ad24/library/std/src/thread/mod.rs:557:30
[INFO] [stdout]   59:     0x6235e18436ba - core::ops::function::FnOnce::call_once{{vtable.shim}}::h048ce291ad4f62bf
[INFO] [stdout]                                at /rustc/6067b36314ab5eb2eb47cecc464545ba58e1ad24/library/core/src/ops/function.rs:250:5
[INFO] [stdout]   60:     0x6235e1b9604b - <alloc::boxed::Box<F,A> as core::ops::function::FnOnce<Args>>::call_once::ha52bedf99a3b4981
[INFO] [stdout]                                at /rustc/6067b36314ab5eb2eb47cecc464545ba58e1ad24/library/alloc/src/boxed.rs:2013:9
[INFO] [stdout]   61:     0x6235e1b9604b - <alloc::boxed::Box<F,A> as core::ops::function::FnOnce<Args>>::call_once::h567748934d80ccf8
[INFO] [stdout]                                at /rustc/6067b36314ab5eb2eb47cecc464545ba58e1ad24/library/alloc/src/boxed.rs:2013:9
[INFO] [stdout]   62:     0x6235e1b9604b - std::sys::pal::unix::thread::Thread::new::thread_start::h2d970728ae887adc
[INFO] [stdout]                                at /rustc/6067b36314ab5eb2eb47cecc464545ba58e1ad24/library/std/src/sys/pal/unix/thread.rs:106:17
[INFO] [stdout]   63:     0x7d8f36df9ac3 - <unknown>
[INFO] [stdout]   64:     0x7d8f36e8aa04 - clone
[INFO] [stdout]   65:                0x0 - <unknown>
[INFO] [stdout] 
[INFO] [stdout] 
[INFO] [stdout] failures:
[INFO] [stdout]     sni
[INFO] [stdout] 
[INFO] [stdout] test result: FAILED. 0 passed; 1 failed; 0 ignored; 0 measured; 0 filtered out; finished in 1.06s
[INFO] [stdout] 
[INFO] [stderr] error: test failed, to rerun pass `--test sni`
[INFO] running `Command { std: "docker" "inspect" "5931af914188b5ed0ff26a7c4c03255b0152673e8db98eaff160232f9e99ca66", kill_on_drop: false }`
[INFO] running `Command { std: "docker" "rm" "-f" "5931af914188b5ed0ff26a7c4c03255b0152673e8db98eaff160232f9e99ca66", kill_on_drop: false }`
[INFO] [stdout] 5931af914188b5ed0ff26a7c4c03255b0152673e8db98eaff160232f9e99ca66
