[INFO] cloning repository https://github.com/trisuaso/crml
[INFO] running `Command { std: "git" "-c" "credential.helper=" "-c" "credential.helper=/workspace/cargo-home/bin/git-credential-null" "clone" "--bare" "https://github.com/trisuaso/crml" "/workspace/cache/git-repos/https%3A%2F%2Fgithub.com%2Ftrisuaso%2Fcrml", kill_on_drop: false }`
[INFO] [stderr] Cloning into bare repository '/workspace/cache/git-repos/https%3A%2F%2Fgithub.com%2Ftrisuaso%2Fcrml'...
[INFO] running `Command { std: "git" "rev-parse" "HEAD", kill_on_drop: false }`
[INFO] [stdout] b7a17dc65523ca6bc53cfd8f645dcdbc8e2e55bc
[INFO] testing trisuaso/crml against nightly-2025-01-18+rustflags=-Zrandomize-layout for randomize-layout-2
[INFO] running `Command { std: "git" "clone" "/workspace/cache/git-repos/https%3A%2F%2Fgithub.com%2Ftrisuaso%2Fcrml" "/workspace/builds/worker-7-tc2/source", kill_on_drop: false }`
[INFO] [stderr] Cloning into '/workspace/builds/worker-7-tc2/source'...
[INFO] [stderr] done.
[INFO] validating manifest of git repo https://github.com/trisuaso/crml on toolchain nightly-2025-01-18
[INFO] running `Command { std: CARGO_HOME="/workspace/cargo-home" RUSTUP_HOME="/workspace/rustup-home" "/workspace/cargo-home/bin/cargo" "+nightly-2025-01-18" "metadata" "--manifest-path" "Cargo.toml" "--no-deps", kill_on_drop: false }`
[INFO] started tweaking git repo https://github.com/trisuaso/crml
[INFO] finished tweaking git repo https://github.com/trisuaso/crml
[INFO] tweaked toml for git repo https://github.com/trisuaso/crml written to /workspace/builds/worker-7-tc2/source/Cargo.toml
[INFO] crate git repo https://github.com/trisuaso/crml already has a lockfile, it will not be regenerated
[INFO] running `Command { std: CARGO_HOME="/workspace/cargo-home" RUSTUP_HOME="/workspace/rustup-home" "/workspace/cargo-home/bin/cargo" "+nightly-2025-01-18" "fetch" "--manifest-path" "Cargo.toml", kill_on_drop: false }`
[INFO] running `Command { std: "docker" "create" "-v" "/var/lib/crater-agent-workspace/builds/worker-7-tc2/target:/opt/rustwide/target:rw,Z" "-v" "/var/lib/crater-agent-workspace/builds/worker-7-tc2/source:/opt/rustwide/workdir:ro,Z" "-v" "/var/lib/crater-agent-workspace/cargo-home:/opt/rustwide/cargo-home:ro,Z" "-v" "/var/lib/crater-agent-workspace/rustup-home:/opt/rustwide/rustup-home:ro,Z" "-e" "SOURCE_DIR=/opt/rustwide/workdir" "-e" "CARGO_TARGET_DIR=/opt/rustwide/target" "-e" "CARGO_HOME=/opt/rustwide/cargo-home" "-e" "RUSTUP_HOME=/opt/rustwide/rustup-home" "-w" "/opt/rustwide/workdir" "-m" "1610612736" "--user" "0:0" "--network" "none" "ghcr.io/rust-lang/crates-build-env/linux@sha256:819108c5571ea2e421544af4d832f968d213c87fbe3707a016657f43d2f853bc" "/opt/rustwide/cargo-home/bin/cargo" "+nightly-2025-01-18" "metadata" "--no-deps" "--format-version=1", kill_on_drop: false }`
[INFO] [stdout] a7fadc21a7b50b928e73a9585ad4fe1f86bdf2ce2a409a840c9d1f6191e27d9b
[INFO] running `Command { std: "docker" "start" "-a" "a7fadc21a7b50b928e73a9585ad4fe1f86bdf2ce2a409a840c9d1f6191e27d9b", kill_on_drop: false }`
[INFO] running `Command { std: "docker" "inspect" "a7fadc21a7b50b928e73a9585ad4fe1f86bdf2ce2a409a840c9d1f6191e27d9b", kill_on_drop: false }`
[INFO] running `Command { std: "docker" "rm" "-f" "a7fadc21a7b50b928e73a9585ad4fe1f86bdf2ce2a409a840c9d1f6191e27d9b", kill_on_drop: false }`
[INFO] [stdout] a7fadc21a7b50b928e73a9585ad4fe1f86bdf2ce2a409a840c9d1f6191e27d9b
[INFO] running `Command { std: "docker" "create" "-v" "/var/lib/crater-agent-workspace/builds/worker-7-tc2/target:/opt/rustwide/target:rw,Z" "-v" "/var/lib/crater-agent-workspace/builds/worker-7-tc2/source:/opt/rustwide/workdir:ro,Z" "-v" "/var/lib/crater-agent-workspace/cargo-home:/opt/rustwide/cargo-home:ro,Z" "-v" "/var/lib/crater-agent-workspace/rustup-home:/opt/rustwide/rustup-home:ro,Z" "-e" "SOURCE_DIR=/opt/rustwide/workdir" "-e" "CARGO_TARGET_DIR=/opt/rustwide/target" "-e" "CARGO_INCREMENTAL=0" "-e" "RUST_BACKTRACE=full" "-e" "RUSTFLAGS=--cap-lints=forbid -Zrandomize-layout" "-e" "RUSTDOCFLAGS=--cap-lints=forbid" "-e" "CARGO_HOME=/opt/rustwide/cargo-home" "-e" "RUSTUP_HOME=/opt/rustwide/rustup-home" "-w" "/opt/rustwide/workdir" "-m" "1610612736" "--user" "0:0" "--network" "none" "ghcr.io/rust-lang/crates-build-env/linux@sha256:819108c5571ea2e421544af4d832f968d213c87fbe3707a016657f43d2f853bc" "/opt/rustwide/cargo-home/bin/cargo" "+nightly-2025-01-18" "build" "--frozen" "--message-format=json", kill_on_drop: false }`
[INFO] [stdout] 73ee73d5480b1566764c61f14fc262c0d70667567627393e15d9e3fb6e41c435
[INFO] running `Command { std: "docker" "start" "-a" "73ee73d5480b1566764c61f14fc262c0d70667567627393e15d9e3fb6e41c435", kill_on_drop: false }`
[INFO] [stderr]    Compiling proc-macro2 v1.0.92
[INFO] [stderr]    Compiling unicode-ident v1.0.14
[INFO] [stderr]    Compiling serde v1.0.217
[INFO] [stderr]    Compiling serde_json v1.0.134
[INFO] [stderr]    Compiling memchr v2.7.4
[INFO] [stderr]    Compiling itoa v1.0.14
[INFO] [stderr]    Compiling ryu v1.0.18
[INFO] [stderr]    Compiling quote v1.0.38
[INFO] [stderr]    Compiling syn v2.0.94
[INFO] [stderr]    Compiling serde_derive v1.0.217
[INFO] [stderr]    Compiling pathbufd v0.1.4
[INFO] [stderr]    Compiling crml-core v0.1.8
[INFO] [stderr]    Compiling crml-core v0.1.8 (/opt/rustwide/workdir/crates/crml-core)
[INFO] [stderr]    Compiling crml-derive v0.1.8
[INFO] [stderr]    Compiling crml-derive v0.1.8 (/opt/rustwide/workdir/crates/crml-derive)
[INFO] [stderr]    Compiling crml v0.1.8 (/opt/rustwide/workdir/crates/crml)
[INFO] [stderr]     Finished `dev` profile [unoptimized + debuginfo] target(s) in 12.84s
[INFO] running `Command { std: "docker" "inspect" "73ee73d5480b1566764c61f14fc262c0d70667567627393e15d9e3fb6e41c435", kill_on_drop: false }`
[INFO] running `Command { std: "docker" "rm" "-f" "73ee73d5480b1566764c61f14fc262c0d70667567627393e15d9e3fb6e41c435", kill_on_drop: false }`
[INFO] [stdout] 73ee73d5480b1566764c61f14fc262c0d70667567627393e15d9e3fb6e41c435
[INFO] running `Command { std: "docker" "create" "-v" "/var/lib/crater-agent-workspace/builds/worker-7-tc2/target:/opt/rustwide/target:rw,Z" "-v" "/var/lib/crater-agent-workspace/builds/worker-7-tc2/source:/opt/rustwide/workdir:ro,Z" "-v" "/var/lib/crater-agent-workspace/cargo-home:/opt/rustwide/cargo-home:ro,Z" "-v" "/var/lib/crater-agent-workspace/rustup-home:/opt/rustwide/rustup-home:ro,Z" "-e" "SOURCE_DIR=/opt/rustwide/workdir" "-e" "CARGO_TARGET_DIR=/opt/rustwide/target" "-e" "CARGO_INCREMENTAL=0" "-e" "RUST_BACKTRACE=full" "-e" "RUSTFLAGS=--cap-lints=forbid -Zrandomize-layout" "-e" "RUSTDOCFLAGS=--cap-lints=forbid" "-e" "CARGO_HOME=/opt/rustwide/cargo-home" "-e" "RUSTUP_HOME=/opt/rustwide/rustup-home" "-w" "/opt/rustwide/workdir" "-m" "1610612736" "--user" "0:0" "--network" "none" "ghcr.io/rust-lang/crates-build-env/linux@sha256:819108c5571ea2e421544af4d832f968d213c87fbe3707a016657f43d2f853bc" "/opt/rustwide/cargo-home/bin/cargo" "+nightly-2025-01-18" "test" "--frozen" "--no-run" "--message-format=json", kill_on_drop: false }`
[INFO] [stdout] 18eaf74f9d8cff6d95e52cabc5c4c356dd14e591de16d7d9b6cac4a704212d2a
[INFO] running `Command { std: "docker" "start" "-a" "18eaf74f9d8cff6d95e52cabc5c4c356dd14e591de16d7d9b6cac4a704212d2a", kill_on_drop: false }`
[INFO] [stderr]    Compiling crml-core v0.1.8 (/opt/rustwide/workdir/crates/crml-core)
[INFO] [stderr]    Compiling crml-derive v0.1.8 (/opt/rustwide/workdir/crates/crml-derive)
[INFO] [stderr]    Compiling crml v0.1.8 (/opt/rustwide/workdir/crates/crml)
[INFO] [stderr]     Finished `test` profile [unoptimized + debuginfo] target(s) in 0.31s
[INFO] running `Command { std: "docker" "inspect" "18eaf74f9d8cff6d95e52cabc5c4c356dd14e591de16d7d9b6cac4a704212d2a", kill_on_drop: false }`
[INFO] running `Command { std: "docker" "rm" "-f" "18eaf74f9d8cff6d95e52cabc5c4c356dd14e591de16d7d9b6cac4a704212d2a", kill_on_drop: false }`
[INFO] [stdout] 18eaf74f9d8cff6d95e52cabc5c4c356dd14e591de16d7d9b6cac4a704212d2a
[INFO] running `Command { std: "docker" "create" "-v" "/var/lib/crater-agent-workspace/builds/worker-7-tc2/target:/opt/rustwide/target:rw,Z" "-v" "/var/lib/crater-agent-workspace/builds/worker-7-tc2/source:/opt/rustwide/workdir:ro,Z" "-v" "/var/lib/crater-agent-workspace/cargo-home:/opt/rustwide/cargo-home:ro,Z" "-v" "/var/lib/crater-agent-workspace/rustup-home:/opt/rustwide/rustup-home:ro,Z" "-e" "SOURCE_DIR=/opt/rustwide/workdir" "-e" "CARGO_TARGET_DIR=/opt/rustwide/target" "-e" "CARGO_INCREMENTAL=0" "-e" "RUST_BACKTRACE=full" "-e" "RUSTFLAGS=--cap-lints=forbid -Zrandomize-layout" "-e" "RUSTDOCFLAGS=--cap-lints=forbid" "-e" "CARGO_HOME=/opt/rustwide/cargo-home" "-e" "RUSTUP_HOME=/opt/rustwide/rustup-home" "-w" "/opt/rustwide/workdir" "-m" "1610612736" "--user" "0:0" "--network" "none" "ghcr.io/rust-lang/crates-build-env/linux@sha256:819108c5571ea2e421544af4d832f968d213c87fbe3707a016657f43d2f853bc" "/opt/rustwide/cargo-home/bin/cargo" "+nightly-2025-01-18" "test" "--frozen", kill_on_drop: false }`
[INFO] [stdout] a30dfaf1bc79b3154495fedd8de2ae82d98c65db5f2fbcd4f6b47bd571c52eec
[INFO] running `Command { std: "docker" "start" "-a" "a30dfaf1bc79b3154495fedd8de2ae82d98c65db5f2fbcd4f6b47bd571c52eec", kill_on_drop: false }`
[INFO] [stderr]     Finished `test` profile [unoptimized + debuginfo] target(s) in 0.02s
[INFO] [stderr]      Running unittests src/lib.rs (/opt/rustwide/target/debug/deps/crml-23b0852b92ab8a33)
[INFO] [stdout] 
[INFO] [stdout] running 0 tests
[INFO] [stdout] 
[INFO] [stdout] test result: ok. 0 passed; 0 failed; 0 ignored; 0 measured; 0 filtered out; finished in 0.00s
[INFO] [stdout] 
[INFO] [stderr]      Running unittests src/lib.rs (/opt/rustwide/target/debug/deps/crml_core-7106083448bfff59)
[INFO] [stdout] 
[INFO] [stdout] running 0 tests
[INFO] [stdout] 
[INFO] [stdout] test result: ok. 0 passed; 0 failed; 0 ignored; 0 measured; 0 filtered out; finished in 0.00s
[INFO] [stdout] 
[INFO] [stderr]      Running unittests src/lib.rs (/opt/rustwide/target/debug/deps/crml_derive-be4b5426e45872e9)
[INFO] [stdout] 
[INFO] [stdout] running 0 tests
[INFO] [stdout] 
[INFO] [stdout] test result: ok. 0 passed; 0 failed; 0 ignored; 0 measured; 0 filtered out; finished in 0.00s
[INFO] [stdout] 
[INFO] [stderr]    Doc-tests crml
[INFO] [stdout] 
[INFO] [stdout] running 0 tests
[INFO] [stdout] 
[INFO] [stdout] test result: ok. 0 passed; 0 failed; 0 ignored; 0 measured; 0 filtered out; finished in 0.00s
[INFO] [stdout] 
[INFO] [stderr]    Doc-tests crml_derive
[INFO] [stdout] 
[INFO] [stdout] running 4 tests
[INFO] [stdout] test crates/crml-derive/src/lib.rs - template (line 47) ... FAILED
[INFO] [stdout] test crates/crml-derive/src/generator.rs - generator::Generator::consume (line 35) ... FAILED
[INFO] [stdout] test crates/crml-derive/src/generator.rs - generator::Generator::consume (line 59) ... FAILED
[INFO] [stdout] test crates/crml-derive/src/generator.rs - generator::Generator::consume (line 50) ... FAILED
[INFO] [stdout] 
[INFO] [stdout] failures:
[INFO] [stdout] 
[INFO] [stdout] ---- crates/crml-derive/src/lib.rs - template (line 47) stdout ----
[INFO] [stdout] error[E0432]: unresolved import `crml`
[INFO] [stdout]  --> crates/crml-derive/src/lib.rs:48:5
[INFO] [stdout]   |
[INFO] [stdout] 2 | use crml::{template, Template}; // import template macro *and* Template trait
[INFO] [stdout]   |     ^^^^ use of undeclared crate or module `crml`
[INFO] [stdout] 
[INFO] [stdout] error[E0599]: no method named `render` found for struct `MyStruct` in the current scope
[INFO] [stdout]   --> crates/crml-derive/src/lib.rs:57:48
[INFO] [stdout]    |
[INFO] [stdout] 5  | struct MyStruct {
[INFO] [stdout]    | --------------- method `render` not found for this struct
[INFO] [stdout] ...
[INFO] [stdout] 11 |     println!("rendered: {}", MyStruct { a: 1 }.render());
[INFO] [stdout]    |                                                ^^^^^^ method not found in `MyStruct`
[INFO] [stdout]    |
[INFO] [stdout]    = help: items from traits can only be used if the trait is implemented and in scope
[INFO] [stdout]    = note: the following trait defines an item `render`, perhaps you need to implement it:
[INFO] [stdout]            candidate #1: `crml_core::Template`
[INFO] [stdout] 
[INFO] [stdout] error: aborting due to 2 previous errors
[INFO] [stdout] 
[INFO] [stdout] Some errors have detailed explanations: E0432, E0599.
[INFO] [stdout] For more information about an error, try `rustc --explain E0432`.
[INFO] [stdout] Couldn't compile the test.
[INFO] [stdout] ---- crates/crml-derive/src/generator.rs - generator::Generator::consume (line 35) stdout ----
[INFO] [stdout] error[E0583]: file not found for module `crml`
[INFO] [stdout]  --> crates/crml-derive/src/generator.rs:37:1
[INFO] [stdout]   |
[INFO] [stdout] 3 | mod crml;
[INFO] [stdout]   | ^^^^^^^^^
[INFO] [stdout]   |
[INFO] [stdout]   = help: to create the module `crml`, create file "crates/crml-derive/src/crml.rs" or "crates/crml-derive/src/crml/mod.rs"
[INFO] [stdout]   = note: if there is a `mod crml` elsewhere in the crate already, import it with `use crate::...` instead
[INFO] [stdout] 
[INFO] [stdout] error: aborting due to 1 previous error
[INFO] [stdout] 
[INFO] [stdout] For more information about this error, try `rustc --explain E0583`.
[INFO] [stdout] Couldn't compile the test.
[INFO] [stdout] ---- crates/crml-derive/src/generator.rs - generator::Generator::consume (line 59) stdout ----
[INFO] [stdout] error[E0432]: unresolved import `crate::TestProps`
[INFO] [stdout]  --> crates/crml-derive/src/generator.rs:61:9
[INFO] [stdout]   |
[INFO] [stdout] 4 | pub use crate::TestProps;
[INFO] [stdout]   |         ^^^^^^^^^^^^^^^^ no `TestProps` in the root
[INFO] [stdout] 
[INFO] [stdout] error: aborting due to 1 previous error
[INFO] [stdout] 
[INFO] [stdout] For more information about this error, try `rustc --explain E0432`.
[INFO] [stdout] Couldn't compile the test.
[INFO] [stdout] ---- crates/crml-derive/src/generator.rs - generator::Generator::consume (line 50) stdout ----
[INFO] [stdout] error[E0433]: failed to resolve: there are too many leading `super` keywords
[INFO] [stdout]  --> crates/crml-derive/src/generator.rs:53:5
[INFO] [stdout]   |
[INFO] [stdout] 5 | use super::data::*;
[INFO] [stdout]   |     ^^^^^ there are too many leading `super` keywords
[INFO] [stdout] 
[INFO] [stdout] error[E0412]: cannot find type `TestProps` in this scope
[INFO] [stdout]  --> crates/crml-derive/src/generator.rs:54:28
[INFO] [stdout]   |
[INFO] [stdout] 6 | pub fn test_template(page: TestProps) -> String {
[INFO] [stdout]   |                            ^^^^^^^^^ not found in this scope
[INFO] [stdout] 
[INFO] [stdout] error[E0308]: mismatched types
[INFO] [stdout]  --> crates/crml-derive/src/generator.rs:54:42
[INFO] [stdout]   |
[INFO] [stdout] 6 | pub fn test_template(page: TestProps) -> String {
[INFO] [stdout]   |        -------------                     ^^^^^^ expected `String`, found `()`
[INFO] [stdout]   |        |
[INFO] [stdout]   |        implicitly returns `()` as its body has no tail or `return` expression
[INFO] [stdout] 
[INFO] [stdout] error: aborting due to 3 previous errors
[INFO] [stdout] 
[INFO] [stdout] Some errors have detailed explanations: E0308, E0412, E0433.
[INFO] [stdout] For more information about an error, try `rustc --explain E0308`.
[INFO] [stdout] Couldn't compile the test.
[INFO] [stdout] 
[INFO] [stdout] failures:
[INFO] [stdout]     crates/crml-derive/src/generator.rs - generator::Generator::consume (line 35)
[INFO] [stdout]     crates/crml-derive/src/generator.rs - generator::Generator::consume (line 50)
[INFO] [stdout]     crates/crml-derive/src/generator.rs - generator::Generator::consume (line 59)
[INFO] [stdout]     crates/crml-derive/src/lib.rs - template (line 47)
[INFO] [stdout] 
[INFO] [stdout] test result: FAILED. 0 passed; 4 failed; 0 ignored; 0 measured; 0 filtered out; finished in 0.14s
[INFO] [stdout] 
[INFO] [stderr] error: doctest failed, to rerun pass `-p crml-derive --doc`
[INFO] running `Command { std: "docker" "inspect" "a30dfaf1bc79b3154495fedd8de2ae82d98c65db5f2fbcd4f6b47bd571c52eec", kill_on_drop: false }`
[INFO] running `Command { std: "docker" "rm" "-f" "a30dfaf1bc79b3154495fedd8de2ae82d98c65db5f2fbcd4f6b47bd571c52eec", kill_on_drop: false }`
[INFO] [stdout] a30dfaf1bc79b3154495fedd8de2ae82d98c65db5f2fbcd4f6b47bd571c52eec
