[INFO] cloning repository https://github.com/trinhminhtriet/cargo-kit
[INFO] running `Command { std: "git" "-c" "credential.helper=" "-c" "credential.helper=/workspace/cargo-home/bin/git-credential-null" "clone" "--bare" "https://github.com/trinhminhtriet/cargo-kit" "/workspace/cache/git-repos/https%3A%2F%2Fgithub.com%2Ftrinhminhtriet%2Fcargo-kit", kill_on_drop: false }`
[INFO] [stderr] Cloning into bare repository '/workspace/cache/git-repos/https%3A%2F%2Fgithub.com%2Ftrinhminhtriet%2Fcargo-kit'...
[INFO] running `Command { std: "git" "rev-parse" "HEAD", kill_on_drop: false }`
[INFO] [stdout] 5a5fa78ec5f6e031903ae206abd48f0222889f4e
[INFO] testing trinhminhtriet/cargo-kit against nightly-2025-01-18+rustflags=-Zrandomize-layout for randomize-layout-2
[INFO] running `Command { std: "git" "clone" "/workspace/cache/git-repos/https%3A%2F%2Fgithub.com%2Ftrinhminhtriet%2Fcargo-kit" "/workspace/builds/worker-0-tc2/source", kill_on_drop: false }`
[INFO] [stderr] Cloning into '/workspace/builds/worker-0-tc2/source'...
[INFO] [stderr] done.
[INFO] validating manifest of git repo https://github.com/trinhminhtriet/cargo-kit on toolchain nightly-2025-01-18
[INFO] running `Command { std: CARGO_HOME="/workspace/cargo-home" RUSTUP_HOME="/workspace/rustup-home" "/workspace/cargo-home/bin/cargo" "+nightly-2025-01-18" "metadata" "--manifest-path" "Cargo.toml" "--no-deps", kill_on_drop: false }`
[INFO] started tweaking git repo https://github.com/trinhminhtriet/cargo-kit
[INFO] finished tweaking git repo https://github.com/trinhminhtriet/cargo-kit
[INFO] tweaked toml for git repo https://github.com/trinhminhtriet/cargo-kit written to /workspace/builds/worker-0-tc2/source/Cargo.toml
[INFO] crate git repo https://github.com/trinhminhtriet/cargo-kit already has a lockfile, it will not be regenerated
[INFO] running `Command { std: CARGO_HOME="/workspace/cargo-home" RUSTUP_HOME="/workspace/rustup-home" "/workspace/cargo-home/bin/cargo" "+nightly-2025-01-18" "fetch" "--manifest-path" "Cargo.toml", kill_on_drop: false }`
[INFO] running `Command { std: "docker" "create" "-v" "/var/lib/crater-agent-workspace/builds/worker-0-tc2/target:/opt/rustwide/target:rw,Z" "-v" "/var/lib/crater-agent-workspace/builds/worker-0-tc2/source:/opt/rustwide/workdir:ro,Z" "-v" "/var/lib/crater-agent-workspace/cargo-home:/opt/rustwide/cargo-home:ro,Z" "-v" "/var/lib/crater-agent-workspace/rustup-home:/opt/rustwide/rustup-home:ro,Z" "-e" "SOURCE_DIR=/opt/rustwide/workdir" "-e" "CARGO_TARGET_DIR=/opt/rustwide/target" "-e" "CARGO_HOME=/opt/rustwide/cargo-home" "-e" "RUSTUP_HOME=/opt/rustwide/rustup-home" "-w" "/opt/rustwide/workdir" "-m" "1610612736" "--user" "0:0" "--network" "none" "ghcr.io/rust-lang/crates-build-env/linux@sha256:819108c5571ea2e421544af4d832f968d213c87fbe3707a016657f43d2f853bc" "/opt/rustwide/cargo-home/bin/cargo" "+nightly-2025-01-18" "metadata" "--no-deps" "--format-version=1", kill_on_drop: false }`
[INFO] [stdout] 52b604db60e3b60e102a019ef0ef31f2b0110c991ba851b907653fa5f8f798c0
[INFO] running `Command { std: "docker" "start" "-a" "52b604db60e3b60e102a019ef0ef31f2b0110c991ba851b907653fa5f8f798c0", kill_on_drop: false }`
[INFO] running `Command { std: "docker" "inspect" "52b604db60e3b60e102a019ef0ef31f2b0110c991ba851b907653fa5f8f798c0", kill_on_drop: false }`
[INFO] running `Command { std: "docker" "rm" "-f" "52b604db60e3b60e102a019ef0ef31f2b0110c991ba851b907653fa5f8f798c0", kill_on_drop: false }`
[INFO] [stdout] 52b604db60e3b60e102a019ef0ef31f2b0110c991ba851b907653fa5f8f798c0
[INFO] running `Command { std: "docker" "create" "-v" "/var/lib/crater-agent-workspace/builds/worker-0-tc2/target:/opt/rustwide/target:rw,Z" "-v" "/var/lib/crater-agent-workspace/builds/worker-0-tc2/source:/opt/rustwide/workdir:ro,Z" "-v" "/var/lib/crater-agent-workspace/cargo-home:/opt/rustwide/cargo-home:ro,Z" "-v" "/var/lib/crater-agent-workspace/rustup-home:/opt/rustwide/rustup-home:ro,Z" "-e" "SOURCE_DIR=/opt/rustwide/workdir" "-e" "CARGO_TARGET_DIR=/opt/rustwide/target" "-e" "CARGO_INCREMENTAL=0" "-e" "RUST_BACKTRACE=full" "-e" "RUSTFLAGS=--cap-lints=forbid -Zrandomize-layout" "-e" "RUSTDOCFLAGS=--cap-lints=forbid" "-e" "CARGO_HOME=/opt/rustwide/cargo-home" "-e" "RUSTUP_HOME=/opt/rustwide/rustup-home" "-w" "/opt/rustwide/workdir" "-m" "1610612736" "--user" "0:0" "--network" "none" "ghcr.io/rust-lang/crates-build-env/linux@sha256:819108c5571ea2e421544af4d832f968d213c87fbe3707a016657f43d2f853bc" "/opt/rustwide/cargo-home/bin/cargo" "+nightly-2025-01-18" "build" "--frozen" "--message-format=json", kill_on_drop: false }`
[INFO] [stdout] a68dc8b767933942dee53a6e850dc9025e5d7f0e15985fd2abdb0875099c7dbf
[INFO] running `Command { std: "docker" "start" "-a" "a68dc8b767933942dee53a6e850dc9025e5d7f0e15985fd2abdb0875099c7dbf", kill_on_drop: false }`
[INFO] [stderr]    Compiling proc-macro2 v1.0.92
[INFO] [stderr]    Compiling unicode-ident v1.0.13
[INFO] [stderr]    Compiling libc v0.2.161
[INFO] [stderr]    Compiling serde v1.0.214
[INFO] [stderr]    Compiling cfg-if v1.0.0
[INFO] [stderr]    Compiling autocfg v1.4.0
[INFO] [stderr]    Compiling parking_lot_core v0.9.10
[INFO] [stderr]    Compiling signal-hook v0.3.17
[INFO] [stderr]    Compiling scopeguard v1.2.0
[INFO] [stderr]    Compiling once_cell v1.20.2
[INFO] [stderr]    Compiling semver v1.0.23
[INFO] [stderr]    Compiling log v0.4.22
[INFO] [stderr]    Compiling smallvec v1.13.2
[INFO] [stderr]    Compiling utf8parse v0.2.2
[INFO] [stderr]    Compiling anstyle v1.0.9
[INFO] [stderr]    Compiling anstyle-query v1.1.2
[INFO] [stderr]    Compiling anstyle-parse v0.2.6
[INFO] [stderr]    Compiling rustix v0.38.41
[INFO] [stderr]    Compiling colorchoice v1.0.3
[INFO] [stderr]    Compiling serde_json v1.0.132
[INFO] [stderr]    Compiling bitflags v2.6.0
[INFO] [stderr]    Compiling camino v1.1.9
[INFO] [stderr]    Compiling is_terminal_polyfill v1.70.1
[INFO] [stderr]    Compiling lock_api v0.4.12
[INFO] [stderr]    Compiling thiserror v2.0.9
[INFO] [stderr]    Compiling anstream v0.6.17
[INFO] [stderr]    Compiling thread_local v1.1.8
[INFO] [stderr]    Compiling quote v1.0.37
[INFO] [stderr]    Compiling thiserror v1.0.66
[INFO] [stderr]    Compiling ryu v1.0.18
[INFO] [stderr]    Compiling linux-raw-sys v0.4.14
[INFO] [stderr]    Compiling byteorder v1.5.0
[INFO] [stderr]    Compiling syn v2.0.93
[INFO] [stderr]    Compiling hashbrown v0.15.0
[INFO] [stderr]    Compiling unicode-segmentation v1.12.0
[INFO] [stderr]    Compiling itoa v1.0.11
[INFO] [stderr]    Compiling signal-hook-registry v1.4.2
[INFO] [stderr]    Compiling mio v0.8.11
[INFO] [stderr]    Compiling heck v0.5.0
[INFO] [stderr]    Compiling parking_lot v0.12.3
[INFO] [stderr]    Compiling clap_lex v0.7.4
[INFO] [stderr]    Compiling bitflags v1.3.2
[INFO] [stderr]    Compiling strsim v0.11.1
[INFO] [stderr]    Compiling equivalent v1.0.1
[INFO] [stderr]    Compiling memchr v2.7.4
[INFO] [stderr]    Compiling anyhow v1.0.95
[INFO] [stderr]    Compiling signal-hook-mio v0.2.4
[INFO] [stderr]    Compiling clap_builder v4.5.23
[INFO] [stderr]    Compiling crossterm v0.25.0
[INFO] [stderr]    Compiling indexmap v2.7.0
[INFO] [stderr]    Compiling newline-converter v0.3.0
[INFO] [stderr]    Compiling fxhash v0.2.1
[INFO] [stderr]    Compiling fuzzy-matcher v0.3.7
[INFO] [stderr]    Compiling unicode-width v0.2.0
[INFO] [stderr]    Compiling dyn-clone v1.0.17
[INFO] [stderr]    Compiling either v1.13.0
[INFO] [stderr]    Compiling toml_datetime v0.6.8
[INFO] [stderr]    Compiling unicode-width v0.1.14
[INFO] [stderr]    Compiling env_home v0.1.0
[INFO] [stderr]    Compiling winnow v0.6.20
[INFO] [stderr]    Compiling console v0.15.10
[INFO] [stderr]    Compiling inquire v0.7.5
[INFO] [stderr]    Compiling atty v0.2.14
[INFO] [stderr]    Compiling similar v2.6.0
[INFO] [stderr]    Compiling which v7.0.1
[INFO] [stderr]    Compiling toml_edit v0.22.22
[INFO] [stderr]    Compiling serde_derive v1.0.214
[INFO] [stderr]    Compiling thiserror-impl v2.0.9
[INFO] [stderr]    Compiling thiserror-impl v1.0.66
[INFO] [stderr]    Compiling clap_derive v4.5.18
[INFO] [stderr]    Compiling clap v4.5.23
[INFO] [stderr]    Compiling cargo-platform v0.1.8
[INFO] [stderr]    Compiling rustc_version v0.4.1
[INFO] [stderr]    Compiling cargo_metadata v0.19.1
[INFO] [stderr]    Compiling cargo-kit v0.1.8 (/opt/rustwide/workdir)
[INFO] [stderr]     Finished `dev` profile [unoptimized] target(s) in 37.15s
[INFO] running `Command { std: "docker" "inspect" "a68dc8b767933942dee53a6e850dc9025e5d7f0e15985fd2abdb0875099c7dbf", kill_on_drop: false }`
[INFO] running `Command { std: "docker" "rm" "-f" "a68dc8b767933942dee53a6e850dc9025e5d7f0e15985fd2abdb0875099c7dbf", kill_on_drop: false }`
[INFO] [stdout] a68dc8b767933942dee53a6e850dc9025e5d7f0e15985fd2abdb0875099c7dbf
[INFO] running `Command { std: "docker" "create" "-v" "/var/lib/crater-agent-workspace/builds/worker-0-tc2/target:/opt/rustwide/target:rw,Z" "-v" "/var/lib/crater-agent-workspace/builds/worker-0-tc2/source:/opt/rustwide/workdir:ro,Z" "-v" "/var/lib/crater-agent-workspace/cargo-home:/opt/rustwide/cargo-home:ro,Z" "-v" "/var/lib/crater-agent-workspace/rustup-home:/opt/rustwide/rustup-home:ro,Z" "-e" "SOURCE_DIR=/opt/rustwide/workdir" "-e" "CARGO_TARGET_DIR=/opt/rustwide/target" "-e" "CARGO_INCREMENTAL=0" "-e" "RUST_BACKTRACE=full" "-e" "RUSTFLAGS=--cap-lints=forbid -Zrandomize-layout" "-e" "RUSTDOCFLAGS=--cap-lints=forbid" "-e" "CARGO_HOME=/opt/rustwide/cargo-home" "-e" "RUSTUP_HOME=/opt/rustwide/rustup-home" "-w" "/opt/rustwide/workdir" "-m" "1610612736" "--user" "0:0" "--network" "none" "ghcr.io/rust-lang/crates-build-env/linux@sha256:819108c5571ea2e421544af4d832f968d213c87fbe3707a016657f43d2f853bc" "/opt/rustwide/cargo-home/bin/cargo" "+nightly-2025-01-18" "test" "--frozen" "--no-run" "--message-format=json", kill_on_drop: false }`
[INFO] [stdout] 1bbd7e6e9fbd00ea19625786a0956981dfc978c535024eedc42203c566ad0d62
[INFO] running `Command { std: "docker" "start" "-a" "1bbd7e6e9fbd00ea19625786a0956981dfc978c535024eedc42203c566ad0d62", kill_on_drop: false }`
[INFO] [stderr]    Compiling libc v0.2.161
[INFO] [stderr]    Compiling rustix v0.38.41
[INFO] [stderr]    Compiling aho-corasick v1.1.3
[INFO] [stderr]    Compiling regex-syntax v0.8.5
[INFO] [stderr]    Compiling fastrand v2.1.1
[INFO] [stderr]    Compiling linked-hash-map v0.5.6
[INFO] [stderr]    Compiling comma v1.0.0
[INFO] [stderr]    Compiling lazy_static v1.5.0
[INFO] [stderr]    Compiling regex-automata v0.4.8
[INFO] [stderr]    Compiling signal-hook-registry v1.4.2
[INFO] [stderr]    Compiling mio v0.8.11
[INFO] [stderr]    Compiling parking_lot_core v0.9.10
[INFO] [stderr]    Compiling parking_lot v0.12.3
[INFO] [stderr]    Compiling signal-hook v0.3.17
[INFO] [stderr]    Compiling console v0.15.10
[INFO] [stderr]    Compiling atty v0.2.14
[INFO] [stderr]    Compiling signal-hook-mio v0.2.4
[INFO] [stderr]    Compiling crossterm v0.25.0
[INFO] [stderr]    Compiling nix v0.27.1
[INFO] [stderr]    Compiling insta v1.41.1
[INFO] [stderr]    Compiling which v7.0.1
[INFO] [stderr]    Compiling tempfile v3.14.0
[INFO] [stderr]    Compiling inquire v0.7.5
[INFO] [stderr]    Compiling cargo-kit v0.1.8 (/opt/rustwide/workdir)
[INFO] [stderr]    Compiling regex v1.11.1
[INFO] [stderr]    Compiling rexpect v0.6.0
[INFO] [stdout] warning: use of deprecated type alias `toml_edit::Document`: Replaced with `DocumentMut`
[INFO] [stdout]    --> src/workspace/config.rs:156:20
[INFO] [stdout]     |
[INFO] [stdout] 156 |     use toml_edit::Document;
[INFO] [stdout]     |                    ^^^^^^^^
[INFO] [stdout]     |
[INFO] [stdout]     = note: `#[warn(deprecated)]` on by default
[INFO] [stdout] 
[INFO] [stdout] 
[INFO] [stdout] warning: use of deprecated type alias `toml_edit::Document`: Replaced with `DocumentMut`
[INFO] [stdout]    --> src/workspace/config.rs:288:23
[INFO] [stdout]     |
[INFO] [stdout] 288 |             document: Document::from_str(text).unwrap(),
[INFO] [stdout]     |                       ^^^^^^^^
[INFO] [stdout] 
[INFO] [stdout] 
[INFO] [stderr]     Finished `test` profile [unoptimized] target(s) in 17.01s
[INFO] running `Command { std: "docker" "inspect" "1bbd7e6e9fbd00ea19625786a0956981dfc978c535024eedc42203c566ad0d62", kill_on_drop: false }`
[INFO] running `Command { std: "docker" "rm" "-f" "1bbd7e6e9fbd00ea19625786a0956981dfc978c535024eedc42203c566ad0d62", kill_on_drop: false }`
[INFO] [stdout] 1bbd7e6e9fbd00ea19625786a0956981dfc978c535024eedc42203c566ad0d62
[INFO] running `Command { std: "docker" "create" "-v" "/var/lib/crater-agent-workspace/builds/worker-0-tc2/target:/opt/rustwide/target:rw,Z" "-v" "/var/lib/crater-agent-workspace/builds/worker-0-tc2/source:/opt/rustwide/workdir:ro,Z" "-v" "/var/lib/crater-agent-workspace/cargo-home:/opt/rustwide/cargo-home:ro,Z" "-v" "/var/lib/crater-agent-workspace/rustup-home:/opt/rustwide/rustup-home:ro,Z" "-e" "SOURCE_DIR=/opt/rustwide/workdir" "-e" "CARGO_TARGET_DIR=/opt/rustwide/target" "-e" "CARGO_INCREMENTAL=0" "-e" "RUST_BACKTRACE=full" "-e" "RUSTFLAGS=--cap-lints=forbid -Zrandomize-layout" "-e" "RUSTDOCFLAGS=--cap-lints=forbid" "-e" "CARGO_HOME=/opt/rustwide/cargo-home" "-e" "RUSTUP_HOME=/opt/rustwide/rustup-home" "-w" "/opt/rustwide/workdir" "-m" "1610612736" "--user" "0:0" "--network" "none" "ghcr.io/rust-lang/crates-build-env/linux@sha256:819108c5571ea2e421544af4d832f968d213c87fbe3707a016657f43d2f853bc" "/opt/rustwide/cargo-home/bin/cargo" "+nightly-2025-01-18" "test" "--frozen", kill_on_drop: false }`
[INFO] [stdout] 0c2316f01a7b603d32f9ebd77838db2837754480d9454a00acf3d7bb2a097beb
[INFO] running `Command { std: "docker" "start" "-a" "0c2316f01a7b603d32f9ebd77838db2837754480d9454a00acf3d7bb2a097beb", kill_on_drop: false }`
[INFO] [stderr] warning: use of deprecated type alias `toml_edit::Document`: Replaced with `DocumentMut`
[INFO] [stderr]    --> src/workspace/config.rs:156:20
[INFO] [stderr]     |
[INFO] [stderr] 156 |     use toml_edit::Document;
[INFO] [stderr]     |                    ^^^^^^^^
[INFO] [stderr]     |
[INFO] [stderr]     = note: `#[warn(deprecated)]` on by default
[INFO] [stderr] 
[INFO] [stderr] warning: use of deprecated type alias `toml_edit::Document`: Replaced with `DocumentMut`
[INFO] [stderr]    --> src/workspace/config.rs:288:23
[INFO] [stderr]     |
[INFO] [stderr] 288 |             document: Document::from_str(text).unwrap(),
[INFO] [stderr]     |                       ^^^^^^^^
[INFO] [stderr] 
[INFO] [stderr] warning: `cargo-kit` (lib test) generated 2 warnings
[INFO] [stderr]     Finished `test` profile [unoptimized] target(s) in 0.13s
[INFO] [stderr]      Running unittests src/lib.rs (/opt/rustwide/target/debug/deps/cargo_kit-c48d6f685e518d80)
[INFO] [stdout] 
[INFO] [stdout] running 10 tests
[INFO] [stdout] test predefined::tests::create_fast_compile_template ... ok
[INFO] [stdout] test predefined::tests::create_fast_runtime_template ... ok
[INFO] [stdout] test predefined::tests::create_min_size_template ... ok
[INFO] [stdout] test workspace::config::tests::create_rustflags ... ok
[INFO] [stdout] test workspace::config::tests::append_to_array_rustflags ... ok
[INFO] [stdout] test workspace::config::tests::append_to_empty_string_rustflags ... ok
[INFO] [stdout] test workspace::config::tests::append_to_string_rustflags_keep_formatting ... ok
[INFO] [stdout] test workspace::config::tests::ignore_existing_entry ... ok
[INFO] [stdout] test workspace::config::tests::append_to_string_rustflags ... ok
[INFO] [stdout] test workspace::config::tests::replace_rustflag_value ... ok
[INFO] [stdout] 
[INFO] [stdout] test result: ok. 10 passed; 0 failed; 0 ignored; 0 measured; 0 filtered out; finished in 0.07s
[INFO] [stdout] 
[INFO] [stderr]      Running unittests src/main.rs (/opt/rustwide/target/debug/deps/cargo_kit-0c79b2685d2fa56f)
[INFO] [stdout] 
[INFO] [stdout] running 2 tests
[INFO] [stdout] test dialog::known_options::tests::test_parse_target_cpu_list ... ok
[INFO] [stdout] test dialog::known_options::tests::get_profile_id_possible_values ... ok
[INFO] [stdout] 
[INFO] [stdout] test result: ok. 2 passed; 0 failed; 0 ignored; 0 measured; 0 filtered out; finished in 0.13s
[INFO] [stdout] 
[INFO] [stdout] 
[INFO] [stdout] running 29 tests
[INFO] [stderr]      Running tests/integration/main.rs (/opt/rustwide/target/debug/deps/integration-5033e4d2d5be897f)
[INFO] [stdout] test apply::apply_missing_custom ... FAILED
[INFO] [stdout] test apply::apply_missing_builtin ... FAILED
[INFO] [stdout] test apply::apply_existing_keep_formatting ... FAILED
[INFO] [stdout] test apply::apply_existing_custom ... FAILED
[INFO] [stdout] test apply::apply_existing_builtin ... FAILED
[INFO] [stdout] test apply::apply_explicit_manifest_path ... FAILED
[INFO] [stdout] test apply::apply_fast_runtime_template ... FAILED
[INFO] [stdout] test apply::apply_min_size_template ... FAILED
[INFO] [stdout] test dialog::dialog_check_nightly_output ... FAILED
[INFO] [stdout] test dialog::dialog_append_to_config ... FAILED
[INFO] [stdout] test dialog::dialog_create_config ... FAILED
[INFO] [stdout] test dialog::dialog_codegen_backend_add_cargo_features ... FAILED
[INFO] [stdout] test apply::resolve_workspace_root ... FAILED
[INFO] [stdout] test dialog::dialog_codegen_backend_append_to_cargo_features ... FAILED
[INFO] [stdout] test dialog::dialog_codegen_backend_nightly_mark ... FAILED
[INFO] [stdout] test dialog::dialog_deny_diff ... FAILED
[INFO] [stdout] test dialog::dialog_fast_compile_to_custom_profile ... FAILED
[INFO] [stdout] test dialog::dialog_fast_compile_nightly ... FAILED
[INFO] [stdout] test dialog::dialog_do_not_skip_default_value_for_custom_profile ... FAILED
[INFO] [stdout] test dialog::dialog_invalid_profile_name ... FAILED
[INFO] [stdout] test dialog::dialog_empty_profile_name ... FAILED
[INFO] [stdout] test dialog::dialog_find_custom_profile ... FAILED
[INFO] [stdout] test dialog::dialog_fast_compile_to_dev ... FAILED
[INFO] [stdout] test dialog::dialog_fast_compile_to_new_profile ... FAILED
[INFO] [stdout] test dialog::dialog_min_size_to_release ... FAILED
[INFO] [stdout] test dialog::dialog_set_modified_default_for_dev ... FAILED
[INFO] [stdout] test dialog::dialog_unset_item ... FAILED
[INFO] [stdout] test dialog::dialog_skip_default_value_for_dev ... FAILED
[INFO] [stdout] test dialog::dialog_skip_existing_flags_in_config ... FAILED
[INFO] [stdout] 
[INFO] [stdout] failures:
[INFO] [stdout] 
[INFO] [stdout] ---- apply::apply_missing_custom stdout ----
[INFO] [stdout] Created Cargo project foo at /tmp/.tmpB7QoTo/foo
[INFO] [stdout] Stdout: 
[INFO] [stdout] Stderr: error: no such command: `kit`
[INFO] [stdout] 
[INFO] [stdout] 	Did you mean `fix`?
[INFO] [stdout] 
[INFO] [stdout] 	View all installed commands with `cargo --list`
[INFO] [stdout] 	Find a package to install `kit` with `cargo search cargo-kit`
[INFO] [stdout] 
[INFO] [stdout] 
[INFO] [stdout] thread 'apply::apply_missing_custom' panicked at tests/integration/utils/mod.rs:169:13:
[INFO] [stdout] Output was not successful
[INFO] [stdout] stack backtrace:
[INFO] [stdout]    0:     0x646c96263a7a - <std::sys::backtrace::BacktraceLock::print::DisplayBacktrace as core::fmt::Display>::fmt::h71a62eb3b9696b12
[INFO] [stdout]    1:     0x646c9628fa33 - core::fmt::write::h2cc1698af7e2d686
[INFO] [stdout]    2:     0x646c9625eef3 - std::io::Write::write_fmt::hab1b4cd059a79022
[INFO] [stdout]    3:     0x646c962638c2 - std::sys::backtrace::BacktraceLock::print::h147fe35b4ea13b08
[INFO] [stdout]    4:     0x646c96264e9f - std::panicking::default_hook::{{closure}}::hbd44223dbdc0d208
[INFO] [stdout]    5:     0x646c96264cb8 - std::panicking::default_hook::h20f81eb0576efcec
[INFO] [stdout]    6:     0x646c95fdcce3 - test::test_main::{{closure}}::hc0a4963c59427c24
[INFO] [stdout]    7:     0x646c96265993 - std::panicking::rust_panic_with_hook::h625eea43051b2edc
[INFO] [stdout]    8:     0x646c96265616 - std::panicking::begin_panic_handler::{{closure}}::h4f9159cfbc3f6bd3
[INFO] [stdout]    9:     0x646c96263f79 - std::sys::backtrace::__rust_end_short_backtrace::h0390abce48353151
[INFO] [stdout]   10:     0x646c962652dd - rust_begin_unwind
[INFO] [stdout]   11:     0x646c9628d490 - core::panicking::panic_fmt::h9e7c637e9e5f29c9
[INFO] [stdout]   12:     0x646c95ea6305 - <std::process::Output as integration::utils::OutputExt>::assert_ok::hadd0a25820904936
[INFO] [stdout]   13:     0x646c95e8ec4d - integration::apply::apply::h2acce1806ab187d8
[INFO] [stdout]   14:     0x646c95e936fe - integration::apply::apply_missing_custom::h175f9ea25a852097
[INFO] [stdout]   15:     0x646c95e935c3 - integration::apply::apply_missing_custom::{{closure}}::h455ca8454c2a3e60
[INFO] [stdout]   16:     0x646c95ea3586 - core::ops::function::FnOnce::call_once::h8d4e89d647fe6da7
[INFO] [stdout]   17:     0x646c95fe243b - test::__rust_begin_short_backtrace::h4e84902998457a5d
[INFO] [stdout]   18:     0x646c95fe1373 - test::run_test::{{closure}}::hfb2007f8649c30bb
[INFO] [stdout]   19:     0x646c95fa4455 - std::sys::backtrace::__rust_begin_short_backtrace::hd2d2d2fb8e8c6aac
[INFO] [stdout]   20:     0x646c95fa7d3a - core::ops::function::FnOnce::call_once{{vtable.shim}}::h048ce291ad4f62bf
[INFO] [stdout]   21:     0x646c9626ab6b - std::sys::pal::unix::thread::Thread::new::thread_start::h2d970728ae887adc
[INFO] [stdout]   22:     0x701735eafac3 - <unknown>
[INFO] [stdout]   23:     0x701735f40a04 - clone
[INFO] [stdout]   24:                0x0 - <unknown>
[INFO] [stdout] Directory of failed test located at: /tmp/.tmpB7QoTo
[INFO] [stdout] 
[INFO] [stdout] ---- apply::apply_missing_builtin stdout ----
[INFO] [stdout] Created Cargo project foo at /tmp/.tmp3ZHd4l/foo
[INFO] [stdout] Stdout: 
[INFO] [stdout] Stderr: error: no such command: `kit`
[INFO] [stdout] 
[INFO] [stdout] 	Did you mean `fix`?
[INFO] [stdout] 
[INFO] [stdout] 	View all installed commands with `cargo --list`
[INFO] [stdout] 	Find a package to install `kit` with `cargo search cargo-kit`
[INFO] [stdout] 
[INFO] [stdout] 
[INFO] [stdout] thread 'apply::apply_missing_builtin' panicked at tests/integration/utils/mod.rs:169:13:
[INFO] [stdout] Output was not successful
[INFO] [stdout] stack backtrace:
[INFO] [stdout]    0:     0x646c96263a7a - <std::sys::backtrace::BacktraceLock::print::DisplayBacktrace as core::fmt::Display>::fmt::h71a62eb3b9696b12
[INFO] [stdout]    1:     0x646c9628fa33 - core::fmt::write::h2cc1698af7e2d686
[INFO] [stdout]    2:     0x646c9625eef3 - std::io::Write::write_fmt::hab1b4cd059a79022
[INFO] [stdout]    3:     0x646c962638c2 - std::sys::backtrace::BacktraceLock::print::h147fe35b4ea13b08
[INFO] [stdout]    4:     0x646c96264e9f - std::panicking::default_hook::{{closure}}::hbd44223dbdc0d208
[INFO] [stdout]    5:     0x646c96264cb8 - std::panicking::default_hook::h20f81eb0576efcec
[INFO] [stdout]    6:     0x646c95fdcce3 - test::test_main::{{closure}}::hc0a4963c59427c24
[INFO] [stdout]    7:     0x646c96265993 - std::panicking::rust_panic_with_hook::h625eea43051b2edc
[INFO] [stdout]    8:     0x646c96265616 - std::panicking::begin_panic_handler::{{closure}}::h4f9159cfbc3f6bd3
[INFO] [stdout]    9:     0x646c96263f79 - std::sys::backtrace::__rust_end_short_backtrace::h0390abce48353151
[INFO] [stdout]   10:     0x646c962652dd - rust_begin_unwind
[INFO] [stdout]   11:     0x646c9628d490 - core::panicking::panic_fmt::h9e7c637e9e5f29c9
[INFO] [stdout]   12:     0x646c95ea6305 - <std::process::Output as integration::utils::OutputExt>::assert_ok::hadd0a25820904936
[INFO] [stdout]   13:     0x646c95e8ec4d - integration::apply::apply::h2acce1806ab187d8
[INFO] [stdout]   14:     0x646c95e926ee - integration::apply::apply_missing_builtin::ha28a4dc7e7d26a38
[INFO] [stdout]   15:     0x646c95e925b3 - integration::apply::apply_missing_builtin::{{closure}}::h34bfec1c99a3509d
[INFO] [stdout]   16:     0x646c95ea37c6 - core::ops::function::FnOnce::call_once::hc00f10931f45b12d
[INFO] [stdout]   17:     0x646c95fe243b - test::__rust_begin_short_backtrace::h4e84902998457a5d
[INFO] [stdout]   18:     0x646c95fe1373 - test::run_test::{{closure}}::hfb2007f8649c30bb
[INFO] [stdout]   19:     0x646c95fa4455 - std::sys::backtrace::__rust_begin_short_backtrace::hd2d2d2fb8e8c6aac
[INFO] [stdout]   20:     0x646c95fa7d3a - core::ops::function::FnOnce::call_once{{vtable.shim}}::h048ce291ad4f62bf
[INFO] [stdout]   21:     0x646c9626ab6b - std::sys::pal::unix::thread::Thread::new::thread_start::h2d970728ae887adc
[INFO] [stdout]   22:     0x701735eafac3 - <unknown>
[INFO] [stdout]   23:     0x701735f40a04 - clone
[INFO] [stdout]   24:                0x0 - <unknown>
[INFO] [stdout] Directory of failed test located at: /tmp/.tmp3ZHd4l
[INFO] [stdout] 
[INFO] [stdout] ---- apply::apply_existing_keep_formatting stdout ----
[INFO] [stdout] Created Cargo project foo at /tmp/.tmplBQvBu/foo
[INFO] [stdout] Stdout: 
[INFO] [stdout] Stderr: error: no such command: `kit`
[INFO] [stdout] 
[INFO] [stdout] 	Did you mean `fix`?
[INFO] [stdout] 
[INFO] [stdout] 	View all installed commands with `cargo --list`
[INFO] [stdout] 	Find a package to install `kit` with `cargo search cargo-kit`
[INFO] [stdout] 
[INFO] [stdout] 
[INFO] [stdout] thread 'apply::apply_existing_keep_formatting' panicked at tests/integration/utils/mod.rs:169:13:
[INFO] [stdout] Output was not successful
[INFO] [stdout] stack backtrace:
[INFO] [stdout]    0:     0x646c96263a7a - <std::sys::backtrace::BacktraceLock::print::DisplayBacktrace as core::fmt::Display>::fmt::h71a62eb3b9696b12
[INFO] [stdout]    1:     0x646c9628fa33 - core::fmt::write::h2cc1698af7e2d686
[INFO] [stdout]    2:     0x646c9625eef3 - std::io::Write::write_fmt::hab1b4cd059a79022
[INFO] [stdout]    3:     0x646c962638c2 - std::sys::backtrace::BacktraceLock::print::h147fe35b4ea13b08
[INFO] [stdout]    4:     0x646c96264e9f - std::panicking::default_hook::{{closure}}::hbd44223dbdc0d208
[INFO] [stdout]    5:     0x646c96264cb8 - std::panicking::default_hook::h20f81eb0576efcec
[INFO] [stdout]    6:     0x646c95fdcce3 - test::test_main::{{closure}}::hc0a4963c59427c24
[INFO] [stdout]    7:     0x646c96265993 - std::panicking::rust_panic_with_hook::h625eea43051b2edc
[INFO] [stdout]    8:     0x646c96265616 - std::panicking::begin_panic_handler::{{closure}}::h4f9159cfbc3f6bd3
[INFO] [stdout]    9:     0x646c96263f79 - std::sys::backtrace::__rust_end_short_backtrace::h0390abce48353151
[INFO] [stdout]   10:     0x646c962652dd - rust_begin_unwind
[INFO] [stdout]   11:     0x646c9628d490 - core::panicking::panic_fmt::h9e7c637e9e5f29c9
[INFO] [stdout]   12:     0x646c95ea6305 - <std::process::Output as integration::utils::OutputExt>::assert_ok::hadd0a25820904936
[INFO] [stdout]   13:     0x646c95e8ec4d - integration::apply::apply::h2acce1806ab187d8
[INFO] [stdout]   14:     0x646c95e94772 - integration::apply::apply_existing_keep_formatting::hf9ec956a61d26d95
[INFO] [stdout]   15:     0x646c95e945d3 - integration::apply::apply_existing_keep_formatting::{{closure}}::h1cce4d344d9b3b12
[INFO] [stdout]   16:     0x646c95ea3316 - core::ops::function::FnOnce::call_once::h244e8d1d3fdcf08b
[INFO] [stdout]   17:     0x646c95fe243b - test::__rust_begin_short_backtrace::h4e84902998457a5d
[INFO] [stdout]   18:     0x646c95fe1373 - test::run_test::{{closure}}::hfb2007f8649c30bb
[INFO] [stdout]   19:     0x646c95fa4455 - std::sys::backtrace::__rust_begin_short_backtrace::hd2d2d2fb8e8c6aac
[INFO] [stdout]   20:     0x646c95fa7d3a - core::ops::function::FnOnce::call_once{{vtable.shim}}::h048ce291ad4f62bf
[INFO] [stdout]   21:     0x646c9626ab6b - std::sys::pal::unix::thread::Thread::new::thread_start::h2d970728ae887adc
[INFO] [stdout]   22:     0x701735eafac3 - <unknown>
[INFO] [stdout]   23:     0x701735f40a04 - clone
[INFO] [stdout]   24:                0x0 - <unknown>
[INFO] [stdout] Directory of failed test located at: /tmp/.tmplBQvBu
[INFO] [stdout] 
[INFO] [stdout] ---- apply::apply_existing_custom stdout ----
[INFO] [stdout] Created Cargo project foo at /tmp/.tmpH6IZTs/foo
[INFO] [stdout] Stdout: 
[INFO] [stdout] Stderr: error: no such command: `kit`
[INFO] [stdout] 
[INFO] [stdout] 	Did you mean `fix`?
[INFO] [stdout] 
[INFO] [stdout] 	View all installed commands with `cargo --list`
[INFO] [stdout] 	Find a package to install `kit` with `cargo search cargo-kit`
[INFO] [stdout] 
[INFO] [stdout] 
[INFO] [stdout] thread 'apply::apply_existing_custom' panicked at tests/integration/utils/mod.rs:169:13:
[INFO] [stdout] Output was not successful
[INFO] [stdout] stack backtrace:
[INFO] [stdout]    0:     0x646c96263a7a - <std::sys::backtrace::BacktraceLock::print::DisplayBacktrace as core::fmt::Display>::fmt::h71a62eb3b9696b12
[INFO] [stdout]    1:     0x646c9628fa33 - core::fmt::write::h2cc1698af7e2d686
[INFO] [stdout]    2:     0x646c9625eef3 - std::io::Write::write_fmt::hab1b4cd059a79022
[INFO] [stdout]    3:     0x646c962638c2 - std::sys::backtrace::BacktraceLock::print::h147fe35b4ea13b08
[INFO] [stdout]    4:     0x646c96264e9f - std::panicking::default_hook::{{closure}}::hbd44223dbdc0d208
[INFO] [stdout]    5:     0x646c96264cb8 - std::panicking::default_hook::h20f81eb0576efcec
[INFO] [stdout]    6:     0x646c95fdcce3 - test::test_main::{{closure}}::hc0a4963c59427c24
[INFO] [stdout]    7:     0x646c96265993 - std::panicking::rust_panic_with_hook::h625eea43051b2edc
[INFO] [stdout]    8:     0x646c96265616 - std::panicking::begin_panic_handler::{{closure}}::h4f9159cfbc3f6bd3
[INFO] [stdout]    9:     0x646c96263f79 - std::sys::backtrace::__rust_end_short_backtrace::h0390abce48353151
[INFO] [stdout]   10:     0x646c962652dd - rust_begin_unwind
[INFO] [stdout]   11:     0x646c9628d490 - core::panicking::panic_fmt::h9e7c637e9e5f29c9
[INFO] [stdout]   12:     0x646c95ea6305 - <std::process::Output as integration::utils::OutputExt>::assert_ok::hadd0a25820904936
[INFO] [stdout]   13:     0x646c95e8ec4d - integration::apply::apply::h2acce1806ab187d8
[INFO] [stdout]   14:     0x646c95e93f62 - integration::apply::apply_existing_custom::hb9f96f7804c485f3
[INFO] [stdout]   15:     0x646c95e93dc3 - integration::apply::apply_existing_custom::{{closure}}::h36d4419e2c2b4f69
[INFO] [stdout]   16:     0x646c95ea3706 - core::ops::function::FnOnce::call_once::hb3023a7bba688e38
[INFO] [stdout]   17:     0x646c95fe243b - test::__rust_begin_short_backtrace::h4e84902998457a5d
[INFO] [stdout]   18:     0x646c95fe1373 - test::run_test::{{closure}}::hfb2007f8649c30bb
[INFO] [stdout]   19:     0x646c95fa4455 - std::sys::backtrace::__rust_begin_short_backtrace::hd2d2d2fb8e8c6aac
[INFO] [stdout]   20:     0x646c95fa7d3a - core::ops::function::FnOnce::call_once{{vtable.shim}}::h048ce291ad4f62bf
[INFO] [stdout]   21:     0x646c9626ab6b - std::sys::pal::unix::thread::Thread::new::thread_start::h2d970728ae887adc
[INFO] [stdout]   22:     0x701735eafac3 - <unknown>
[INFO] [stdout]   23:     0x701735f40a04 - clone
[INFO] [stdout]   24:                0x0 - <unknown>
[INFO] [stdout] Directory of failed test located at: /tmp/.tmpH6IZTs
[INFO] [stdout] 
[INFO] [stdout] ---- apply::apply_existing_builtin stdout ----
[INFO] [stdout] Created Cargo project foo at /tmp/.tmp6mIrZ7/foo
[INFO] [stdout] Stdout: 
[INFO] [stdout] Stderr: error: no such command: `kit`
[INFO] [stdout] 
[INFO] [stdout] 	Did you mean `fix`?
[INFO] [stdout] 
[INFO] [stdout] 	View all installed commands with `cargo --list`
[INFO] [stdout] 	Find a package to install `kit` with `cargo search cargo-kit`
[INFO] [stdout] 
[INFO] [stdout] 
[INFO] [stdout] thread 'apply::apply_existing_builtin' panicked at tests/integration/utils/mod.rs:169:13:
[INFO] [stdout] Output was not successful
[INFO] [stdout] stack backtrace:
[INFO] [stdout]    0:     0x646c96263a7a - <std::sys::backtrace::BacktraceLock::print::DisplayBacktrace as core::fmt::Display>::fmt::h71a62eb3b9696b12
[INFO] [stdout]    1:     0x646c9628fa33 - core::fmt::write::h2cc1698af7e2d686
[INFO] [stdout]    2:     0x646c9625eef3 - std::io::Write::write_fmt::hab1b4cd059a79022
[INFO] [stdout]    3:     0x646c962638c2 - std::sys::backtrace::BacktraceLock::print::h147fe35b4ea13b08
[INFO] [stdout]    4:     0x646c96264e9f - std::panicking::default_hook::{{closure}}::hbd44223dbdc0d208
[INFO] [stdout]    5:     0x646c96264cb8 - std::panicking::default_hook::h20f81eb0576efcec
[INFO] [stdout]    6:     0x646c95fdcce3 - test::test_main::{{closure}}::hc0a4963c59427c24
[INFO] [stdout]    7:     0x646c96265993 - std::panicking::rust_panic_with_hook::h625eea43051b2edc
[INFO] [stdout]    8:     0x646c96265616 - std::panicking::begin_panic_handler::{{closure}}::h4f9159cfbc3f6bd3
[INFO] [stdout]    9:     0x646c96263f79 - std::sys::backtrace::__rust_end_short_backtrace::h0390abce48353151
[INFO] [stdout]   10:     0x646c962652dd - rust_begin_unwind
[INFO] [stdout]   11:     0x646c9628d490 - core::panicking::panic_fmt::h9e7c637e9e5f29c9
[INFO] [stdout]   12:     0x646c95ea6305 - <std::process::Output as integration::utils::OutputExt>::assert_ok::hadd0a25820904936
[INFO] [stdout]   13:     0x646c95e8ec4d - integration::apply::apply::h2acce1806ab187d8
[INFO] [stdout]   14:     0x646c95e92f52 - integration::apply::apply_existing_builtin::hc8c8216ab40e9d7b
[INFO] [stdout]   15:     0x646c95e92db3 - integration::apply::apply_existing_builtin::{{closure}}::h6608f7c73e3cc370
[INFO] [stdout]   16:     0x646c95ea3806 - core::ops::function::FnOnce::call_once::hca25ef75608b4d75
[INFO] [stdout]   17:     0x646c95fe243b - test::__rust_begin_short_backtrace::h4e84902998457a5d
[INFO] [stdout]   18:     0x646c95fe1373 - test::run_test::{{closure}}::hfb2007f8649c30bb
[INFO] [stdout]   19:     0x646c95fa4455 - std::sys::backtrace::__rust_begin_short_backtrace::hd2d2d2fb8e8c6aac
[INFO] [stdout]   20:     0x646c95fa7d3a - core::ops::function::FnOnce::call_once{{vtable.shim}}::h048ce291ad4f62bf
[INFO] [stdout]   21:     0x646c9626ab6b - std::sys::pal::unix::thread::Thread::new::thread_start::h2d970728ae887adc
[INFO] [stdout]   22:     0x701735eafac3 - <unknown>
[INFO] [stdout]   23:     0x701735f40a04 - clone
[INFO] [stdout]   24:                0x0 - <unknown>
[INFO] [stdout] Directory of failed test located at: /tmp/.tmp6mIrZ7
[INFO] [stdout] 
[INFO] [stdout] ---- apply::apply_explicit_manifest_path stdout ----
[INFO] [stdout] Created Cargo project foo at /tmp/.tmpKNNzWQ/foo
[INFO] [stdout] Stdout: 
[INFO] [stdout] Stderr: error: no such command: `kit`
[INFO] [stdout] 
[INFO] [stdout] 	Did you mean `fix`?
[INFO] [stdout] 
[INFO] [stdout] 	View all installed commands with `cargo --list`
[INFO] [stdout] 	Find a package to install `kit` with `cargo search cargo-kit`
[INFO] [stdout] 
[INFO] [stdout] 
[INFO] [stdout] thread 'apply::apply_explicit_manifest_path' panicked at tests/integration/utils/mod.rs:169:13:
[INFO] [stdout] Output was not successful
[INFO] [stdout] stack backtrace:
[INFO] [stdout]    0:     0x646c96263a7a - <std::sys::backtrace::BacktraceLock::print::DisplayBacktrace as core::fmt::Display>::fmt::h71a62eb3b9696b12
[INFO] [stdout]    1:     0x646c9628fa33 - core::fmt::write::h2cc1698af7e2d686
[INFO] [stdout]    2:     0x646c9625eef3 - std::io::Write::write_fmt::hab1b4cd059a79022
[INFO] [stdout]    3:     0x646c962638c2 - std::sys::backtrace::BacktraceLock::print::h147fe35b4ea13b08
[INFO] [stdout]    4:     0x646c96264e9f - std::panicking::default_hook::{{closure}}::hbd44223dbdc0d208
[INFO] [stdout]    5:     0x646c96264cb8 - std::panicking::default_hook::h20f81eb0576efcec
[INFO] [stdout]    6:     0x646c95fdcce3 - test::test_main::{{closure}}::hc0a4963c59427c24
[INFO] [stdout]    7:     0x646c96265993 - std::panicking::rust_panic_with_hook::h625eea43051b2edc
[INFO] [stdout]    8:     0x646c96265616 - std::panicking::begin_panic_handler::{{closure}}::h4f9159cfbc3f6bd3
[INFO] [stdout]    9:     0x646c96263f79 - std::sys::backtrace::__rust_end_short_backtrace::h0390abce48353151
[INFO] [stdout]   10:     0x646c962652dd - rust_begin_unwind
[INFO] [stdout]   11:     0x646c9628d490 - core::panicking::panic_fmt::h9e7c637e9e5f29c9
[INFO] [stdout]   12:     0x646c95ea6305 - <std::process::Output as integration::utils::OutputExt>::assert_ok::hadd0a25820904936
[INFO] [stdout]   13:     0x646c95e91555 - integration::apply::apply_explicit_manifest_path::h8161ccf3bb1b1325
[INFO] [stdout]   14:     0x646c95e91263 - integration::apply::apply_explicit_manifest_path::{{closure}}::h1b03495b8d2c47b4
[INFO] [stdout]   15:     0x646c95ea33d6 - core::ops::function::FnOnce::call_once::h3368fde083b185eb
[INFO] [stdout]   16:     0x646c95fe243b - test::__rust_begin_short_backtrace::h4e84902998457a5d
[INFO] [stdout]   17:     0x646c95fe1373 - test::run_test::{{closure}}::hfb2007f8649c30bb
[INFO] [stdout]   18:     0x646c95fa4455 - std::sys::backtrace::__rust_begin_short_backtrace::hd2d2d2fb8e8c6aac
[INFO] [stdout]   19:     0x646c95fa7d3a - core::ops::function::FnOnce::call_once{{vtable.shim}}::h048ce291ad4f62bf
[INFO] [stdout]   20:     0x646c9626ab6b - std::sys::pal::unix::thread::Thread::new::thread_start::h2d970728ae887adc
[INFO] [stdout]   21:     0x701735eafac3 - <unknown>
[INFO] [stdout]   22:     0x701735f40a04 - clone
[INFO] [stdout]   23:                0x0 - <unknown>
[INFO] [stdout] Directory of failed test located at: /tmp/.tmpKNNzWQ
[INFO] [stdout] 
[INFO] [stdout] ---- apply::apply_fast_runtime_template stdout ----
[INFO] [stdout] Created Cargo project foo at /tmp/.tmpD0R2G6/foo
[INFO] [stdout] Stdout: 
[INFO] [stdout] Stderr: error: no such command: `kit`
[INFO] [stdout] 
[INFO] [stdout] 	Did you mean `fix`?
[INFO] [stdout] 
[INFO] [stdout] 	View all installed commands with `cargo --list`
[INFO] [stdout] 	Find a package to install `kit` with `cargo search cargo-kit`
[INFO] [stdout] 
[INFO] [stdout] 
[INFO] [stdout] thread 'apply::apply_fast_runtime_template' panicked at tests/integration/utils/mod.rs:169:13:
[INFO] [stdout] Output was not successful
[INFO] [stdout] stack backtrace:
[INFO] [stdout]    0:     0x646c96263a7a - <std::sys::backtrace::BacktraceLock::print::DisplayBacktrace as core::fmt::Display>::fmt::h71a62eb3b9696b12
[INFO] [stdout]    1:     0x646c9628fa33 - core::fmt::write::h2cc1698af7e2d686
[INFO] [stdout]    2:     0x646c9625eef3 - std::io::Write::write_fmt::hab1b4cd059a79022
[INFO] [stdout]    3:     0x646c962638c2 - std::sys::backtrace::BacktraceLock::print::h147fe35b4ea13b08
[INFO] [stdout]    4:     0x646c96264e9f - std::panicking::default_hook::{{closure}}::hbd44223dbdc0d208
[INFO] [stdout]    5:     0x646c96264cb8 - std::panicking::default_hook::h20f81eb0576efcec
[INFO] [stdout]    6:     0x646c95fdcce3 - test::test_main::{{closure}}::hc0a4963c59427c24
[INFO] [stdout]    7:     0x646c96265993 - std::panicking::rust_panic_with_hook::h625eea43051b2edc
[INFO] [stdout]    8:     0x646c96265616 - std::panicking::begin_panic_handler::{{closure}}::h4f9159cfbc3f6bd3
[INFO] [stdout]    9:     0x646c96263f79 - std::sys::backtrace::__rust_end_short_backtrace::h0390abce48353151
[INFO] [stdout]   10:     0x646c962652dd - rust_begin_unwind
[INFO] [stdout]   11:     0x646c9628d490 - core::panicking::panic_fmt::h9e7c637e9e5f29c9
[INFO] [stdout]   12:     0x646c95ea6305 - <std::process::Output as integration::utils::OutputExt>::assert_ok::hadd0a25820904936
[INFO] [stdout]   13:     0x646c95e8ec4d - integration::apply::apply::h2acce1806ab187d8
[INFO] [stdout]   14:     0x646c95e94f26 - integration::apply::apply_fast_runtime_template::h5449bb51fae7aad4
[INFO] [stdout]   15:     0x646c95e94de3 - integration::apply::apply_fast_runtime_template::{{closure}}::ha014ebb934ac78a1
[INFO] [stdout]   16:     0x646c95ea3956 - core::ops::function::FnOnce::call_once::hf190b357beb6023e
[INFO] [stdout]   17:     0x646c95fe243b - test::__rust_begin_short_backtrace::h4e84902998457a5d
[INFO] [stdout]   18:     0x646c95fe1373 - test::run_test::{{closure}}::hfb2007f8649c30bb
[INFO] [stdout]   19:     0x646c95fa4455 - std::sys::backtrace::__rust_begin_short_backtrace::hd2d2d2fb8e8c6aac
[INFO] [stdout]   20:     0x646c95fa7d3a - core::ops::function::FnOnce::call_once{{vtable.shim}}::h048ce291ad4f62bf
[INFO] [stdout]   21:     0x646c9626ab6b - std::sys::pal::unix::thread::Thread::new::thread_start::h2d970728ae887adc
[INFO] [stdout]   22:     0x701735eafac3 - <unknown>
[INFO] [stdout]   23:     0x701735f40a04 - clone
[INFO] [stdout]   24:                0x0 - <unknown>
[INFO] [stdout] Directory of failed test located at: /tmp/.tmpD0R2G6
[INFO] [stdout] 
[INFO] [stdout] ---- apply::apply_min_size_template stdout ----
[INFO] [stdout] Created Cargo project foo at /tmp/.tmpAbJf9K/foo
[INFO] [stdout] Stdout: 
[INFO] [stdout] Stderr: error: no such command: `kit`
[INFO] [stdout] 
[INFO] [stdout] 	Did you mean `fix`?
[INFO] [stdout] 
[INFO] [stdout] 	View all installed commands with `cargo --list`
[INFO] [stdout] 	Find a package to install `kit` with `cargo search cargo-kit`
[INFO] [stdout] 
[INFO] [stdout] 
[INFO] [stdout] thread 'apply::apply_min_size_template' panicked at tests/integration/utils/mod.rs:169:13:
[INFO] [stdout] Output was not successful
[INFO] [stdout] stack backtrace:
[INFO] [stdout]    0:     0x646c96263a7a - <std::sys::backtrace::BacktraceLock::print::DisplayBacktrace as core::fmt::Display>::fmt::h71a62eb3b9696b12
[INFO] [stdout]    1:     0x646c9628fa33 - core::fmt::write::h2cc1698af7e2d686
[INFO] [stdout]    2:     0x646c9625eef3 - std::io::Write::write_fmt::hab1b4cd059a79022
[INFO] [stdout]    3:     0x646c962638c2 - std::sys::backtrace::BacktraceLock::print::h147fe35b4ea13b08
[INFO] [stdout]    4:     0x646c96264e9f - std::panicking::default_hook::{{closure}}::hbd44223dbdc0d208
[INFO] [stdout]    5:     0x646c96264cb8 - std::panicking::default_hook::h20f81eb0576efcec
[INFO] [stdout]    6:     0x646c95fdcce3 - test::test_main::{{closure}}::hc0a4963c59427c24
[INFO] [stdout]    7:     0x646c96265993 - std::panicking::rust_panic_with_hook::h625eea43051b2edc
[INFO] [stdout]    8:     0x646c96265616 - std::panicking::begin_panic_handler::{{closure}}::h4f9159cfbc3f6bd3
[INFO] [stdout]    9:     0x646c96263f79 - std::sys::backtrace::__rust_end_short_backtrace::h0390abce48353151
[INFO] [stdout]   10:     0x646c962652dd - rust_begin_unwind
[INFO] [stdout]   11:     0x646c9628d490 - core::panicking::panic_fmt::h9e7c637e9e5f29c9
[INFO] [stdout]   12:     0x646c95ea6305 - <std::process::Output as integration::utils::OutputExt>::assert_ok::hadd0a25820904936
[INFO] [stdout]   13:     0x646c95e8ec4d - integration::apply::apply::h2acce1806ab187d8
[INFO] [stdout]   14:     0x646c95e95cee - integration::apply::apply_min_size_template::h4189130606062080
[INFO] [stdout]   15:     0x646c95e95bb3 - integration::apply::apply_min_size_template::{{closure}}::h01cd3ed0dc8226c9
[INFO] [stdout]   16:     0x646c95ea3546 - core::ops::function::FnOnce::call_once::h8a43b1011700c73c
[INFO] [stdout]   17:     0x646c95fe243b - test::__rust_begin_short_backtrace::h4e84902998457a5d
[INFO] [stdout]   18:     0x646c95fe1373 - test::run_test::{{closure}}::hfb2007f8649c30bb
[INFO] [stdout]   19:     0x646c95fa4455 - std::sys::backtrace::__rust_begin_short_backtrace::hd2d2d2fb8e8c6aac
[INFO] [stdout]   20:     0x646c95fa7d3a - core::ops::function::FnOnce::call_once{{vtable.shim}}::h048ce291ad4f62bf
[INFO] [stdout]   21:     0x646c9626ab6b - std::sys::pal::unix::thread::Thread::new::thread_start::h2d970728ae887adc
[INFO] [stdout]   22:     0x701735eafac3 - <unknown>
[INFO] [stdout]   23:     0x701735f40a04 - clone
[INFO] [stdout]   24:                0x0 - <unknown>
[INFO] [stdout] Directory of failed test located at: /tmp/.tmpAbJf9K
[INFO] [stdout] 
[INFO] [stdout] ---- dialog::dialog_check_nightly_output stdout ----
[INFO] [stdout] Created Cargo project foo at /tmp/.tmpggfw8b/foo
[INFO] [stdout] Error: EOF (End of File): Expected "Select the profile that you want to update/create" but got EOF after reading "error: no such command: `kit`
[INFO] [stdout] 
[INFO] [stdout] 	Did you mean `fix`?
[INFO] [stdout] 
[INFO] [stdout] 	View all installed commands with `cargo --list`
[INFO] [stdout] 	Find a package to install `kit` with `cargo search cargo-kit`
[INFO] [stdout] " process terminated with "unknown"
[INFO] [stdout] 
[INFO] [stdout] Stack backtrace:
[INFO] [stdout]    0: anyhow::error::<impl core::convert::From<E> for anyhow::Error>::from
[INFO] [stdout]    1: <core::result::Result<T,F> as core::ops::try_trait::FromResidual<core::result::Result<core::convert::Infallible,E>>>::from_residual
[INFO] [stdout]    2: integration::utils::terminal::Terminal::expect
[INFO] [stdout]    3: integration::dialog::DialogBuilder::run
[INFO] [stdout]    4: integration::dialog::dialog_check_nightly_output
[INFO] [stdout]    5: integration::dialog::dialog_check_nightly_output::{{closure}}
[INFO] [stdout]    6: core::ops::function::FnOnce::call_once
[INFO] [stdout]    7: test::__rust_begin_short_backtrace
[INFO] [stdout]    8: test::run_test::{{closure}}
[INFO] [stdout]    9: std::sys::backtrace::__rust_begin_short_backtrace
[INFO] [stdout]   10: core::ops::function::FnOnce::call_once{{vtable.shim}}
[INFO] [stdout]   11: std::sys::pal::unix::thread::Thread::new::thread_start
[INFO] [stdout]   12: <unknown>
[INFO] [stdout]   13: clone
[INFO] [stdout] 
[INFO] [stdout] ---- dialog::dialog_append_to_config stdout ----
[INFO] [stdout] Created Cargo project foo at /tmp/.tmpqA9n7a/foo
[INFO] [stdout] Error: EOF (End of File): Expected "Select the profile that you want to update/create" but got EOF after reading "error: no such command: `kit`
[INFO] [stdout] 
[INFO] [stdout] 	Did you mean `fix`?
[INFO] [stdout] 
[INFO] [stdout] 	View all installed commands with `cargo --list`
[INFO] [stdout] 	Find a package to install `kit` with `cargo search cargo-kit`
[INFO] [stdout] " process terminated with "unknown"
[INFO] [stdout] 
[INFO] [stdout] Stack backtrace:
[INFO] [stdout]    0: anyhow::error::<impl core::convert::From<E> for anyhow::Error>::from
[INFO] [stdout]    1: <core::result::Result<T,F> as core::ops::try_trait::FromResidual<core::result::Result<core::convert::Infallible,E>>>::from_residual
[INFO] [stdout]    2: integration::utils::terminal::Terminal::expect
[INFO] [stdout]    3: integration::dialog::DialogBuilder::run
[INFO] [stdout]    4: integration::dialog::apply_fast_runtime_to_release
[INFO] [stdout]    5: integration::dialog::dialog_append_to_config
[INFO] [stdout]    6: integration::dialog::dialog_append_to_config::{{closure}}
[INFO] [stdout]    7: core::ops::function::FnOnce::call_once
[INFO] [stdout]    8: test::__rust_begin_short_backtrace
[INFO] [stdout]    9: test::run_test::{{closure}}
[INFO] [stdout]   10: std::sys::backtrace::__rust_begin_short_backtrace
[INFO] [stdout]   11: core::ops::function::FnOnce::call_once{{vtable.shim}}
[INFO] [stdout]   12: std::sys::pal::unix::thread::Thread::new::thread_start
[INFO] [stdout]   13: <unknown>
[INFO] [stdout]   14: clone
[INFO] [stdout] 
[INFO] [stdout] ---- dialog::dialog_create_config stdout ----
[INFO] [stdout] Created Cargo project foo at /tmp/.tmpBZpbzY/foo
[INFO] [stdout] Error: EOF (End of File): Expected "Select the profile that you want to update/create" but got EOF after reading "error: no such command: `kit`
[INFO] [stdout] 
[INFO] [stdout] 	Did you mean `fix`?
[INFO] [stdout] 
[INFO] [stdout] 	View all installed commands with `cargo --list`
[INFO] [stdout] 	Find a package to install `kit` with `cargo search cargo-kit`
[INFO] [stdout] " process terminated with "unknown"
[INFO] [stdout] 
[INFO] [stdout] Stack backtrace:
[INFO] [stdout]    0: anyhow::error::<impl core::convert::From<E> for anyhow::Error>::from
[INFO] [stdout]    1: <core::result::Result<T,F> as core::ops::try_trait::FromResidual<core::result::Result<core::convert::Infallible,E>>>::from_residual
[INFO] [stdout]    2: integration::utils::terminal::Terminal::expect
[INFO] [stdout]    3: integration::dialog::DialogBuilder::run
[INFO] [stdout]    4: integration::dialog::apply_fast_runtime_to_release
[INFO] [stdout]    5: integration::dialog::dialog_create_config
[INFO] [stdout]    6: integration::dialog::dialog_create_config::{{closure}}
[INFO] [stdout]    7: core::ops::function::FnOnce::call_once
[INFO] [stdout]    8: test::__rust_begin_short_backtrace
[INFO] [stdout]    9: test::run_test::{{closure}}
[INFO] [stdout]   10: std::sys::backtrace::__rust_begin_short_backtrace
[INFO] [stdout]   11: core::ops::function::FnOnce::call_once{{vtable.shim}}
[INFO] [stdout]   12: std::sys::pal::unix::thread::Thread::new::thread_start
[INFO] [stdout]   13: <unknown>
[INFO] [stdout]   14: clone
[INFO] [stdout] 
[INFO] [stdout] ---- dialog::dialog_codegen_backend_add_cargo_features stdout ----
[INFO] [stdout] Created Cargo project foo at /tmp/.tmpWFF4UP/foo
[INFO] [stdout] Error: EOF (End of File): Expected "Select the profile that you want to update/create" but got EOF after reading "error: no such command: `kit`
[INFO] [stdout] 
[INFO] [stdout] 	Did you mean `fix`?
[INFO] [stdout] 
[INFO] [stdout] 	View all installed commands with `cargo --list`
[INFO] [stdout] 	Find a package to install `kit` with `cargo search cargo-kit`
[INFO] [stdout] " process terminated with "unknown"
[INFO] [stdout] 
[INFO] [stdout] Stack backtrace:
[INFO] [stdout]    0: anyhow::error::<impl core::convert::From<E> for anyhow::Error>::from
[INFO] [stdout]    1: <core::result::Result<T,F> as core::ops::try_trait::FromResidual<core::result::Result<core::convert::Infallible,E>>>::from_residual
[INFO] [stdout]    2: integration::utils::terminal::Terminal::expect
[INFO] [stdout]    3: integration::dialog::DialogBuilder::run
[INFO] [stdout]    4: integration::dialog::dialog_codegen_backend_add_cargo_features
[INFO] [stdout]    5: integration::dialog::dialog_codegen_backend_add_cargo_features::{{closure}}
[INFO] [stdout]    6: core::ops::function::FnOnce::call_once
[INFO] [stdout]    7: test::__rust_begin_short_backtrace
[INFO] [stdout]    8: test::run_test::{{closure}}
[INFO] [stdout]    9: std::sys::backtrace::__rust_begin_short_backtrace
[INFO] [stdout]   10: core::ops::function::FnOnce::call_once{{vtable.shim}}
[INFO] [stdout]   11: std::sys::pal::unix::thread::Thread::new::thread_start
[INFO] [stdout]   12: <unknown>
[INFO] [stdout]   13: clone
[INFO] [stdout] 
[INFO] [stdout] ---- apply::resolve_workspace_root stdout ----
[INFO] [stdout] Created Cargo project foo at /tmp/.tmpE4k4p7/foo
[INFO] [stdout] Stdout: 
[INFO] [stdout] Stderr: error: no such command: `kit`
[INFO] [stdout] 
[INFO] [stdout] 	Did you mean `fix`?
[INFO] [stdout] 
[INFO] [stdout] 	View all installed commands with `cargo --list`
[INFO] [stdout] 	Find a package to install `kit` with `cargo search cargo-kit`
[INFO] [stdout] 
[INFO] [stdout] 
[INFO] [stdout] thread 'apply::resolve_workspace_root' panicked at tests/integration/utils/mod.rs:169:13:
[INFO] [stdout] Output was not successful
[INFO] [stdout] stack backtrace:
[INFO] [stdout]    0:     0x646c96263a7a - <std::sys::backtrace::BacktraceLock::print::DisplayBacktrace as core::fmt::Display>::fmt::h71a62eb3b9696b12
[INFO] [stdout]    1:     0x646c9628fa33 - core::fmt::write::h2cc1698af7e2d686
[INFO] [stdout]    2:     0x646c9625eef3 - std::io::Write::write_fmt::hab1b4cd059a79022
[INFO] [stdout]    3:     0x646c962638c2 - std::sys::backtrace::BacktraceLock::print::h147fe35b4ea13b08
[INFO] [stdout]    4:     0x646c96264e9f - std::panicking::default_hook::{{closure}}::hbd44223dbdc0d208
[INFO] [stdout]    5:     0x646c96264cb8 - std::panicking::default_hook::h20f81eb0576efcec
[INFO] [stdout]    6:     0x646c95fdcce3 - test::test_main::{{closure}}::hc0a4963c59427c24
[INFO] [stdout]    7:     0x646c96265993 - std::panicking::rust_panic_with_hook::h625eea43051b2edc
[INFO] [stdout]    8:     0x646c96265616 - std::panicking::begin_panic_handler::{{closure}}::h4f9159cfbc3f6bd3
[INFO] [stdout]    9:     0x646c96263f79 - std::sys::backtrace::__rust_end_short_backtrace::h0390abce48353151
[INFO] [stdout]   10:     0x646c962652dd - rust_begin_unwind
[INFO] [stdout]   11:     0x646c9628d490 - core::panicking::panic_fmt::h9e7c637e9e5f29c9
[INFO] [stdout]   12:     0x646c95ea6305 - <std::process::Output as integration::utils::OutputExt>::assert_ok::hadd0a25820904936
[INFO] [stdout]   13:     0x646c95e91f35 - integration::apply::resolve_workspace_root::h742af676d228802a
[INFO] [stdout]   14:     0x646c95e91ba3 - integration::apply::resolve_workspace_root::{{closure}}::hb73c1cdd3527ab32
[INFO] [stdout]   15:     0x646c95ea3256 - core::ops::function::FnOnce::call_once::h150861df9b7f0cca
[INFO] [stdout]   16:     0x646c95fe243b - test::__rust_begin_short_backtrace::h4e84902998457a5d
[INFO] [stdout]   17:     0x646c95fe1373 - test::run_test::{{closure}}::hfb2007f8649c30bb
[INFO] [stdout]   18:     0x646c95fa4455 - std::sys::backtrace::__rust_begin_short_backtrace::hd2d2d2fb8e8c6aac
[INFO] [stdout]   19:     0x646c95fa7d3a - core::ops::function::FnOnce::call_once{{vtable.shim}}::h048ce291ad4f62bf
[INFO] [stdout]   20:     0x646c9626ab6b - std::sys::pal::unix::thread::Thread::new::thread_start::h2d970728ae887adc
[INFO] [stdout]   21:     0x701735eafac3 - <unknown>
[INFO] [stdout]   22:     0x701735f40a04 - clone
[INFO] [stdout]   23:                0x0 - <unknown>
[INFO] [stdout] Directory of failed test located at: /tmp/.tmpE4k4p7
[INFO] [stdout] 
[INFO] [stdout] ---- dialog::dialog_codegen_backend_append_to_cargo_features stdout ----
[INFO] [stdout] Created Cargo project foo at /tmp/.tmpNsMobb/foo
[INFO] [stdout] Error: EOF (End of File): Expected "Select the profile that you want to update/create" but got EOF after reading "error: no such command: `kit`
[INFO] [stdout] 
[INFO] [stdout] 	Did you mean `fix`?
[INFO] [stdout] 
[INFO] [stdout] 	View all installed commands with `cargo --list`
[INFO] [stdout] 	Find a package to install `kit` with `cargo search cargo-kit`
[INFO] [stdout] " process terminated with "unknown"
[INFO] [stdout] 
[INFO] [stdout] Stack backtrace:
[INFO] [stdout]    0: anyhow::error::<impl core::convert::From<E> for anyhow::Error>::from
[INFO] [stdout]    1: <core::result::Result<T,F> as core::ops::try_trait::FromResidual<core::result::Result<core::convert::Infallible,E>>>::from_residual
[INFO] [stdout]    2: integration::utils::terminal::Terminal::expect
[INFO] [stdout]    3: integration::dialog::DialogBuilder::run
[INFO] [stdout]    4: integration::dialog::dialog_codegen_backend_append_to_cargo_features
[INFO] [stdout]    5: integration::dialog::dialog_codegen_backend_append_to_cargo_features::{{closure}}
[INFO] [stdout]    6: core::ops::function::FnOnce::call_once
[INFO] [stdout]    7: test::__rust_begin_short_backtrace
[INFO] [stdout]    8: test::run_test::{{closure}}
[INFO] [stdout]    9: std::sys::backtrace::__rust_begin_short_backtrace
[INFO] [stdout]   10: core::ops::function::FnOnce::call_once{{vtable.shim}}
[INFO] [stdout]   11: std::sys::pal::unix::thread::Thread::new::thread_start
[INFO] [stdout]   12: <unknown>
[INFO] [stdout]   13: clone
[INFO] [stdout] 
[INFO] [stdout] ---- dialog::dialog_codegen_backend_nightly_mark stdout ----
[INFO] [stdout] Created Cargo project foo at /tmp/.tmpEbUCyc/foo
[INFO] [stdout] Error: EOF (End of File): Expected "Select the profile that you want to update/create" but got EOF after reading "error: no such command: `kit`
[INFO] [stdout] 
[INFO] [stdout] 	Did you mean `fix`?
[INFO] [stdout] 
[INFO] [stdout] 	View all installed commands with `cargo --list`
[INFO] [stdout] 	Find a package to install `kit` with `cargo search cargo-kit`
[INFO] [stdout] " process terminated with "unknown"
[INFO] [stdout] 
[INFO] [stdout] Stack backtrace:
[INFO] [stdout]    0: anyhow::error::<impl core::convert::From<E> for anyhow::Error>::from
[INFO] [stdout]    1: <core::result::Result<T,F> as core::ops::try_trait::FromResidual<core::result::Result<core::convert::Infallible,E>>>::from_residual
[INFO] [stdout]    2: integration::utils::terminal::Terminal::expect
[INFO] [stdout]    3: integration::dialog::DialogBuilder::run
[INFO] [stdout]    4: integration::dialog::dialog_codegen_backend_nightly_mark
[INFO] [stdout]    5: integration::dialog::dialog_codegen_backend_nightly_mark::{{closure}}
[INFO] [stdout]    6: core::ops::function::FnOnce::call_once
[INFO] [stdout]    7: test::__rust_begin_short_backtrace
[INFO] [stdout]    8: test::run_test::{{closure}}
[INFO] [stdout]    9: std::sys::backtrace::__rust_begin_short_backtrace
[INFO] [stdout]   10: core::ops::function::FnOnce::call_once{{vtable.shim}}
[INFO] [stdout]   11: std::sys::pal::unix::thread::Thread::new::thread_start
[INFO] [stdout]   12: <unknown>
[INFO] [stdout]   13: clone
[INFO] [stdout] 
[INFO] [stdout] ---- dialog::dialog_deny_diff stdout ----
[INFO] [stdout] Created Cargo project foo at /tmp/.tmpIsVuQg/foo
[INFO] [stdout] Error: EOF (End of File): Expected "Select the profile that you want to update/create" but got EOF after reading "error: no such command: `kit`
[INFO] [stdout] 
[INFO] [stdout] 	Did you mean `fix`?
[INFO] [stdout] 
[INFO] [stdout] 	View all installed commands with `cargo --list`
[INFO] [stdout] 	Find a package to install `kit` with `cargo search cargo-kit`
[INFO] [stdout] " process terminated with "unknown"
[INFO] [stdout] 
[INFO] [stdout] Stack backtrace:
[INFO] [stdout]    0: anyhow::error::<impl core::convert::From<E> for anyhow::Error>::from
[INFO] [stdout]    1: <core::result::Result<T,F> as core::ops::try_trait::FromResidual<core::result::Result<core::convert::Infallible,E>>>::from_residual
[INFO] [stdout]    2: integration::utils::terminal::Terminal::expect
[INFO] [stdout]    3: integration::dialog::DialogBuilder::run
[INFO] [stdout]    4: integration::dialog::dialog_deny_diff
[INFO] [stdout]    5: integration::dialog::dialog_deny_diff::{{closure}}
[INFO] [stdout]    6: core::ops::function::FnOnce::call_once
[INFO] [stdout]    7: test::__rust_begin_short_backtrace
[INFO] [stdout]    8: test::run_test::{{closure}}
[INFO] [stdout]    9: std::sys::backtrace::__rust_begin_short_backtrace
[INFO] [stdout]   10: core::ops::function::FnOnce::call_once{{vtable.shim}}
[INFO] [stdout]   11: std::sys::pal::unix::thread::Thread::new::thread_start
[INFO] [stdout]   12: <unknown>
[INFO] [stdout]   13: clone
[INFO] [stdout] 
[INFO] [stdout] ---- dialog::dialog_fast_compile_to_custom_profile stdout ----
[INFO] [stdout] Created Cargo project foo at /tmp/.tmp79pbQD/foo
[INFO] [stdout] Error: EOF (End of File): Expected "Select the profile that you want to update/create" but got EOF after reading "error: no such command: `kit`
[INFO] [stdout] 
[INFO] [stdout] 	Did you mean `fix`?
[INFO] [stdout] 
[INFO] [stdout] 	View all installed commands with `cargo --list`
[INFO] [stdout] 	Find a package to install `kit` with `cargo search cargo-kit`
[INFO] [stdout] " process terminated with "unknown"
[INFO] [stdout] 
[INFO] [stdout] Stack backtrace:
[INFO] [stdout]    0: anyhow::error::<impl core::convert::From<E> for anyhow::Error>::from
[INFO] [stdout]    1: <core::result::Result<T,F> as core::ops::try_trait::FromResidual<core::result::Result<core::convert::Infallible,E>>>::from_residual
[INFO] [stdout]    2: integration::utils::terminal::Terminal::expect
[INFO] [stdout]    3: integration::dialog::DialogBuilder::run
[INFO] [stdout]    4: integration::dialog::dialog_fast_compile_to_custom_profile
[INFO] [stdout]    5: integration::dialog::dialog_fast_compile_to_custom_profile::{{closure}}
[INFO] [stdout]    6: core::ops::function::FnOnce::call_once
[INFO] [stdout]    7: test::__rust_begin_short_backtrace
[INFO] [stdout]    8: test::run_test::{{closure}}
[INFO] [stdout]    9: std::sys::backtrace::__rust_begin_short_backtrace
[INFO] [stdout]   10: core::ops::function::FnOnce::call_once{{vtable.shim}}
[INFO] [stdout]   11: std::sys::pal::unix::thread::Thread::new::thread_start
[INFO] [stdout]   12: <unknown>
[INFO] [stdout]   13: clone
[INFO] [stdout] 
[INFO] [stdout] ---- dialog::dialog_fast_compile_nightly stdout ----
[INFO] [stdout] Created Cargo project foo at /tmp/.tmpx5ovd4/foo
[INFO] [stdout] Error: EOF (End of File): Expected "Select the profile that you want to update/create" but got EOF after reading "error: no such command: `kit`
[INFO] [stdout] 
[INFO] [stdout] 	Did you mean `fix`?
[INFO] [stdout] 
[INFO] [stdout] 	View all installed commands with `cargo --list`
[INFO] [stdout] 	Find a package to install `kit` with `cargo search cargo-kit`
[INFO] [stdout] " process terminated with "unknown"
[INFO] [stdout] 
[INFO] [stdout] Stack backtrace:
[INFO] [stdout]    0: anyhow::error::<impl core::convert::From<E> for anyhow::Error>::from
[INFO] [stdout]    1: <core::result::Result<T,F> as core::ops::try_trait::FromResidual<core::result::Result<core::convert::Infallible,E>>>::from_residual
[INFO] [stdout]    2: integration::utils::terminal::Terminal::expect
[INFO] [stdout]    3: integration::dialog::DialogBuilder::run
[INFO] [stdout]    4: integration::dialog::dialog_fast_compile_nightly
[INFO] [stdout]    5: integration::dialog::dialog_fast_compile_nightly::{{closure}}
[INFO] [stdout]    6: core::ops::function::FnOnce::call_once
[INFO] [stdout]    7: test::__rust_begin_short_backtrace
[INFO] [stdout]    8: test::run_test::{{closure}}
[INFO] [stdout]    9: std::sys::backtrace::__rust_begin_short_backtrace
[INFO] [stdout]   10: core::ops::function::FnOnce::call_once{{vtable.shim}}
[INFO] [stdout]   11: std::sys::pal::unix::thread::Thread::new::thread_start
[INFO] [stdout]   12: <unknown>
[INFO] [stdout]   13: clone
[INFO] [stdout] 
[INFO] [stdout] ---- dialog::dialog_do_not_skip_default_value_for_custom_profile stdout ----
[INFO] [stdout] Created Cargo project foo at /tmp/.tmpvoL9gN/foo
[INFO] [stdout] Error: EOF (End of File): Expected "Select the profile that you want to update/create" but got EOF after reading "error: no such command: `kit`
[INFO] [stdout] 
[INFO] [stdout] 	Did you mean `fix`?
[INFO] [stdout] 
[INFO] [stdout] 	View all installed commands with `cargo --list`
[INFO] [stdout] 	Find a package to install `kit` with `cargo search cargo-kit`
[INFO] [stdout] " process terminated with "unknown"
[INFO] [stdout] 
[INFO] [stdout] Stack backtrace:
[INFO] [stdout]    0: anyhow::error::<impl core::convert::From<E> for anyhow::Error>::from
[INFO] [stdout]    1: <core::result::Result<T,F> as core::ops::try_trait::FromResidual<core::result::Result<core::convert::Infallible,E>>>::from_residual
[INFO] [stdout]    2: integration::utils::terminal::Terminal::expect
[INFO] [stdout]    3: integration::dialog::DialogBuilder::run
[INFO] [stdout]    4: integration::dialog::dialog_do_not_skip_default_value_for_custom_profile
[INFO] [stdout]    5: integration::dialog::dialog_do_not_skip_default_value_for_custom_profile::{{closure}}
[INFO] [stdout]    6: core::ops::function::FnOnce::call_once
[INFO] [stdout]    7: test::__rust_begin_short_backtrace
[INFO] [stdout]    8: test::run_test::{{closure}}
[INFO] [stdout]    9: std::sys::backtrace::__rust_begin_short_backtrace
[INFO] [stdout]   10: core::ops::function::FnOnce::call_once{{vtable.shim}}
[INFO] [stdout]   11: std::sys::pal::unix::thread::Thread::new::thread_start
[INFO] [stdout]   12: <unknown>
[INFO] [stdout]   13: clone
[INFO] [stdout] 
[INFO] [stdout] ---- dialog::dialog_invalid_profile_name stdout ----
[INFO] [stdout] Created Cargo project foo at /tmp/.tmpYcunib/foo
[INFO] [stdout] Could not find line beginning with <Create a new profile> in 20 tries.
[INFO] [stdout] Error: EOF (End of File): Expected "<missing <Create a new profile> in list>" but got EOF after reading "error: no such command: `kit`
[INFO] [stdout] 
[INFO] [stdout] 	Did you mean `fix`?
[INFO] [stdout] 
[INFO] [stdout] 	View all installed commands with `cargo --list`
[INFO] [stdout] 	Find a package to install `kit` with `cargo search cargo-kit`
[INFO] [stdout] " process terminated with "unknown"
[INFO] [stdout] 
[INFO] [stdout] Stack backtrace:
[INFO] [stdout]    0: anyhow::error::<impl core::convert::From<E> for anyhow::Error>::from
[INFO] [stdout]    1: <core::result::Result<T,F> as core::ops::try_trait::FromResidual<core::result::Result<core::convert::Infallible,E>>>::from_residual
[INFO] [stdout]    2: integration::utils::terminal::Terminal::select_line
[INFO] [stdout]    3: integration::dialog::dialog_invalid_profile_name
[INFO] [stdout]    4: integration::dialog::dialog_invalid_profile_name::{{closure}}
[INFO] [stdout]    5: core::ops::function::FnOnce::call_once
[INFO] [stdout]    6: test::__rust_begin_short_backtrace
[INFO] [stdout]    7: test::run_test::{{closure}}
[INFO] [stdout]    8: std::sys::backtrace::__rust_begin_short_backtrace
[INFO] [stdout]    9: core::ops::function::FnOnce::call_once{{vtable.shim}}
[INFO] [stdout]   10: std::sys::pal::unix::thread::Thread::new::thread_start
[INFO] [stdout]   11: <unknown>
[INFO] [stdout]   12: clone
[INFO] [stdout] 
[INFO] [stdout] ---- dialog::dialog_empty_profile_name stdout ----
[INFO] [stdout] Created Cargo project foo at /tmp/.tmpI8zWW2/foo
[INFO] [stdout] Could not find line beginning with <Create a new profile> in 20 tries.
[INFO] [stdout] Error: EOF (End of File): Expected "<missing <Create a new profile> in list>" but got EOF after reading "error: no such command: `kit`
[INFO] [stdout] 
[INFO] [stdout] 	Did you mean `fix`?
[INFO] [stdout] 
[INFO] [stdout] 	View all installed commands with `cargo --list`
[INFO] [stdout] 	Find a package to install `kit` with `cargo search cargo-kit`
[INFO] [stdout] " process terminated with "unknown"
[INFO] [stdout] 
[INFO] [stdout] Stack backtrace:
[INFO] [stdout]    0: anyhow::error::<impl core::convert::From<E> for anyhow::Error>::from
[INFO] [stdout]    1: <core::result::Result<T,F> as core::ops::try_trait::FromResidual<core::result::Result<core::convert::Infallible,E>>>::from_residual
[INFO] [stdout]    2: integration::utils::terminal::Terminal::select_line
[INFO] [stdout]    3: integration::dialog::dialog_empty_profile_name
[INFO] [stdout]    4: integration::dialog::dialog_empty_profile_name::{{closure}}
[INFO] [stdout]    5: core::ops::function::FnOnce::call_once
[INFO] [stdout]    6: test::__rust_begin_short_backtrace
[INFO] [stdout]    7: test::run_test::{{closure}}
[INFO] [stdout]    8: std::sys::backtrace::__rust_begin_short_backtrace
[INFO] [stdout]    9: core::ops::function::FnOnce::call_once{{vtable.shim}}
[INFO] [stdout]   10: std::sys::pal::unix::thread::Thread::new::thread_start
[INFO] [stdout]   11: <unknown>
[INFO] [stdout]   12: clone
[INFO] [stdout] 
[INFO] [stdout] ---- dialog::dialog_find_custom_profile stdout ----
[INFO] [stdout] Created Cargo project foo at /tmp/.tmpUoThhH/foo
[INFO] [stdout] Could not find line beginning with custom1 in 20 tries.
[INFO] [stdout] Error: EOF (End of File): Expected "<missing custom1 in list>" but got EOF after reading "error: no such command: `kit`
[INFO] [stdout] 
[INFO] [stdout] 	Did you mean `fix`?
[INFO] [stdout] 
[INFO] [stdout] 	View all installed commands with `cargo --list`
[INFO] [stdout] 	Find a package to install `kit` with `cargo search cargo-kit`
[INFO] [stdout] " process terminated with "unknown"
[INFO] [stdout] 
[INFO] [stdout] Stack backtrace:
[INFO] [stdout]    0: anyhow::error::<impl core::convert::From<E> for anyhow::Error>::from
[INFO] [stdout]    1: <core::result::Result<T,F> as core::ops::try_trait::FromResidual<core::result::Result<core::convert::Infallible,E>>>::from_residual
[INFO] [stdout]    2: integration::utils::terminal::Terminal::select_line
[INFO] [stdout]    3: integration::dialog::dialog_find_custom_profile
[INFO] [stdout]    4: integration::dialog::dialog_find_custom_profile::{{closure}}
[INFO] [stdout]    5: core::ops::function::FnOnce::call_once
[INFO] [stdout]    6: test::__rust_begin_short_backtrace
[INFO] [stdout]    7: test::run_test::{{closure}}
[INFO] [stdout]    8: std::sys::backtrace::__rust_begin_short_backtrace
[INFO] [stdout]    9: core::ops::function::FnOnce::call_once{{vtable.shim}}
[INFO] [stdout]   10: std::sys::pal::unix::thread::Thread::new::thread_start
[INFO] [stdout]   11: <unknown>
[INFO] [stdout]   12: clone
[INFO] [stdout] 
[INFO] [stdout] ---- dialog::dialog_fast_compile_to_dev stdout ----
[INFO] [stdout] Created Cargo project foo at /tmp/.tmpHEiYnU/foo
[INFO] [stdout] Error: EOF (End of File): Expected "Select the profile that you want to update/create" but got EOF after reading "error: no such command: `kit`
[INFO] [stdout] 
[INFO] [stdout] 	Did you mean `fix`?
[INFO] [stdout] 
[INFO] [stdout] 	View all installed commands with `cargo --list`
[INFO] [stdout] 	Find a package to install `kit` with `cargo search cargo-kit`
[INFO] [stdout] " process terminated with "unknown"
[INFO] [stdout] 
[INFO] [stdout] Stack backtrace:
[INFO] [stdout]    0: anyhow::error::<impl core::convert::From<E> for anyhow::Error>::from
[INFO] [stdout]    1: <core::result::Result<T,F> as core::ops::try_trait::FromResidual<core::result::Result<core::convert::Infallible,E>>>::from_residual
[INFO] [stdout]    2: integration::utils::terminal::Terminal::expect
[INFO] [stdout]    3: integration::dialog::DialogBuilder::run
[INFO] [stdout]    4: integration::dialog::apply_profile
[INFO] [stdout]    5: integration::dialog::dialog_fast_compile_to_dev
[INFO] [stdout]    6: integration::dialog::dialog_fast_compile_to_dev::{{closure}}
[INFO] [stdout]    7: core::ops::function::FnOnce::call_once
[INFO] [stdout]    8: test::__rust_begin_short_backtrace
[INFO] [stdout]    9: test::run_test::{{closure}}
[INFO] [stdout]   10: std::sys::backtrace::__rust_begin_short_backtrace
[INFO] [stdout]   11: core::ops::function::FnOnce::call_once{{vtable.shim}}
[INFO] [stdout]   12: std::sys::pal::unix::thread::Thread::new::thread_start
[INFO] [stdout]   13: <unknown>
[INFO] [stdout]   14: clone
[INFO] [stdout] 
[INFO] [stdout] ---- dialog::dialog_fast_compile_to_new_profile stdout ----
[INFO] [stdout] Created Cargo project foo at /tmp/.tmp3peLN2/foo
[INFO] [stdout] Error: EOF (End of File): Expected "Select the profile that you want to update/create" but got EOF after reading "error: no such command: `kit`
[INFO] [stdout] 
[INFO] [stdout] 	Did you mean `fix`?
[INFO] [stdout] 
[INFO] [stdout] 	View all installed commands with `cargo --list`
[INFO] [stdout] 	Find a package to install `kit` with `cargo search cargo-kit`
[INFO] [stdout] " process terminated with "unknown"
[INFO] [stdout] 
[INFO] [stdout] Stack backtrace:
[INFO] [stdout]    0: anyhow::error::<impl core::convert::From<E> for anyhow::Error>::from
[INFO] [stdout]    1: <core::result::Result<T,F> as core::ops::try_trait::FromResidual<core::result::Result<core::convert::Infallible,E>>>::from_residual
[INFO] [stdout]    2: integration::utils::terminal::Terminal::expect
[INFO] [stdout]    3: integration::dialog::DialogBuilder::run
[INFO] [stdout]    4: integration::dialog::dialog_fast_compile_to_new_profile
[INFO] [stdout]    5: integration::dialog::dialog_fast_compile_to_new_profile::{{closure}}
[INFO] [stdout]    6: core::ops::function::FnOnce::call_once
[INFO] [stdout]    7: test::__rust_begin_short_backtrace
[INFO] [stdout]    8: test::run_test::{{closure}}
[INFO] [stdout]    9: std::sys::backtrace::__rust_begin_short_backtrace
[INFO] [stdout]   10: core::ops::function::FnOnce::call_once{{vtable.shim}}
[INFO] [stdout]   11: std::sys::pal::unix::thread::Thread::new::thread_start
[INFO] [stdout]   12: <unknown>
[INFO] [stdout]   13: clone
[INFO] [stdout] 
[INFO] [stdout] ---- dialog::dialog_min_size_to_release stdout ----
[INFO] [stdout] Created Cargo project foo at /tmp/.tmpUswehi/foo
[INFO] [stdout] Error: EOF (End of File): Expected "Select the profile that you want to update/create" but got EOF after reading "error: no such command: `kit`
[INFO] [stdout] 
[INFO] [stdout] 	Did you mean `fix`?
[INFO] [stdout] 
[INFO] [stdout] 	View all installed commands with `cargo --list`
[INFO] [stdout] 	Find a package to install `kit` with `cargo search cargo-kit`
[INFO] [stdout] " process terminated with "unknown"
[INFO] [stdout] 
[INFO] [stdout] Stack backtrace:
[INFO] [stdout]    0: anyhow::error::<impl core::convert::From<E> for anyhow::Error>::from
[INFO] [stdout]    1: <core::result::Result<T,F> as core::ops::try_trait::FromResidual<core::result::Result<core::convert::Infallible,E>>>::from_residual
[INFO] [stdout]    2: integration::utils::terminal::Terminal::expect
[INFO] [stdout]    3: integration::dialog::DialogBuilder::run
[INFO] [stdout]    4: integration::dialog::apply_profile
[INFO] [stdout]    5: integration::dialog::dialog_min_size_to_release
[INFO] [stdout]    6: integration::dialog::dialog_min_size_to_release::{{closure}}
[INFO] [stdout]    7: core::ops::function::FnOnce::call_once
[INFO] [stdout]    8: test::__rust_begin_short_backtrace
[INFO] [stdout]    9: test::run_test::{{closure}}
[INFO] [stdout]   10: std::sys::backtrace::__rust_begin_short_backtrace
[INFO] [stdout]   11: core::ops::function::FnOnce::call_once{{vtable.shim}}
[INFO] [stdout]   12: std::sys::pal::unix::thread::Thread::new::thread_start
[INFO] [stdout]   13: <unknown>
[INFO] [stdout]   14: clone
[INFO] [stdout] 
[INFO] [stdout] ---- dialog::dialog_set_modified_default_for_dev stdout ----
[INFO] [stdout] Created Cargo project foo at /tmp/.tmpYwCMC6/foo
[INFO] [stdout] Error: EOF (End of File): Expected "Select the profile that you want to update/create" but got EOF after reading "error: no such command: `kit`
[INFO] [stdout] 
[INFO] [stdout] 	Did you mean `fix`?
[INFO] [stdout] 
[INFO] [stdout] 	View all installed commands with `cargo --list`
[INFO] [stdout] 	Find a package to install `kit` with `cargo search cargo-kit`
[INFO] [stdout] " process terminated with "unknown"
[INFO] [stdout] 
[INFO] [stdout] Stack backtrace:
[INFO] [stdout]    0: anyhow::error::<impl core::convert::From<E> for anyhow::Error>::from
[INFO] [stdout]    1: <core::result::Result<T,F> as core::ops::try_trait::FromResidual<core::result::Result<core::convert::Infallible,E>>>::from_residual
[INFO] [stdout]    2: integration::utils::terminal::Terminal::expect
[INFO] [stdout]    3: integration::dialog::DialogBuilder::run
[INFO] [stdout]    4: integration::dialog::apply_profile
[INFO] [stdout]    5: integration::dialog::dialog_set_modified_default_for_dev
[INFO] [stdout]    6: integration::dialog::dialog_set_modified_default_for_dev::{{closure}}
[INFO] [stdout]    7: core::ops::function::FnOnce::call_once
[INFO] [stdout]    8: test::__rust_begin_short_backtrace
[INFO] [stdout]    9: test::run_test::{{closure}}
[INFO] [stdout]   10: std::sys::backtrace::__rust_begin_short_backtrace
[INFO] [stdout]   11: core::ops::function::FnOnce::call_once{{vtable.shim}}
[INFO] [stdout]   12: std::sys::pal::unix::thread::Thread::new::thread_start
[INFO] [stdout]   13: <unknown>
[INFO] [stdout]   14: clone
[INFO] [stdout] 
[INFO] [stdout] ---- dialog::dialog_unset_item stdout ----
[INFO] [stdout] Created Cargo project foo at /tmp/.tmpiJTBKZ/foo
[INFO] [stdout] Error: EOF (End of File): Expected "Select the profile that you want to update/create" but got EOF after reading "error: no such command: `kit`
[INFO] [stdout] 
[INFO] [stdout] 	Did you mean `fix`?
[INFO] [stdout] 
[INFO] [stdout] 	View all installed commands with `cargo --list`
[INFO] [stdout] 	Find a package to install `kit` with `cargo search cargo-kit`
[INFO] [stdout] " process terminated with "unknown"
[INFO] [stdout] 
[INFO] [stdout] Stack backtrace:
[INFO] [stdout]    0: anyhow::error::<impl core::convert::From<E> for anyhow::Error>::from
[INFO] [stdout]    1: <core::result::Result<T,F> as core::ops::try_trait::FromResidual<core::result::Result<core::convert::Infallible,E>>>::from_residual
[INFO] [stdout]    2: integration::utils::terminal::Terminal::expect
[INFO] [stdout]    3: integration::dialog::DialogBuilder::run
[INFO] [stdout]    4: integration::dialog::dialog_unset_item
[INFO] [stdout]    5: integration::dialog::dialog_unset_item::{{closure}}
[INFO] [stdout]    6: core::ops::function::FnOnce::call_once
[INFO] [stdout]    7: test::__rust_begin_short_backtrace
[INFO] [stdout]    8: test::run_test::{{closure}}
[INFO] [stdout]    9: std::sys::backtrace::__rust_begin_short_backtrace
[INFO] [stdout]   10: core::ops::function::FnOnce::call_once{{vtable.shim}}
[INFO] [stdout]   11: std::sys::pal::unix::thread::Thread::new::thread_start
[INFO] [stdout]   12: <unknown>
[INFO] [stdout]   13: clone
[INFO] [stdout] 
[INFO] [stdout] ---- dialog::dialog_skip_default_value_for_dev stdout ----
[INFO] [stdout] Created Cargo project foo at /tmp/.tmpmtI1sn/foo
[INFO] [stdout] Error: EOF (End of File): Expected "Select the profile that you want to update/create" but got EOF after reading "error: no such command: `kit`
[INFO] [stdout] 
[INFO] [stdout] 	Did you mean `fix`?
[INFO] [stdout] 
[INFO] [stdout] 	View all installed commands with `cargo --list`
[INFO] [stdout] 	Find a package to install `kit` with `cargo search cargo-kit`
[INFO] [stdout] " process terminated with "unknown"
[INFO] [stdout] 
[INFO] [stdout] Stack backtrace:
[INFO] [stdout]    0: anyhow::error::<impl core::convert::From<E> for anyhow::Error>::from
[INFO] [stdout]    1: <core::result::Result<T,F> as core::ops::try_trait::FromResidual<core::result::Result<core::convert::Infallible,E>>>::from_residual
[INFO] [stdout]    2: integration::utils::terminal::Terminal::expect
[INFO] [stdout]    3: integration::dialog::DialogBuilder::run
[INFO] [stdout]    4: integration::dialog::apply_profile
[INFO] [stdout]    5: integration::dialog::dialog_skip_default_value_for_dev
[INFO] [stdout]    6: integration::dialog::dialog_skip_default_value_for_dev::{{closure}}
[INFO] [stdout]    7: core::ops::function::FnOnce::call_once
[INFO] [stdout]    8: test::__rust_begin_short_backtrace
[INFO] [stdout]    9: test::run_test::{{closure}}
[INFO] [stdout]   10: std::sys::backtrace::__rust_begin_short_backtrace
[INFO] [stdout]   11: core::ops::function::FnOnce::call_once{{vtable.shim}}
[INFO] [stdout]   12: std::sys::pal::unix::thread::Thread::new::thread_start
[INFO] [stdout]   13: <unknown>
[INFO] [stdout]   14: clone
[INFO] [stdout] 
[INFO] [stdout] ---- dialog::dialog_skip_existing_flags_in_config stdout ----
[INFO] [stdout] Created Cargo project foo at /tmp/.tmpyi7aKe/foo
[INFO] [stdout] Error: EOF (End of File): Expected "Select the profile that you want to update/create" but got EOF after reading "error: no such command: `kit`
[INFO] [stdout] 
[INFO] [stdout] 	Did you mean `fix`?
[INFO] [stdout] 
[INFO] [stdout] 	View all installed commands with `cargo --list`
[INFO] [stdout] 	Find a package to install `kit` with `cargo search cargo-kit`
[INFO] [stdout] " process terminated with "unknown"
[INFO] [stdout] 
[INFO] [stdout] Stack backtrace:
[INFO] [stdout]    0: anyhow::error::<impl core::convert::From<E> for anyhow::Error>::from
[INFO] [stdout]    1: <core::result::Result<T,F> as core::ops::try_trait::FromResidual<core::result::Result<core::convert::Infallible,E>>>::from_residual
[INFO] [stdout]    2: integration::utils::terminal::Terminal::expect
[INFO] [stdout]    3: integration::dialog::DialogBuilder::run
[INFO] [stdout]    4: integration::dialog::apply_fast_runtime_to_release
[INFO] [stdout]    5: integration::dialog::dialog_skip_existing_flags_in_config
[INFO] [stdout]    6: integration::dialog::dialog_skip_existing_flags_in_config::{{closure}}
[INFO] [stdout]    7: core::ops::function::FnOnce::call_once
[INFO] [stdout]    8: test::__rust_begin_short_backtrace
[INFO] [stdout]    9: test::run_test::{{closure}}
[INFO] [stdout]   10: std::sys::backtrace::__rust_begin_short_backtrace
[INFO] [stdout]   11: core::ops::function::FnOnce::call_once{{vtable.shim}}
[INFO] [stdout]   12: std::sys::pal::unix::thread::Thread::new::thread_start
[INFO] [stdout]   13: <unknown>
[INFO] [stdout]   14: clone
[INFO] [stdout] 
[INFO] [stdout] 
[INFO] [stdout] failures:
[INFO] [stdout]     apply::apply_existing_builtin
[INFO] [stdout]     apply::apply_existing_custom
[INFO] [stdout]     apply::apply_existing_keep_formatting
[INFO] [stdout]     apply::apply_explicit_manifest_path
[INFO] [stdout]     apply::apply_fast_runtime_template
[INFO] [stdout]     apply::apply_min_size_template
[INFO] [stdout]     apply::apply_missing_builtin
[INFO] [stdout]     apply::apply_missing_custom
[INFO] [stdout]     apply::resolve_workspace_root
[INFO] [stdout]     dialog::dialog_append_to_config
[INFO] [stdout]     dialog::dialog_check_nightly_output
[INFO] [stdout]     dialog::dialog_codegen_backend_add_cargo_features
[INFO] [stdout]     dialog::dialog_codegen_backend_append_to_cargo_features
[INFO] [stdout]     dialog::dialog_codegen_backend_nightly_mark
[INFO] [stdout]     dialog::dialog_create_config
[INFO] [stdout]     dialog::dialog_deny_diff
[INFO] [stdout]     dialog::dialog_do_not_skip_default_value_for_custom_profile
[INFO] [stdout]     dialog::dialog_empty_profile_name
[INFO] [stdout]     dialog::dialog_fast_compile_nightly
[INFO] [stdout]     dialog::dialog_fast_compile_to_custom_profile
[INFO] [stdout]     dialog::dialog_fast_compile_to_dev
[INFO] [stdout]     dialog::dialog_fast_compile_to_new_profile
[INFO] [stdout]     dialog::dialog_find_custom_profile
[INFO] [stdout]     dialog::dialog_invalid_profile_name
[INFO] [stdout]     dialog::dialog_min_size_to_release
[INFO] [stdout]     dialog::dialog_set_modified_default_for_dev
[INFO] [stdout]     dialog::dialog_skip_default_value_for_dev
[INFO] [stdout]     dialog::dialog_skip_existing_flags_in_config
[INFO] [stdout]     dialog::dialog_unset_item
[INFO] [stdout] 
[INFO] [stdout] test result: FAILED. 0 passed; 29 failed; 0 ignored; 0 measured; 0 filtered out; finished in 30.41s
[INFO] [stdout] 
[INFO] [stderr] error: test failed, to rerun pass `--test integration`
[INFO] running `Command { std: "docker" "inspect" "0c2316f01a7b603d32f9ebd77838db2837754480d9454a00acf3d7bb2a097beb", kill_on_drop: false }`
[INFO] running `Command { std: "docker" "rm" "-f" "0c2316f01a7b603d32f9ebd77838db2837754480d9454a00acf3d7bb2a097beb", kill_on_drop: false }`
[INFO] [stdout] 0c2316f01a7b603d32f9ebd77838db2837754480d9454a00acf3d7bb2a097beb
