[INFO] cloning repository https://github.com/tortoise501/markov_rope
[INFO] running `Command { std: "git" "-c" "credential.helper=" "-c" "credential.helper=/workspace/cargo-home/bin/git-credential-null" "clone" "--bare" "https://github.com/tortoise501/markov_rope" "/workspace/cache/git-repos/https%3A%2F%2Fgithub.com%2Ftortoise501%2Fmarkov_rope", kill_on_drop: false }`
[INFO] [stderr] Cloning into bare repository '/workspace/cache/git-repos/https%3A%2F%2Fgithub.com%2Ftortoise501%2Fmarkov_rope'...
[INFO] running `Command { std: "git" "rev-parse" "HEAD", kill_on_drop: false }`
[INFO] [stdout] b7fb3f0b1d01aa2a4875dfe6d32700ab6bf88646
[INFO] testing tortoise501/markov_rope against nightly-2025-01-18+rustflags=-Zrandomize-layout for randomize-layout-2
[INFO] running `Command { std: "git" "clone" "/workspace/cache/git-repos/https%3A%2F%2Fgithub.com%2Ftortoise501%2Fmarkov_rope" "/workspace/builds/worker-6-tc2/source", kill_on_drop: false }`
[INFO] [stderr] Cloning into '/workspace/builds/worker-6-tc2/source'...
[INFO] [stderr] done.
[INFO] validating manifest of git repo https://github.com/tortoise501/markov_rope on toolchain nightly-2025-01-18
[INFO] running `Command { std: CARGO_HOME="/workspace/cargo-home" RUSTUP_HOME="/workspace/rustup-home" "/workspace/cargo-home/bin/cargo" "+nightly-2025-01-18" "metadata" "--manifest-path" "Cargo.toml" "--no-deps", kill_on_drop: false }`
[INFO] started tweaking git repo https://github.com/tortoise501/markov_rope
[INFO] finished tweaking git repo https://github.com/tortoise501/markov_rope
[INFO] tweaked toml for git repo https://github.com/tortoise501/markov_rope written to /workspace/builds/worker-6-tc2/source/Cargo.toml
[INFO] crate git repo https://github.com/tortoise501/markov_rope already has a lockfile, it will not be regenerated
[INFO] running `Command { std: CARGO_HOME="/workspace/cargo-home" RUSTUP_HOME="/workspace/rustup-home" "/workspace/cargo-home/bin/cargo" "+nightly-2025-01-18" "fetch" "--manifest-path" "Cargo.toml", kill_on_drop: false }`
[INFO] [stderr]     Blocking waiting for file lock on package cache
[INFO] running `Command { std: "docker" "create" "-v" "/var/lib/crater-agent-workspace/builds/worker-6-tc2/target:/opt/rustwide/target:rw,Z" "-v" "/var/lib/crater-agent-workspace/builds/worker-6-tc2/source:/opt/rustwide/workdir:ro,Z" "-v" "/var/lib/crater-agent-workspace/cargo-home:/opt/rustwide/cargo-home:ro,Z" "-v" "/var/lib/crater-agent-workspace/rustup-home:/opt/rustwide/rustup-home:ro,Z" "-e" "SOURCE_DIR=/opt/rustwide/workdir" "-e" "CARGO_TARGET_DIR=/opt/rustwide/target" "-e" "CARGO_HOME=/opt/rustwide/cargo-home" "-e" "RUSTUP_HOME=/opt/rustwide/rustup-home" "-w" "/opt/rustwide/workdir" "-m" "1610612736" "--user" "0:0" "--network" "none" "ghcr.io/rust-lang/crates-build-env/linux@sha256:819108c5571ea2e421544af4d832f968d213c87fbe3707a016657f43d2f853bc" "/opt/rustwide/cargo-home/bin/cargo" "+nightly-2025-01-18" "metadata" "--no-deps" "--format-version=1", kill_on_drop: false }`
[INFO] [stdout] 11ef8fd6191d8c5f02d50390d9ee0e62a3c1e1fb3a34c22ffb6b5df8bf8445da
[INFO] running `Command { std: "docker" "start" "-a" "11ef8fd6191d8c5f02d50390d9ee0e62a3c1e1fb3a34c22ffb6b5df8bf8445da", kill_on_drop: false }`
[INFO] running `Command { std: "docker" "inspect" "11ef8fd6191d8c5f02d50390d9ee0e62a3c1e1fb3a34c22ffb6b5df8bf8445da", kill_on_drop: false }`
[INFO] running `Command { std: "docker" "rm" "-f" "11ef8fd6191d8c5f02d50390d9ee0e62a3c1e1fb3a34c22ffb6b5df8bf8445da", kill_on_drop: false }`
[INFO] [stdout] 11ef8fd6191d8c5f02d50390d9ee0e62a3c1e1fb3a34c22ffb6b5df8bf8445da
[INFO] running `Command { std: "docker" "create" "-v" "/var/lib/crater-agent-workspace/builds/worker-6-tc2/target:/opt/rustwide/target:rw,Z" "-v" "/var/lib/crater-agent-workspace/builds/worker-6-tc2/source:/opt/rustwide/workdir:ro,Z" "-v" "/var/lib/crater-agent-workspace/cargo-home:/opt/rustwide/cargo-home:ro,Z" "-v" "/var/lib/crater-agent-workspace/rustup-home:/opt/rustwide/rustup-home:ro,Z" "-e" "SOURCE_DIR=/opt/rustwide/workdir" "-e" "CARGO_TARGET_DIR=/opt/rustwide/target" "-e" "CARGO_INCREMENTAL=0" "-e" "RUST_BACKTRACE=full" "-e" "RUSTFLAGS=--cap-lints=forbid -Zrandomize-layout" "-e" "RUSTDOCFLAGS=--cap-lints=forbid" "-e" "CARGO_HOME=/opt/rustwide/cargo-home" "-e" "RUSTUP_HOME=/opt/rustwide/rustup-home" "-w" "/opt/rustwide/workdir" "-m" "1610612736" "--user" "0:0" "--network" "none" "ghcr.io/rust-lang/crates-build-env/linux@sha256:819108c5571ea2e421544af4d832f968d213c87fbe3707a016657f43d2f853bc" "/opt/rustwide/cargo-home/bin/cargo" "+nightly-2025-01-18" "build" "--frozen" "--message-format=json", kill_on_drop: false }`
[INFO] [stdout] 3299a7deb990b1a0451ab71af0db0d4a11fbc9c7088dce33afc65e983d268fef
[INFO] running `Command { std: "docker" "start" "-a" "3299a7deb990b1a0451ab71af0db0d4a11fbc9c7088dce33afc65e983d268fef", kill_on_drop: false }`
[INFO] [stderr]    Compiling libc v0.2.153
[INFO] [stderr]    Compiling getrandom v0.2.12
[INFO] [stderr]    Compiling rand_core v0.6.4
[INFO] [stderr]    Compiling rand_chacha v0.3.1
[INFO] [stderr]    Compiling rand v0.8.5
[INFO] [stderr]    Compiling markov_rope v0.1.0 (/opt/rustwide/workdir)
[INFO] [stderr]     Finished `dev` profile [unoptimized + debuginfo] target(s) in 2.51s
[INFO] running `Command { std: "docker" "inspect" "3299a7deb990b1a0451ab71af0db0d4a11fbc9c7088dce33afc65e983d268fef", kill_on_drop: false }`
[INFO] running `Command { std: "docker" "rm" "-f" "3299a7deb990b1a0451ab71af0db0d4a11fbc9c7088dce33afc65e983d268fef", kill_on_drop: false }`
[INFO] [stdout] 3299a7deb990b1a0451ab71af0db0d4a11fbc9c7088dce33afc65e983d268fef
[INFO] running `Command { std: "docker" "create" "-v" "/var/lib/crater-agent-workspace/builds/worker-6-tc2/target:/opt/rustwide/target:rw,Z" "-v" "/var/lib/crater-agent-workspace/builds/worker-6-tc2/source:/opt/rustwide/workdir:ro,Z" "-v" "/var/lib/crater-agent-workspace/cargo-home:/opt/rustwide/cargo-home:ro,Z" "-v" "/var/lib/crater-agent-workspace/rustup-home:/opt/rustwide/rustup-home:ro,Z" "-e" "SOURCE_DIR=/opt/rustwide/workdir" "-e" "CARGO_TARGET_DIR=/opt/rustwide/target" "-e" "CARGO_INCREMENTAL=0" "-e" "RUST_BACKTRACE=full" "-e" "RUSTFLAGS=--cap-lints=forbid -Zrandomize-layout" "-e" "RUSTDOCFLAGS=--cap-lints=forbid" "-e" "CARGO_HOME=/opt/rustwide/cargo-home" "-e" "RUSTUP_HOME=/opt/rustwide/rustup-home" "-w" "/opt/rustwide/workdir" "-m" "1610612736" "--user" "0:0" "--network" "none" "ghcr.io/rust-lang/crates-build-env/linux@sha256:819108c5571ea2e421544af4d832f968d213c87fbe3707a016657f43d2f853bc" "/opt/rustwide/cargo-home/bin/cargo" "+nightly-2025-01-18" "test" "--frozen" "--no-run" "--message-format=json", kill_on_drop: false }`
[INFO] [stdout] a9bbd28878a8f9581d57818cd4708211646ddd927030e83f306767d2f4b6bce1
[INFO] running `Command { std: "docker" "start" "-a" "a9bbd28878a8f9581d57818cd4708211646ddd927030e83f306767d2f4b6bce1", kill_on_drop: false }`
[INFO] [stderr]    Compiling markov_rope v0.1.0 (/opt/rustwide/workdir)
[INFO] [stderr]     Finished `test` profile [unoptimized + debuginfo] target(s) in 0.25s
[INFO] running `Command { std: "docker" "inspect" "a9bbd28878a8f9581d57818cd4708211646ddd927030e83f306767d2f4b6bce1", kill_on_drop: false }`
[INFO] running `Command { std: "docker" "rm" "-f" "a9bbd28878a8f9581d57818cd4708211646ddd927030e83f306767d2f4b6bce1", kill_on_drop: false }`
[INFO] [stdout] a9bbd28878a8f9581d57818cd4708211646ddd927030e83f306767d2f4b6bce1
[INFO] running `Command { std: "docker" "create" "-v" "/var/lib/crater-agent-workspace/builds/worker-6-tc2/target:/opt/rustwide/target:rw,Z" "-v" "/var/lib/crater-agent-workspace/builds/worker-6-tc2/source:/opt/rustwide/workdir:ro,Z" "-v" "/var/lib/crater-agent-workspace/cargo-home:/opt/rustwide/cargo-home:ro,Z" "-v" "/var/lib/crater-agent-workspace/rustup-home:/opt/rustwide/rustup-home:ro,Z" "-e" "SOURCE_DIR=/opt/rustwide/workdir" "-e" "CARGO_TARGET_DIR=/opt/rustwide/target" "-e" "CARGO_INCREMENTAL=0" "-e" "RUST_BACKTRACE=full" "-e" "RUSTFLAGS=--cap-lints=forbid -Zrandomize-layout" "-e" "RUSTDOCFLAGS=--cap-lints=forbid" "-e" "CARGO_HOME=/opt/rustwide/cargo-home" "-e" "RUSTUP_HOME=/opt/rustwide/rustup-home" "-w" "/opt/rustwide/workdir" "-m" "1610612736" "--user" "0:0" "--network" "none" "ghcr.io/rust-lang/crates-build-env/linux@sha256:819108c5571ea2e421544af4d832f968d213c87fbe3707a016657f43d2f853bc" "/opt/rustwide/cargo-home/bin/cargo" "+nightly-2025-01-18" "test" "--frozen", kill_on_drop: false }`
[INFO] [stdout] 89c27a415512234a72e4c6911415c9454a32b0415ff267c196e4cf77c0849f28
[INFO] running `Command { std: "docker" "start" "-a" "89c27a415512234a72e4c6911415c9454a32b0415ff267c196e4cf77c0849f28", kill_on_drop: false }`
[INFO] [stderr]     Finished `test` profile [unoptimized + debuginfo] target(s) in 0.01s
[INFO] [stderr]      Running unittests src/lib.rs (/opt/rustwide/target/debug/deps/markov_rope-9d857f01a8c7a3db)
[INFO] [stdout] 
[INFO] [stdout] running 2 tests
[INFO] [stdout] test test::test_for_no_map ... ok
[INFO] [stdout] test test::test_text_generation ... ok
[INFO] [stdout] 
[INFO] [stdout] test result: ok. 2 passed; 0 failed; 0 ignored; 0 measured; 0 filtered out; finished in 0.00s
[INFO] [stdout] 
[INFO] [stderr]    Doc-tests markov_rope
[INFO] [stdout] 
[INFO] [stdout] running 4 tests
[INFO] [stdout] test src/lib.rs - MarkovChain<'a>::from_string (line 28) ... FAILED
[INFO] [stdout] test src/lib.rs - MarkovChain<'a>::new (line 15) ... FAILED
[INFO] [stdout] test src/lib.rs - MarkovChain<'a>::default (line 43) ... FAILED
[INFO] [stdout] test src/lib.rs - MarkovChain<'a>::generate_text (line 140) ... FAILED
[INFO] [stdout] 
[INFO] [stdout] failures:
[INFO] [stdout] 
[INFO] [stdout] ---- src/lib.rs - MarkovChain<'a>::from_string (line 28) stdout ----
[INFO] [stdout] error[E0433]: failed to resolve: use of undeclared type `MarkovChain`
[INFO] [stdout]  --> src/lib.rs:29:13
[INFO] [stdout]   |
[INFO] [stdout] 3 | let chain = MarkovChain::from_string("your string here");
[INFO] [stdout]   |             ^^^^^^^^^^^ use of undeclared type `MarkovChain`
[INFO] [stdout]   |
[INFO] [stdout] help: consider importing this struct
[INFO] [stdout]   |
[INFO] [stdout] 2 + use markov_rope::MarkovChain;
[INFO] [stdout]   |
[INFO] [stdout] 
[INFO] [stdout] error: aborting due to 1 previous error
[INFO] [stdout] 
[INFO] [stdout] For more information about this error, try `rustc --explain E0433`.
[INFO] [stdout] Couldn't compile the test.
[INFO] [stdout] ---- src/lib.rs - MarkovChain<'a>::new (line 15) stdout ----
[INFO] [stdout] error[E0433]: failed to resolve: use of undeclared type `MarkovChain`
[INFO] [stdout]  --> src/lib.rs:16:17
[INFO] [stdout]   |
[INFO] [stdout] 3 | let mut chain = MarkovChain::new();
[INFO] [stdout]   |                 ^^^^^^^^^^^ use of undeclared type `MarkovChain`
[INFO] [stdout]   |
[INFO] [stdout] help: consider importing this struct
[INFO] [stdout]   |
[INFO] [stdout] 2 + use markov_rope::MarkovChain;
[INFO] [stdout]   |
[INFO] [stdout] 
[INFO] [stdout] error: aborting due to 1 previous error
[INFO] [stdout] 
[INFO] [stdout] For more information about this error, try `rustc --explain E0433`.
[INFO] [stdout] Couldn't compile the test.
[INFO] [stdout] ---- src/lib.rs - MarkovChain<'a>::default (line 43) stdout ----
[INFO] [stdout] error[E0433]: failed to resolve: use of undeclared type `MarkovChain`
[INFO] [stdout]  --> src/lib.rs:44:13
[INFO] [stdout]   |
[INFO] [stdout] 3 | let chain = MarkovChain::default();
[INFO] [stdout]   |             ^^^^^^^^^^^ use of undeclared type `MarkovChain`
[INFO] [stdout]   |
[INFO] [stdout] help: consider importing this struct
[INFO] [stdout]   |
[INFO] [stdout] 2 + use markov_rope::MarkovChain;
[INFO] [stdout]   |
[INFO] [stdout] 
[INFO] [stdout] error: aborting due to 1 previous error
[INFO] [stdout] 
[INFO] [stdout] For more information about this error, try `rustc --explain E0433`.
[INFO] [stdout] Couldn't compile the test.
[INFO] [stdout] ---- src/lib.rs - MarkovChain<'a>::generate_text (line 140) stdout ----
[INFO] [stdout] error[E0433]: failed to resolve: use of undeclared type `MarkovChain`
[INFO] [stdout]  --> src/lib.rs:141:13
[INFO] [stdout]   |
[INFO] [stdout] 3 | let chain = MarkovChain::from_string("your string here");
[INFO] [stdout]   |             ^^^^^^^^^^^ use of undeclared type `MarkovChain`
[INFO] [stdout]   |
[INFO] [stdout] help: consider importing this struct
[INFO] [stdout]   |
[INFO] [stdout] 2 + use markov_rope::MarkovChain;
[INFO] [stdout]   |
[INFO] [stdout] 
[INFO] [stdout] error: aborting due to 1 previous error
[INFO] [stdout] 
[INFO] [stdout] For more information about this error, try `rustc --explain E0433`.
[INFO] [stdout] Couldn't compile the test.
[INFO] [stdout] 
[INFO] [stdout] failures:
[INFO] [stdout]     src/lib.rs - MarkovChain<'a>::default (line 43)
[INFO] [stdout]     src/lib.rs - MarkovChain<'a>::from_string (line 28)
[INFO] [stdout]     src/lib.rs - MarkovChain<'a>::generate_text (line 140)
[INFO] [stdout]     src/lib.rs - MarkovChain<'a>::new (line 15)
[INFO] [stdout] 
[INFO] [stdout] test result: FAILED. 0 passed; 4 failed; 0 ignored; 0 measured; 0 filtered out; finished in 0.07s
[INFO] [stdout] 
[INFO] [stderr] error: doctest failed, to rerun pass `--doc`
[INFO] running `Command { std: "docker" "inspect" "89c27a415512234a72e4c6911415c9454a32b0415ff267c196e4cf77c0849f28", kill_on_drop: false }`
[INFO] running `Command { std: "docker" "rm" "-f" "89c27a415512234a72e4c6911415c9454a32b0415ff267c196e4cf77c0849f28", kill_on_drop: false }`
[INFO] [stdout] 89c27a415512234a72e4c6911415c9454a32b0415ff267c196e4cf77c0849f28
