[INFO] cloning repository https://github.com/tomblanchard312/rust_orm_gen
[INFO] running `Command { std: "git" "-c" "credential.helper=" "-c" "credential.helper=/workspace/cargo-home/bin/git-credential-null" "clone" "--bare" "https://github.com/tomblanchard312/rust_orm_gen" "/workspace/cache/git-repos/https%3A%2F%2Fgithub.com%2Ftomblanchard312%2Frust_orm_gen", kill_on_drop: false }`
[INFO] [stderr] Cloning into bare repository '/workspace/cache/git-repos/https%3A%2F%2Fgithub.com%2Ftomblanchard312%2Frust_orm_gen'...
[INFO] running `Command { std: "git" "rev-parse" "HEAD", kill_on_drop: false }`
[INFO] [stdout] 4d2b464b6541d288a34ca8f004c9ee38bf68dfe2
[INFO] testing tomblanchard312/rust_orm_gen against nightly-2025-01-18 for randomize-layout-2
[INFO] running `Command { std: "git" "clone" "/workspace/cache/git-repos/https%3A%2F%2Fgithub.com%2Ftomblanchard312%2Frust_orm_gen" "/workspace/builds/worker-3-tc1/source", kill_on_drop: false }`
[INFO] [stderr] Cloning into '/workspace/builds/worker-3-tc1/source'...
[INFO] [stderr] done.
[INFO] validating manifest of git repo https://github.com/tomblanchard312/rust_orm_gen on toolchain nightly-2025-01-18
[INFO] running `Command { std: CARGO_HOME="/workspace/cargo-home" RUSTUP_HOME="/workspace/rustup-home" "/workspace/cargo-home/bin/cargo" "+nightly-2025-01-18" "metadata" "--manifest-path" "Cargo.toml" "--no-deps", kill_on_drop: false }`
[INFO] started tweaking git repo https://github.com/tomblanchard312/rust_orm_gen
[INFO] finished tweaking git repo https://github.com/tomblanchard312/rust_orm_gen
[INFO] tweaked toml for git repo https://github.com/tomblanchard312/rust_orm_gen written to /workspace/builds/worker-3-tc1/source/Cargo.toml
[INFO] crate git repo https://github.com/tomblanchard312/rust_orm_gen already has a lockfile, it will not be regenerated
[INFO] running `Command { std: CARGO_HOME="/workspace/cargo-home" RUSTUP_HOME="/workspace/rustup-home" "/workspace/cargo-home/bin/cargo" "+nightly-2025-01-18" "fetch" "--manifest-path" "Cargo.toml", kill_on_drop: false }`
[INFO] [stderr]  Downloading crates ...
[INFO] [stderr]   Downloaded postgres-types v0.2.7
[INFO] [stderr]   Downloaded bigdecimal v0.2.2
[INFO] [stderr]   Downloaded tokio-postgres v0.7.11
[INFO] [stderr]   Downloaded tokio v1.39.1
[INFO] running `Command { std: "docker" "create" "-v" "/var/lib/crater-agent-workspace/builds/worker-3-tc1/target:/opt/rustwide/target:rw,Z" "-v" "/var/lib/crater-agent-workspace/builds/worker-3-tc1/source:/opt/rustwide/workdir:ro,Z" "-v" "/var/lib/crater-agent-workspace/cargo-home:/opt/rustwide/cargo-home:ro,Z" "-v" "/var/lib/crater-agent-workspace/rustup-home:/opt/rustwide/rustup-home:ro,Z" "-e" "SOURCE_DIR=/opt/rustwide/workdir" "-e" "CARGO_TARGET_DIR=/opt/rustwide/target" "-e" "CARGO_HOME=/opt/rustwide/cargo-home" "-e" "RUSTUP_HOME=/opt/rustwide/rustup-home" "-w" "/opt/rustwide/workdir" "-m" "1610612736" "--user" "0:0" "--network" "none" "ghcr.io/rust-lang/crates-build-env/linux@sha256:819108c5571ea2e421544af4d832f968d213c87fbe3707a016657f43d2f853bc" "/opt/rustwide/cargo-home/bin/cargo" "+nightly-2025-01-18" "metadata" "--no-deps" "--format-version=1", kill_on_drop: false }`
[INFO] [stdout] f50518f9c1ec14428dfac045920606e35c2bba118dc21a62ab78ae7be06de293
[INFO] running `Command { std: "docker" "start" "-a" "f50518f9c1ec14428dfac045920606e35c2bba118dc21a62ab78ae7be06de293", kill_on_drop: false }`
[INFO] running `Command { std: "docker" "inspect" "f50518f9c1ec14428dfac045920606e35c2bba118dc21a62ab78ae7be06de293", kill_on_drop: false }`
[INFO] running `Command { std: "docker" "rm" "-f" "f50518f9c1ec14428dfac045920606e35c2bba118dc21a62ab78ae7be06de293", kill_on_drop: false }`
[INFO] [stdout] f50518f9c1ec14428dfac045920606e35c2bba118dc21a62ab78ae7be06de293
[INFO] running `Command { std: "docker" "create" "-v" "/var/lib/crater-agent-workspace/builds/worker-3-tc1/target:/opt/rustwide/target:rw,Z" "-v" "/var/lib/crater-agent-workspace/builds/worker-3-tc1/source:/opt/rustwide/workdir:ro,Z" "-v" "/var/lib/crater-agent-workspace/cargo-home:/opt/rustwide/cargo-home:ro,Z" "-v" "/var/lib/crater-agent-workspace/rustup-home:/opt/rustwide/rustup-home:ro,Z" "-e" "SOURCE_DIR=/opt/rustwide/workdir" "-e" "CARGO_TARGET_DIR=/opt/rustwide/target" "-e" "CARGO_INCREMENTAL=0" "-e" "RUST_BACKTRACE=full" "-e" "RUSTFLAGS=--cap-lints=forbid" "-e" "RUSTDOCFLAGS=--cap-lints=forbid" "-e" "CARGO_HOME=/opt/rustwide/cargo-home" "-e" "RUSTUP_HOME=/opt/rustwide/rustup-home" "-w" "/opt/rustwide/workdir" "-m" "1610612736" "--user" "0:0" "--network" "none" "ghcr.io/rust-lang/crates-build-env/linux@sha256:819108c5571ea2e421544af4d832f968d213c87fbe3707a016657f43d2f853bc" "/opt/rustwide/cargo-home/bin/cargo" "+nightly-2025-01-18" "build" "--frozen" "--message-format=json", kill_on_drop: false }`
[INFO] [stdout] f2b3b76d9c9eeac9d3bee5255b5a510413f61015203dfd4831dc3ac8172ddbe0
[INFO] running `Command { std: "docker" "start" "-a" "f2b3b76d9c9eeac9d3bee5255b5a510413f61015203dfd4831dc3ac8172ddbe0", kill_on_drop: false }`
[INFO] [stderr]    Compiling autocfg v1.3.0
[INFO] [stderr]    Compiling libc v0.2.155
[INFO] [stderr]    Compiling proc-macro2 v1.0.86
[INFO] [stderr]    Compiling unicode-ident v1.0.12
[INFO] [stderr]    Compiling cfg-if v1.0.0
[INFO] [stderr]    Compiling typenum v1.17.0
[INFO] [stderr]    Compiling memchr v2.7.4
[INFO] [stderr]    Compiling subtle v2.6.1
[INFO] [stderr]    Compiling tinyvec_macros v0.1.1
[INFO] [stderr]    Compiling parking_lot_core v0.9.10
[INFO] [stderr]    Compiling smallvec v1.13.2
[INFO] [stderr]    Compiling scopeguard v1.2.0
[INFO] [stderr]    Compiling ppv-lite86 v0.2.17
[INFO] [stderr]    Compiling regex-syntax v0.8.4
[INFO] [stderr]    Compiling bytes v1.6.1
[INFO] [stderr]    Compiling generic-array v0.14.7
[INFO] [stderr]    Compiling unicode-bidi v0.3.15
[INFO] [stderr]    Compiling tinyvec v1.8.0
[INFO] [stderr]    Compiling unicode-properties v0.1.1
[INFO] [stderr]    Compiling cpufeatures v0.2.12
[INFO] [stderr]    Compiling futures-core v0.3.30
[INFO] [stderr]    Compiling pin-project-lite v0.2.14
[INFO] [stderr]    Compiling syn v1.0.109
[INFO] [stderr]    Compiling futures-sink v0.3.30
[INFO] [stderr]    Compiling predicates-core v1.0.8
[INFO] [stderr]    Compiling byteorder v1.5.0
[INFO] [stderr]    Compiling fallible-iterator v0.2.0
[INFO] [stderr]    Compiling serde v1.0.204
[INFO] [stderr]    Compiling base64 v0.22.1
[INFO] [stderr]    Compiling siphasher v0.3.11
[INFO] [stderr]    Compiling num-traits v0.2.19
[INFO] [stderr]    Compiling lock_api v0.4.12
[INFO] [stderr]    Compiling slab v0.4.9
[INFO] [stderr]    Compiling num-bigint v0.3.3
[INFO] [stderr]    Compiling either v1.13.0
[INFO] [stderr]    Compiling phf_shared v0.11.2
[INFO] [stderr]    Compiling unicode-normalization v0.1.23
[INFO] [stderr]    Compiling aho-corasick v1.1.3
[INFO] [stderr]    Compiling itertools v0.10.5
[INFO] [stderr]    Compiling termtree v0.4.1
[INFO] [stderr]    Compiling futures-task v0.3.30
[INFO] [stderr]    Compiling quote v1.0.36
[INFO] [stderr]    Compiling difflib v0.4.0
[INFO] [stderr]    Compiling normalize-line-endings v0.3.0
[INFO] [stderr]    Compiling pin-utils v0.1.0
[INFO] [stderr]    Compiling log v0.4.22
[INFO] [stderr]    Compiling serde_json v1.0.120
[INFO] [stderr]    Compiling predicates-tree v1.0.11
[INFO] [stderr]    Compiling phf v0.11.2
[INFO] [stderr]    Compiling syn v2.0.72
[INFO] [stderr]    Compiling futures-channel v0.3.30
[INFO] [stderr]    Compiling iana-time-zone v0.1.60
[INFO] [stderr]    Compiling ryu v1.0.18
[INFO] [stderr]    Compiling fragile v2.0.0
[INFO] [stderr]    Compiling humantime v2.1.0
[INFO] [stderr]    Compiling itoa v1.0.11
[INFO] [stderr]    Compiling termcolor v1.4.1
[INFO] [stderr]    Compiling percent-encoding v2.3.1
[INFO] [stderr]    Compiling getrandom v0.2.15
[INFO] [stderr]    Compiling stringprep v0.1.5
[INFO] [stderr]    Compiling signal-hook-registry v1.4.2
[INFO] [stderr]    Compiling socket2 v0.5.7
[INFO] [stderr]    Compiling mio v1.0.1
[INFO] [stderr]    Compiling rand_core v0.6.4
[INFO] [stderr]    Compiling parking_lot v0.12.3
[INFO] [stderr]    Compiling rand_chacha v0.3.1
[INFO] [stderr]    Compiling atty v0.2.14
[INFO] [stderr]    Compiling whoami v1.5.1
[INFO] [stderr]    Compiling lazy_static v1.5.0
[INFO] [stderr]    Compiling downcast v0.11.0
[INFO] [stderr]    Compiling num-integer v0.1.46
[INFO] [stderr]    Compiling rand v0.8.5
[INFO] [stderr]    Compiling float-cmp v0.9.0
[INFO] [stderr]    Compiling chrono v0.4.38
[INFO] [stderr]    Compiling dotenv v0.15.0
[INFO] [stderr]    Compiling uuid v1.10.0
[INFO] [stderr]    Compiling convert_case v0.4.0
[INFO] [stderr]    Compiling crypto-common v0.1.6
[INFO] [stderr]    Compiling block-buffer v0.10.4
[INFO] [stderr]    Compiling digest v0.10.7
[INFO] [stderr]    Compiling md-5 v0.10.6
[INFO] [stderr]    Compiling sha2 v0.10.8
[INFO] [stderr]    Compiling hmac v0.12.1
[INFO] [stderr]    Compiling postgres-protocol v0.6.7
[INFO] [stderr]    Compiling regex-automata v0.4.7
[INFO] [stderr]    Compiling postgres-types v0.2.7
[INFO] [stderr]    Compiling bigdecimal v0.2.2
[INFO] [stderr]    Compiling mockall_derive v0.11.4
[INFO] [stderr]    Compiling tokio-macros v2.4.0
[INFO] [stderr]    Compiling futures-macro v0.3.30
[INFO] [stderr]    Compiling serde_derive v1.0.204
[INFO] [stderr]    Compiling async-trait v0.1.81
[INFO] [stderr]    Compiling tokio v1.39.1
[INFO] [stderr]    Compiling futures-util v0.3.30
[INFO] [stderr]    Compiling regex v1.10.5
[INFO] [stderr]    Compiling predicates v2.1.5
[INFO] [stderr]    Compiling env_logger v0.9.3
[INFO] [stderr]    Compiling mockall v0.11.4
[INFO] [stderr]    Compiling tokio-util v0.7.11
[INFO] [stderr]    Compiling tokio-postgres v0.7.11
[INFO] [stderr]    Compiling rust_orm_gen v0.1.3 (/opt/rustwide/workdir)
[INFO] [stderr]     Finished `dev` profile [unoptimized + debuginfo] target(s) in 45.63s
[INFO] running `Command { std: "docker" "inspect" "f2b3b76d9c9eeac9d3bee5255b5a510413f61015203dfd4831dc3ac8172ddbe0", kill_on_drop: false }`
[INFO] running `Command { std: "docker" "rm" "-f" "f2b3b76d9c9eeac9d3bee5255b5a510413f61015203dfd4831dc3ac8172ddbe0", kill_on_drop: false }`
[INFO] [stdout] f2b3b76d9c9eeac9d3bee5255b5a510413f61015203dfd4831dc3ac8172ddbe0
[INFO] running `Command { std: "docker" "create" "-v" "/var/lib/crater-agent-workspace/builds/worker-3-tc1/target:/opt/rustwide/target:rw,Z" "-v" "/var/lib/crater-agent-workspace/builds/worker-3-tc1/source:/opt/rustwide/workdir:ro,Z" "-v" "/var/lib/crater-agent-workspace/cargo-home:/opt/rustwide/cargo-home:ro,Z" "-v" "/var/lib/crater-agent-workspace/rustup-home:/opt/rustwide/rustup-home:ro,Z" "-e" "SOURCE_DIR=/opt/rustwide/workdir" "-e" "CARGO_TARGET_DIR=/opt/rustwide/target" "-e" "CARGO_INCREMENTAL=0" "-e" "RUST_BACKTRACE=full" "-e" "RUSTFLAGS=--cap-lints=forbid" "-e" "RUSTDOCFLAGS=--cap-lints=forbid" "-e" "CARGO_HOME=/opt/rustwide/cargo-home" "-e" "RUSTUP_HOME=/opt/rustwide/rustup-home" "-w" "/opt/rustwide/workdir" "-m" "1610612736" "--user" "0:0" "--network" "none" "ghcr.io/rust-lang/crates-build-env/linux@sha256:819108c5571ea2e421544af4d832f968d213c87fbe3707a016657f43d2f853bc" "/opt/rustwide/cargo-home/bin/cargo" "+nightly-2025-01-18" "test" "--frozen" "--no-run" "--message-format=json", kill_on_drop: false }`
[INFO] [stdout] 75af7ef225b0c6f612a26565ecaac8ecdb94c08373ac74e7ffceec5f332a1bc4
[INFO] running `Command { std: "docker" "start" "-a" "75af7ef225b0c6f612a26565ecaac8ecdb94c08373ac74e7ffceec5f332a1bc4", kill_on_drop: false }`
[INFO] [stderr]    Compiling rust_orm_gen v0.1.3 (/opt/rustwide/workdir)
[INFO] [stderr]     Finished `test` profile [unoptimized + debuginfo] target(s) in 2.29s
[INFO] running `Command { std: "docker" "inspect" "75af7ef225b0c6f612a26565ecaac8ecdb94c08373ac74e7ffceec5f332a1bc4", kill_on_drop: false }`
[INFO] running `Command { std: "docker" "rm" "-f" "75af7ef225b0c6f612a26565ecaac8ecdb94c08373ac74e7ffceec5f332a1bc4", kill_on_drop: false }`
[INFO] [stdout] 75af7ef225b0c6f612a26565ecaac8ecdb94c08373ac74e7ffceec5f332a1bc4
[INFO] running `Command { std: "docker" "create" "-v" "/var/lib/crater-agent-workspace/builds/worker-3-tc1/target:/opt/rustwide/target:rw,Z" "-v" "/var/lib/crater-agent-workspace/builds/worker-3-tc1/source:/opt/rustwide/workdir:ro,Z" "-v" "/var/lib/crater-agent-workspace/cargo-home:/opt/rustwide/cargo-home:ro,Z" "-v" "/var/lib/crater-agent-workspace/rustup-home:/opt/rustwide/rustup-home:ro,Z" "-e" "SOURCE_DIR=/opt/rustwide/workdir" "-e" "CARGO_TARGET_DIR=/opt/rustwide/target" "-e" "CARGO_INCREMENTAL=0" "-e" "RUST_BACKTRACE=full" "-e" "RUSTFLAGS=--cap-lints=forbid" "-e" "RUSTDOCFLAGS=--cap-lints=forbid" "-e" "CARGO_HOME=/opt/rustwide/cargo-home" "-e" "RUSTUP_HOME=/opt/rustwide/rustup-home" "-w" "/opt/rustwide/workdir" "-m" "1610612736" "--user" "0:0" "--network" "none" "ghcr.io/rust-lang/crates-build-env/linux@sha256:819108c5571ea2e421544af4d832f968d213c87fbe3707a016657f43d2f853bc" "/opt/rustwide/cargo-home/bin/cargo" "+nightly-2025-01-18" "test" "--frozen", kill_on_drop: false }`
[INFO] [stdout] df95da3fe87821965f2140d403bc5e703ee45e5134332673af1c2cc2107d3356
[INFO] running `Command { std: "docker" "start" "-a" "df95da3fe87821965f2140d403bc5e703ee45e5134332673af1c2cc2107d3356", kill_on_drop: false }`
[INFO] [stderr]     Finished `test` profile [unoptimized + debuginfo] target(s) in 0.14s
[INFO] [stderr]      Running unittests src/lib.rs (/opt/rustwide/target/debug/deps/rust_orm_gen-26874006a7862645)
[INFO] [stdout] 
[INFO] [stdout] running 9 tests
[INFO] [stdout] test generator::tests::test_generate_struct ... ok
[INFO] [stdout] test crud::tests::test_generate_crud_operations ... ok
[INFO] [stdout] test query_builder::tests::test_select_query_builder ... ok
[INFO] [stdout] test relationships::tests::test_relationship_creation ... ok
[INFO] [stdout] test relationships::tests::test_user_relationships ... ok
[INFO] [stdout] test metadata::tests::test_get_columns ... FAILED
[INFO] [stdout] test metadata::tests::test_get_tables ... FAILED
[INFO] [stdout] test db::tests::test_connect ... FAILED
[INFO] [stdout] test context::tests::test_reverse_engineer ... FAILED
[INFO] [stdout] 
[INFO] [stdout] failures:
[INFO] [stdout] 
[INFO] [stdout] ---- metadata::tests::test_get_columns stdout ----
[INFO] [stdout] 
[INFO] [stdout] thread 'metadata::tests::test_get_columns' panicked at src/metadata.rs:43:46:
[INFO] [stdout] Failed to connect to database: ConnectionError("error connecting to server: Connection refused (os error 111)")
[INFO] [stdout] stack backtrace:
[INFO] [stdout]    0:     0x61f782e5ba0a - std::backtrace_rs::backtrace::libunwind::trace::hb059275cfc8d6126
[INFO] [stdout]                                at /rustc/6067b36314ab5eb2eb47cecc464545ba58e1ad24/library/std/src/../../backtrace/src/backtrace/libunwind.rs:116:5
[INFO] [stdout]    1:     0x61f782e5ba0a - std::backtrace_rs::backtrace::trace_unsynchronized::h2da071e4327ce3ee
[INFO] [stdout]                                at /rustc/6067b36314ab5eb2eb47cecc464545ba58e1ad24/library/std/src/../../backtrace/src/backtrace/mod.rs:66:5
[INFO] [stdout]    2:     0x61f782e5ba0a - std::sys::backtrace::_print_fmt::h842a1474e6f8d23f
[INFO] [stdout]                                at /rustc/6067b36314ab5eb2eb47cecc464545ba58e1ad24/library/std/src/sys/backtrace.rs:66:9
[INFO] [stdout]    3:     0x61f782e5ba0a - <std::sys::backtrace::BacktraceLock::print::DisplayBacktrace as core::fmt::Display>::fmt::h71a62eb3b9696b12
[INFO] [stdout]                                at /rustc/6067b36314ab5eb2eb47cecc464545ba58e1ad24/library/std/src/sys/backtrace.rs:39:26
[INFO] [stdout]    4:     0x61f782e871f3 - core::fmt::rt::Argument::fmt::hdb6b616786b41dc1
[INFO] [stdout]                                at /rustc/6067b36314ab5eb2eb47cecc464545ba58e1ad24/library/core/src/fmt/rt.rs:177:76
[INFO] [stdout]    5:     0x61f782e871f3 - core::fmt::write::h2cc1698af7e2d686
[INFO] [stdout]                                at /rustc/6067b36314ab5eb2eb47cecc464545ba58e1ad24/library/core/src/fmt/mod.rs:1440:21
[INFO] [stdout]    6:     0x61f782e57733 - std::io::Write::write_fmt::hab1b4cd059a79022
[INFO] [stdout]                                at /rustc/6067b36314ab5eb2eb47cecc464545ba58e1ad24/library/std/src/io/mod.rs:1887:15
[INFO] [stdout]    7:     0x61f782e5b852 - std::sys::backtrace::BacktraceLock::print::h147fe35b4ea13b08
[INFO] [stdout]                                at /rustc/6067b36314ab5eb2eb47cecc464545ba58e1ad24/library/std/src/sys/backtrace.rs:42:9
[INFO] [stdout]    8:     0x61f782e5ce2f - std::panicking::default_hook::{{closure}}::hbd44223dbdc0d208
[INFO] [stdout]                                at /rustc/6067b36314ab5eb2eb47cecc464545ba58e1ad24/library/std/src/panicking.rs:298:22
[INFO] [stdout]    9:     0x61f782e5cc48 - std::panicking::default_hook::h20f81eb0576efcec
[INFO] [stdout]                                at /rustc/6067b36314ab5eb2eb47cecc464545ba58e1ad24/library/std/src/panicking.rs:322:9
[INFO] [stdout]   10:     0x61f782c5de13 - <alloc::boxed::Box<F,A> as core::ops::function::Fn<Args>>::call::hdb53814c496a4d34
[INFO] [stdout]                                at /rustc/6067b36314ab5eb2eb47cecc464545ba58e1ad24/library/alloc/src/boxed.rs:2027:9
[INFO] [stdout]   11:     0x61f782c5de13 - test::test_main::{{closure}}::hc0a4963c59427c24
[INFO] [stdout]                                at /rustc/6067b36314ab5eb2eb47cecc464545ba58e1ad24/library/test/src/lib.rs:134:21
[INFO] [stdout]   12:     0x61f782e5d923 - <alloc::boxed::Box<F,A> as core::ops::function::Fn<Args>>::call::h591b2225413a77e9
[INFO] [stdout]                                at /rustc/6067b36314ab5eb2eb47cecc464545ba58e1ad24/library/alloc/src/boxed.rs:2027:9
[INFO] [stdout]   13:     0x61f782e5d923 - std::panicking::rust_panic_with_hook::h625eea43051b2edc
[INFO] [stdout]                                at /rustc/6067b36314ab5eb2eb47cecc464545ba58e1ad24/library/std/src/panicking.rs:839:13
[INFO] [stdout]   14:     0x61f782e5d5da - std::panicking::begin_panic_handler::{{closure}}::h4f9159cfbc3f6bd3
[INFO] [stdout]                                at /rustc/6067b36314ab5eb2eb47cecc464545ba58e1ad24/library/std/src/panicking.rs:704:13
[INFO] [stdout]   15:     0x61f782e5bf09 - std::sys::backtrace::__rust_end_short_backtrace::h0390abce48353151
[INFO] [stdout]                                at /rustc/6067b36314ab5eb2eb47cecc464545ba58e1ad24/library/std/src/sys/backtrace.rs:168:18
[INFO] [stdout]   16:     0x61f782e5d26d - rust_begin_unwind
[INFO] [stdout]                                at /rustc/6067b36314ab5eb2eb47cecc464545ba58e1ad24/library/std/src/panicking.rs:695:5
[INFO] [stdout]   17:     0x61f782e85950 - core::panicking::panic_fmt::h9e7c637e9e5f29c9
[INFO] [stdout]                                at /rustc/6067b36314ab5eb2eb47cecc464545ba58e1ad24/library/core/src/panicking.rs:75:14
[INFO] [stdout]   18:     0x61f782e85e26 - core::result::unwrap_failed::h7979f09313fe1849
[INFO] [stdout]                                at /rustc/6067b36314ab5eb2eb47cecc464545ba58e1ad24/library/core/src/result.rs:1704:5
[INFO] [stdout]   19:     0x61f782beb651 - core::result::Result<T,E>::expect::hd6cadc07b22fef59
[INFO] [stdout]                                at /rustc/6067b36314ab5eb2eb47cecc464545ba58e1ad24/library/core/src/result.rs:1061:23
[INFO] [stdout]   20:     0x61f782c23a45 - rust_orm_gen::metadata::tests::test_get_columns::{{closure}}::hb677f412273e8ad2
[INFO] [stdout]                                at /opt/rustwide/workdir/src/metadata.rs:43:22
[INFO] [stdout]   21:     0x61f782bec8f2 - <core::pin::Pin<P> as core::future::future::Future>::poll::h242b191c70cc7957
[INFO] [stdout]                                at /rustc/6067b36314ab5eb2eb47cecc464545ba58e1ad24/library/core/src/future/future.rs:124:9
[INFO] [stdout]   22:     0x61f782bec9ed - <core::pin::Pin<P> as core::future::future::Future>::poll::hd93ce88dde73c6d3
[INFO] [stdout]                                at /rustc/6067b36314ab5eb2eb47cecc464545ba58e1ad24/library/core/src/future/future.rs:124:9
[INFO] [stdout]   23:     0x61f782c0c70f - tokio::runtime::scheduler::current_thread::CoreGuard::block_on::{{closure}}::{{closure}}::{{closure}}::ha52093d4f6dde8ef
[INFO] [stdout]                                at /opt/rustwide/cargo-home/registry/src/index.crates.io-1949cf8c6b5b557f/tokio-1.39.1/src/runtime/scheduler/current_thread/mod.rs:673:57
[INFO] [stdout]   24:     0x61f782c0c645 - tokio::runtime::coop::with_budget::ha497bd640c029141
[INFO] [stdout]                                at /opt/rustwide/cargo-home/registry/src/index.crates.io-1949cf8c6b5b557f/tokio-1.39.1/src/runtime/coop.rs:107:5
[INFO] [stdout]   25:     0x61f782c0c645 - tokio::runtime::coop::budget::h915a8ee80a5b3ae9
[INFO] [stdout]                                at /opt/rustwide/cargo-home/registry/src/index.crates.io-1949cf8c6b5b557f/tokio-1.39.1/src/runtime/coop.rs:73:5
[INFO] [stdout]   26:     0x61f782c0c645 - tokio::runtime::scheduler::current_thread::CoreGuard::block_on::{{closure}}::{{closure}}::h9feb5dd793c8453d
[INFO] [stdout]                                at /opt/rustwide/cargo-home/registry/src/index.crates.io-1949cf8c6b5b557f/tokio-1.39.1/src/runtime/scheduler/current_thread/mod.rs:673:25
[INFO] [stdout]   27:     0x61f782c0a290 - tokio::runtime::scheduler::current_thread::Context::enter::hd2dc95ff3ccdc1f2
[INFO] [stdout]                                at /opt/rustwide/cargo-home/registry/src/index.crates.io-1949cf8c6b5b557f/tokio-1.39.1/src/runtime/scheduler/current_thread/mod.rs:412:19
[INFO] [stdout]   28:     0x61f782c0b45e - tokio::runtime::scheduler::current_thread::CoreGuard::block_on::{{closure}}::h465a689534f28c4c
[INFO] [stdout]                                at /opt/rustwide/cargo-home/registry/src/index.crates.io-1949cf8c6b5b557f/tokio-1.39.1/src/runtime/scheduler/current_thread/mod.rs:672:36
[INFO] [stdout]   29:     0x61f782c0b154 - tokio::runtime::scheduler::current_thread::CoreGuard::enter::{{closure}}::h44fd853ab21d80f7
[INFO] [stdout]                                at /opt/rustwide/cargo-home/registry/src/index.crates.io-1949cf8c6b5b557f/tokio-1.39.1/src/runtime/scheduler/current_thread/mod.rs:751:68
[INFO] [stdout]   30:     0x61f782bf81eb - tokio::runtime::context::scoped::Scoped<T>::set::h6011cd84f9566e32
[INFO] [stdout]                                at /opt/rustwide/cargo-home/registry/src/index.crates.io-1949cf8c6b5b557f/tokio-1.39.1/src/runtime/context/scoped.rs:40:9
[INFO] [stdout]   31:     0x61f782c1fe19 - tokio::runtime::context::set_scheduler::{{closure}}::hdf2f4b7bb8d3fb21
[INFO] [stdout]                                at /opt/rustwide/cargo-home/registry/src/index.crates.io-1949cf8c6b5b557f/tokio-1.39.1/src/runtime/context.rs:180:26
[INFO] [stdout]   32:     0x61f782bfc802 - std::thread::local::LocalKey<T>::try_with::h202480360d1e2509
[INFO] [stdout]                                at /rustc/6067b36314ab5eb2eb47cecc464545ba58e1ad24/library/std/src/thread/local.rs:308:12
[INFO] [stdout]   33:     0x61f782bfc3aa - std::thread::local::LocalKey<T>::with::h1cd21125b03faaec
[INFO] [stdout]                                at /rustc/6067b36314ab5eb2eb47cecc464545ba58e1ad24/library/std/src/thread/local.rs:272:9
[INFO] [stdout]   34:     0x61f782c1fdcd - tokio::runtime::context::set_scheduler::hbe5d81180b7b709e
[INFO] [stdout]                                at /opt/rustwide/cargo-home/registry/src/index.crates.io-1949cf8c6b5b557f/tokio-1.39.1/src/runtime/context.rs:180:9
[INFO] [stdout]   35:     0x61f782c0aae0 - tokio::runtime::scheduler::current_thread::CoreGuard::enter::h0b0a675004700af0
[INFO] [stdout]                                at /opt/rustwide/cargo-home/registry/src/index.crates.io-1949cf8c6b5b557f/tokio-1.39.1/src/runtime/scheduler/current_thread/mod.rs:751:27
[INFO] [stdout]   36:     0x61f782c0b1f3 - tokio::runtime::scheduler::current_thread::CoreGuard::block_on::hd0cca47db897acca
[INFO] [stdout]                                at /opt/rustwide/cargo-home/registry/src/index.crates.io-1949cf8c6b5b557f/tokio-1.39.1/src/runtime/scheduler/current_thread/mod.rs:660:19
[INFO] [stdout]   37:     0x61f782c08efa - tokio::runtime::scheduler::current_thread::CurrentThread::block_on::{{closure}}::hc5d9a2a86db45ad7
[INFO] [stdout]                                at /opt/rustwide/cargo-home/registry/src/index.crates.io-1949cf8c6b5b557f/tokio-1.39.1/src/runtime/scheduler/current_thread/mod.rs:180:28
[INFO] [stdout]   38:     0x61f782bf84b6 - tokio::runtime::context::runtime::enter_runtime::h0a8da5ff54c689e7
[INFO] [stdout]                                at /opt/rustwide/cargo-home/registry/src/index.crates.io-1949cf8c6b5b557f/tokio-1.39.1/src/runtime/context/runtime.rs:65:16
[INFO] [stdout]   39:     0x61f782c08771 - tokio::runtime::scheduler::current_thread::CurrentThread::block_on::h41151c79de96b65d
[INFO] [stdout]                                at /opt/rustwide/cargo-home/registry/src/index.crates.io-1949cf8c6b5b557f/tokio-1.39.1/src/runtime/scheduler/current_thread/mod.rs:168:9
[INFO] [stdout]   40:     0x61f782bfdf0d - tokio::runtime::runtime::Runtime::block_on_inner::hc979379dd1e91e8b
[INFO] [stdout]                                at /opt/rustwide/cargo-home/registry/src/index.crates.io-1949cf8c6b5b557f/tokio-1.39.1/src/runtime/runtime.rs:361:47
[INFO] [stdout]   41:     0x61f782bfe025 - tokio::runtime::runtime::Runtime::block_on::h8d5bff013faf0d63
[INFO] [stdout]                                at /opt/rustwide/cargo-home/registry/src/index.crates.io-1949cf8c6b5b557f/tokio-1.39.1/src/runtime/runtime.rs:335:13
[INFO] [stdout]   42:     0x61f782c236ed - rust_orm_gen::metadata::tests::test_get_columns::h3ae06bc009c1f399
[INFO] [stdout]                                at /opt/rustwide/workdir/src/metadata.rs:46:9
[INFO] [stdout]   43:     0x61f782c23587 - rust_orm_gen::metadata::tests::test_get_columns::{{closure}}::h01bbd0ed3a49dbdc
[INFO] [stdout]                                at /opt/rustwide/workdir/src/metadata.rs:39:32
[INFO] [stdout]   44:     0x61f782bb7696 - core::ops::function::FnOnce::call_once::h47386592042c1ece
[INFO] [stdout]                                at /rustc/6067b36314ab5eb2eb47cecc464545ba58e1ad24/library/core/src/ops/function.rs:250:5
[INFO] [stdout]   45:     0x61f782c6356b - core::ops::function::FnOnce::call_once::he27718dfdd183f43
[INFO] [stdout]                                at /rustc/6067b36314ab5eb2eb47cecc464545ba58e1ad24/library/core/src/ops/function.rs:250:5
[INFO] [stdout]   46:     0x61f782c6356b - test::__rust_begin_short_backtrace::h4e84902998457a5d
[INFO] [stdout]                                at /rustc/6067b36314ab5eb2eb47cecc464545ba58e1ad24/library/test/src/lib.rs:632:18
[INFO] [stdout]   47:     0x61f782c624a3 - test::run_test_in_process::{{closure}}::h7176fd18fc1feca0
[INFO] [stdout]                                at /rustc/6067b36314ab5eb2eb47cecc464545ba58e1ad24/library/test/src/lib.rs:655:60
[INFO] [stdout]   48:     0x61f782c624a3 - <core::panic::unwind_safe::AssertUnwindSafe<F> as core::ops::function::FnOnce<()>>::call_once::hf79cff2a624d8cf7
[INFO] [stdout]                                at /rustc/6067b36314ab5eb2eb47cecc464545ba58e1ad24/library/core/src/panic/unwind_safe.rs:272:9
[INFO] [stdout]   49:     0x61f782c624a3 - std::panicking::try::do_call::h3da0561d9ab99c25
[INFO] [stdout]                                at /rustc/6067b36314ab5eb2eb47cecc464545ba58e1ad24/library/std/src/panicking.rs:587:40
[INFO] [stdout]   50:     0x61f782c624a3 - std::panicking::try::h41c9fa508bc61df6
[INFO] [stdout]                                at /rustc/6067b36314ab5eb2eb47cecc464545ba58e1ad24/library/std/src/panicking.rs:550:19
[INFO] [stdout]   51:     0x61f782c624a3 - std::panic::catch_unwind::h6b3ff07bb5afad93
[INFO] [stdout]                                at /rustc/6067b36314ab5eb2eb47cecc464545ba58e1ad24/library/std/src/panic.rs:358:14
[INFO] [stdout]   52:     0x61f782c624a3 - test::run_test_in_process::hc7253dd11b39b9f4
[INFO] [stdout]                                at /rustc/6067b36314ab5eb2eb47cecc464545ba58e1ad24/library/test/src/lib.rs:655:27
[INFO] [stdout]   53:     0x61f782c624a3 - test::run_test::{{closure}}::hfb2007f8649c30bb
[INFO] [stdout]                                at /rustc/6067b36314ab5eb2eb47cecc464545ba58e1ad24/library/test/src/lib.rs:576:43
[INFO] [stdout]   54:     0x61f782c25585 - test::run_test::{{closure}}::h56a17aa7a282a9f4
[INFO] [stdout]                                at /rustc/6067b36314ab5eb2eb47cecc464545ba58e1ad24/library/test/src/lib.rs:606:41
[INFO] [stdout]   55:     0x61f782c25585 - std::sys::backtrace::__rust_begin_short_backtrace::hd2d2d2fb8e8c6aac
[INFO] [stdout]                                at /rustc/6067b36314ab5eb2eb47cecc464545ba58e1ad24/library/std/src/sys/backtrace.rs:152:18
[INFO] [stdout]   56:     0x61f782c28e6a - std::thread::Builder::spawn_unchecked_::{{closure}}::{{closure}}::h4faa3f9db6133423
[INFO] [stdout]                                at /rustc/6067b36314ab5eb2eb47cecc464545ba58e1ad24/library/std/src/thread/mod.rs:559:17
[INFO] [stdout]   57:     0x61f782c28e6a - <core::panic::unwind_safe::AssertUnwindSafe<F> as core::ops::function::FnOnce<()>>::call_once::hf2e855a36a4ea846
[INFO] [stdout]                                at /rustc/6067b36314ab5eb2eb47cecc464545ba58e1ad24/library/core/src/panic/unwind_safe.rs:272:9
[INFO] [stdout]   58:     0x61f782c28e6a - std::panicking::try::do_call::h2f73af3616c35465
[INFO] [stdout]                                at /rustc/6067b36314ab5eb2eb47cecc464545ba58e1ad24/library/std/src/panicking.rs:587:40
[INFO] [stdout]   59:     0x61f782c28e6a - std::panicking::try::hd1660ce9efadef5a
[INFO] [stdout]                                at /rustc/6067b36314ab5eb2eb47cecc464545ba58e1ad24/library/std/src/panicking.rs:550:19
[INFO] [stdout]   60:     0x61f782c28e6a - std::panic::catch_unwind::h5ee8d7823b8ca744
[INFO] [stdout]                                at /rustc/6067b36314ab5eb2eb47cecc464545ba58e1ad24/library/std/src/panic.rs:358:14
[INFO] [stdout]   61:     0x61f782c28e6a - std::thread::Builder::spawn_unchecked_::{{closure}}::h53c3a1894dce8407
[INFO] [stdout]                                at /rustc/6067b36314ab5eb2eb47cecc464545ba58e1ad24/library/std/src/thread/mod.rs:557:30
[INFO] [stdout]   62:     0x61f782c28e6a - core::ops::function::FnOnce::call_once{{vtable.shim}}::h048ce291ad4f62bf
[INFO] [stdout]                                at /rustc/6067b36314ab5eb2eb47cecc464545ba58e1ad24/library/core/src/ops/function.rs:250:5
[INFO] [stdout]   63:     0x61f782e61e8b - <alloc::boxed::Box<F,A> as core::ops::function::FnOnce<Args>>::call_once::ha52bedf99a3b4981
[INFO] [stdout]                                at /rustc/6067b36314ab5eb2eb47cecc464545ba58e1ad24/library/alloc/src/boxed.rs:2013:9
[INFO] [stdout]   64:     0x61f782e61e8b - <alloc::boxed::Box<F,A> as core::ops::function::FnOnce<Args>>::call_once::h567748934d80ccf8
[INFO] [stdout]                                at /rustc/6067b36314ab5eb2eb47cecc464545ba58e1ad24/library/alloc/src/boxed.rs:2013:9
[INFO] [stdout]   65:     0x61f782e61e8b - std::sys::pal::unix::thread::Thread::new::thread_start::h2d970728ae887adc
[INFO] [stdout]                                at /rustc/6067b36314ab5eb2eb47cecc464545ba58e1ad24/library/std/src/sys/pal/unix/thread.rs:106:17
[INFO] [stdout]   66:     0x79d855373ac3 - <unknown>
[INFO] [stdout]   67:     0x79d855404a04 - clone
[INFO] [stdout]   68:                0x0 - <unknown>
[INFO] [stdout] 
[INFO] [stdout] ---- metadata::tests::test_get_tables stdout ----
[INFO] [stdout] 
[INFO] [stdout] thread 'metadata::tests::test_get_tables' panicked at src/metadata.rs:32:46:
[INFO] [stdout] Failed to connect to database: ConnectionError("error connecting to server: Connection refused (os error 111)")
[INFO] [stdout] stack backtrace:
[INFO] [stdout]    0:     0x61f782e5ba0a - std::backtrace_rs::backtrace::libunwind::trace::hb059275cfc8d6126
[INFO] [stdout]                                at /rustc/6067b36314ab5eb2eb47cecc464545ba58e1ad24/library/std/src/../../backtrace/src/backtrace/libunwind.rs:116:5
[INFO] [stdout]    1:     0x61f782e5ba0a - std::backtrace_rs::backtrace::trace_unsynchronized::h2da071e4327ce3ee
[INFO] [stdout]                                at /rustc/6067b36314ab5eb2eb47cecc464545ba58e1ad24/library/std/src/../../backtrace/src/backtrace/mod.rs:66:5
[INFO] [stdout]    2:     0x61f782e5ba0a - std::sys::backtrace::_print_fmt::h842a1474e6f8d23f
[INFO] [stdout]                                at /rustc/6067b36314ab5eb2eb47cecc464545ba58e1ad24/library/std/src/sys/backtrace.rs:66:9
[INFO] [stdout]    3:     0x61f782e5ba0a - <std::sys::backtrace::BacktraceLock::print::DisplayBacktrace as core::fmt::Display>::fmt::h71a62eb3b9696b12
[INFO] [stdout]                                at /rustc/6067b36314ab5eb2eb47cecc464545ba58e1ad24/library/std/src/sys/backtrace.rs:39:26
[INFO] [stdout]    4:     0x61f782e871f3 - core::fmt::rt::Argument::fmt::hdb6b616786b41dc1
[INFO] [stdout]                                at /rustc/6067b36314ab5eb2eb47cecc464545ba58e1ad24/library/core/src/fmt/rt.rs:177:76
[INFO] [stdout]    5:     0x61f782e871f3 - core::fmt::write::h2cc1698af7e2d686
[INFO] [stdout]                                at /rustc/6067b36314ab5eb2eb47cecc464545ba58e1ad24/library/core/src/fmt/mod.rs:1440:21
[INFO] [stdout]    6:     0x61f782e57733 - std::io::Write::write_fmt::hab1b4cd059a79022
[INFO] [stdout]                                at /rustc/6067b36314ab5eb2eb47cecc464545ba58e1ad24/library/std/src/io/mod.rs:1887:15
[INFO] [stdout]    7:     0x61f782e5b852 - std::sys::backtrace::BacktraceLock::print::h147fe35b4ea13b08
[INFO] [stdout]                                at /rustc/6067b36314ab5eb2eb47cecc464545ba58e1ad24/library/std/src/sys/backtrace.rs:42:9
[INFO] [stdout]    8:     0x61f782e5ce2f - std::panicking::default_hook::{{closure}}::hbd44223dbdc0d208
[INFO] [stdout]                                at /rustc/6067b36314ab5eb2eb47cecc464545ba58e1ad24/library/std/src/panicking.rs:298:22
[INFO] [stdout]    9:     0x61f782e5cc48 - std::panicking::default_hook::h20f81eb0576efcec
[INFO] [stdout]                                at /rustc/6067b36314ab5eb2eb47cecc464545ba58e1ad24/library/std/src/panicking.rs:322:9
[INFO] [stdout]   10:     0x61f782c5de13 - <alloc::boxed::Box<F,A> as core::ops::function::Fn<Args>>::call::hdb53814c496a4d34
[INFO] [stdout]                                at /rustc/6067b36314ab5eb2eb47cecc464545ba58e1ad24/library/alloc/src/boxed.rs:2027:9
[INFO] [stdout]   11:     0x61f782c5de13 - test::test_main::{{closure}}::hc0a4963c59427c24
[INFO] [stdout]                                at /rustc/6067b36314ab5eb2eb47cecc464545ba58e1ad24/library/test/src/lib.rs:134:21
[INFO] [stdout]   12:     0x61f782e5d923 - <alloc::boxed::Box<F,A> as core::ops::function::Fn<Args>>::call::h591b2225413a77e9
[INFO] [stdout]                                at /rustc/6067b36314ab5eb2eb47cecc464545ba58e1ad24/library/alloc/src/boxed.rs:2027:9
[INFO] [stdout]   13:     0x61f782e5d923 - std::panicking::rust_panic_with_hook::h625eea43051b2edc
[INFO] [stdout]                                at /rustc/6067b36314ab5eb2eb47cecc464545ba58e1ad24/library/std/src/panicking.rs:839:13
[INFO] [stdout]   14:     0x61f782e5d5da - std::panicking::begin_panic_handler::{{closure}}::h4f9159cfbc3f6bd3
[INFO] [stdout]                                at /rustc/6067b36314ab5eb2eb47cecc464545ba58e1ad24/library/std/src/panicking.rs:704:13
[INFO] [stdout]   15:     0x61f782e5bf09 - std::sys::backtrace::__rust_end_short_backtrace::h0390abce48353151
[INFO] [stdout]                                at /rustc/6067b36314ab5eb2eb47cecc464545ba58e1ad24/library/std/src/sys/backtrace.rs:168:18
[INFO] [stdout]   16:     0x61f782e5d26d - rust_begin_unwind
[INFO] [stdout]                                at /rustc/6067b36314ab5eb2eb47cecc464545ba58e1ad24/library/std/src/panicking.rs:695:5
[INFO] [stdout]   17:     0x61f782e85950 - core::panicking::panic_fmt::h9e7c637e9e5f29c9
[INFO] [stdout]                                at /rustc/6067b36314ab5eb2eb47cecc464545ba58e1ad24/library/core/src/panicking.rs:75:14
[INFO] [stdout]   18:     0x61f782e85e26 - core::result::unwrap_failed::h7979f09313fe1849
[INFO] [stdout]                                at /rustc/6067b36314ab5eb2eb47cecc464545ba58e1ad24/library/core/src/result.rs:1704:5
[INFO] [stdout]   19:     0x61f782beb651 - core::result::Result<T,E>::expect::hd6cadc07b22fef59
[INFO] [stdout]                                at /rustc/6067b36314ab5eb2eb47cecc464545ba58e1ad24/library/core/src/result.rs:1061:23
[INFO] [stdout]   20:     0x61f782c23272 - rust_orm_gen::metadata::tests::test_get_tables::{{closure}}::h2fa5332612c61f88
[INFO] [stdout]                                at /opt/rustwide/workdir/src/metadata.rs:32:22
[INFO] [stdout]   21:     0x61f782bec8f2 - <core::pin::Pin<P> as core::future::future::Future>::poll::h242b191c70cc7957
[INFO] [stdout]                                at /rustc/6067b36314ab5eb2eb47cecc464545ba58e1ad24/library/core/src/future/future.rs:124:9
[INFO] [stdout]   22:     0x61f782bec9ed - <core::pin::Pin<P> as core::future::future::Future>::poll::hd93ce88dde73c6d3
[INFO] [stdout]                                at /rustc/6067b36314ab5eb2eb47cecc464545ba58e1ad24/library/core/src/future/future.rs:124:9
[INFO] [stdout]   23:     0x61f782c0c70f - tokio::runtime::scheduler::current_thread::CoreGuard::block_on::{{closure}}::{{closure}}::{{closure}}::ha52093d4f6dde8ef
[INFO] [stdout]                                at /opt/rustwide/cargo-home/registry/src/index.crates.io-1949cf8c6b5b557f/tokio-1.39.1/src/runtime/scheduler/current_thread/mod.rs:673:57
[INFO] [stdout]   24:     0x61f782c0c645 - tokio::runtime::coop::with_budget::ha497bd640c029141
[INFO] [stdout]                                at /opt/rustwide/cargo-home/registry/src/index.crates.io-1949cf8c6b5b557f/tokio-1.39.1/src/runtime/coop.rs:107:5
[INFO] [stdout]   25:     0x61f782c0c645 - tokio::runtime::coop::budget::h915a8ee80a5b3ae9
[INFO] [stdout]                                at /opt/rustwide/cargo-home/registry/src/index.crates.io-1949cf8c6b5b557f/tokio-1.39.1/src/runtime/coop.rs:73:5
[INFO] [stdout]   26:     0x61f782c0c645 - tokio::runtime::scheduler::current_thread::CoreGuard::block_on::{{closure}}::{{closure}}::h9feb5dd793c8453d
[INFO] [stdout]                                at /opt/rustwide/cargo-home/registry/src/index.crates.io-1949cf8c6b5b557f/tokio-1.39.1/src/runtime/scheduler/current_thread/mod.rs:673:25
[INFO] [stdout]   27:     0x61f782c0a290 - tokio::runtime::scheduler::current_thread::Context::enter::hd2dc95ff3ccdc1f2
[INFO] [stdout]                                at /opt/rustwide/cargo-home/registry/src/index.crates.io-1949cf8c6b5b557f/tokio-1.39.1/src/runtime/scheduler/current_thread/mod.rs:412:19
[INFO] [stdout]   28:     0x61f782c0b45e - tokio::runtime::scheduler::current_thread::CoreGuard::block_on::{{closure}}::h465a689534f28c4c
[INFO] [stdout]                                at /opt/rustwide/cargo-home/registry/src/index.crates.io-1949cf8c6b5b557f/tokio-1.39.1/src/runtime/scheduler/current_thread/mod.rs:672:36
[INFO] [stdout]   29:     0x61f782c0b154 - tokio::runtime::scheduler::current_thread::CoreGuard::enter::{{closure}}::h44fd853ab21d80f7
[INFO] [stdout]                                at /opt/rustwide/cargo-home/registry/src/index.crates.io-1949cf8c6b5b557f/tokio-1.39.1/src/runtime/scheduler/current_thread/mod.rs:751:68
[INFO] [stdout]   30:     0x61f782bf81eb - tokio::runtime::context::scoped::Scoped<T>::set::h6011cd84f9566e32
[INFO] [stdout]                                at /opt/rustwide/cargo-home/registry/src/index.crates.io-1949cf8c6b5b557f/tokio-1.39.1/src/runtime/context/scoped.rs:40:9
[INFO] [stdout]   31:     0x61f782c1fe19 - tokio::runtime::context::set_scheduler::{{closure}}::hdf2f4b7bb8d3fb21
[INFO] [stdout]                                at /opt/rustwide/cargo-home/registry/src/index.crates.io-1949cf8c6b5b557f/tokio-1.39.1/src/runtime/context.rs:180:26
[INFO] [stdout]   32:     0x61f782bfc802 - std::thread::local::LocalKey<T>::try_with::h202480360d1e2509
[INFO] [stdout]                                at /rustc/6067b36314ab5eb2eb47cecc464545ba58e1ad24/library/std/src/thread/local.rs:308:12
[INFO] [stdout]   33:     0x61f782bfc3aa - std::thread::local::LocalKey<T>::with::h1cd21125b03faaec
[INFO] [stdout]                                at /rustc/6067b36314ab5eb2eb47cecc464545ba58e1ad24/library/std/src/thread/local.rs:272:9
[INFO] [stdout]   34:     0x61f782c1fdcd - tokio::runtime::context::set_scheduler::hbe5d81180b7b709e
[INFO] [stdout]                                at /opt/rustwide/cargo-home/registry/src/index.crates.io-1949cf8c6b5b557f/tokio-1.39.1/src/runtime/context.rs:180:9
[INFO] [stdout]   35:     0x61f782c0aae0 - tokio::runtime::scheduler::current_thread::CoreGuard::enter::h0b0a675004700af0
[INFO] [stdout]                                at /opt/rustwide/cargo-home/registry/src/index.crates.io-1949cf8c6b5b557f/tokio-1.39.1/src/runtime/scheduler/current_thread/mod.rs:751:27
[INFO] [stdout]   36:     0x61f782c0b1f3 - tokio::runtime::scheduler::current_thread::CoreGuard::block_on::hd0cca47db897acca
[INFO] [stdout]                                at /opt/rustwide/cargo-home/registry/src/index.crates.io-1949cf8c6b5b557f/tokio-1.39.1/src/runtime/scheduler/current_thread/mod.rs:660:19
[INFO] [stdout]   37:     0x61f782c08efa - tokio::runtime::scheduler::current_thread::CurrentThread::block_on::{{closure}}::hc5d9a2a86db45ad7
[INFO] [stdout]                                at /opt/rustwide/cargo-home/registry/src/index.crates.io-1949cf8c6b5b557f/tokio-1.39.1/src/runtime/scheduler/current_thread/mod.rs:180:28
[INFO] [stdout]   38:     0x61f782bf84b6 - tokio::runtime::context::runtime::enter_runtime::h0a8da5ff54c689e7
[INFO] [stdout]                                at /opt/rustwide/cargo-home/registry/src/index.crates.io-1949cf8c6b5b557f/tokio-1.39.1/src/runtime/context/runtime.rs:65:16
[INFO] [stdout]   39:     0x61f782c08771 - tokio::runtime::scheduler::current_thread::CurrentThread::block_on::h41151c79de96b65d
[INFO] [stdout]                                at /opt/rustwide/cargo-home/registry/src/index.crates.io-1949cf8c6b5b557f/tokio-1.39.1/src/runtime/scheduler/current_thread/mod.rs:168:9
[INFO] [stdout]   40:     0x61f782bfdf0d - tokio::runtime::runtime::Runtime::block_on_inner::hc979379dd1e91e8b
[INFO] [stdout]                                at /opt/rustwide/cargo-home/registry/src/index.crates.io-1949cf8c6b5b557f/tokio-1.39.1/src/runtime/runtime.rs:361:47
[INFO] [stdout]   41:     0x61f782bfe025 - tokio::runtime::runtime::Runtime::block_on::h8d5bff013faf0d63
[INFO] [stdout]                                at /opt/rustwide/cargo-home/registry/src/index.crates.io-1949cf8c6b5b557f/tokio-1.39.1/src/runtime/runtime.rs:335:13
[INFO] [stdout]   42:     0x61f782c22f1d - rust_orm_gen::metadata::tests::test_get_tables::hef0ce7e0fb0d8153
[INFO] [stdout]                                at /opt/rustwide/workdir/src/metadata.rs:35:9
[INFO] [stdout]   43:     0x61f782c22db7 - rust_orm_gen::metadata::tests::test_get_tables::{{closure}}::hc21922538e07bb4e
[INFO] [stdout]                                at /opt/rustwide/workdir/src/metadata.rs:28:31
[INFO] [stdout]   44:     0x61f782bb7616 - core::ops::function::FnOnce::call_once::h440d13491be40a1c
[INFO] [stdout]                                at /rustc/6067b36314ab5eb2eb47cecc464545ba58e1ad24/library/core/src/ops/function.rs:250:5
[INFO] [stdout]   45:     0x61f782c6356b - core::ops::function::FnOnce::call_once::he27718dfdd183f43
[INFO] [stdout]                                at /rustc/6067b36314ab5eb2eb47cecc464545ba58e1ad24/library/core/src/ops/function.rs:250:5
[INFO] [stdout]   46:     0x61f782c6356b - test::__rust_begin_short_backtrace::h4e84902998457a5d
[INFO] [stdout]                                at /rustc/6067b36314ab5eb2eb47cecc464545ba58e1ad24/library/test/src/lib.rs:632:18
[INFO] [stdout]   47:     0x61f782c624a3 - test::run_test_in_process::{{closure}}::h7176fd18fc1feca0
[INFO] [stdout]                                at /rustc/6067b36314ab5eb2eb47cecc464545ba58e1ad24/library/test/src/lib.rs:655:60
[INFO] [stdout]   48:     0x61f782c624a3 - <core::panic::unwind_safe::AssertUnwindSafe<F> as core::ops::function::FnOnce<()>>::call_once::hf79cff2a624d8cf7
[INFO] [stdout]                                at /rustc/6067b36314ab5eb2eb47cecc464545ba58e1ad24/library/core/src/panic/unwind_safe.rs:272:9
[INFO] [stdout]   49:     0x61f782c624a3 - std::panicking::try::do_call::h3da0561d9ab99c25
[INFO] [stdout]                                at /rustc/6067b36314ab5eb2eb47cecc464545ba58e1ad24/library/std/src/panicking.rs:587:40
[INFO] [stdout]   50:     0x61f782c624a3 - std::panicking::try::h41c9fa508bc61df6
[INFO] [stdout]                                at /rustc/6067b36314ab5eb2eb47cecc464545ba58e1ad24/library/std/src/panicking.rs:550:19
[INFO] [stdout]   51:     0x61f782c624a3 - std::panic::catch_unwind::h6b3ff07bb5afad93
[INFO] [stdout]                                at /rustc/6067b36314ab5eb2eb47cecc464545ba58e1ad24/library/std/src/panic.rs:358:14
[INFO] [stdout]   52:     0x61f782c624a3 - test::run_test_in_process::hc7253dd11b39b9f4
[INFO] [stdout]                                at /rustc/6067b36314ab5eb2eb47cecc464545ba58e1ad24/library/test/src/lib.rs:655:27
[INFO] [stdout]   53:     0x61f782c624a3 - test::run_test::{{closure}}::hfb2007f8649c30bb
[INFO] [stdout]                                at /rustc/6067b36314ab5eb2eb47cecc464545ba58e1ad24/library/test/src/lib.rs:576:43
[INFO] [stdout]   54:     0x61f782c25585 - test::run_test::{{closure}}::h56a17aa7a282a9f4
[INFO] [stdout]                                at /rustc/6067b36314ab5eb2eb47cecc464545ba58e1ad24/library/test/src/lib.rs:606:41
[INFO] [stdout]   55:     0x61f782c25585 - std::sys::backtrace::__rust_begin_short_backtrace::hd2d2d2fb8e8c6aac
[INFO] [stdout]                                at /rustc/6067b36314ab5eb2eb47cecc464545ba58e1ad24/library/std/src/sys/backtrace.rs:152:18
[INFO] [stdout]   56:     0x61f782c28e6a - std::thread::Builder::spawn_unchecked_::{{closure}}::{{closure}}::h4faa3f9db6133423
[INFO] [stdout]                                at /rustc/6067b36314ab5eb2eb47cecc464545ba58e1ad24/library/std/src/thread/mod.rs:559:17
[INFO] [stdout]   57:     0x61f782c28e6a - <core::panic::unwind_safe::AssertUnwindSafe<F> as core::ops::function::FnOnce<()>>::call_once::hf2e855a36a4ea846
[INFO] [stdout]                                at /rustc/6067b36314ab5eb2eb47cecc464545ba58e1ad24/library/core/src/panic/unwind_safe.rs:272:9
[INFO] [stdout]   58:     0x61f782c28e6a - std::panicking::try::do_call::h2f73af3616c35465
[INFO] [stdout]                                at /rustc/6067b36314ab5eb2eb47cecc464545ba58e1ad24/library/std/src/panicking.rs:587:40
[INFO] [stdout]   59:     0x61f782c28e6a - std::panicking::try::hd1660ce9efadef5a
[INFO] [stdout]                                at /rustc/6067b36314ab5eb2eb47cecc464545ba58e1ad24/library/std/src/panicking.rs:550:19
[INFO] [stdout]   60:     0x61f782c28e6a - std::panic::catch_unwind::h5ee8d7823b8ca744
[INFO] [stdout]                                at /rustc/6067b36314ab5eb2eb47cecc464545ba58e1ad24/library/std/src/panic.rs:358:14
[INFO] [stdout]   61:     0x61f782c28e6a - std::thread::Builder::spawn_unchecked_::{{closure}}::h53c3a1894dce8407
[INFO] [stdout]                                at /rustc/6067b36314ab5eb2eb47cecc464545ba58e1ad24/library/std/src/thread/mod.rs:557:30
[INFO] [stdout]   62:     0x61f782c28e6a - core::ops::function::FnOnce::call_once{{vtable.shim}}::h048ce291ad4f62bf
[INFO] [stdout]                                at /rustc/6067b36314ab5eb2eb47cecc464545ba58e1ad24/library/core/src/ops/function.rs:250:5
[INFO] [stdout]   63:     0x61f782e61e8b - <alloc::boxed::Box<F,A> as core::ops::function::FnOnce<Args>>::call_once::ha52bedf99a3b4981
[INFO] [stdout]                                at /rustc/6067b36314ab5eb2eb47cecc464545ba58e1ad24/library/alloc/src/boxed.rs:2013:9
[INFO] [stdout]   64:     0x61f782e61e8b - <alloc::boxed::Box<F,A> as core::ops::function::FnOnce<Args>>::call_once::h567748934d80ccf8
[INFO] [stdout]                                at /rustc/6067b36314ab5eb2eb47cecc464545ba58e1ad24/library/alloc/src/boxed.rs:2013:9
[INFO] [stdout]   65:     0x61f782e61e8b - std::sys::pal::unix::thread::Thread::new::thread_start::h2d970728ae887adc
[INFO] [stdout]                                at /rustc/6067b36314ab5eb2eb47cecc464545ba58e1ad24/library/std/src/sys/pal/unix/thread.rs:106:17
[INFO] [stdout]   66:     0x79d855373ac3 - <unknown>
[INFO] [stdout]   67:     0x79d855404a04 - clone
[INFO] [stdout]   68:                0x0 - <unknown>
[INFO] [stdout] 
[INFO] [stdout] ---- db::tests::test_connect stdout ----
[INFO] [stdout] 
[INFO] [stdout] thread 'db::tests::test_connect' panicked at src/db.rs:70:17:
[INFO] [stdout] Failed to connect to database: ConnectionError("error connecting to server: Connection refused (os error 111)")
[INFO] [stdout] stack backtrace:
[INFO] [stdout]    0:     0x61f782e5ba0a - std::backtrace_rs::backtrace::libunwind::trace::hb059275cfc8d6126
[INFO] [stdout]                                at /rustc/6067b36314ab5eb2eb47cecc464545ba58e1ad24/library/std/src/../../backtrace/src/backtrace/libunwind.rs:116:5
[INFO] [stdout]    1:     0x61f782e5ba0a - std::backtrace_rs::backtrace::trace_unsynchronized::h2da071e4327ce3ee
[INFO] [stdout]                                at /rustc/6067b36314ab5eb2eb47cecc464545ba58e1ad24/library/std/src/../../backtrace/src/backtrace/mod.rs:66:5
[INFO] [stdout]    2:     0x61f782e5ba0a - std::sys::backtrace::_print_fmt::h842a1474e6f8d23f
[INFO] [stdout]                                at /rustc/6067b36314ab5eb2eb47cecc464545ba58e1ad24/library/std/src/sys/backtrace.rs:66:9
[INFO] [stdout]    3:     0x61f782e5ba0a - <std::sys::backtrace::BacktraceLock::print::DisplayBacktrace as core::fmt::Display>::fmt::h71a62eb3b9696b12
[INFO] [stdout]                                at /rustc/6067b36314ab5eb2eb47cecc464545ba58e1ad24/library/std/src/sys/backtrace.rs:39:26
[INFO] [stdout]    4:     0x61f782e871f3 - core::fmt::rt::Argument::fmt::hdb6b616786b41dc1
[INFO] [stdout]                                at /rustc/6067b36314ab5eb2eb47cecc464545ba58e1ad24/library/core/src/fmt/rt.rs:177:76
[INFO] [stdout]    5:     0x61f782e871f3 - core::fmt::write::h2cc1698af7e2d686
[INFO] [stdout]                                at /rustc/6067b36314ab5eb2eb47cecc464545ba58e1ad24/library/core/src/fmt/mod.rs:1440:21
[INFO] [stdout]    6:     0x61f782e57733 - std::io::Write::write_fmt::hab1b4cd059a79022
[INFO] [stdout]                                at /rustc/6067b36314ab5eb2eb47cecc464545ba58e1ad24/library/std/src/io/mod.rs:1887:15
[INFO] [stdout]    7:     0x61f782e5b852 - std::sys::backtrace::BacktraceLock::print::h147fe35b4ea13b08
[INFO] [stdout]                                at /rustc/6067b36314ab5eb2eb47cecc464545ba58e1ad24/library/std/src/sys/backtrace.rs:42:9
[INFO] [stdout]    8:     0x61f782e5ce2f - std::panicking::default_hook::{{closure}}::hbd44223dbdc0d208
[INFO] [stdout]                                at /rustc/6067b36314ab5eb2eb47cecc464545ba58e1ad24/library/std/src/panicking.rs:298:22
[INFO] [stdout]    9:     0x61f782e5cc48 - std::panicking::default_hook::h20f81eb0576efcec
[INFO] [stdout]                                at /rustc/6067b36314ab5eb2eb47cecc464545ba58e1ad24/library/std/src/panicking.rs:322:9
[INFO] [stdout]   10:     0x61f782c5de13 - <alloc::boxed::Box<F,A> as core::ops::function::Fn<Args>>::call::hdb53814c496a4d34
[INFO] [stdout]                                at /rustc/6067b36314ab5eb2eb47cecc464545ba58e1ad24/library/alloc/src/boxed.rs:2027:9
[INFO] [stdout]   11:     0x61f782c5de13 - test::test_main::{{closure}}::hc0a4963c59427c24
[INFO] [stdout]                                at /rustc/6067b36314ab5eb2eb47cecc464545ba58e1ad24/library/test/src/lib.rs:134:21
[INFO] [stdout]   12:     0x61f782e5d923 - <alloc::boxed::Box<F,A> as core::ops::function::Fn<Args>>::call::h591b2225413a77e9
[INFO] [stdout]                                at /rustc/6067b36314ab5eb2eb47cecc464545ba58e1ad24/library/alloc/src/boxed.rs:2027:9
[INFO] [stdout]   13:     0x61f782e5d923 - std::panicking::rust_panic_with_hook::h625eea43051b2edc
[INFO] [stdout]                                at /rustc/6067b36314ab5eb2eb47cecc464545ba58e1ad24/library/std/src/panicking.rs:839:13
[INFO] [stdout]   14:     0x61f782e5d5da - std::panicking::begin_panic_handler::{{closure}}::h4f9159cfbc3f6bd3
[INFO] [stdout]                                at /rustc/6067b36314ab5eb2eb47cecc464545ba58e1ad24/library/std/src/panicking.rs:704:13
[INFO] [stdout]   15:     0x61f782e5bf09 - std::sys::backtrace::__rust_end_short_backtrace::h0390abce48353151
[INFO] [stdout]                                at /rustc/6067b36314ab5eb2eb47cecc464545ba58e1ad24/library/std/src/sys/backtrace.rs:168:18
[INFO] [stdout]   16:     0x61f782e5d26d - rust_begin_unwind
[INFO] [stdout]                                at /rustc/6067b36314ab5eb2eb47cecc464545ba58e1ad24/library/std/src/panicking.rs:695:5
[INFO] [stdout]   17:     0x61f782e85950 - core::panicking::panic_fmt::h9e7c637e9e5f29c9
[INFO] [stdout]                                at /rustc/6067b36314ab5eb2eb47cecc464545ba58e1ad24/library/core/src/panicking.rs:75:14
[INFO] [stdout]   18:     0x61f782c22bee - rust_orm_gen::db::tests::test_connect::{{closure}}::he3188633a173f800
[INFO] [stdout]                                at /opt/rustwide/workdir/src/db.rs:70:17
[INFO] [stdout]   19:     0x61f782bec8f2 - <core::pin::Pin<P> as core::future::future::Future>::poll::h242b191c70cc7957
[INFO] [stdout]                                at /rustc/6067b36314ab5eb2eb47cecc464545ba58e1ad24/library/core/src/future/future.rs:124:9
[INFO] [stdout]   20:     0x61f782bec9ed - <core::pin::Pin<P> as core::future::future::Future>::poll::hd93ce88dde73c6d3
[INFO] [stdout]                                at /rustc/6067b36314ab5eb2eb47cecc464545ba58e1ad24/library/core/src/future/future.rs:124:9
[INFO] [stdout]   21:     0x61f782c0c70f - tokio::runtime::scheduler::current_thread::CoreGuard::block_on::{{closure}}::{{closure}}::{{closure}}::ha52093d4f6dde8ef
[INFO] [stdout]                                at /opt/rustwide/cargo-home/registry/src/index.crates.io-1949cf8c6b5b557f/tokio-1.39.1/src/runtime/scheduler/current_thread/mod.rs:673:57
[INFO] [stdout]   22:     0x61f782c0c645 - tokio::runtime::coop::with_budget::ha497bd640c029141
[INFO] [stdout]                                at /opt/rustwide/cargo-home/registry/src/index.crates.io-1949cf8c6b5b557f/tokio-1.39.1/src/runtime/coop.rs:107:5
[INFO] [stdout]   23:     0x61f782c0c645 - tokio::runtime::coop::budget::h915a8ee80a5b3ae9
[INFO] [stdout]                                at /opt/rustwide/cargo-home/registry/src/index.crates.io-1949cf8c6b5b557f/tokio-1.39.1/src/runtime/coop.rs:73:5
[INFO] [stdout]   24:     0x61f782c0c645 - tokio::runtime::scheduler::current_thread::CoreGuard::block_on::{{closure}}::{{closure}}::h9feb5dd793c8453d
[INFO] [stdout]                                at /opt/rustwide/cargo-home/registry/src/index.crates.io-1949cf8c6b5b557f/tokio-1.39.1/src/runtime/scheduler/current_thread/mod.rs:673:25
[INFO] [stdout]   25:     0x61f782c0a290 - tokio::runtime::scheduler::current_thread::Context::enter::hd2dc95ff3ccdc1f2
[INFO] [stdout]                                at /opt/rustwide/cargo-home/registry/src/index.crates.io-1949cf8c6b5b557f/tokio-1.39.1/src/runtime/scheduler/current_thread/mod.rs:412:19
[INFO] [stdout]   26:     0x61f782c0b45e - tokio::runtime::scheduler::current_thread::CoreGuard::block_on::{{closure}}::h465a689534f28c4c
[INFO] [stdout]                                at /opt/rustwide/cargo-home/registry/src/index.crates.io-1949cf8c6b5b557f/tokio-1.39.1/src/runtime/scheduler/current_thread/mod.rs:672:36
[INFO] [stdout]   27:     0x61f782c0b154 - tokio::runtime::scheduler::current_thread::CoreGuard::enter::{{closure}}::h44fd853ab21d80f7
[INFO] [stdout]                                at /opt/rustwide/cargo-home/registry/src/index.crates.io-1949cf8c6b5b557f/tokio-1.39.1/src/runtime/scheduler/current_thread/mod.rs:751:68
[INFO] [stdout]   28:     0x61f782bf81eb - tokio::runtime::context::scoped::Scoped<T>::set::h6011cd84f9566e32
[INFO] [stdout]                                at /opt/rustwide/cargo-home/registry/src/index.crates.io-1949cf8c6b5b557f/tokio-1.39.1/src/runtime/context/scoped.rs:40:9
[INFO] [stdout]   29:     0x61f782c1fe19 - tokio::runtime::context::set_scheduler::{{closure}}::hdf2f4b7bb8d3fb21
[INFO] [stdout]                                at /opt/rustwide/cargo-home/registry/src/index.crates.io-1949cf8c6b5b557f/tokio-1.39.1/src/runtime/context.rs:180:26
[INFO] [stdout]   30:     0x61f782bfc802 - std::thread::local::LocalKey<T>::try_with::h202480360d1e2509
[INFO] [stdout]                                at /rustc/6067b36314ab5eb2eb47cecc464545ba58e1ad24/library/std/src/thread/local.rs:308:12
[INFO] [stdout]   31:     0x61f782bfc3aa - std::thread::local::LocalKey<T>::with::h1cd21125b03faaec
[INFO] [stdout]                                at /rustc/6067b36314ab5eb2eb47cecc464545ba58e1ad24/library/std/src/thread/local.rs:272:9
[INFO] [stdout]   32:     0x61f782c1fdcd - tokio::runtime::context::set_scheduler::hbe5d81180b7b709e
[INFO] [stdout]                                at /opt/rustwide/cargo-home/registry/src/index.crates.io-1949cf8c6b5b557f/tokio-1.39.1/src/runtime/context.rs:180:9
[INFO] [stdout]   33:     0x61f782c0aae0 - tokio::runtime::scheduler::current_thread::CoreGuard::enter::h0b0a675004700af0
[INFO] [stdout]                                at /opt/rustwide/cargo-home/registry/src/index.crates.io-1949cf8c6b5b557f/tokio-1.39.1/src/runtime/scheduler/current_thread/mod.rs:751:27
[INFO] [stdout]   34:     0x61f782c0b1f3 - tokio::runtime::scheduler::current_thread::CoreGuard::block_on::hd0cca47db897acca
[INFO] [stdout]                                at /opt/rustwide/cargo-home/registry/src/index.crates.io-1949cf8c6b5b557f/tokio-1.39.1/src/runtime/scheduler/current_thread/mod.rs:660:19
[INFO] [stdout]   35:     0x61f782c08efa - tokio::runtime::scheduler::current_thread::CurrentThread::block_on::{{closure}}::hc5d9a2a86db45ad7
[INFO] [stdout]                                at /opt/rustwide/cargo-home/registry/src/index.crates.io-1949cf8c6b5b557f/tokio-1.39.1/src/runtime/scheduler/current_thread/mod.rs:180:28
[INFO] [stdout]   36:     0x61f782bf84b6 - tokio::runtime::context::runtime::enter_runtime::h0a8da5ff54c689e7
[INFO] [stdout]                                at /opt/rustwide/cargo-home/registry/src/index.crates.io-1949cf8c6b5b557f/tokio-1.39.1/src/runtime/context/runtime.rs:65:16
[INFO] [stdout]   37:     0x61f782c08771 - tokio::runtime::scheduler::current_thread::CurrentThread::block_on::h41151c79de96b65d
[INFO] [stdout]                                at /opt/rustwide/cargo-home/registry/src/index.crates.io-1949cf8c6b5b557f/tokio-1.39.1/src/runtime/scheduler/current_thread/mod.rs:168:9
[INFO] [stdout]   38:     0x61f782bfdf0d - tokio::runtime::runtime::Runtime::block_on_inner::hc979379dd1e91e8b
[INFO] [stdout]                                at /opt/rustwide/cargo-home/registry/src/index.crates.io-1949cf8c6b5b557f/tokio-1.39.1/src/runtime/runtime.rs:361:47
[INFO] [stdout]   39:     0x61f782bfe025 - tokio::runtime::runtime::Runtime::block_on::h8d5bff013faf0d63
[INFO] [stdout]                                at /opt/rustwide/cargo-home/registry/src/index.crates.io-1949cf8c6b5b557f/tokio-1.39.1/src/runtime/runtime.rs:335:13
[INFO] [stdout]   40:     0x61f782c22700 - rust_orm_gen::db::tests::test_connect::he79812c9ecf5d1e6
[INFO] [stdout]                                at /opt/rustwide/workdir/src/db.rs:64:9
[INFO] [stdout]   41:     0x61f782c22597 - rust_orm_gen::db::tests::test_connect::{{closure}}::hf9704f6c6a305e34
[INFO] [stdout]                                at /opt/rustwide/workdir/src/db.rs:58:28
[INFO] [stdout]   42:     0x61f782bb7816 - core::ops::function::FnOnce::call_once::h6891c9e5ccdb213a
[INFO] [stdout]                                at /rustc/6067b36314ab5eb2eb47cecc464545ba58e1ad24/library/core/src/ops/function.rs:250:5
[INFO] [stdout]   43:     0x61f782c6356b - core::ops::function::FnOnce::call_once::he27718dfdd183f43
[INFO] [stdout]                                at /rustc/6067b36314ab5eb2eb47cecc464545ba58e1ad24/library/core/src/ops/function.rs:250:5
[INFO] [stdout]   44:     0x61f782c6356b - test::__rust_begin_short_backtrace::h4e84902998457a5d
[INFO] [stdout]                                at /rustc/6067b36314ab5eb2eb47cecc464545ba58e1ad24/library/test/src/lib.rs:632:18
[INFO] [stdout]   45:     0x61f782c624a3 - test::run_test_in_process::{{closure}}::h7176fd18fc1feca0
[INFO] [stdout]                                at /rustc/6067b36314ab5eb2eb47cecc464545ba58e1ad24/library/test/src/lib.rs:655:60
[INFO] [stdout]   46:     0x61f782c624a3 - <core::panic::unwind_safe::AssertUnwindSafe<F> as core::ops::function::FnOnce<()>>::call_once::hf79cff2a624d8cf7
[INFO] [stdout]                                at /rustc/6067b36314ab5eb2eb47cecc464545ba58e1ad24/library/core/src/panic/unwind_safe.rs:272:9
[INFO] [stdout]   47:     0x61f782c624a3 - std::panicking::try::do_call::h3da0561d9ab99c25
[INFO] [stdout]                                at /rustc/6067b36314ab5eb2eb47cecc464545ba58e1ad24/library/std/src/panicking.rs:587:40
[INFO] [stdout]   48:     0x61f782c624a3 - std::panicking::try::h41c9fa508bc61df6
[INFO] [stdout]                                at /rustc/6067b36314ab5eb2eb47cecc464545ba58e1ad24/library/std/src/panicking.rs:550:19
[INFO] [stdout]   49:     0x61f782c624a3 - std::panic::catch_unwind::h6b3ff07bb5afad93
[INFO] [stdout]                                at /rustc/6067b36314ab5eb2eb47cecc464545ba58e1ad24/library/std/src/panic.rs:358:14
[INFO] [stdout]   50:     0x61f782c624a3 - test::run_test_in_process::hc7253dd11b39b9f4
[INFO] [stdout]                                at /rustc/6067b36314ab5eb2eb47cecc464545ba58e1ad24/library/test/src/lib.rs:655:27
[INFO] [stdout]   51:     0x61f782c624a3 - test::run_test::{{closure}}::hfb2007f8649c30bb
[INFO] [stdout]                                at /rustc/6067b36314ab5eb2eb47cecc464545ba58e1ad24/library/test/src/lib.rs:576:43
[INFO] [stdout]   52:     0x61f782c25585 - test::run_test::{{closure}}::h56a17aa7a282a9f4
[INFO] [stdout]                                at /rustc/6067b36314ab5eb2eb47cecc464545ba58e1ad24/library/test/src/lib.rs:606:41
[INFO] [stdout]   53:     0x61f782c25585 - std::sys::backtrace::__rust_begin_short_backtrace::hd2d2d2fb8e8c6aac
[INFO] [stdout]                                at /rustc/6067b36314ab5eb2eb47cecc464545ba58e1ad24/library/std/src/sys/backtrace.rs:152:18
[INFO] [stdout]   54:     0x61f782c28e6a - std::thread::Builder::spawn_unchecked_::{{closure}}::{{closure}}::h4faa3f9db6133423
[INFO] [stdout]                                at /rustc/6067b36314ab5eb2eb47cecc464545ba58e1ad24/library/std/src/thread/mod.rs:559:17
[INFO] [stdout]   55:     0x61f782c28e6a - <core::panic::unwind_safe::AssertUnwindSafe<F> as core::ops::function::FnOnce<()>>::call_once::hf2e855a36a4ea846
[INFO] [stdout]                                at /rustc/6067b36314ab5eb2eb47cecc464545ba58e1ad24/library/core/src/panic/unwind_safe.rs:272:9
[INFO] [stdout]   56:     0x61f782c28e6a - std::panicking::try::do_call::h2f73af3616c35465
[INFO] [stdout]                                at /rustc/6067b36314ab5eb2eb47cecc464545ba58e1ad24/library/std/src/panicking.rs:587:40
[INFO] [stdout]   57:     0x61f782c28e6a - std::panicking::try::hd1660ce9efadef5a
[INFO] [stdout]                                at /rustc/6067b36314ab5eb2eb47cecc464545ba58e1ad24/library/std/src/panicking.rs:550:19
[INFO] [stdout]   58:     0x61f782c28e6a - std::panic::catch_unwind::h5ee8d7823b8ca744
[INFO] [stdout]                                at /rustc/6067b36314ab5eb2eb47cecc464545ba58e1ad24/library/std/src/panic.rs:358:14
[INFO] [stdout]   59:     0x61f782c28e6a - std::thread::Builder::spawn_unchecked_::{{closure}}::h53c3a1894dce8407
[INFO] [stdout]                                at /rustc/6067b36314ab5eb2eb47cecc464545ba58e1ad24/library/std/src/thread/mod.rs:557:30
[INFO] [stdout]   60:     0x61f782c28e6a - core::ops::function::FnOnce::call_once{{vtable.shim}}::h048ce291ad4f62bf
[INFO] [stdout]                                at /rustc/6067b36314ab5eb2eb47cecc464545ba58e1ad24/library/core/src/ops/function.rs:250:5
[INFO] [stdout]   61:     0x61f782e61e8b - <alloc::boxed::Box<F,A> as core::ops::function::FnOnce<Args>>::call_once::ha52bedf99a3b4981
[INFO] [stdout]                                at /rustc/6067b36314ab5eb2eb47cecc464545ba58e1ad24/library/alloc/src/boxed.rs:2013:9
[INFO] [stdout]   62:     0x61f782e61e8b - <alloc::boxed::Box<F,A> as core::ops::function::FnOnce<Args>>::call_once::h567748934d80ccf8
[INFO] [stdout]                                at /rustc/6067b36314ab5eb2eb47cecc464545ba58e1ad24/library/alloc/src/boxed.rs:2013:9
[INFO] [stdout]   63:     0x61f782e61e8b - std::sys::pal::unix::thread::Thread::new::thread_start::h2d970728ae887adc
[INFO] [stdout]                                at /rustc/6067b36314ab5eb2eb47cecc464545ba58e1ad24/library/std/src/sys/pal/unix/thread.rs:106:17
[INFO] [stdout]   64:     0x79d855373ac3 - <unknown>
[INFO] [stdout]   65:     0x79d855404a04 - clone
[INFO] [stdout]   66:                0x0 - <unknown>
[INFO] [stdout] 
[INFO] [stdout] ---- context::tests::test_reverse_engineer stdout ----
[INFO] [stdout] Reverse engineering failed: ConnectionError("error connecting to server: Connection refused (os error 111)")
[INFO] [stdout] 
[INFO] [stdout] thread 'context::tests::test_reverse_engineer' panicked at src/context.rs:73:9:
[INFO] [stdout] Reverse engineering should succeed
[INFO] [stdout] stack backtrace:
[INFO] [stdout]    0:     0x61f782e5ba0a - std::backtrace_rs::backtrace::libunwind::trace::hb059275cfc8d6126
[INFO] [stdout]                                at /rustc/6067b36314ab5eb2eb47cecc464545ba58e1ad24/library/std/src/../../backtrace/src/backtrace/libunwind.rs:116:5
[INFO] [stdout]    1:     0x61f782e5ba0a - std::backtrace_rs::backtrace::trace_unsynchronized::h2da071e4327ce3ee
[INFO] [stdout]                                at /rustc/6067b36314ab5eb2eb47cecc464545ba58e1ad24/library/std/src/../../backtrace/src/backtrace/mod.rs:66:5
[INFO] [stdout]    2:     0x61f782e5ba0a - std::sys::backtrace::_print_fmt::h842a1474e6f8d23f
[INFO] [stdout]                                at /rustc/6067b36314ab5eb2eb47cecc464545ba58e1ad24/library/std/src/sys/backtrace.rs:66:9
[INFO] [stdout]    3:     0x61f782e5ba0a - <std::sys::backtrace::BacktraceLock::print::DisplayBacktrace as core::fmt::Display>::fmt::h71a62eb3b9696b12
[INFO] [stdout]                                at /rustc/6067b36314ab5eb2eb47cecc464545ba58e1ad24/library/std/src/sys/backtrace.rs:39:26
[INFO] [stdout]    4:     0x61f782e871f3 - core::fmt::rt::Argument::fmt::hdb6b616786b41dc1
[INFO] [stdout]                                at /rustc/6067b36314ab5eb2eb47cecc464545ba58e1ad24/library/core/src/fmt/rt.rs:177:76
[INFO] [stdout]    5:     0x61f782e871f3 - core::fmt::write::h2cc1698af7e2d686
[INFO] [stdout]                                at /rustc/6067b36314ab5eb2eb47cecc464545ba58e1ad24/library/core/src/fmt/mod.rs:1440:21
[INFO] [stdout]    6:     0x61f782e57733 - std::io::Write::write_fmt::hab1b4cd059a79022
[INFO] [stdout]                                at /rustc/6067b36314ab5eb2eb47cecc464545ba58e1ad24/library/std/src/io/mod.rs:1887:15
[INFO] [stdout]    7:     0x61f782e5b852 - std::sys::backtrace::BacktraceLock::print::h147fe35b4ea13b08
[INFO] [stdout]                                at /rustc/6067b36314ab5eb2eb47cecc464545ba58e1ad24/library/std/src/sys/backtrace.rs:42:9
[INFO] [stdout]    8:     0x61f782e5ce2f - std::panicking::default_hook::{{closure}}::hbd44223dbdc0d208
[INFO] [stdout]                                at /rustc/6067b36314ab5eb2eb47cecc464545ba58e1ad24/library/std/src/panicking.rs:298:22
[INFO] [stdout]    9:     0x61f782e5cc48 - std::panicking::default_hook::h20f81eb0576efcec
[INFO] [stdout]                                at /rustc/6067b36314ab5eb2eb47cecc464545ba58e1ad24/library/std/src/panicking.rs:322:9
[INFO] [stdout]   10:     0x61f782c5de13 - <alloc::boxed::Box<F,A> as core::ops::function::Fn<Args>>::call::hdb53814c496a4d34
[INFO] [stdout]                                at /rustc/6067b36314ab5eb2eb47cecc464545ba58e1ad24/library/alloc/src/boxed.rs:2027:9
[INFO] [stdout]   11:     0x61f782c5de13 - test::test_main::{{closure}}::hc0a4963c59427c24
[INFO] [stdout]                                at /rustc/6067b36314ab5eb2eb47cecc464545ba58e1ad24/library/test/src/lib.rs:134:21
[INFO] [stdout]   12:     0x61f782e5d923 - <alloc::boxed::Box<F,A> as core::ops::function::Fn<Args>>::call::h591b2225413a77e9
[INFO] [stdout]                                at /rustc/6067b36314ab5eb2eb47cecc464545ba58e1ad24/library/alloc/src/boxed.rs:2027:9
[INFO] [stdout]   13:     0x61f782e5d923 - std::panicking::rust_panic_with_hook::h625eea43051b2edc
[INFO] [stdout]                                at /rustc/6067b36314ab5eb2eb47cecc464545ba58e1ad24/library/std/src/panicking.rs:839:13
[INFO] [stdout]   14:     0x61f782e5d5a6 - std::panicking::begin_panic_handler::{{closure}}::h4f9159cfbc3f6bd3
[INFO] [stdout]                                at /rustc/6067b36314ab5eb2eb47cecc464545ba58e1ad24/library/std/src/panicking.rs:697:13
[INFO] [stdout]   15:     0x61f782e5bf09 - std::sys::backtrace::__rust_end_short_backtrace::h0390abce48353151
[INFO] [stdout]                                at /rustc/6067b36314ab5eb2eb47cecc464545ba58e1ad24/library/std/src/sys/backtrace.rs:168:18
[INFO] [stdout]   16:     0x61f782e5d26d - rust_begin_unwind
[INFO] [stdout]                                at /rustc/6067b36314ab5eb2eb47cecc464545ba58e1ad24/library/std/src/panicking.rs:695:5
[INFO] [stdout]   17:     0x61f782e85950 - core::panicking::panic_fmt::h9e7c637e9e5f29c9
[INFO] [stdout]                                at /rustc/6067b36314ab5eb2eb47cecc464545ba58e1ad24/library/core/src/panicking.rs:75:14
[INFO] [stdout]   18:     0x61f782bf6530 - rust_orm_gen::context::tests::test_reverse_engineer::{{closure}}::h693e9d48a2d34394
[INFO] [stdout]                                at /opt/rustwide/workdir/src/context.rs:73:9
[INFO] [stdout]   19:     0x61f782bec8f2 - <core::pin::Pin<P> as core::future::future::Future>::poll::h242b191c70cc7957
[INFO] [stdout]                                at /rustc/6067b36314ab5eb2eb47cecc464545ba58e1ad24/library/core/src/future/future.rs:124:9
[INFO] [stdout]   20:     0x61f782bec9ed - <core::pin::Pin<P> as core::future::future::Future>::poll::hd93ce88dde73c6d3
[INFO] [stdout]                                at /rustc/6067b36314ab5eb2eb47cecc464545ba58e1ad24/library/core/src/future/future.rs:124:9
[INFO] [stdout]   21:     0x61f782c0c70f - tokio::runtime::scheduler::current_thread::CoreGuard::block_on::{{closure}}::{{closure}}::{{closure}}::ha52093d4f6dde8ef
[INFO] [stdout]                                at /opt/rustwide/cargo-home/registry/src/index.crates.io-1949cf8c6b5b557f/tokio-1.39.1/src/runtime/scheduler/current_thread/mod.rs:673:57
[INFO] [stdout]   22:     0x61f782c0c645 - tokio::runtime::coop::with_budget::ha497bd640c029141
[INFO] [stdout]                                at /opt/rustwide/cargo-home/registry/src/index.crates.io-1949cf8c6b5b557f/tokio-1.39.1/src/runtime/coop.rs:107:5
[INFO] [stdout]   23:     0x61f782c0c645 - tokio::runtime::coop::budget::h915a8ee80a5b3ae9
[INFO] [stdout]                                at /opt/rustwide/cargo-home/registry/src/index.crates.io-1949cf8c6b5b557f/tokio-1.39.1/src/runtime/coop.rs:73:5
[INFO] [stdout]   24:     0x61f782c0c645 - tokio::runtime::scheduler::current_thread::CoreGuard::block_on::{{closure}}::{{closure}}::h9feb5dd793c8453d
[INFO] [stdout]                                at /opt/rustwide/cargo-home/registry/src/index.crates.io-1949cf8c6b5b557f/tokio-1.39.1/src/runtime/scheduler/current_thread/mod.rs:673:25
[INFO] [stdout]   25:     0x61f782c0a290 - tokio::runtime::scheduler::current_thread::Context::enter::hd2dc95ff3ccdc1f2
[INFO] [stdout]                                at /opt/rustwide/cargo-home/registry/src/index.crates.io-1949cf8c6b5b557f/tokio-1.39.1/src/runtime/scheduler/current_thread/mod.rs:412:19
[INFO] [stdout]   26:     0x61f782c0b45e - tokio::runtime::scheduler::current_thread::CoreGuard::block_on::{{closure}}::h465a689534f28c4c
[INFO] [stdout]                                at /opt/rustwide/cargo-home/registry/src/index.crates.io-1949cf8c6b5b557f/tokio-1.39.1/src/runtime/scheduler/current_thread/mod.rs:672:36
[INFO] [stdout]   27:     0x61f782c0b154 - tokio::runtime::scheduler::current_thread::CoreGuard::enter::{{closure}}::h44fd853ab21d80f7
[INFO] [stdout]                                at /opt/rustwide/cargo-home/registry/src/index.crates.io-1949cf8c6b5b557f/tokio-1.39.1/src/runtime/scheduler/current_thread/mod.rs:751:68
[INFO] [stdout]   28:     0x61f782bf81eb - tokio::runtime::context::scoped::Scoped<T>::set::h6011cd84f9566e32
[INFO] [stdout]                                at /opt/rustwide/cargo-home/registry/src/index.crates.io-1949cf8c6b5b557f/tokio-1.39.1/src/runtime/context/scoped.rs:40:9
[INFO] [stdout]   29:     0x61f782c1fe19 - tokio::runtime::context::set_scheduler::{{closure}}::hdf2f4b7bb8d3fb21
[INFO] [stdout]                                at /opt/rustwide/cargo-home/registry/src/index.crates.io-1949cf8c6b5b557f/tokio-1.39.1/src/runtime/context.rs:180:26
[INFO] [stdout]   30:     0x61f782bfc802 - std::thread::local::LocalKey<T>::try_with::h202480360d1e2509
[INFO] [stdout]                                at /rustc/6067b36314ab5eb2eb47cecc464545ba58e1ad24/library/std/src/thread/local.rs:308:12
[INFO] [stdout]   31:     0x61f782bfc3aa - std::thread::local::LocalKey<T>::with::h1cd21125b03faaec
[INFO] [stdout]                                at /rustc/6067b36314ab5eb2eb47cecc464545ba58e1ad24/library/std/src/thread/local.rs:272:9
[INFO] [stdout]   32:     0x61f782c1fdcd - tokio::runtime::context::set_scheduler::hbe5d81180b7b709e
[INFO] [stdout]                                at /opt/rustwide/cargo-home/registry/src/index.crates.io-1949cf8c6b5b557f/tokio-1.39.1/src/runtime/context.rs:180:9
[INFO] [stdout]   33:     0x61f782c0aae0 - tokio::runtime::scheduler::current_thread::CoreGuard::enter::h0b0a675004700af0
[INFO] [stdout]                                at /opt/rustwide/cargo-home/registry/src/index.crates.io-1949cf8c6b5b557f/tokio-1.39.1/src/runtime/scheduler/current_thread/mod.rs:751:27
[INFO] [stdout]   34:     0x61f782c0b1f3 - tokio::runtime::scheduler::current_thread::CoreGuard::block_on::hd0cca47db897acca
[INFO] [stdout]                                at /opt/rustwide/cargo-home/registry/src/index.crates.io-1949cf8c6b5b557f/tokio-1.39.1/src/runtime/scheduler/current_thread/mod.rs:660:19
[INFO] [stdout]   35:     0x61f782c08efa - tokio::runtime::scheduler::current_thread::CurrentThread::block_on::{{closure}}::hc5d9a2a86db45ad7
[INFO] [stdout]                                at /opt/rustwide/cargo-home/registry/src/index.crates.io-1949cf8c6b5b557f/tokio-1.39.1/src/runtime/scheduler/current_thread/mod.rs:180:28
[INFO] [stdout]   36:     0x61f782bf84b6 - tokio::runtime::context::runtime::enter_runtime::h0a8da5ff54c689e7
[INFO] [stdout]                                at /opt/rustwide/cargo-home/registry/src/index.crates.io-1949cf8c6b5b557f/tokio-1.39.1/src/runtime/context/runtime.rs:65:16
[INFO] [stdout]   37:     0x61f782c08771 - tokio::runtime::scheduler::current_thread::CurrentThread::block_on::h41151c79de96b65d
[INFO] [stdout]                                at /opt/rustwide/cargo-home/registry/src/index.crates.io-1949cf8c6b5b557f/tokio-1.39.1/src/runtime/scheduler/current_thread/mod.rs:168:9
[INFO] [stdout]   38:     0x61f782bfdf0d - tokio::runtime::runtime::Runtime::block_on_inner::hc979379dd1e91e8b
[INFO] [stdout]                                at /opt/rustwide/cargo-home/registry/src/index.crates.io-1949cf8c6b5b557f/tokio-1.39.1/src/runtime/runtime.rs:361:47
[INFO] [stdout]   39:     0x61f782bfe025 - tokio::runtime::runtime::Runtime::block_on::h8d5bff013faf0d63
[INFO] [stdout]                                at /opt/rustwide/cargo-home/registry/src/index.crates.io-1949cf8c6b5b557f/tokio-1.39.1/src/runtime/runtime.rs:335:13
[INFO] [stdout]   40:     0x61f782bf5e5d - rust_orm_gen::context::tests::test_reverse_engineer::h2761410241c6270e
[INFO] [stdout]                                at /opt/rustwide/workdir/src/context.rs:70:9
[INFO] [stdout]   41:     0x61f782bf5cf7 - rust_orm_gen::context::tests::test_reverse_engineer::{{closure}}::h613b55d4f34d004b
[INFO] [stdout]                                at /opt/rustwide/workdir/src/context.rs:65:37
[INFO] [stdout]   42:     0x61f782bb77b6 - core::ops::function::FnOnce::call_once::h5c11343cee1f3d34
[INFO] [stdout]                                at /rustc/6067b36314ab5eb2eb47cecc464545ba58e1ad24/library/core/src/ops/function.rs:250:5
[INFO] [stdout]   43:     0x61f782c6356b - core::ops::function::FnOnce::call_once::he27718dfdd183f43
[INFO] [stdout]                                at /rustc/6067b36314ab5eb2eb47cecc464545ba58e1ad24/library/core/src/ops/function.rs:250:5
[INFO] [stdout]   44:     0x61f782c6356b - test::__rust_begin_short_backtrace::h4e84902998457a5d
[INFO] [stdout]                                at /rustc/6067b36314ab5eb2eb47cecc464545ba58e1ad24/library/test/src/lib.rs:632:18
[INFO] [stdout]   45:     0x61f782c624a3 - test::run_test_in_process::{{closure}}::h7176fd18fc1feca0
[INFO] [stdout]                                at /rustc/6067b36314ab5eb2eb47cecc464545ba58e1ad24/library/test/src/lib.rs:655:60
[INFO] [stdout]   46:     0x61f782c624a3 - <core::panic::unwind_safe::AssertUnwindSafe<F> as core::ops::function::FnOnce<()>>::call_once::hf79cff2a624d8cf7
[INFO] [stdout]                                at /rustc/6067b36314ab5eb2eb47cecc464545ba58e1ad24/library/core/src/panic/unwind_safe.rs:272:9
[INFO] [stdout]   47:     0x61f782c624a3 - std::panicking::try::do_call::h3da0561d9ab99c25
[INFO] [stdout]                                at /rustc/6067b36314ab5eb2eb47cecc464545ba58e1ad24/library/std/src/panicking.rs:587:40
[INFO] [stdout]   48:     0x61f782c624a3 - std::panicking::try::h41c9fa508bc61df6
[INFO] [stdout]                                at /rustc/6067b36314ab5eb2eb47cecc464545ba58e1ad24/library/std/src/panicking.rs:550:19
[INFO] [stdout]   49:     0x61f782c624a3 - std::panic::catch_unwind::h6b3ff07bb5afad93
[INFO] [stdout]                                at /rustc/6067b36314ab5eb2eb47cecc464545ba58e1ad24/library/std/src/panic.rs:358:14
[INFO] [stdout]   50:     0x61f782c624a3 - test::run_test_in_process::hc7253dd11b39b9f4
[INFO] [stdout]                                at /rustc/6067b36314ab5eb2eb47cecc464545ba58e1ad24/library/test/src/lib.rs:655:27
[INFO] [stdout]   51:     0x61f782c624a3 - test::run_test::{{closure}}::hfb2007f8649c30bb
[INFO] [stdout]                                at /rustc/6067b36314ab5eb2eb47cecc464545ba58e1ad24/library/test/src/lib.rs:576:43
[INFO] [stdout]   52:     0x61f782c25585 - test::run_test::{{closure}}::h56a17aa7a282a9f4
[INFO] [stdout]                                at /rustc/6067b36314ab5eb2eb47cecc464545ba58e1ad24/library/test/src/lib.rs:606:41
[INFO] [stdout]   53:     0x61f782c25585 - std::sys::backtrace::__rust_begin_short_backtrace::hd2d2d2fb8e8c6aac
[INFO] [stdout]                                at /rustc/6067b36314ab5eb2eb47cecc464545ba58e1ad24/library/std/src/sys/backtrace.rs:152:18
[INFO] [stdout]   54:     0x61f782c28e6a - std::thread::Builder::spawn_unchecked_::{{closure}}::{{closure}}::h4faa3f9db6133423
[INFO] [stdout]                                at /rustc/6067b36314ab5eb2eb47cecc464545ba58e1ad24/library/std/src/thread/mod.rs:559:17
[INFO] [stdout]   55:     0x61f782c28e6a - <core::panic::unwind_safe::AssertUnwindSafe<F> as core::ops::function::FnOnce<()>>::call_once::hf2e855a36a4ea846
[INFO] [stdout]                                at /rustc/6067b36314ab5eb2eb47cecc464545ba58e1ad24/library/core/src/panic/unwind_safe.rs:272:9
[INFO] [stdout]   56:     0x61f782c28e6a - std::panicking::try::do_call::h2f73af3616c35465
[INFO] [stdout]                                at /rustc/6067b36314ab5eb2eb47cecc464545ba58e1ad24/library/std/src/panicking.rs:587:40
[INFO] [stdout]   57:     0x61f782c28e6a - std::panicking::try::hd1660ce9efadef5a
[INFO] [stdout]                                at /rustc/6067b36314ab5eb2eb47cecc464545ba58e1ad24/library/std/src/panicking.rs:550:19
[INFO] [stdout]   58:     0x61f782c28e6a - std::panic::catch_unwind::h5ee8d7823b8ca744
[INFO] [stdout]                                at /rustc/6067b36314ab5eb2eb47cecc464545ba58e1ad24/library/std/src/panic.rs:358:14
[INFO] [stdout]   59:     0x61f782c28e6a - std::thread::Builder::spawn_unchecked_::{{closure}}::h53c3a1894dce8407
[INFO] [stdout]                                at /rustc/6067b36314ab5eb2eb47cecc464545ba58e1ad24/library/std/src/thread/mod.rs:557:30
[INFO] [stdout]   60:     0x61f782c28e6a - core::ops::function::FnOnce::call_once{{vtable.shim}}::h048ce291ad4f62bf
[INFO] [stdout]                                at /rustc/6067b36314ab5eb2eb47cecc464545ba58e1ad24/library/core/src/ops/function.rs:250:5
[INFO] [stdout]   61:     0x61f782e61e8b - <alloc::boxed::Box<F,A> as core::ops::function::FnOnce<Args>>::call_once::ha52bedf99a3b4981
[INFO] [stdout]                                at /rustc/6067b36314ab5eb2eb47cecc464545ba58e1ad24/library/alloc/src/boxed.rs:2013:9
[INFO] [stdout]   62:     0x61f782e61e8b - <alloc::boxed::Box<F,A> as core::ops::function::FnOnce<Args>>::call_once::h567748934d80ccf8
[INFO] [stdout]                                at /rustc/6067b36314ab5eb2eb47cecc464545ba58e1ad24/library/alloc/src/boxed.rs:2013:9
[INFO] [stdout]   63:     0x61f782e61e8b - std::sys::pal::unix::thread::Thread::new::thread_start::h2d970728ae887adc
[INFO] [stdout]                                at /rustc/6067b36314ab5eb2eb47cecc464545ba58e1ad24/library/std/src/sys/pal/unix/thread.rs:106:17
[INFO] [stdout]   64:     0x79d855373ac3 - <unknown>
[INFO] [stdout]   65:     0x79d855404a04 - clone
[INFO] [stdout]   66:                0x0 - <unknown>
[INFO] [stdout] 
[INFO] [stdout] 
[INFO] [stdout] failures:
[INFO] [stdout]     context::tests::test_reverse_engineer
[INFO] [stdout]     db::tests::test_connect
[INFO] [stdout]     metadata::tests::test_get_columns
[INFO] [stdout]     metadata::tests::test_get_tables
[INFO] [stdout] 
[INFO] [stdout] test result: FAILED. 5 passed; 4 failed; 0 ignored; 0 measured; 0 filtered out; finished in 0.07s
[INFO] [stdout] 
[INFO] [stderr] error: test failed, to rerun pass `--lib`
[INFO] running `Command { std: "docker" "inspect" "df95da3fe87821965f2140d403bc5e703ee45e5134332673af1c2cc2107d3356", kill_on_drop: false }`
[INFO] running `Command { std: "docker" "rm" "-f" "df95da3fe87821965f2140d403bc5e703ee45e5134332673af1c2cc2107d3356", kill_on_drop: false }`
[INFO] [stdout] df95da3fe87821965f2140d403bc5e703ee45e5134332673af1c2cc2107d3356
