[INFO] cloning repository https://github.com/tnar/coincheck-rust
[INFO] running `Command { std: "git" "-c" "credential.helper=" "-c" "credential.helper=/workspace/cargo-home/bin/git-credential-null" "clone" "--bare" "https://github.com/tnar/coincheck-rust" "/workspace/cache/git-repos/https%3A%2F%2Fgithub.com%2Ftnar%2Fcoincheck-rust", kill_on_drop: false }`
[INFO] [stderr] Cloning into bare repository '/workspace/cache/git-repos/https%3A%2F%2Fgithub.com%2Ftnar%2Fcoincheck-rust'...
[INFO] running `Command { std: "git" "rev-parse" "HEAD", kill_on_drop: false }`
[INFO] [stdout] 0857df1489b4b2343968deda221870a4d7d4e080
[INFO] testing tnar/coincheck-rust against nightly-2025-01-18+rustflags=-Zrandomize-layout for randomize-layout-2
[INFO] running `Command { std: "git" "clone" "/workspace/cache/git-repos/https%3A%2F%2Fgithub.com%2Ftnar%2Fcoincheck-rust" "/workspace/builds/worker-5-tc2/source", kill_on_drop: false }`
[INFO] [stderr] Cloning into '/workspace/builds/worker-5-tc2/source'...
[INFO] [stderr] done.
[INFO] validating manifest of git repo https://github.com/tnar/coincheck-rust on toolchain nightly-2025-01-18
[INFO] running `Command { std: CARGO_HOME="/workspace/cargo-home" RUSTUP_HOME="/workspace/rustup-home" "/workspace/cargo-home/bin/cargo" "+nightly-2025-01-18" "metadata" "--manifest-path" "Cargo.toml" "--no-deps", kill_on_drop: false }`
[INFO] started tweaking git repo https://github.com/tnar/coincheck-rust
[INFO] finished tweaking git repo https://github.com/tnar/coincheck-rust
[INFO] tweaked toml for git repo https://github.com/tnar/coincheck-rust written to /workspace/builds/worker-5-tc2/source/Cargo.toml
[INFO] crate git repo https://github.com/tnar/coincheck-rust already has a lockfile, it will not be regenerated
[INFO] running `Command { std: CARGO_HOME="/workspace/cargo-home" RUSTUP_HOME="/workspace/rustup-home" "/workspace/cargo-home/bin/cargo" "+nightly-2025-01-18" "fetch" "--manifest-path" "Cargo.toml", kill_on_drop: false }`
[INFO] running `Command { std: "docker" "create" "-v" "/var/lib/crater-agent-workspace/builds/worker-5-tc2/target:/opt/rustwide/target:rw,Z" "-v" "/var/lib/crater-agent-workspace/builds/worker-5-tc2/source:/opt/rustwide/workdir:ro,Z" "-v" "/var/lib/crater-agent-workspace/cargo-home:/opt/rustwide/cargo-home:ro,Z" "-v" "/var/lib/crater-agent-workspace/rustup-home:/opt/rustwide/rustup-home:ro,Z" "-e" "SOURCE_DIR=/opt/rustwide/workdir" "-e" "CARGO_TARGET_DIR=/opt/rustwide/target" "-e" "CARGO_HOME=/opt/rustwide/cargo-home" "-e" "RUSTUP_HOME=/opt/rustwide/rustup-home" "-w" "/opt/rustwide/workdir" "-m" "1610612736" "--user" "0:0" "--network" "none" "ghcr.io/rust-lang/crates-build-env/linux@sha256:819108c5571ea2e421544af4d832f968d213c87fbe3707a016657f43d2f853bc" "/opt/rustwide/cargo-home/bin/cargo" "+nightly-2025-01-18" "metadata" "--no-deps" "--format-version=1", kill_on_drop: false }`
[INFO] [stdout] cc9edd53f9eb01ad2d954e490a7bdcad33a2131652f09482e606d41b008cfb15
[INFO] running `Command { std: "docker" "start" "-a" "cc9edd53f9eb01ad2d954e490a7bdcad33a2131652f09482e606d41b008cfb15", kill_on_drop: false }`
[INFO] running `Command { std: "docker" "inspect" "cc9edd53f9eb01ad2d954e490a7bdcad33a2131652f09482e606d41b008cfb15", kill_on_drop: false }`
[INFO] running `Command { std: "docker" "rm" "-f" "cc9edd53f9eb01ad2d954e490a7bdcad33a2131652f09482e606d41b008cfb15", kill_on_drop: false }`
[INFO] [stdout] cc9edd53f9eb01ad2d954e490a7bdcad33a2131652f09482e606d41b008cfb15
[INFO] running `Command { std: "docker" "create" "-v" "/var/lib/crater-agent-workspace/builds/worker-5-tc2/target:/opt/rustwide/target:rw,Z" "-v" "/var/lib/crater-agent-workspace/builds/worker-5-tc2/source:/opt/rustwide/workdir:ro,Z" "-v" "/var/lib/crater-agent-workspace/cargo-home:/opt/rustwide/cargo-home:ro,Z" "-v" "/var/lib/crater-agent-workspace/rustup-home:/opt/rustwide/rustup-home:ro,Z" "-e" "SOURCE_DIR=/opt/rustwide/workdir" "-e" "CARGO_TARGET_DIR=/opt/rustwide/target" "-e" "CARGO_INCREMENTAL=0" "-e" "RUST_BACKTRACE=full" "-e" "RUSTFLAGS=--cap-lints=forbid -Zrandomize-layout" "-e" "RUSTDOCFLAGS=--cap-lints=forbid" "-e" "CARGO_HOME=/opt/rustwide/cargo-home" "-e" "RUSTUP_HOME=/opt/rustwide/rustup-home" "-w" "/opt/rustwide/workdir" "-m" "1610612736" "--user" "0:0" "--network" "none" "ghcr.io/rust-lang/crates-build-env/linux@sha256:819108c5571ea2e421544af4d832f968d213c87fbe3707a016657f43d2f853bc" "/opt/rustwide/cargo-home/bin/cargo" "+nightly-2025-01-18" "build" "--frozen" "--message-format=json", kill_on_drop: false }`
[INFO] [stdout] 5cc51d504ff41cf1f0c50c96df87cbefba75469d17d2fbb560c1c7931ac9a2ab
[INFO] running `Command { std: "docker" "start" "-a" "5cc51d504ff41cf1f0c50c96df87cbefba75469d17d2fbb560c1c7931ac9a2ab", kill_on_drop: false }`
[INFO] [stderr]    Compiling proc-macro2 v1.0.79
[INFO] [stderr]    Compiling libc v0.2.153
[INFO] [stderr]    Compiling quote v1.0.26
[INFO] [stderr]    Compiling unicode-ident v1.0.8
[INFO] [stderr]    Compiling syn v1.0.109
[INFO] [stderr]    Compiling cfg-if v1.0.0
[INFO] [stderr]    Compiling log v0.4.21
[INFO] [stderr]    Compiling memchr v2.5.0
[INFO] [stderr]    Compiling autocfg v1.1.0
[INFO] [stderr]    Compiling bytes v1.4.0
[INFO] [stderr]    Compiling futures-core v0.3.28
[INFO] [stderr]    Compiling itoa v1.0.6
[INFO] [stderr]    Compiling cc v1.0.90
[INFO] [stderr]    Compiling pin-project-lite v0.2.9
[INFO] [stderr]    Compiling rustls-pki-types v1.4.1
[INFO] [stderr]    Compiling tokio v1.26.0
[INFO] [stderr]    Compiling slab v0.4.8
[INFO] [stderr]    Compiling typenum v1.16.0
[INFO] [stderr]    Compiling fnv v1.0.7
[INFO] [stderr]    Compiling getrandom v0.2.12
[INFO] [stderr]    Compiling version_check v0.9.4
[INFO] [stderr]    Compiling futures-task v0.3.28
[INFO] [stderr]    Compiling http v1.1.0
[INFO] [stderr]    Compiling mio v0.8.6
[INFO] [stderr]    Compiling signal-hook-registry v1.4.1
[INFO] [stderr]    Compiling generic-array v0.14.6
[INFO] [stderr]    Compiling socket2 v0.4.9
[INFO] [stderr]    Compiling num_cpus v1.15.0
[INFO] [stderr]    Compiling httparse v1.8.0
[INFO] [stderr]    Compiling untrusted v0.9.0
[INFO] [stderr]    Compiling futures-util v0.3.28
[INFO] [stderr]    Compiling spin v0.9.8
[INFO] [stderr]    Compiling pin-utils v0.1.0
[INFO] [stderr]    Compiling tinyvec_macros v0.1.1
[INFO] [stderr]    Compiling futures-sink v0.3.28
[INFO] [stderr]    Compiling rustls v0.22.3
[INFO] [stderr]    Compiling ring v0.17.8
[INFO] [stderr]    Compiling tinyvec v1.6.0
[INFO] [stderr]    Compiling syn v2.0.16
[INFO] [stderr]    Compiling subtle v2.5.0
[INFO] [stderr]    Compiling once_cell v1.17.1
[INFO] [stderr]    Compiling futures-channel v0.3.27
[INFO] [stderr]    Compiling zeroize v1.7.0
[INFO] [stderr]    Compiling percent-encoding v2.2.0
[INFO] [stderr]    Compiling serde_derive v1.0.156
[INFO] [stderr]    Compiling form_urlencoded v1.1.0
[INFO] [stderr]    Compiling tracing-core v0.1.30
[INFO] [stderr]    Compiling http-body v1.0.0
[INFO] [stderr]    Compiling base64 v0.21.0
[INFO] [stderr]    Compiling unicode-bidi v0.3.11
[INFO] [stderr]    Compiling unicode-normalization v0.1.22
[INFO] [stderr]    Compiling serde v1.0.156
[INFO] [stderr]    Compiling try-lock v0.2.4
[INFO] [stderr]    Compiling want v0.3.0
[INFO] [stderr]    Compiling idna v0.3.0
[INFO] [stderr]    Compiling tracing v0.1.37
[INFO] [stderr]    Compiling block-buffer v0.10.4
[INFO] [stderr]    Compiling crypto-common v0.1.6
[INFO] [stderr]    Compiling rand_core v0.6.4
[INFO] [stderr]    Compiling tower-service v0.3.2
[INFO] [stderr]    Compiling thiserror v1.0.39
[INFO] [stderr]    Compiling smallvec v1.13.2
[INFO] [stderr]    Compiling tower-layer v0.3.2
[INFO] [stderr]    Compiling ppv-lite86 v0.2.17
[INFO] [stderr]    Compiling digest v0.10.6
[INFO] [stderr]    Compiling url v2.3.1
[INFO] [stderr]    Compiling socket2 v0.5.6
[INFO] [stderr]    Compiling aho-corasick v0.7.20
[INFO] [stderr]    Compiling rand_chacha v0.3.1
[INFO] [stderr]    Compiling ryu v1.0.13
[INFO] [stderr]    Compiling regex-syntax v0.6.28
[INFO] [stderr]    Compiling cpufeatures v0.2.5
[INFO] [stderr]    Compiling serde_json v1.0.94
[INFO] [stderr]    Compiling utf8parse v0.2.1
[INFO] [stderr]    Compiling anstyle-parse v0.2.3
[INFO] [stderr]    Compiling sha1 v0.10.5
[INFO] [stderr]    Compiling tokio-macros v1.8.2
[INFO] [stderr]    Compiling thiserror-impl v1.0.39
[INFO] [stderr]    Compiling rand v0.8.5
[INFO] [stderr]    Compiling rustls-pemfile v2.1.1
[INFO] [stderr]    Compiling data-encoding v2.4.0
[INFO] [stderr]    Compiling regex v1.7.1
[INFO] [stderr]    Compiling pin-project-internal v1.1.5
[INFO] [stderr]    Compiling rustls-webpki v0.102.2
[INFO] [stderr]    Compiling anstyle v1.0.6
[INFO] [stderr]    Compiling anyhow v1.0.69
[INFO] [stderr]    Compiling openssl-probe v0.1.5
[INFO] [stderr]    Compiling byteorder v1.4.3
[INFO] [stderr]    Compiling pin-project v1.1.5
[INFO] [stderr]    Compiling anstyle-query v1.0.2
[INFO] [stderr]    Compiling colorchoice v1.0.0
[INFO] [stderr]    Compiling utf-8 v0.7.6
[INFO] [stderr]    Compiling anstream v0.6.13
[INFO] [stderr]    Compiling rustls-native-certs v0.7.0
[INFO] [stderr]    Compiling env_filter v0.1.0
[INFO] [stderr]    Compiling rustls-pemfile v1.0.2
[INFO] [stderr]    Compiling http-body-util v0.1.1
[INFO] [stderr]    Compiling webpki-roots v0.26.1
[INFO] [stderr]    Compiling ipnet v2.7.1
[INFO] [stderr]    Compiling humantime v2.1.0
[INFO] [stderr]    Compiling mime v0.3.16
[INFO] [stderr]    Compiling sync_wrapper v0.1.2
[INFO] [stderr]    Compiling env_logger v0.11.3
[INFO] [stderr]    Compiling dotenv v0.15.0
[INFO] [stderr]    Compiling hex v0.4.3
[INFO] [stderr]    Compiling hyper v1.2.0
[INFO] [stderr]    Compiling tower v0.4.13
[INFO] [stderr]    Compiling tokio-rustls v0.25.0
[INFO] [stderr]    Compiling tungstenite v0.21.0
[INFO] [stderr]    Compiling tokio-tungstenite v0.21.0
[INFO] [stderr]    Compiling hyper-util v0.1.3
[INFO] [stderr]    Compiling hyper-rustls v0.26.0
[INFO] [stderr]    Compiling serde_urlencoded v0.7.1
[INFO] [stderr]    Compiling reqwest v0.12.2
[INFO] [stderr]    Compiling coincheck-rust v0.1.0 (/opt/rustwide/workdir)
[INFO] [stderr]     Finished `dev` profile [unoptimized + debuginfo] target(s) in 36.03s
[INFO] running `Command { std: "docker" "inspect" "5cc51d504ff41cf1f0c50c96df87cbefba75469d17d2fbb560c1c7931ac9a2ab", kill_on_drop: false }`
[INFO] running `Command { std: "docker" "rm" "-f" "5cc51d504ff41cf1f0c50c96df87cbefba75469d17d2fbb560c1c7931ac9a2ab", kill_on_drop: false }`
[INFO] [stdout] 5cc51d504ff41cf1f0c50c96df87cbefba75469d17d2fbb560c1c7931ac9a2ab
[INFO] running `Command { std: "docker" "create" "-v" "/var/lib/crater-agent-workspace/builds/worker-5-tc2/target:/opt/rustwide/target:rw,Z" "-v" "/var/lib/crater-agent-workspace/builds/worker-5-tc2/source:/opt/rustwide/workdir:ro,Z" "-v" "/var/lib/crater-agent-workspace/cargo-home:/opt/rustwide/cargo-home:ro,Z" "-v" "/var/lib/crater-agent-workspace/rustup-home:/opt/rustwide/rustup-home:ro,Z" "-e" "SOURCE_DIR=/opt/rustwide/workdir" "-e" "CARGO_TARGET_DIR=/opt/rustwide/target" "-e" "CARGO_INCREMENTAL=0" "-e" "RUST_BACKTRACE=full" "-e" "RUSTFLAGS=--cap-lints=forbid -Zrandomize-layout" "-e" "RUSTDOCFLAGS=--cap-lints=forbid" "-e" "CARGO_HOME=/opt/rustwide/cargo-home" "-e" "RUSTUP_HOME=/opt/rustwide/rustup-home" "-w" "/opt/rustwide/workdir" "-m" "1610612736" "--user" "0:0" "--network" "none" "ghcr.io/rust-lang/crates-build-env/linux@sha256:819108c5571ea2e421544af4d832f968d213c87fbe3707a016657f43d2f853bc" "/opt/rustwide/cargo-home/bin/cargo" "+nightly-2025-01-18" "test" "--frozen" "--no-run" "--message-format=json", kill_on_drop: false }`
[INFO] [stdout] 76ac1ce1f274bd0aeb7fe4b304ba478bcdc3f5b441f0e6cccecea21cb323b50d
[INFO] running `Command { std: "docker" "start" "-a" "76ac1ce1f274bd0aeb7fe4b304ba478bcdc3f5b441f0e6cccecea21cb323b50d", kill_on_drop: false }`
[INFO] [stderr]    Compiling coincheck-rust v0.1.0 (/opt/rustwide/workdir)
[INFO] [stderr]     Finished `test` profile [unoptimized + debuginfo] target(s) in 1.53s
[INFO] running `Command { std: "docker" "inspect" "76ac1ce1f274bd0aeb7fe4b304ba478bcdc3f5b441f0e6cccecea21cb323b50d", kill_on_drop: false }`
[INFO] running `Command { std: "docker" "rm" "-f" "76ac1ce1f274bd0aeb7fe4b304ba478bcdc3f5b441f0e6cccecea21cb323b50d", kill_on_drop: false }`
[INFO] [stdout] 76ac1ce1f274bd0aeb7fe4b304ba478bcdc3f5b441f0e6cccecea21cb323b50d
[INFO] running `Command { std: "docker" "create" "-v" "/var/lib/crater-agent-workspace/builds/worker-5-tc2/target:/opt/rustwide/target:rw,Z" "-v" "/var/lib/crater-agent-workspace/builds/worker-5-tc2/source:/opt/rustwide/workdir:ro,Z" "-v" "/var/lib/crater-agent-workspace/cargo-home:/opt/rustwide/cargo-home:ro,Z" "-v" "/var/lib/crater-agent-workspace/rustup-home:/opt/rustwide/rustup-home:ro,Z" "-e" "SOURCE_DIR=/opt/rustwide/workdir" "-e" "CARGO_TARGET_DIR=/opt/rustwide/target" "-e" "CARGO_INCREMENTAL=0" "-e" "RUST_BACKTRACE=full" "-e" "RUSTFLAGS=--cap-lints=forbid -Zrandomize-layout" "-e" "RUSTDOCFLAGS=--cap-lints=forbid" "-e" "CARGO_HOME=/opt/rustwide/cargo-home" "-e" "RUSTUP_HOME=/opt/rustwide/rustup-home" "-w" "/opt/rustwide/workdir" "-m" "1610612736" "--user" "0:0" "--network" "none" "ghcr.io/rust-lang/crates-build-env/linux@sha256:819108c5571ea2e421544af4d832f968d213c87fbe3707a016657f43d2f853bc" "/opt/rustwide/cargo-home/bin/cargo" "+nightly-2025-01-18" "test" "--frozen", kill_on_drop: false }`
[INFO] [stdout] 7ca4abe118d676110d27f010bb193b91c412f55182ae6a0b098ff1035ac45e23
[INFO] running `Command { std: "docker" "start" "-a" "7ca4abe118d676110d27f010bb193b91c412f55182ae6a0b098ff1035ac45e23", kill_on_drop: false }`
[INFO] [stderr]     Finished `test` profile [unoptimized + debuginfo] target(s) in 0.08s
[INFO] [stderr]      Running unittests src/lib.rs (/opt/rustwide/target/debug/deps/coincheck_rust-3f10b3d73addc7c2)
[INFO] [stdout] 
[INFO] [stdout] running 2 tests
[INFO] [stdout] test exchanges::coincheck::get_active_orders::tests::it_works ... FAILED
[INFO] [stdout] test exchanges::coincheck::get_balance::tests::it_works ... FAILED
[INFO] [stdout] 
[INFO] [stdout] failures:
[INFO] [stdout] 
[INFO] [stdout] ---- exchanges::coincheck::get_active_orders::tests::it_works stdout ----
[INFO] [stdout] Error: environment variable not found
[INFO] [stdout] 
[INFO] [stdout] ---- exchanges::coincheck::get_balance::tests::it_works stdout ----
[INFO] [stdout] 
[INFO] [stdout] thread 'exchanges::coincheck::get_balance::tests::it_works' panicked at /opt/rustwide/cargo-home/registry/src/index.crates.io-1949cf8c6b5b557f/env_logger-0.11.3/src/logger.rs:879:16:
[INFO] [stdout] env_logger::init should not be called after logger initialized: SetLoggerError(())
[INFO] [stdout] stack backtrace:
[INFO] [stdout]    0:     0x6361014c139a - std::backtrace_rs::backtrace::libunwind::trace::hb059275cfc8d6126
[INFO] [stdout]                                at /rustc/6067b36314ab5eb2eb47cecc464545ba58e1ad24/library/std/src/../../backtrace/src/backtrace/libunwind.rs:116:5
[INFO] [stdout]    1:     0x6361014c139a - std::backtrace_rs::backtrace::trace_unsynchronized::h2da071e4327ce3ee
[INFO] [stdout]                                at /rustc/6067b36314ab5eb2eb47cecc464545ba58e1ad24/library/std/src/../../backtrace/src/backtrace/mod.rs:66:5
[INFO] [stdout]    2:     0x6361014c139a - std::sys::backtrace::_print_fmt::h842a1474e6f8d23f
[INFO] [stdout]                                at /rustc/6067b36314ab5eb2eb47cecc464545ba58e1ad24/library/std/src/sys/backtrace.rs:66:9
[INFO] [stdout]    3:     0x6361014c139a - <std::sys::backtrace::BacktraceLock::print::DisplayBacktrace as core::fmt::Display>::fmt::h71a62eb3b9696b12
[INFO] [stdout]                                at /rustc/6067b36314ab5eb2eb47cecc464545ba58e1ad24/library/std/src/sys/backtrace.rs:39:26
[INFO] [stdout]    4:     0x6361014edc23 - core::fmt::rt::Argument::fmt::hdb6b616786b41dc1
[INFO] [stdout]                                at /rustc/6067b36314ab5eb2eb47cecc464545ba58e1ad24/library/core/src/fmt/rt.rs:177:76
[INFO] [stdout]    5:     0x6361014edc23 - core::fmt::write::h2cc1698af7e2d686
[INFO] [stdout]                                at /rustc/6067b36314ab5eb2eb47cecc464545ba58e1ad24/library/core/src/fmt/mod.rs:1440:21
[INFO] [stdout]    6:     0x6361014bd2a3 - std::io::Write::write_fmt::hab1b4cd059a79022
[INFO] [stdout]                                at /rustc/6067b36314ab5eb2eb47cecc464545ba58e1ad24/library/std/src/io/mod.rs:1887:15
[INFO] [stdout]    7:     0x6361014c11e2 - std::sys::backtrace::BacktraceLock::print::h147fe35b4ea13b08
[INFO] [stdout]                                at /rustc/6067b36314ab5eb2eb47cecc464545ba58e1ad24/library/std/src/sys/backtrace.rs:42:9
[INFO] [stdout]    8:     0x6361014c27bf - std::panicking::default_hook::{{closure}}::hbd44223dbdc0d208
[INFO] [stdout]                                at /rustc/6067b36314ab5eb2eb47cecc464545ba58e1ad24/library/std/src/panicking.rs:298:22
[INFO] [stdout]    9:     0x6361014c25d8 - std::panicking::default_hook::h20f81eb0576efcec
[INFO] [stdout]                                at /rustc/6067b36314ab5eb2eb47cecc464545ba58e1ad24/library/std/src/panicking.rs:322:9
[INFO] [stdout]   10:     0x636101093663 - <alloc::boxed::Box<F,A> as core::ops::function::Fn<Args>>::call::hdb53814c496a4d34
[INFO] [stdout]                                at /rustc/6067b36314ab5eb2eb47cecc464545ba58e1ad24/library/alloc/src/boxed.rs:2027:9
[INFO] [stdout]   11:     0x636101093663 - test::test_main::{{closure}}::hc0a4963c59427c24
[INFO] [stdout]                                at /rustc/6067b36314ab5eb2eb47cecc464545ba58e1ad24/library/test/src/lib.rs:134:21
[INFO] [stdout]   12:     0x6361014c32b3 - <alloc::boxed::Box<F,A> as core::ops::function::Fn<Args>>::call::h591b2225413a77e9
[INFO] [stdout]                                at /rustc/6067b36314ab5eb2eb47cecc464545ba58e1ad24/library/alloc/src/boxed.rs:2027:9
[INFO] [stdout]   13:     0x6361014c32b3 - std::panicking::rust_panic_with_hook::h625eea43051b2edc
[INFO] [stdout]                                at /rustc/6067b36314ab5eb2eb47cecc464545ba58e1ad24/library/std/src/panicking.rs:839:13
[INFO] [stdout]   14:     0x6361014c2f6a - std::panicking::begin_panic_handler::{{closure}}::h4f9159cfbc3f6bd3
[INFO] [stdout]                                at /rustc/6067b36314ab5eb2eb47cecc464545ba58e1ad24/library/std/src/panicking.rs:704:13
[INFO] [stdout]   15:     0x6361014c1899 - std::sys::backtrace::__rust_end_short_backtrace::h0390abce48353151
[INFO] [stdout]                                at /rustc/6067b36314ab5eb2eb47cecc464545ba58e1ad24/library/std/src/sys/backtrace.rs:168:18
[INFO] [stdout]   16:     0x6361014c2bfd - rust_begin_unwind
[INFO] [stdout]                                at /rustc/6067b36314ab5eb2eb47cecc464545ba58e1ad24/library/std/src/panicking.rs:695:5
[INFO] [stdout]   17:     0x6361014eb570 - core::panicking::panic_fmt::h9e7c637e9e5f29c9
[INFO] [stdout]                                at /rustc/6067b36314ab5eb2eb47cecc464545ba58e1ad24/library/core/src/panicking.rs:75:14
[INFO] [stdout]   18:     0x6361014eb9e6 - core::result::unwrap_failed::h7979f09313fe1849
[INFO] [stdout]                                at /rustc/6067b36314ab5eb2eb47cecc464545ba58e1ad24/library/core/src/result.rs:1704:5
[INFO] [stdout]   19:     0x636100f2db9e - core::result::Result<T,E>::expect::h73e65a281d039288
[INFO] [stdout]                                at /rustc/6067b36314ab5eb2eb47cecc464545ba58e1ad24/library/core/src/result.rs:1061:23
[INFO] [stdout]   20:     0x636100f28309 - env_logger::logger::init::haed75b92d1e8aebb
[INFO] [stdout]                                at /opt/rustwide/cargo-home/registry/src/index.crates.io-1949cf8c6b5b557f/env_logger-0.11.3/src/logger.rs:879:5
[INFO] [stdout]   21:     0x636100f1cab7 - coincheck_rust::exchanges::coincheck::get_balance::tests::it_works::{{closure}}::hbadf8e47e182e039
[INFO] [stdout]                                at /opt/rustwide/workdir/src/exchanges/coincheck/get_balance.rs:57:9
[INFO] [stdout]   22:     0x636100f1b785 - <core::pin::Pin<P> as core::future::future::Future>::poll::h3a99e958131b4197
[INFO] [stdout]                                at /rustc/6067b36314ab5eb2eb47cecc464545ba58e1ad24/library/core/src/future/future.rs:124:9
[INFO] [stdout]   23:     0x636100f1b7bd - <core::pin::Pin<P> as core::future::future::Future>::poll::h955f68e8d1c104dd
[INFO] [stdout]                                at /rustc/6067b36314ab5eb2eb47cecc464545ba58e1ad24/library/core/src/future/future.rs:124:9
[INFO] [stdout]   24:     0x636100f1ac1f - tokio::runtime::scheduler::current_thread::CoreGuard::block_on::{{closure}}::{{closure}}::{{closure}}::h7b1c7a6b708409ca
[INFO] [stdout]                                at /opt/rustwide/cargo-home/registry/src/index.crates.io-1949cf8c6b5b557f/tokio-1.26.0/src/runtime/scheduler/current_thread.rs:541:57
[INFO] [stdout]   25:     0x636100f1ab56 - tokio::runtime::coop::with_budget::h84d52b629cbe1ae4
[INFO] [stdout]                                at /opt/rustwide/cargo-home/registry/src/index.crates.io-1949cf8c6b5b557f/tokio-1.26.0/src/runtime/coop.rs:107:5
[INFO] [stdout]   26:     0x636100f1ab56 - tokio::runtime::coop::budget::h4493da8c110e8491
[INFO] [stdout]                                at /opt/rustwide/cargo-home/registry/src/index.crates.io-1949cf8c6b5b557f/tokio-1.26.0/src/runtime/coop.rs:73:5
[INFO] [stdout]   27:     0x636100f1ab56 - tokio::runtime::scheduler::current_thread::CoreGuard::block_on::{{closure}}::{{closure}}::hcdf68c08a19fdf99
[INFO] [stdout]                                at /opt/rustwide/cargo-home/registry/src/index.crates.io-1949cf8c6b5b557f/tokio-1.26.0/src/runtime/scheduler/current_thread.rs:541:25
[INFO] [stdout]   28:     0x636100f19376 - tokio::runtime::scheduler::current_thread::Context::enter::h4d745fab8397c63f
[INFO] [stdout]                                at /opt/rustwide/cargo-home/registry/src/index.crates.io-1949cf8c6b5b557f/tokio-1.26.0/src/runtime/scheduler/current_thread.rs:350:19
[INFO] [stdout]   29:     0x636100f1a13a - tokio::runtime::scheduler::current_thread::CoreGuard::block_on::{{closure}}::hb1683963b9512429
[INFO] [stdout]                                at /opt/rustwide/cargo-home/registry/src/index.crates.io-1949cf8c6b5b557f/tokio-1.26.0/src/runtime/scheduler/current_thread.rs:540:36
[INFO] [stdout]   30:     0x636100f19e9b - tokio::runtime::scheduler::current_thread::CoreGuard::enter::{{closure}}::h447f10b373e40376
[INFO] [stdout]                                at /opt/rustwide/cargo-home/registry/src/index.crates.io-1949cf8c6b5b557f/tokio-1.26.0/src/runtime/scheduler/current_thread.rs:615:57
[INFO] [stdout]   31:     0x636100f1f56a - tokio::macros::scoped_tls::ScopedKey<T>::set::hba2e0053db06a2d8
[INFO] [stdout]                                at /opt/rustwide/cargo-home/registry/src/index.crates.io-1949cf8c6b5b557f/tokio-1.26.0/src/macros/scoped_tls.rs:61:9
[INFO] [stdout]   32:     0x636100f19c10 - tokio::runtime::scheduler::current_thread::CoreGuard::enter::h29a10495287b71e1
[INFO] [stdout]                                at /opt/rustwide/cargo-home/registry/src/index.crates.io-1949cf8c6b5b557f/tokio-1.26.0/src/runtime/scheduler/current_thread.rs:615:27
[INFO] [stdout]   33:     0x636100f19ec2 - tokio::runtime::scheduler::current_thread::CoreGuard::block_on::hfcbe41aa42886a25
[INFO] [stdout]                                at /opt/rustwide/cargo-home/registry/src/index.crates.io-1949cf8c6b5b557f/tokio-1.26.0/src/runtime/scheduler/current_thread.rs:530:19
[INFO] [stdout]   34:     0x636100f18dc7 - tokio::runtime::scheduler::current_thread::CurrentThread::block_on::h698fc48adf3d6a31
[INFO] [stdout]                                at /opt/rustwide/cargo-home/registry/src/index.crates.io-1949cf8c6b5b557f/tokio-1.26.0/src/runtime/scheduler/current_thread.rs:154:24
[INFO] [stdout]   35:     0x636100f1f6d4 - tokio::runtime::runtime::Runtime::block_on::hce7eefaad239d62e
[INFO] [stdout]                                at /opt/rustwide/cargo-home/registry/src/index.crates.io-1949cf8c6b5b557f/tokio-1.26.0/src/runtime/runtime.rs:302:47
[INFO] [stdout]   36:     0x636100f1c9d3 - coincheck_rust::exchanges::coincheck::get_balance::tests::it_works::h1c9c197e6ef8d226
[INFO] [stdout]                                at /opt/rustwide/workdir/src/exchanges/coincheck/get_balance.rs:63:9
[INFO] [stdout]   37:     0x636100f1c877 - coincheck_rust::exchanges::coincheck::get_balance::tests::it_works::{{closure}}::h7bd10792a4835f4e
[INFO] [stdout]                                at /opt/rustwide/workdir/src/exchanges/coincheck/get_balance.rs:56:28
[INFO] [stdout]   38:     0x636100f086a6 - core::ops::function::FnOnce::call_once::hcfd5328a48e46a53
[INFO] [stdout]                                at /rustc/6067b36314ab5eb2eb47cecc464545ba58e1ad24/library/core/src/ops/function.rs:250:5
[INFO] [stdout]   39:     0x636101098dbb - core::ops::function::FnOnce::call_once::he27718dfdd183f43
[INFO] [stdout]                                at /rustc/6067b36314ab5eb2eb47cecc464545ba58e1ad24/library/core/src/ops/function.rs:250:5
[INFO] [stdout]   40:     0x636101098dbb - test::__rust_begin_short_backtrace::h4e84902998457a5d
[INFO] [stdout]                                at /rustc/6067b36314ab5eb2eb47cecc464545ba58e1ad24/library/test/src/lib.rs:632:18
[INFO] [stdout]   41:     0x636101097cf3 - test::run_test_in_process::{{closure}}::h7176fd18fc1feca0
[INFO] [stdout]                                at /rustc/6067b36314ab5eb2eb47cecc464545ba58e1ad24/library/test/src/lib.rs:655:60
[INFO] [stdout]   42:     0x636101097cf3 - <core::panic::unwind_safe::AssertUnwindSafe<F> as core::ops::function::FnOnce<()>>::call_once::hf79cff2a624d8cf7
[INFO] [stdout]                                at /rustc/6067b36314ab5eb2eb47cecc464545ba58e1ad24/library/core/src/panic/unwind_safe.rs:272:9
[INFO] [stdout]   43:     0x636101097cf3 - std::panicking::try::do_call::h3da0561d9ab99c25
[INFO] [stdout]                                at /rustc/6067b36314ab5eb2eb47cecc464545ba58e1ad24/library/std/src/panicking.rs:587:40
[INFO] [stdout]   44:     0x636101097cf3 - std::panicking::try::h41c9fa508bc61df6
[INFO] [stdout]                                at /rustc/6067b36314ab5eb2eb47cecc464545ba58e1ad24/library/std/src/panicking.rs:550:19
[INFO] [stdout]   45:     0x636101097cf3 - std::panic::catch_unwind::h6b3ff07bb5afad93
[INFO] [stdout]                                at /rustc/6067b36314ab5eb2eb47cecc464545ba58e1ad24/library/std/src/panic.rs:358:14
[INFO] [stdout]   46:     0x636101097cf3 - test::run_test_in_process::hc7253dd11b39b9f4
[INFO] [stdout]                                at /rustc/6067b36314ab5eb2eb47cecc464545ba58e1ad24/library/test/src/lib.rs:655:27
[INFO] [stdout]   47:     0x636101097cf3 - test::run_test::{{closure}}::hfb2007f8649c30bb
[INFO] [stdout]                                at /rustc/6067b36314ab5eb2eb47cecc464545ba58e1ad24/library/test/src/lib.rs:576:43
[INFO] [stdout]   48:     0x63610105add5 - test::run_test::{{closure}}::h56a17aa7a282a9f4
[INFO] [stdout]                                at /rustc/6067b36314ab5eb2eb47cecc464545ba58e1ad24/library/test/src/lib.rs:606:41
[INFO] [stdout]   49:     0x63610105add5 - std::sys::backtrace::__rust_begin_short_backtrace::hd2d2d2fb8e8c6aac
[INFO] [stdout]                                at /rustc/6067b36314ab5eb2eb47cecc464545ba58e1ad24/library/std/src/sys/backtrace.rs:152:18
[INFO] [stdout]   50:     0x63610105e6ba - std::thread::Builder::spawn_unchecked_::{{closure}}::{{closure}}::h4faa3f9db6133423
[INFO] [stdout]                                at /rustc/6067b36314ab5eb2eb47cecc464545ba58e1ad24/library/std/src/thread/mod.rs:559:17
[INFO] [stdout]   51:     0x63610105e6ba - <core::panic::unwind_safe::AssertUnwindSafe<F> as core::ops::function::FnOnce<()>>::call_once::hf2e855a36a4ea846
[INFO] [stdout]                                at /rustc/6067b36314ab5eb2eb47cecc464545ba58e1ad24/library/core/src/panic/unwind_safe.rs:272:9
[INFO] [stdout]   52:     0x63610105e6ba - std::panicking::try::do_call::h2f73af3616c35465
[INFO] [stdout]                                at /rustc/6067b36314ab5eb2eb47cecc464545ba58e1ad24/library/std/src/panicking.rs:587:40
[INFO] [stdout]   53:     0x63610105e6ba - std::panicking::try::hd1660ce9efadef5a
[INFO] [stdout]                                at /rustc/6067b36314ab5eb2eb47cecc464545ba58e1ad24/library/std/src/panicking.rs:550:19
[INFO] [stdout]   54:     0x63610105e6ba - std::panic::catch_unwind::h5ee8d7823b8ca744
[INFO] [stdout]                                at /rustc/6067b36314ab5eb2eb47cecc464545ba58e1ad24/library/std/src/panic.rs:358:14
[INFO] [stdout]   55:     0x63610105e6ba - std::thread::Builder::spawn_unchecked_::{{closure}}::h53c3a1894dce8407
[INFO] [stdout]                                at /rustc/6067b36314ab5eb2eb47cecc464545ba58e1ad24/library/std/src/thread/mod.rs:557:30
[INFO] [stdout]   56:     0x63610105e6ba - core::ops::function::FnOnce::call_once{{vtable.shim}}::h048ce291ad4f62bf
[INFO] [stdout]                                at /rustc/6067b36314ab5eb2eb47cecc464545ba58e1ad24/library/core/src/ops/function.rs:250:5
[INFO] [stdout]   57:     0x6361014c762b - <alloc::boxed::Box<F,A> as core::ops::function::FnOnce<Args>>::call_once::ha52bedf99a3b4981
[INFO] [stdout]                                at /rustc/6067b36314ab5eb2eb47cecc464545ba58e1ad24/library/alloc/src/boxed.rs:2013:9
[INFO] [stdout]   58:     0x6361014c762b - <alloc::boxed::Box<F,A> as core::ops::function::FnOnce<Args>>::call_once::h567748934d80ccf8
[INFO] [stdout]                                at /rustc/6067b36314ab5eb2eb47cecc464545ba58e1ad24/library/alloc/src/boxed.rs:2013:9
[INFO] [stdout]   59:     0x6361014c762b - std::sys::pal::unix::thread::Thread::new::thread_start::h2d970728ae887adc
[INFO] [stdout]                                at /rustc/6067b36314ab5eb2eb47cecc464545ba58e1ad24/library/std/src/sys/pal/unix/thread.rs:106:17
[INFO] [stdout]   60:     0x7bf48c1cbac3 - <unknown>
[INFO] [stdout]   61:     0x7bf48c25ca04 - clone
[INFO] [stdout]   62:                0x0 - <unknown>
[INFO] [stdout] 
[INFO] [stdout] 
[INFO] [stdout] failures:
[INFO] [stdout]     exchanges::coincheck::get_active_orders::tests::it_works
[INFO] [stdout]     exchanges::coincheck::get_balance::tests::it_works
[INFO] [stdout] 
[INFO] [stdout] test result: FAILED. 0 passed; 2 failed; 0 ignored; 0 measured; 0 filtered out; finished in 0.02s
[INFO] [stdout] 
[INFO] [stderr] error: test failed, to rerun pass `--lib`
[INFO] running `Command { std: "docker" "inspect" "7ca4abe118d676110d27f010bb193b91c412f55182ae6a0b098ff1035ac45e23", kill_on_drop: false }`
[INFO] running `Command { std: "docker" "rm" "-f" "7ca4abe118d676110d27f010bb193b91c412f55182ae6a0b098ff1035ac45e23", kill_on_drop: false }`
[INFO] [stdout] 7ca4abe118d676110d27f010bb193b91c412f55182ae6a0b098ff1035ac45e23
