[INFO] cloning repository https://github.com/tmt96/mangekyou
[INFO] running `Command { std: "git" "-c" "credential.helper=" "-c" "credential.helper=/workspace/cargo-home/bin/git-credential-null" "clone" "--bare" "https://github.com/tmt96/mangekyou" "/workspace/cache/git-repos/https%3A%2F%2Fgithub.com%2Ftmt96%2Fmangekyou", kill_on_drop: false }`
[INFO] [stderr] Cloning into bare repository '/workspace/cache/git-repos/https%3A%2F%2Fgithub.com%2Ftmt96%2Fmangekyou'...
[INFO] running `Command { std: "git" "rev-parse" "HEAD", kill_on_drop: false }`
[INFO] [stdout] a96639eb5acb2d9e98e29d7b18c26c1f6e73f6b6
[INFO] testing tmt96/mangekyou against nightly-2025-01-18 for randomize-layout-2
[INFO] running `Command { std: "git" "clone" "/workspace/cache/git-repos/https%3A%2F%2Fgithub.com%2Ftmt96%2Fmangekyou" "/workspace/builds/worker-6-tc1/source", kill_on_drop: false }`
[INFO] [stderr] Cloning into '/workspace/builds/worker-6-tc1/source'...
[INFO] [stderr] done.
[INFO] validating manifest of git repo https://github.com/tmt96/mangekyou on toolchain nightly-2025-01-18
[INFO] running `Command { std: CARGO_HOME="/workspace/cargo-home" RUSTUP_HOME="/workspace/rustup-home" "/workspace/cargo-home/bin/cargo" "+nightly-2025-01-18" "metadata" "--manifest-path" "Cargo.toml" "--no-deps", kill_on_drop: false }`
[INFO] started tweaking git repo https://github.com/tmt96/mangekyou
[INFO] finished tweaking git repo https://github.com/tmt96/mangekyou
[INFO] tweaked toml for git repo https://github.com/tmt96/mangekyou written to /workspace/builds/worker-6-tc1/source/Cargo.toml
[INFO] crate git repo https://github.com/tmt96/mangekyou already has a lockfile, it will not be regenerated
[INFO] running `Command { std: CARGO_HOME="/workspace/cargo-home" RUSTUP_HOME="/workspace/rustup-home" "/workspace/cargo-home/bin/cargo" "+nightly-2025-01-18" "fetch" "--manifest-path" "Cargo.toml", kill_on_drop: false }`
[INFO] [stderr]     Updating git repository `https://github.com/TheDan64/inkwell`
[INFO] [stderr]  Downloading crates ...
[INFO] [stderr]   Downloaded llvm-sys v80.1.2
[INFO] [stderr]   Downloaded syn v1.0.27
[INFO] running `Command { std: "docker" "create" "-v" "/var/lib/crater-agent-workspace/builds/worker-6-tc1/target:/opt/rustwide/target:rw,Z" "-v" "/var/lib/crater-agent-workspace/builds/worker-6-tc1/source:/opt/rustwide/workdir:ro,Z" "-v" "/var/lib/crater-agent-workspace/cargo-home:/opt/rustwide/cargo-home:ro,Z" "-v" "/var/lib/crater-agent-workspace/rustup-home:/opt/rustwide/rustup-home:ro,Z" "-e" "SOURCE_DIR=/opt/rustwide/workdir" "-e" "CARGO_TARGET_DIR=/opt/rustwide/target" "-e" "CARGO_HOME=/opt/rustwide/cargo-home" "-e" "RUSTUP_HOME=/opt/rustwide/rustup-home" "-w" "/opt/rustwide/workdir" "-m" "1610612736" "--user" "0:0" "--network" "none" "ghcr.io/rust-lang/crates-build-env/linux@sha256:819108c5571ea2e421544af4d832f968d213c87fbe3707a016657f43d2f853bc" "/opt/rustwide/cargo-home/bin/cargo" "+nightly-2025-01-18" "metadata" "--no-deps" "--format-version=1", kill_on_drop: false }`
[INFO] [stdout] f403d6cf1b9096986f354f74df33435dfdb866e6219a561c437ca2f4a2305faa
[INFO] running `Command { std: "docker" "start" "-a" "f403d6cf1b9096986f354f74df33435dfdb866e6219a561c437ca2f4a2305faa", kill_on_drop: false }`
[INFO] running `Command { std: "docker" "inspect" "f403d6cf1b9096986f354f74df33435dfdb866e6219a561c437ca2f4a2305faa", kill_on_drop: false }`
[INFO] running `Command { std: "docker" "rm" "-f" "f403d6cf1b9096986f354f74df33435dfdb866e6219a561c437ca2f4a2305faa", kill_on_drop: false }`
[INFO] [stdout] f403d6cf1b9096986f354f74df33435dfdb866e6219a561c437ca2f4a2305faa
[INFO] running `Command { std: "docker" "create" "-v" "/var/lib/crater-agent-workspace/builds/worker-6-tc1/target:/opt/rustwide/target:rw,Z" "-v" "/var/lib/crater-agent-workspace/builds/worker-6-tc1/source:/opt/rustwide/workdir:ro,Z" "-v" "/var/lib/crater-agent-workspace/cargo-home:/opt/rustwide/cargo-home:ro,Z" "-v" "/var/lib/crater-agent-workspace/rustup-home:/opt/rustwide/rustup-home:ro,Z" "-e" "SOURCE_DIR=/opt/rustwide/workdir" "-e" "CARGO_TARGET_DIR=/opt/rustwide/target" "-e" "CARGO_INCREMENTAL=0" "-e" "RUST_BACKTRACE=full" "-e" "RUSTFLAGS=--cap-lints=forbid" "-e" "RUSTDOCFLAGS=--cap-lints=forbid" "-e" "CARGO_HOME=/opt/rustwide/cargo-home" "-e" "RUSTUP_HOME=/opt/rustwide/rustup-home" "-w" "/opt/rustwide/workdir" "-m" "1610612736" "--user" "0:0" "--network" "none" "ghcr.io/rust-lang/crates-build-env/linux@sha256:819108c5571ea2e421544af4d832f968d213c87fbe3707a016657f43d2f853bc" "/opt/rustwide/cargo-home/bin/cargo" "+nightly-2025-01-18" "build" "--frozen" "--message-format=json", kill_on_drop: false }`
[INFO] [stdout] daa9067f70752e661aaa338837885e2ffe272a928b519817a63721699ffa3d1a
[INFO] running `Command { std: "docker" "start" "-a" "daa9067f70752e661aaa338837885e2ffe272a928b519817a63721699ffa3d1a", kill_on_drop: false }`
[INFO] [stderr]    Compiling memchr v2.3.2
[INFO] [stderr]    Compiling lazy_static v1.4.0
[INFO] [stderr]    Compiling regex-syntax v0.6.14
[INFO] [stderr]    Compiling proc-macro2 v1.0.17
[INFO] [stderr]    Compiling libc v0.2.66
[INFO] [stderr]    Compiling semver-parser v0.7.0
[INFO] [stderr]    Compiling unicode-xid v0.2.0
[INFO] [stderr]    Compiling cc v1.0.50
[INFO] [stderr]    Compiling thread_local v1.0.1
[INFO] [stderr]    Compiling syn v1.0.27
[INFO] [stderr]    Compiling semver v0.9.0
[INFO] [stderr]    Compiling scopeguard v1.1.0
[INFO] [stderr]    Compiling cfg-if v0.1.10
[INFO] [stderr]    Compiling smallvec v1.2.0
[INFO] [stderr]    Compiling lock_api v0.3.3
[INFO] [stderr]    Compiling aho-corasick v0.7.8
[INFO] [stderr]    Compiling inkwell v0.1.0 (https://github.com/TheDan64/inkwell?branch=llvm8-0#9aabeab2)
[INFO] [stderr]    Compiling either v1.5.3
[INFO] [stderr]    Compiling once_cell v1.3.1
[INFO] [stderr]    Compiling parking_lot_core v0.7.0
[INFO] [stderr]    Compiling quote v1.0.6
[INFO] [stderr]    Compiling parking_lot v0.10.0
[INFO] [stderr]    Compiling regex v1.3.4
[INFO] [stderr]    Compiling llvm-sys v80.1.2
[INFO] [stderr]    Compiling inkwell_internals v0.1.0 (https://github.com/TheDan64/inkwell?branch=llvm8-0#9aabeab2)
[INFO] [stderr]    Compiling mangekyou v0.1.0 (/opt/rustwide/workdir)
[INFO] [stdout] warning: unused imports: `Write`, `stdin`, and `stdout`
[INFO] [stdout]  --> src/lib/object_code_compiler.rs:3:15
[INFO] [stdout]   |
[INFO] [stdout] 3 | use std::io::{stdin, stdout, Write};
[INFO] [stdout]   |               ^^^^^  ^^^^^^  ^^^^^
[INFO] [stdout]   |
[INFO] [stdout]   = note: `#[warn(unused_imports)]` on by default
[INFO] [stdout] 
[INFO] [stdout] 
[INFO] [stdout] warning: method `get_binary_pred` is never used
[INFO] [stdout]    --> src/lib/ast.rs:144:12
[INFO] [stdout]     |
[INFO] [stdout] 99  | impl Prototype {
[INFO] [stdout]     | -------------- method in this implementation
[INFO] [stdout] ...
[INFO] [stdout] 144 |     pub fn get_binary_pred(&self) -> Option<i32> {
[INFO] [stdout]     |            ^^^^^^^^^^^^^^^
[INFO] [stdout]     |
[INFO] [stdout]     = note: `#[warn(dead_code)]` on by default
[INFO] [stdout] 
[INFO] [stdout] 
[INFO] [stdout] warning: methods `get_context`, `get_module`, `get_builder`, and `get_pass_manager` are never used
[INFO] [stdout]    --> src/lib/codegen.rs:94:12
[INFO] [stdout]     |
[INFO] [stdout] 28  | impl<'ctx> IRGenerator<'ctx> {
[INFO] [stdout]     | ---------------------------- methods in this implementation
[INFO] [stdout] ...
[INFO] [stdout] 94  |     pub fn get_context(&self) -> &'ctx Context {
[INFO] [stdout]     |            ^^^^^^^^^^^
[INFO] [stdout] ...
[INFO] [stdout] 98  |     pub fn get_module(&self) -> &Module<'ctx> {
[INFO] [stdout]     |            ^^^^^^^^^^
[INFO] [stdout] ...
[INFO] [stdout] 102 |     pub fn get_builder(&self) -> &Builder<'ctx> {
[INFO] [stdout]     |            ^^^^^^^^^^^
[INFO] [stdout] ...
[INFO] [stdout] 106 |     pub fn get_pass_manager(&self) -> &PassManager<FunctionValue<'ctx>> {
[INFO] [stdout]     |            ^^^^^^^^^^^^^^^^
[INFO] [stdout] 
[INFO] [stdout] 
[INFO] [stdout] warning: function `compile` is never used
[INFO] [stdout]  --> src/lib/object_code_compiler.rs:6:8
[INFO] [stdout]   |
[INFO] [stdout] 6 | pub fn compile() -> Result<(), String> {
[INFO] [stdout]   |        ^^^^^^^
[INFO] [stdout] 
[INFO] [stdout] 
[INFO] [stderr]     Finished `dev` profile [unoptimized + debuginfo] target(s) in 26.31s
[INFO] running `Command { std: "docker" "inspect" "daa9067f70752e661aaa338837885e2ffe272a928b519817a63721699ffa3d1a", kill_on_drop: false }`
[INFO] running `Command { std: "docker" "rm" "-f" "daa9067f70752e661aaa338837885e2ffe272a928b519817a63721699ffa3d1a", kill_on_drop: false }`
[INFO] [stdout] daa9067f70752e661aaa338837885e2ffe272a928b519817a63721699ffa3d1a
[INFO] running `Command { std: "docker" "create" "-v" "/var/lib/crater-agent-workspace/builds/worker-6-tc1/target:/opt/rustwide/target:rw,Z" "-v" "/var/lib/crater-agent-workspace/builds/worker-6-tc1/source:/opt/rustwide/workdir:ro,Z" "-v" "/var/lib/crater-agent-workspace/cargo-home:/opt/rustwide/cargo-home:ro,Z" "-v" "/var/lib/crater-agent-workspace/rustup-home:/opt/rustwide/rustup-home:ro,Z" "-e" "SOURCE_DIR=/opt/rustwide/workdir" "-e" "CARGO_TARGET_DIR=/opt/rustwide/target" "-e" "CARGO_INCREMENTAL=0" "-e" "RUST_BACKTRACE=full" "-e" "RUSTFLAGS=--cap-lints=forbid" "-e" "RUSTDOCFLAGS=--cap-lints=forbid" "-e" "CARGO_HOME=/opt/rustwide/cargo-home" "-e" "RUSTUP_HOME=/opt/rustwide/rustup-home" "-w" "/opt/rustwide/workdir" "-m" "1610612736" "--user" "0:0" "--network" "none" "ghcr.io/rust-lang/crates-build-env/linux@sha256:819108c5571ea2e421544af4d832f968d213c87fbe3707a016657f43d2f853bc" "/opt/rustwide/cargo-home/bin/cargo" "+nightly-2025-01-18" "test" "--frozen" "--no-run" "--message-format=json", kill_on_drop: false }`
[INFO] [stdout] 59c568ba4687bc1579590de6272828b0aa54d2962ee2fbf5473ca051e3ee0dfc
[INFO] running `Command { std: "docker" "start" "-a" "59c568ba4687bc1579590de6272828b0aa54d2962ee2fbf5473ca051e3ee0dfc", kill_on_drop: false }`
[INFO] [stdout] warning: unused imports: `Write`, `stdin`, and `stdout`
[INFO] [stdout]  --> src/lib/object_code_compiler.rs:3:15
[INFO] [stdout]   |
[INFO] [stdout] 3 | use std::io::{stdin, stdout, Write};
[INFO] [stdout]   |               ^^^^^  ^^^^^^  ^^^^^
[INFO] [stdout]   |
[INFO] [stdout]   = note: `#[warn(unused_imports)]` on by default
[INFO] [stdout] 
[INFO] [stdout] 
[INFO] [stdout] warning: method `get_binary_pred` is never used
[INFO] [stdout]    --> src/lib/ast.rs:144:12
[INFO] [stdout]     |
[INFO] [stdout] 99  | impl Prototype {
[INFO] [stdout]     | -------------- method in this implementation
[INFO] [stdout] ...
[INFO] [stdout] 144 |     pub fn get_binary_pred(&self) -> Option<i32> {
[INFO] [stdout]     |            ^^^^^^^^^^^^^^^
[INFO] [stdout]     |
[INFO] [stdout]     = note: `#[warn(dead_code)]` on by default
[INFO] [stdout] 
[INFO] [stdout] 
[INFO] [stdout] warning: methods `get_context`, `get_module`, `get_builder`, and `get_pass_manager` are never used
[INFO] [stdout]    --> src/lib/codegen.rs:94:12
[INFO] [stdout]     |
[INFO] [stdout] 28  | impl<'ctx> IRGenerator<'ctx> {
[INFO] [stdout]     | ---------------------------- methods in this implementation
[INFO] [stdout] ...
[INFO] [stdout] 94  |     pub fn get_context(&self) -> &'ctx Context {
[INFO] [stdout]     |            ^^^^^^^^^^^
[INFO] [stdout] ...
[INFO] [stdout] 98  |     pub fn get_module(&self) -> &Module<'ctx> {
[INFO] [stdout]     |            ^^^^^^^^^^
[INFO] [stdout] ...
[INFO] [stdout] 102 |     pub fn get_builder(&self) -> &Builder<'ctx> {
[INFO] [stdout]     |            ^^^^^^^^^^^
[INFO] [stdout] ...
[INFO] [stdout] 106 |     pub fn get_pass_manager(&self) -> &PassManager<FunctionValue<'ctx>> {
[INFO] [stdout]     |            ^^^^^^^^^^^^^^^^
[INFO] [stdout] 
[INFO] [stdout] 
[INFO] [stdout] warning: function `compile` is never used
[INFO] [stdout]  --> src/lib/object_code_compiler.rs:6:8
[INFO] [stdout]   |
[INFO] [stdout] 6 | pub fn compile() -> Result<(), String> {
[INFO] [stdout]   |        ^^^^^^^
[INFO] [stdout] 
[INFO] [stdout] 
[INFO] [stderr]    Compiling mangekyou v0.1.0 (/opt/rustwide/workdir)
[INFO] [stdout] warning: unused imports: `Write`, `stdin`, and `stdout`
[INFO] [stdout]  --> src/lib/object_code_compiler.rs:3:15
[INFO] [stdout]   |
[INFO] [stdout] 3 | use std::io::{stdin, stdout, Write};
[INFO] [stdout]   |               ^^^^^  ^^^^^^  ^^^^^
[INFO] [stdout]   |
[INFO] [stdout]   = note: `#[warn(unused_imports)]` on by default
[INFO] [stdout] 
[INFO] [stdout] 
[INFO] [stdout] warning: method `get_binary_pred` is never used
[INFO] [stdout]    --> src/lib/ast.rs:144:12
[INFO] [stdout]     |
[INFO] [stdout] 99  | impl Prototype {
[INFO] [stdout]     | -------------- method in this implementation
[INFO] [stdout] ...
[INFO] [stdout] 144 |     pub fn get_binary_pred(&self) -> Option<i32> {
[INFO] [stdout]     |            ^^^^^^^^^^^^^^^
[INFO] [stdout]     |
[INFO] [stdout]     = note: `#[warn(dead_code)]` on by default
[INFO] [stdout] 
[INFO] [stdout] 
[INFO] [stdout] warning: methods `get_context`, `get_module`, `get_builder`, and `get_pass_manager` are never used
[INFO] [stdout]    --> src/lib/codegen.rs:94:12
[INFO] [stdout]     |
[INFO] [stdout] 28  | impl<'ctx> IRGenerator<'ctx> {
[INFO] [stdout]     | ---------------------------- methods in this implementation
[INFO] [stdout] ...
[INFO] [stdout] 94  |     pub fn get_context(&self) -> &'ctx Context {
[INFO] [stdout]     |            ^^^^^^^^^^^
[INFO] [stdout] ...
[INFO] [stdout] 98  |     pub fn get_module(&self) -> &Module<'ctx> {
[INFO] [stdout]     |            ^^^^^^^^^^
[INFO] [stdout] ...
[INFO] [stdout] 102 |     pub fn get_builder(&self) -> &Builder<'ctx> {
[INFO] [stdout]     |            ^^^^^^^^^^^
[INFO] [stdout] ...
[INFO] [stdout] 106 |     pub fn get_pass_manager(&self) -> &PassManager<FunctionValue<'ctx>> {
[INFO] [stdout]     |            ^^^^^^^^^^^^^^^^
[INFO] [stdout] 
[INFO] [stdout] 
[INFO] [stdout] warning: function `compile` is never used
[INFO] [stdout]  --> src/lib/object_code_compiler.rs:6:8
[INFO] [stdout]   |
[INFO] [stdout] 6 | pub fn compile() -> Result<(), String> {
[INFO] [stdout]   |        ^^^^^^^
[INFO] [stdout] 
[INFO] [stdout] 
[INFO] [stderr]     Finished `test` profile [unoptimized + debuginfo] target(s) in 1.44s
[INFO] running `Command { std: "docker" "inspect" "59c568ba4687bc1579590de6272828b0aa54d2962ee2fbf5473ca051e3ee0dfc", kill_on_drop: false }`
[INFO] running `Command { std: "docker" "rm" "-f" "59c568ba4687bc1579590de6272828b0aa54d2962ee2fbf5473ca051e3ee0dfc", kill_on_drop: false }`
[INFO] [stdout] 59c568ba4687bc1579590de6272828b0aa54d2962ee2fbf5473ca051e3ee0dfc
[INFO] running `Command { std: "docker" "create" "-v" "/var/lib/crater-agent-workspace/builds/worker-6-tc1/target:/opt/rustwide/target:rw,Z" "-v" "/var/lib/crater-agent-workspace/builds/worker-6-tc1/source:/opt/rustwide/workdir:ro,Z" "-v" "/var/lib/crater-agent-workspace/cargo-home:/opt/rustwide/cargo-home:ro,Z" "-v" "/var/lib/crater-agent-workspace/rustup-home:/opt/rustwide/rustup-home:ro,Z" "-e" "SOURCE_DIR=/opt/rustwide/workdir" "-e" "CARGO_TARGET_DIR=/opt/rustwide/target" "-e" "CARGO_INCREMENTAL=0" "-e" "RUST_BACKTRACE=full" "-e" "RUSTFLAGS=--cap-lints=forbid" "-e" "RUSTDOCFLAGS=--cap-lints=forbid" "-e" "CARGO_HOME=/opt/rustwide/cargo-home" "-e" "RUSTUP_HOME=/opt/rustwide/rustup-home" "-w" "/opt/rustwide/workdir" "-m" "1610612736" "--user" "0:0" "--network" "none" "ghcr.io/rust-lang/crates-build-env/linux@sha256:819108c5571ea2e421544af4d832f968d213c87fbe3707a016657f43d2f853bc" "/opt/rustwide/cargo-home/bin/cargo" "+nightly-2025-01-18" "test" "--frozen", kill_on_drop: false }`
[INFO] [stdout] 25533c77dd05c0a04e492c99f9f176abd5ac68a6d86efc55b8183a3a53e2c120
[INFO] running `Command { std: "docker" "start" "-a" "25533c77dd05c0a04e492c99f9f176abd5ac68a6d86efc55b8183a3a53e2c120", kill_on_drop: false }`
[INFO] [stderr] warning: unused imports: `Write`, `stdin`, and `stdout`
[INFO] [stderr]  --> src/lib/object_code_compiler.rs:3:15
[INFO] [stderr]   |
[INFO] [stderr] 3 | use std::io::{stdin, stdout, Write};
[INFO] [stderr]   |               ^^^^^  ^^^^^^  ^^^^^
[INFO] [stderr]   |
[INFO] [stderr]   = note: `#[warn(unused_imports)]` on by default
[INFO] [stderr] 
[INFO] [stderr] warning: method `get_binary_pred` is never used
[INFO] [stderr]    --> src/lib/ast.rs:144:12
[INFO] [stderr]     |
[INFO] [stderr] 99  | impl Prototype {
[INFO] [stderr]     | -------------- method in this implementation
[INFO] [stderr] ...
[INFO] [stderr] 144 |     pub fn get_binary_pred(&self) -> Option<i32> {
[INFO] [stderr]     |            ^^^^^^^^^^^^^^^
[INFO] [stderr]     |
[INFO] [stderr]     = note: `#[warn(dead_code)]` on by default
[INFO] [stderr] 
[INFO] [stderr] warning: methods `get_context`, `get_module`, `get_builder`, and `get_pass_manager` are never used
[INFO] [stderr]    --> src/lib/codegen.rs:94:12
[INFO] [stderr]     |
[INFO] [stderr] 28  | impl<'ctx> IRGenerator<'ctx> {
[INFO] [stderr]     | ---------------------------- methods in this implementation
[INFO] [stderr] ...
[INFO] [stderr] 94  |     pub fn get_context(&self) -> &'ctx Context {
[INFO] [stderr]     |            ^^^^^^^^^^^
[INFO] [stderr] ...
[INFO] [stderr] 98  |     pub fn get_module(&self) -> &Module<'ctx> {
[INFO] [stderr]     |            ^^^^^^^^^^
[INFO] [stderr] ...
[INFO] [stderr] 102 |     pub fn get_builder(&self) -> &Builder<'ctx> {
[INFO] [stderr]     |            ^^^^^^^^^^^
[INFO] [stderr] ...
[INFO] [stderr] 106 |     pub fn get_pass_manager(&self) -> &PassManager<FunctionValue<'ctx>> {
[INFO] [stderr]     |            ^^^^^^^^^^^^^^^^
[INFO] [stderr] 
[INFO] [stderr] warning: function `compile` is never used
[INFO] [stderr]  --> src/lib/object_code_compiler.rs:6:8
[INFO] [stderr]   |
[INFO] [stderr] 6 | pub fn compile() -> Result<(), String> {
[INFO] [stderr]   |        ^^^^^^^
[INFO] [stderr] 
[INFO] [stderr] warning: `mangekyou` (lib) generated 4 warnings (run `cargo fix --lib -p mangekyou` to apply 1 suggestion)
[INFO] [stderr] warning: `mangekyou` (lib test) generated 4 warnings (4 duplicates)
[INFO] [stderr]     Finished `test` profile [unoptimized + debuginfo] target(s) in 0.07s
[INFO] [stdout] 
[INFO] [stdout] running 14 tests
[INFO] [stderr]      Running unittests src/lib/lib.rs (/opt/rustwide/target/debug/deps/lib-57e15623d0ab3750)
[INFO] [stdout] test lexer::tests::test_comments ... ok
[INFO] [stdout] test lexer::tests::test_if_else ... ok
[INFO] [stdout] test lexer::tests::test_simple_tokens_and_value ... ok
[INFO] [stdout] test lexer::tests::test_for_loop ... ok
[INFO] [stdout] test lexer::tests::test_simple_tokens_and_value_no_whitespace ... ok
[INFO] [stdout] test lexer::tests::test_def ... ok
[INFO] [stdout] test parser::tests::test_basic_expression_parsing ... ok
[INFO] [stdout] test parser::tests::test_complicated_expression_parsing ... ok
[INFO] [stdout] test parser::tests::test_function_definition_parsing ... ok
[INFO] [stdout] test parser::tests::test_if_expr ... ok
[INFO] [stdout] test parser::tests::test_number_parsing ... ok
[INFO] [stdout] test parser::tests::test_prototype_parsing ... ok
[INFO] [stdout] test parser::tests::test_extern_parsing ... ok
[INFO] [stdout] test parser::tests::test_for_expr ... FAILED
[INFO] [stdout] 
[INFO] [stdout] failures:
[INFO] [stdout] 
[INFO] [stdout] ---- parser::tests::test_for_expr stdout ----
[INFO] [stdout] 
[INFO] [stdout] thread 'parser::tests::test_for_expr' panicked at src/lib/parser.rs:504:9:
[INFO] [stdout] assertion `left == right` failed
[INFO] [stdout]   left: For(ForExpr { var_name: "i", start: Number(1.0), end: Binary(BinaryExpr { op: Lt, lhs: Variable("i"), rhs: Number(3.0) }), step: Some(Number(1.0)), body: Call(CallExpr { callee: "putchard", args: [Number(42.0)] }) })
[INFO] [stdout]  right: For(ForExpr { var_name: "i", start: Number(1.0), end: Binary(BinaryExpr { op: Lt, lhs: Variable("x"), rhs: Number(3.0) }), step: Some(Number(1.0)), body: Call(CallExpr { callee: "putchard", args: [Number(42.0)] }) })
[INFO] [stdout] stack backtrace:
[INFO] [stdout]    0:     0x60e5cffc95ca - std::backtrace_rs::backtrace::libunwind::trace::hb059275cfc8d6126
[INFO] [stdout]                                at /rustc/6067b36314ab5eb2eb47cecc464545ba58e1ad24/library/std/src/../../backtrace/src/backtrace/libunwind.rs:116:5
[INFO] [stdout]    1:     0x60e5cffc95ca - std::backtrace_rs::backtrace::trace_unsynchronized::h2da071e4327ce3ee
[INFO] [stdout]                                at /rustc/6067b36314ab5eb2eb47cecc464545ba58e1ad24/library/std/src/../../backtrace/src/backtrace/mod.rs:66:5
[INFO] [stdout]    2:     0x60e5cffc95ca - std::sys::backtrace::_print_fmt::h842a1474e6f8d23f
[INFO] [stdout]                                at /rustc/6067b36314ab5eb2eb47cecc464545ba58e1ad24/library/std/src/sys/backtrace.rs:66:9
[INFO] [stdout]    3:     0x60e5cffc95ca - <std::sys::backtrace::BacktraceLock::print::DisplayBacktrace as core::fmt::Display>::fmt::h71a62eb3b9696b12
[INFO] [stdout]                                at /rustc/6067b36314ab5eb2eb47cecc464545ba58e1ad24/library/std/src/sys/backtrace.rs:39:26
[INFO] [stdout]    4:     0x60e5cfff1fc3 - core::fmt::rt::Argument::fmt::hdb6b616786b41dc1
[INFO] [stdout]                                at /rustc/6067b36314ab5eb2eb47cecc464545ba58e1ad24/library/core/src/fmt/rt.rs:177:76
[INFO] [stdout]    5:     0x60e5cfff1fc3 - core::fmt::write::h2cc1698af7e2d686
[INFO] [stdout]                                at /rustc/6067b36314ab5eb2eb47cecc464545ba58e1ad24/library/core/src/fmt/mod.rs:1440:21
[INFO] [stdout]    6:     0x60e5cffc6123 - std::io::Write::write_fmt::hab1b4cd059a79022
[INFO] [stdout]                                at /rustc/6067b36314ab5eb2eb47cecc464545ba58e1ad24/library/std/src/io/mod.rs:1887:15
[INFO] [stdout]    7:     0x60e5cffc9412 - std::sys::backtrace::BacktraceLock::print::h147fe35b4ea13b08
[INFO] [stdout]                                at /rustc/6067b36314ab5eb2eb47cecc464545ba58e1ad24/library/std/src/sys/backtrace.rs:42:9
[INFO] [stdout]    8:     0x60e5cffca9ef - std::panicking::default_hook::{{closure}}::hbd44223dbdc0d208
[INFO] [stdout]                                at /rustc/6067b36314ab5eb2eb47cecc464545ba58e1ad24/library/std/src/panicking.rs:298:22
[INFO] [stdout]    9:     0x60e5cffca808 - std::panicking::default_hook::h20f81eb0576efcec
[INFO] [stdout]                                at /rustc/6067b36314ab5eb2eb47cecc464545ba58e1ad24/library/std/src/panicking.rs:322:9
[INFO] [stdout]   10:     0x60e5cff8dee3 - <alloc::boxed::Box<F,A> as core::ops::function::Fn<Args>>::call::hdb53814c496a4d34
[INFO] [stdout]                                at /rustc/6067b36314ab5eb2eb47cecc464545ba58e1ad24/library/alloc/src/boxed.rs:2027:9
[INFO] [stdout]   11:     0x60e5cff8dee3 - test::test_main::{{closure}}::hc0a4963c59427c24
[INFO] [stdout]                                at /rustc/6067b36314ab5eb2eb47cecc464545ba58e1ad24/library/test/src/lib.rs:134:21
[INFO] [stdout]   12:     0x60e5cffcb4e3 - <alloc::boxed::Box<F,A> as core::ops::function::Fn<Args>>::call::h591b2225413a77e9
[INFO] [stdout]                                at /rustc/6067b36314ab5eb2eb47cecc464545ba58e1ad24/library/alloc/src/boxed.rs:2027:9
[INFO] [stdout]   13:     0x60e5cffcb4e3 - std::panicking::rust_panic_with_hook::h625eea43051b2edc
[INFO] [stdout]                                at /rustc/6067b36314ab5eb2eb47cecc464545ba58e1ad24/library/std/src/panicking.rs:839:13
[INFO] [stdout]   14:     0x60e5cffcb19a - std::panicking::begin_panic_handler::{{closure}}::h4f9159cfbc3f6bd3
[INFO] [stdout]                                at /rustc/6067b36314ab5eb2eb47cecc464545ba58e1ad24/library/std/src/panicking.rs:704:13
[INFO] [stdout]   15:     0x60e5cffc9ac9 - std::sys::backtrace::__rust_end_short_backtrace::h0390abce48353151
[INFO] [stdout]                                at /rustc/6067b36314ab5eb2eb47cecc464545ba58e1ad24/library/std/src/sys/backtrace.rs:168:18
[INFO] [stdout]   16:     0x60e5cffcae2d - rust_begin_unwind
[INFO] [stdout]                                at /rustc/6067b36314ab5eb2eb47cecc464545ba58e1ad24/library/std/src/panicking.rs:695:5
[INFO] [stdout]   17:     0x60e5cfff0620 - core::panicking::panic_fmt::h9e7c637e9e5f29c9
[INFO] [stdout]                                at /rustc/6067b36314ab5eb2eb47cecc464545ba58e1ad24/library/core/src/panicking.rs:75:14
[INFO] [stdout]   18:     0x60e5cfff09e2 - core::panicking::assert_failed_inner::h538bec7c1374cd9c
[INFO] [stdout]   19:     0x60e5cff40354 - core::panicking::assert_failed::hec10f845a3bba5e0
[INFO] [stdout]                                at /rustc/6067b36314ab5eb2eb47cecc464545ba58e1ad24/library/core/src/panicking.rs:364:5
[INFO] [stdout]   20:     0x60e5cff4d731 - lib::parser::tests::test_for_expr::h9528d55674ab8dde
[INFO] [stdout]                                at /opt/rustwide/workdir/src/lib/parser.rs:504:9
[INFO] [stdout]   21:     0x60e5cff4cd37 - lib::parser::tests::test_for_expr::{{closure}}::h99157ec1cd9b60d9
[INFO] [stdout]                                at /opt/rustwide/workdir/src/lib/parser.rs:486:23
[INFO] [stdout]   22:     0x60e5cff3df66 - core::ops::function::FnOnce::call_once::h7cc2c20117bf5fc7
[INFO] [stdout]                                at /rustc/6067b36314ab5eb2eb47cecc464545ba58e1ad24/library/core/src/ops/function.rs:250:5
[INFO] [stdout]   23:     0x60e5cff9363b - core::ops::function::FnOnce::call_once::he27718dfdd183f43
[INFO] [stdout]                                at /rustc/6067b36314ab5eb2eb47cecc464545ba58e1ad24/library/core/src/ops/function.rs:250:5
[INFO] [stdout]   24:     0x60e5cff9363b - test::__rust_begin_short_backtrace::h4e84902998457a5d
[INFO] [stdout]                                at /rustc/6067b36314ab5eb2eb47cecc464545ba58e1ad24/library/test/src/lib.rs:632:18
[INFO] [stdout]   25:     0x60e5cff92573 - test::run_test_in_process::{{closure}}::h7176fd18fc1feca0
[INFO] [stdout]                                at /rustc/6067b36314ab5eb2eb47cecc464545ba58e1ad24/library/test/src/lib.rs:655:60
[INFO] [stdout]   26:     0x60e5cff92573 - <core::panic::unwind_safe::AssertUnwindSafe<F> as core::ops::function::FnOnce<()>>::call_once::hf79cff2a624d8cf7
[INFO] [stdout]                                at /rustc/6067b36314ab5eb2eb47cecc464545ba58e1ad24/library/core/src/panic/unwind_safe.rs:272:9
[INFO] [stdout]   27:     0x60e5cff92573 - std::panicking::try::do_call::h3da0561d9ab99c25
[INFO] [stdout]                                at /rustc/6067b36314ab5eb2eb47cecc464545ba58e1ad24/library/std/src/panicking.rs:587:40
[INFO] [stdout]   28:     0x60e5cff92573 - std::panicking::try::h41c9fa508bc61df6
[INFO] [stdout]                                at /rustc/6067b36314ab5eb2eb47cecc464545ba58e1ad24/library/std/src/panicking.rs:550:19
[INFO] [stdout]   29:     0x60e5cff92573 - std::panic::catch_unwind::h6b3ff07bb5afad93
[INFO] [stdout]                                at /rustc/6067b36314ab5eb2eb47cecc464545ba58e1ad24/library/std/src/panic.rs:358:14
[INFO] [stdout]   30:     0x60e5cff92573 - test::run_test_in_process::hc7253dd11b39b9f4
[INFO] [stdout]                                at /rustc/6067b36314ab5eb2eb47cecc464545ba58e1ad24/library/test/src/lib.rs:655:27
[INFO] [stdout]   31:     0x60e5cff92573 - test::run_test::{{closure}}::hfb2007f8649c30bb
[INFO] [stdout]                                at /rustc/6067b36314ab5eb2eb47cecc464545ba58e1ad24/library/test/src/lib.rs:576:43
[INFO] [stdout]   32:     0x60e5cff55655 - test::run_test::{{closure}}::h56a17aa7a282a9f4
[INFO] [stdout]                                at /rustc/6067b36314ab5eb2eb47cecc464545ba58e1ad24/library/test/src/lib.rs:606:41
[INFO] [stdout]   33:     0x60e5cff55655 - std::sys::backtrace::__rust_begin_short_backtrace::hd2d2d2fb8e8c6aac
[INFO] [stdout]                                at /rustc/6067b36314ab5eb2eb47cecc464545ba58e1ad24/library/std/src/sys/backtrace.rs:152:18
[INFO] [stdout]   34:     0x60e5cff58f3a - std::thread::Builder::spawn_unchecked_::{{closure}}::{{closure}}::h4faa3f9db6133423
[INFO] [stdout]                                at /rustc/6067b36314ab5eb2eb47cecc464545ba58e1ad24/library/std/src/thread/mod.rs:559:17
[INFO] [stdout]   35:     0x60e5cff58f3a - <core::panic::unwind_safe::AssertUnwindSafe<F> as core::ops::function::FnOnce<()>>::call_once::hf2e855a36a4ea846
[INFO] [stdout]                                at /rustc/6067b36314ab5eb2eb47cecc464545ba58e1ad24/library/core/src/panic/unwind_safe.rs:272:9
[INFO] [stdout]   36:     0x60e5cff58f3a - std::panicking::try::do_call::h2f73af3616c35465
[INFO] [stdout]                                at /rustc/6067b36314ab5eb2eb47cecc464545ba58e1ad24/library/std/src/panicking.rs:587:40
[INFO] [stdout]   37:     0x60e5cff58f3a - std::panicking::try::hd1660ce9efadef5a
[INFO] [stdout]                                at /rustc/6067b36314ab5eb2eb47cecc464545ba58e1ad24/library/std/src/panicking.rs:550:19
[INFO] [stdout]   38:     0x60e5cff58f3a - std::panic::catch_unwind::h5ee8d7823b8ca744
[INFO] [stdout]                                at /rustc/6067b36314ab5eb2eb47cecc464545ba58e1ad24/library/std/src/panic.rs:358:14
[INFO] [stdout]   39:     0x60e5cff58f3a - std::thread::Builder::spawn_unchecked_::{{closure}}::h53c3a1894dce8407
[INFO] [stdout]                                at /rustc/6067b36314ab5eb2eb47cecc464545ba58e1ad24/library/std/src/thread/mod.rs:557:30
[INFO] [stdout]   40:     0x60e5cff58f3a - core::ops::function::FnOnce::call_once{{vtable.shim}}::h048ce291ad4f62bf
[INFO] [stdout]                                at /rustc/6067b36314ab5eb2eb47cecc464545ba58e1ad24/library/core/src/ops/function.rs:250:5
[INFO] [stdout]   41:     0x60e5cffcf41b - <alloc::boxed::Box<F,A> as core::ops::function::FnOnce<Args>>::call_once::ha52bedf99a3b4981
[INFO] [stdout]                                at /rustc/6067b36314ab5eb2eb47cecc464545ba58e1ad24/library/alloc/src/boxed.rs:2013:9
[INFO] [stdout]   42:     0x60e5cffcf41b - <alloc::boxed::Box<F,A> as core::ops::function::FnOnce<Args>>::call_once::h567748934d80ccf8
[INFO] [stdout]                                at /rustc/6067b36314ab5eb2eb47cecc464545ba58e1ad24/library/alloc/src/boxed.rs:2013:9
[INFO] [stdout]   43:     0x60e5cffcf41b - std::sys::pal::unix::thread::Thread::new::thread_start::h2d970728ae887adc
[INFO] [stdout]                                at /rustc/6067b36314ab5eb2eb47cecc464545ba58e1ad24/library/std/src/sys/pal/unix/thread.rs:106:17
[INFO] [stdout]   44:     0x7837e31f2ac3 - <unknown>
[INFO] [stdout]   45:     0x7837e3283a04 - clone
[INFO] [stdout]   46:                0x0 - <unknown>
[INFO] [stdout] 
[INFO] [stdout] 
[INFO] [stdout] failures:
[INFO] [stdout]     parser::tests::test_for_expr
[INFO] [stdout] 
[INFO] [stdout] test result: FAILED. 13 passed; 1 failed; 0 ignored; 0 measured; 0 filtered out; finished in 0.05s
[INFO] [stdout] 
[INFO] [stderr] error: test failed, to rerun pass `--lib`
[INFO] running `Command { std: "docker" "inspect" "25533c77dd05c0a04e492c99f9f176abd5ac68a6d86efc55b8183a3a53e2c120", kill_on_drop: false }`
[INFO] running `Command { std: "docker" "rm" "-f" "25533c77dd05c0a04e492c99f9f176abd5ac68a6d86efc55b8183a3a53e2c120", kill_on_drop: false }`
[INFO] [stdout] 25533c77dd05c0a04e492c99f9f176abd5ac68a6d86efc55b8183a3a53e2c120
