[INFO] cloning repository https://github.com/tjardoo/carbono
[INFO] running `Command { std: "git" "-c" "credential.helper=" "-c" "credential.helper=/workspace/cargo-home/bin/git-credential-null" "clone" "--bare" "https://github.com/tjardoo/carbono" "/workspace/cache/git-repos/https%3A%2F%2Fgithub.com%2Ftjardoo%2Fcarbono", kill_on_drop: false }`
[INFO] [stderr] Cloning into bare repository '/workspace/cache/git-repos/https%3A%2F%2Fgithub.com%2Ftjardoo%2Fcarbono'...
[INFO] running `Command { std: "git" "rev-parse" "HEAD", kill_on_drop: false }`
[INFO] [stdout] b6b3a30df83d89c635c5acc6a033ae77229a9e12
[INFO] testing tjardoo/carbono against nightly-2025-01-18+rustflags=-Zrandomize-layout for randomize-layout-2
[INFO] running `Command { std: "git" "clone" "/workspace/cache/git-repos/https%3A%2F%2Fgithub.com%2Ftjardoo%2Fcarbono" "/workspace/builds/worker-6-tc2/source", kill_on_drop: false }`
[INFO] [stderr] Cloning into '/workspace/builds/worker-6-tc2/source'...
[INFO] [stderr] done.
[INFO] validating manifest of git repo https://github.com/tjardoo/carbono on toolchain nightly-2025-01-18
[INFO] running `Command { std: CARGO_HOME="/workspace/cargo-home" RUSTUP_HOME="/workspace/rustup-home" "/workspace/cargo-home/bin/cargo" "+nightly-2025-01-18" "metadata" "--manifest-path" "Cargo.toml" "--no-deps", kill_on_drop: false }`
[INFO] started tweaking git repo https://github.com/tjardoo/carbono
[INFO] finished tweaking git repo https://github.com/tjardoo/carbono
[INFO] tweaked toml for git repo https://github.com/tjardoo/carbono written to /workspace/builds/worker-6-tc2/source/Cargo.toml
[INFO] crate git repo https://github.com/tjardoo/carbono already has a lockfile, it will not be regenerated
[INFO] running `Command { std: CARGO_HOME="/workspace/cargo-home" RUSTUP_HOME="/workspace/rustup-home" "/workspace/cargo-home/bin/cargo" "+nightly-2025-01-18" "fetch" "--manifest-path" "Cargo.toml", kill_on_drop: false }`
[INFO] running `Command { std: "docker" "create" "-v" "/var/lib/crater-agent-workspace/builds/worker-6-tc2/target:/opt/rustwide/target:rw,Z" "-v" "/var/lib/crater-agent-workspace/builds/worker-6-tc2/source:/opt/rustwide/workdir:ro,Z" "-v" "/var/lib/crater-agent-workspace/cargo-home:/opt/rustwide/cargo-home:ro,Z" "-v" "/var/lib/crater-agent-workspace/rustup-home:/opt/rustwide/rustup-home:ro,Z" "-e" "SOURCE_DIR=/opt/rustwide/workdir" "-e" "CARGO_TARGET_DIR=/opt/rustwide/target" "-e" "CARGO_HOME=/opt/rustwide/cargo-home" "-e" "RUSTUP_HOME=/opt/rustwide/rustup-home" "-w" "/opt/rustwide/workdir" "-m" "1610612736" "--user" "0:0" "--network" "none" "ghcr.io/rust-lang/crates-build-env/linux@sha256:819108c5571ea2e421544af4d832f968d213c87fbe3707a016657f43d2f853bc" "/opt/rustwide/cargo-home/bin/cargo" "+nightly-2025-01-18" "metadata" "--no-deps" "--format-version=1", kill_on_drop: false }`
[INFO] [stdout] 70022aeb75474c9ad2aa6b659b25c03fa912a20540a5518d556a54bfdae5d2dc
[INFO] running `Command { std: "docker" "start" "-a" "70022aeb75474c9ad2aa6b659b25c03fa912a20540a5518d556a54bfdae5d2dc", kill_on_drop: false }`
[INFO] running `Command { std: "docker" "inspect" "70022aeb75474c9ad2aa6b659b25c03fa912a20540a5518d556a54bfdae5d2dc", kill_on_drop: false }`
[INFO] running `Command { std: "docker" "rm" "-f" "70022aeb75474c9ad2aa6b659b25c03fa912a20540a5518d556a54bfdae5d2dc", kill_on_drop: false }`
[INFO] [stdout] 70022aeb75474c9ad2aa6b659b25c03fa912a20540a5518d556a54bfdae5d2dc
[INFO] running `Command { std: "docker" "create" "-v" "/var/lib/crater-agent-workspace/builds/worker-6-tc2/target:/opt/rustwide/target:rw,Z" "-v" "/var/lib/crater-agent-workspace/builds/worker-6-tc2/source:/opt/rustwide/workdir:ro,Z" "-v" "/var/lib/crater-agent-workspace/cargo-home:/opt/rustwide/cargo-home:ro,Z" "-v" "/var/lib/crater-agent-workspace/rustup-home:/opt/rustwide/rustup-home:ro,Z" "-e" "SOURCE_DIR=/opt/rustwide/workdir" "-e" "CARGO_TARGET_DIR=/opt/rustwide/target" "-e" "CARGO_INCREMENTAL=0" "-e" "RUST_BACKTRACE=full" "-e" "RUSTFLAGS=--cap-lints=forbid -Zrandomize-layout" "-e" "RUSTDOCFLAGS=--cap-lints=forbid" "-e" "CARGO_HOME=/opt/rustwide/cargo-home" "-e" "RUSTUP_HOME=/opt/rustwide/rustup-home" "-w" "/opt/rustwide/workdir" "-m" "1610612736" "--user" "0:0" "--network" "none" "ghcr.io/rust-lang/crates-build-env/linux@sha256:819108c5571ea2e421544af4d832f968d213c87fbe3707a016657f43d2f853bc" "/opt/rustwide/cargo-home/bin/cargo" "+nightly-2025-01-18" "build" "--frozen" "--message-format=json", kill_on_drop: false }`
[INFO] [stdout] 28782d637b8263d52ffc77238570587efcd07d907414913d85ceaf35f0dbd101
[INFO] running `Command { std: "docker" "start" "-a" "28782d637b8263d52ffc77238570587efcd07d907414913d85ceaf35f0dbd101", kill_on_drop: false }`
[INFO] [stderr]    Compiling autocfg v1.1.0
[INFO] [stderr]    Compiling libc v0.2.142
[INFO] [stderr]    Compiling iana-time-zone v0.1.56
[INFO] [stderr]    Compiling num-traits v0.2.15
[INFO] [stderr]    Compiling num-integer v0.1.45
[INFO] [stderr]    Compiling time v0.1.45
[INFO] [stderr]    Compiling chrono v0.4.24
[INFO] [stderr]    Compiling chronoutil v0.2.4
[INFO] [stderr]    Compiling carbono v0.1.1 (/opt/rustwide/workdir)
[INFO] [stderr]     Finished `dev` profile [unoptimized + debuginfo] target(s) in 2.91s
[INFO] running `Command { std: "docker" "inspect" "28782d637b8263d52ffc77238570587efcd07d907414913d85ceaf35f0dbd101", kill_on_drop: false }`
[INFO] running `Command { std: "docker" "rm" "-f" "28782d637b8263d52ffc77238570587efcd07d907414913d85ceaf35f0dbd101", kill_on_drop: false }`
[INFO] [stdout] 28782d637b8263d52ffc77238570587efcd07d907414913d85ceaf35f0dbd101
[INFO] running `Command { std: "docker" "create" "-v" "/var/lib/crater-agent-workspace/builds/worker-6-tc2/target:/opt/rustwide/target:rw,Z" "-v" "/var/lib/crater-agent-workspace/builds/worker-6-tc2/source:/opt/rustwide/workdir:ro,Z" "-v" "/var/lib/crater-agent-workspace/cargo-home:/opt/rustwide/cargo-home:ro,Z" "-v" "/var/lib/crater-agent-workspace/rustup-home:/opt/rustwide/rustup-home:ro,Z" "-e" "SOURCE_DIR=/opt/rustwide/workdir" "-e" "CARGO_TARGET_DIR=/opt/rustwide/target" "-e" "CARGO_INCREMENTAL=0" "-e" "RUST_BACKTRACE=full" "-e" "RUSTFLAGS=--cap-lints=forbid -Zrandomize-layout" "-e" "RUSTDOCFLAGS=--cap-lints=forbid" "-e" "CARGO_HOME=/opt/rustwide/cargo-home" "-e" "RUSTUP_HOME=/opt/rustwide/rustup-home" "-w" "/opt/rustwide/workdir" "-m" "1610612736" "--user" "0:0" "--network" "none" "ghcr.io/rust-lang/crates-build-env/linux@sha256:819108c5571ea2e421544af4d832f968d213c87fbe3707a016657f43d2f853bc" "/opt/rustwide/cargo-home/bin/cargo" "+nightly-2025-01-18" "test" "--frozen" "--no-run" "--message-format=json", kill_on_drop: false }`
[INFO] [stdout] 134041f2225933cd0767d182e277bfb5cc266de34058e54f9a7ba434a8f6b8d6
[INFO] running `Command { std: "docker" "start" "-a" "134041f2225933cd0767d182e277bfb5cc266de34058e54f9a7ba434a8f6b8d6", kill_on_drop: false }`
[INFO] [stderr]    Compiling carbono v0.1.1 (/opt/rustwide/workdir)
[INFO] [stderr]     Finished `test` profile [unoptimized + debuginfo] target(s) in 0.43s
[INFO] running `Command { std: "docker" "inspect" "134041f2225933cd0767d182e277bfb5cc266de34058e54f9a7ba434a8f6b8d6", kill_on_drop: false }`
[INFO] running `Command { std: "docker" "rm" "-f" "134041f2225933cd0767d182e277bfb5cc266de34058e54f9a7ba434a8f6b8d6", kill_on_drop: false }`
[INFO] [stdout] 134041f2225933cd0767d182e277bfb5cc266de34058e54f9a7ba434a8f6b8d6
[INFO] running `Command { std: "docker" "create" "-v" "/var/lib/crater-agent-workspace/builds/worker-6-tc2/target:/opt/rustwide/target:rw,Z" "-v" "/var/lib/crater-agent-workspace/builds/worker-6-tc2/source:/opt/rustwide/workdir:ro,Z" "-v" "/var/lib/crater-agent-workspace/cargo-home:/opt/rustwide/cargo-home:ro,Z" "-v" "/var/lib/crater-agent-workspace/rustup-home:/opt/rustwide/rustup-home:ro,Z" "-e" "SOURCE_DIR=/opt/rustwide/workdir" "-e" "CARGO_TARGET_DIR=/opt/rustwide/target" "-e" "CARGO_INCREMENTAL=0" "-e" "RUST_BACKTRACE=full" "-e" "RUSTFLAGS=--cap-lints=forbid -Zrandomize-layout" "-e" "RUSTDOCFLAGS=--cap-lints=forbid" "-e" "CARGO_HOME=/opt/rustwide/cargo-home" "-e" "RUSTUP_HOME=/opt/rustwide/rustup-home" "-w" "/opt/rustwide/workdir" "-m" "1610612736" "--user" "0:0" "--network" "none" "ghcr.io/rust-lang/crates-build-env/linux@sha256:819108c5571ea2e421544af4d832f968d213c87fbe3707a016657f43d2f853bc" "/opt/rustwide/cargo-home/bin/cargo" "+nightly-2025-01-18" "test" "--frozen", kill_on_drop: false }`
[INFO] [stdout] dfa8b99200afba56f80ae71b79fd18a7a0b459ace540049e784d927081aabb9f
[INFO] running `Command { std: "docker" "start" "-a" "dfa8b99200afba56f80ae71b79fd18a7a0b459ace540049e784d927081aabb9f", kill_on_drop: false }`
[INFO] [stderr]     Finished `test` profile [unoptimized + debuginfo] target(s) in 0.04s
[INFO] [stderr]      Running unittests src/lib.rs (/opt/rustwide/target/debug/deps/carbono-5fe7c218864838de)
[INFO] [stdout] 
[INFO] [stdout] running 42 tests
[INFO] [stdout] test alter::day::tests::it_can_add_a_day ... ok
[INFO] [stdout] test alter::day::tests::it_can_subtract_days ... ok
[INFO] [stdout] test alter::end::tests::it_can_move_to_the_end_of_the_hour ... ok
[INFO] [stdout] test alter::day::tests::it_can_add_days ... ok
[INFO] [stdout] test alter::end::tests::it_can_move_to_the_end_of_the_day ... ok
[INFO] [stdout] test alter::day::tests::it_can_subtract_a_day ... ok
[INFO] [stdout] test alter::end::tests::it_can_move_to_the_end_of_the_month_february_without_leap_year ... ok
[INFO] [stdout] test alter::end::tests::it_can_move_to_the_end_of_the_year ... ok
[INFO] [stdout] test alter::hour::tests::it_can_add_hours ... ok
[INFO] [stdout] test alter::end::tests::it_can_move_to_the_end_of_the_minute ... ok
[INFO] [stdout] test alter::minute::tests::it_can_add_a_minute ... ok
[INFO] [stdout] test alter::minute::tests::it_can_add_minutes ... ok
[INFO] [stdout] test alter::minute::tests::it_can_subtract_a_minute ... ok
[INFO] [stdout] test alter::hour::tests::it_can_add_an_hour ... ok
[INFO] [stdout] test alter::month::tests::it_can_add_a_month ... ok
[INFO] [stdout] test alter::month::tests::it_can_add_months ... ok
[INFO] [stdout] test alter::month::tests::it_can_subtract_months ... ok
[INFO] [stdout] test alter::second::tests::it_can_add_a_second ... ok
[INFO] [stdout] test alter::end::tests::it_can_move_to_the_end_of_the_month ... ok
[INFO] [stdout] test alter::second::tests::it_can_add_seconds ... ok
[INFO] [stdout] test alter::hour::tests::it_can_subtract_an_hour ... ok
[INFO] [stdout] test alter::minute::tests::it_can_subtract_minutes ... ok
[INFO] [stdout] test alter::end::tests::it_can_move_to_the_end_of_the_month_february_with_leap_year ... ok
[INFO] [stdout] test alter::hour::tests::it_can_subtract_hours ... ok
[INFO] [stdout] test alter::second::tests::it_can_subtract_a_second ... ok
[INFO] [stdout] test alter::start::tests::it_can_move_to_the_start_of_the_day ... ok
[INFO] [stdout] test alter::start::tests::it_can_move_to_the_start_of_the_hour ... ok
[INFO] [stdout] test alter::start::tests::it_can_move_to_the_start_of_the_minute ... ok
[INFO] [stdout] test alter::start::tests::it_can_move_to_the_start_of_the_month ... ok
[INFO] [stdout] test alter::second::tests::it_can_subtract_seconds ... ok
[INFO] [stdout] test alter::start::tests::it_can_move_to_the_start_of_the_year ... ok
[INFO] [stdout] test alter::week::tests::it_can_subtract_weeks ... ok
[INFO] [stdout] test alter::year::tests::it_can_subtract_a_year ... ok
[INFO] [stdout] test alter::week::tests::it_can_add_a_week ... ok
[INFO] [stdout] test alter::year::tests::it_can_subtract_years ... ok
[INFO] [stdout] test tests::it_can_create_an_object_with_the_current_datetime ... ok
[INFO] [stdout] test tests::it_can_create_an_object_with_a_custom_datetime ... ok
[INFO] [stdout] test alter::year::tests::it_can_add_a_year ... ok
[INFO] [stdout] test alter::year::tests::it_can_add_years ... ok
[INFO] [stdout] test alter::week::tests::it_can_add_weeks ... ok
[INFO] [stdout] test alter::month::tests::it_can_subtract_a_month ... ok
[INFO] [stdout] test alter::week::tests::it_can_subtract_a_week ... ok
[INFO] [stdout] 
[INFO] [stdout] test result: ok. 42 passed; 0 failed; 0 ignored; 0 measured; 0 filtered out; finished in 0.02s
[INFO] [stdout] 
[INFO] [stderr]    Doc-tests carbono
[INFO] [stdout] 
[INFO] [stdout] running 1 test
[INFO] [stdout] test src/lib.rs - (line 12) ... FAILED
[INFO] [stdout] 
[INFO] [stdout] failures:
[INFO] [stdout] 
[INFO] [stdout] ---- src/lib.rs - (line 12) stdout ----
[INFO] [stdout] Test executable failed (exit status: 101).
[INFO] [stdout] 
[INFO] [stdout] stdout:
[INFO] [stdout] 2025-01-20 21:07:10.506557930 UTC
[INFO] [stdout] 
[INFO] [stdout] stderr:
[INFO] [stdout] 
[INFO] [stdout] thread 'main' panicked at src/lib.rs:11:5:
[INFO] [stdout] assertion `left == right` failed
[INFO] [stdout]   left: 1737407230
[INFO] [stdout]  right: 1671107400
[INFO] [stdout] stack backtrace:
[INFO] [stdout]    0:     0x5c306644239a - std::backtrace_rs::backtrace::libunwind::trace::hb059275cfc8d6126
[INFO] [stdout]                                at /rustc/6067b36314ab5eb2eb47cecc464545ba58e1ad24/library/std/src/../../backtrace/src/backtrace/libunwind.rs:116:5
[INFO] [stdout]    1:     0x5c306644239a - std::backtrace_rs::backtrace::trace_unsynchronized::h2da071e4327ce3ee
[INFO] [stdout]                                at /rustc/6067b36314ab5eb2eb47cecc464545ba58e1ad24/library/std/src/../../backtrace/src/backtrace/mod.rs:66:5
[INFO] [stdout]    2:     0x5c306644239a - std::sys::backtrace::_print_fmt::h842a1474e6f8d23f
[INFO] [stdout]                                at /rustc/6067b36314ab5eb2eb47cecc464545ba58e1ad24/library/std/src/sys/backtrace.rs:66:9
[INFO] [stdout]    3:     0x5c306644239a - <std::sys::backtrace::BacktraceLock::print::DisplayBacktrace as core::fmt::Display>::fmt::h71a62eb3b9696b12
[INFO] [stdout]                                at /rustc/6067b36314ab5eb2eb47cecc464545ba58e1ad24/library/std/src/sys/backtrace.rs:39:26
[INFO] [stdout]    4:     0x5c306645fc93 - core::fmt::rt::Argument::fmt::hdb6b616786b41dc1
[INFO] [stdout]                                at /rustc/6067b36314ab5eb2eb47cecc464545ba58e1ad24/library/core/src/fmt/rt.rs:177:76
[INFO] [stdout]    5:     0x5c306645fc93 - core::fmt::write::h2cc1698af7e2d686
[INFO] [stdout]                                at /rustc/6067b36314ab5eb2eb47cecc464545ba58e1ad24/library/core/src/fmt/mod.rs:1440:21
[INFO] [stdout]    6:     0x5c306643f883 - std::io::Write::write_fmt::h00c8700df393f328
[INFO] [stdout]                                at /rustc/6067b36314ab5eb2eb47cecc464545ba58e1ad24/library/std/src/io/mod.rs:1887:15
[INFO] [stdout]    7:     0x5c30664421e2 - std::sys::backtrace::BacktraceLock::print::h147fe35b4ea13b08
[INFO] [stdout]                                at /rustc/6067b36314ab5eb2eb47cecc464545ba58e1ad24/library/std/src/sys/backtrace.rs:42:9
[INFO] [stdout]    8:     0x5c306644313f - std::panicking::default_hook::{{closure}}::hbd44223dbdc0d208
[INFO] [stdout]                                at /rustc/6067b36314ab5eb2eb47cecc464545ba58e1ad24/library/std/src/panicking.rs:298:22
[INFO] [stdout]    9:     0x5c3066442faa - std::panicking::default_hook::h20f81eb0576efcec
[INFO] [stdout]                                at /rustc/6067b36314ab5eb2eb47cecc464545ba58e1ad24/library/std/src/panicking.rs:325:9
[INFO] [stdout]   10:     0x5c3066443b22 - std::panicking::rust_panic_with_hook::h625eea43051b2edc
[INFO] [stdout]                                at /rustc/6067b36314ab5eb2eb47cecc464545ba58e1ad24/library/std/src/panicking.rs:831:13
[INFO] [stdout]   11:     0x5c30664438aa - std::panicking::begin_panic_handler::{{closure}}::h4f9159cfbc3f6bd3
[INFO] [stdout]                                at /rustc/6067b36314ab5eb2eb47cecc464545ba58e1ad24/library/std/src/panicking.rs:704:13
[INFO] [stdout]   12:     0x5c3066442899 - std::sys::backtrace::__rust_end_short_backtrace::h0390abce48353151
[INFO] [stdout]                                at /rustc/6067b36314ab5eb2eb47cecc464545ba58e1ad24/library/std/src/sys/backtrace.rs:168:18
[INFO] [stdout]   13:     0x5c306644353d - rust_begin_unwind
[INFO] [stdout]                                at /rustc/6067b36314ab5eb2eb47cecc464545ba58e1ad24/library/std/src/panicking.rs:695:5
[INFO] [stdout]   14:     0x5c306645eec0 - core::panicking::panic_fmt::h9e7c637e9e5f29c9
[INFO] [stdout]                                at /rustc/6067b36314ab5eb2eb47cecc464545ba58e1ad24/library/core/src/panicking.rs:75:14
[INFO] [stdout]   15:     0x5c306645f1e2 - core::panicking::assert_failed_inner::h538bec7c1374cd9c
[INFO] [stdout]   16:     0x5c306641f2b0 - core::panicking::assert_failed::h3618c89684fbb77e
[INFO] [stdout]                                at /rustc/6067b36314ab5eb2eb47cecc464545ba58e1ad24/library/core/src/panicking.rs:364:5
[INFO] [stdout]   17:     0x5c3066412e9f - rust_out::main::he88f0b9b281d54e0
[INFO] [stdout]   18:     0x5c3066412933 - core::ops::function::FnOnce::call_once::hcf3829d8b58d0254
[INFO] [stdout]   19:     0x5c30664127f6 - std::sys::backtrace::__rust_begin_short_backtrace::h5e1527399e8d5bd4
[INFO] [stdout]   20:     0x5c30664127d9 - std::rt::lang_start::{{closure}}::h2c234101ed7b1b74
[INFO] [stdout]   21:     0x5c306643ccb0 - core::ops::function::impls::<impl core::ops::function::FnOnce<A> for &F>::call_once::h1b085b6c1d2518b2
[INFO] [stdout]                                at /rustc/6067b36314ab5eb2eb47cecc464545ba58e1ad24/library/core/src/ops/function.rs:284:13
[INFO] [stdout]   22:     0x5c306643ccb0 - std::panicking::try::do_call::h382f964a5a23b565
[INFO] [stdout]                                at /rustc/6067b36314ab5eb2eb47cecc464545ba58e1ad24/library/std/src/panicking.rs:587:40
[INFO] [stdout]   23:     0x5c306643ccb0 - std::panicking::try::h57f991055eb622f9
[INFO] [stdout]                                at /rustc/6067b36314ab5eb2eb47cecc464545ba58e1ad24/library/std/src/panicking.rs:550:19
[INFO] [stdout]   24:     0x5c306643ccb0 - std::panic::catch_unwind::h4d9a74ef04456343
[INFO] [stdout]                                at /rustc/6067b36314ab5eb2eb47cecc464545ba58e1ad24/library/std/src/panic.rs:358:14
[INFO] [stdout]   25:     0x5c306643ccb0 - std::rt::lang_start_internal::{{closure}}::h2faa8ae84a93f314
[INFO] [stdout]                                at /rustc/6067b36314ab5eb2eb47cecc464545ba58e1ad24/library/std/src/rt.rs:163:24
[INFO] [stdout]   26:     0x5c306643ccb0 - std::panicking::try::do_call::h0f8932bf638a9bf5
[INFO] [stdout]                                at /rustc/6067b36314ab5eb2eb47cecc464545ba58e1ad24/library/std/src/panicking.rs:587:40
[INFO] [stdout]   27:     0x5c306643ccb0 - std::panicking::try::h683416ea756b175d
[INFO] [stdout]                                at /rustc/6067b36314ab5eb2eb47cecc464545ba58e1ad24/library/std/src/panicking.rs:550:19
[INFO] [stdout]   28:     0x5c306643ccb0 - std::panic::catch_unwind::h56189fac8994979f
[INFO] [stdout]                                at /rustc/6067b36314ab5eb2eb47cecc464545ba58e1ad24/library/std/src/panic.rs:358:14
[INFO] [stdout]   29:     0x5c306643ccb0 - std::rt::lang_start_internal::h8bbc1061691274fe
[INFO] [stdout]                                at /rustc/6067b36314ab5eb2eb47cecc464545ba58e1ad24/library/std/src/rt.rs:159:5
[INFO] [stdout]   30:     0x5c30664127c1 - std::rt::lang_start::h601b10a269c70ef7
[INFO] [stdout]   31:     0x5c3066413b95 - main
[INFO] [stdout]   32:     0x79fcbfaced90 - <unknown>
[INFO] [stdout]   33:     0x79fcbfacee40 - __libc_start_main
[INFO] [stdout]   34:     0x5c30664126d5 - _start
[INFO] [stdout]   35:                0x0 - <unknown>
[INFO] [stdout] 
[INFO] [stdout] 
[INFO] [stdout] 
[INFO] [stdout] failures:
[INFO] [stdout]     src/lib.rs - (line 12)
[INFO] [stdout] 
[INFO] [stdout] test result: FAILED. 0 passed; 1 failed; 0 ignored; 0 measured; 0 filtered out; finished in 0.29s
[INFO] [stdout] 
[INFO] [stderr] error: doctest failed, to rerun pass `--doc`
[INFO] running `Command { std: "docker" "inspect" "dfa8b99200afba56f80ae71b79fd18a7a0b459ace540049e784d927081aabb9f", kill_on_drop: false }`
[INFO] running `Command { std: "docker" "rm" "-f" "dfa8b99200afba56f80ae71b79fd18a7a0b459ace540049e784d927081aabb9f", kill_on_drop: false }`
[INFO] [stdout] dfa8b99200afba56f80ae71b79fd18a7a0b459ace540049e784d927081aabb9f
