[INFO] cloning repository https://github.com/timwmay/cpu
[INFO] running `Command { std: "git" "-c" "credential.helper=" "-c" "credential.helper=/workspace/cargo-home/bin/git-credential-null" "clone" "--bare" "https://github.com/timwmay/cpu" "/workspace/cache/git-repos/https%3A%2F%2Fgithub.com%2Ftimwmay%2Fcpu", kill_on_drop: false }`
[INFO] [stderr] Cloning into bare repository '/workspace/cache/git-repos/https%3A%2F%2Fgithub.com%2Ftimwmay%2Fcpu'...
[INFO] running `Command { std: "git" "rev-parse" "HEAD", kill_on_drop: false }`
[INFO] [stdout] fb65666598d5d5d8bb0fd56f3cf34e9a2995c49b
[INFO] testing timwmay/cpu against nightly-2025-01-18 for randomize-layout-2
[INFO] running `Command { std: "git" "clone" "/workspace/cache/git-repos/https%3A%2F%2Fgithub.com%2Ftimwmay%2Fcpu" "/workspace/builds/worker-1-tc1/source", kill_on_drop: false }`
[INFO] [stderr] Cloning into '/workspace/builds/worker-1-tc1/source'...
[INFO] [stderr] done.
[INFO] validating manifest of git repo https://github.com/timwmay/cpu on toolchain nightly-2025-01-18
[INFO] running `Command { std: CARGO_HOME="/workspace/cargo-home" RUSTUP_HOME="/workspace/rustup-home" "/workspace/cargo-home/bin/cargo" "+nightly-2025-01-18" "metadata" "--manifest-path" "Cargo.toml" "--no-deps", kill_on_drop: false }`
[INFO] started tweaking git repo https://github.com/timwmay/cpu
[INFO] finished tweaking git repo https://github.com/timwmay/cpu
[INFO] tweaked toml for git repo https://github.com/timwmay/cpu written to /workspace/builds/worker-1-tc1/source/Cargo.toml
[INFO] crate git repo https://github.com/timwmay/cpu already has a lockfile, it will not be regenerated
[INFO] running `Command { std: CARGO_HOME="/workspace/cargo-home" RUSTUP_HOME="/workspace/rustup-home" "/workspace/cargo-home/bin/cargo" "+nightly-2025-01-18" "fetch" "--manifest-path" "Cargo.toml", kill_on_drop: false }`
[INFO] [stderr]     Blocking waiting for file lock on package cache
[INFO] [stderr]     Blocking waiting for file lock on package cache
[INFO] running `Command { std: "docker" "create" "-v" "/var/lib/crater-agent-workspace/builds/worker-1-tc1/target:/opt/rustwide/target:rw,Z" "-v" "/var/lib/crater-agent-workspace/builds/worker-1-tc1/source:/opt/rustwide/workdir:ro,Z" "-v" "/var/lib/crater-agent-workspace/cargo-home:/opt/rustwide/cargo-home:ro,Z" "-v" "/var/lib/crater-agent-workspace/rustup-home:/opt/rustwide/rustup-home:ro,Z" "-e" "SOURCE_DIR=/opt/rustwide/workdir" "-e" "CARGO_TARGET_DIR=/opt/rustwide/target" "-e" "CARGO_HOME=/opt/rustwide/cargo-home" "-e" "RUSTUP_HOME=/opt/rustwide/rustup-home" "-w" "/opt/rustwide/workdir" "-m" "1610612736" "--user" "0:0" "--network" "none" "ghcr.io/rust-lang/crates-build-env/linux@sha256:819108c5571ea2e421544af4d832f968d213c87fbe3707a016657f43d2f853bc" "/opt/rustwide/cargo-home/bin/cargo" "+nightly-2025-01-18" "metadata" "--no-deps" "--format-version=1", kill_on_drop: false }`
[INFO] [stdout] 7834bb14354013a4a07672efb2cf745127b9987a3a24c671b96664741a407652
[INFO] running `Command { std: "docker" "start" "-a" "7834bb14354013a4a07672efb2cf745127b9987a3a24c671b96664741a407652", kill_on_drop: false }`
[INFO] running `Command { std: "docker" "inspect" "7834bb14354013a4a07672efb2cf745127b9987a3a24c671b96664741a407652", kill_on_drop: false }`
[INFO] running `Command { std: "docker" "rm" "-f" "7834bb14354013a4a07672efb2cf745127b9987a3a24c671b96664741a407652", kill_on_drop: false }`
[INFO] [stdout] 7834bb14354013a4a07672efb2cf745127b9987a3a24c671b96664741a407652
[INFO] running `Command { std: "docker" "create" "-v" "/var/lib/crater-agent-workspace/builds/worker-1-tc1/target:/opt/rustwide/target:rw,Z" "-v" "/var/lib/crater-agent-workspace/builds/worker-1-tc1/source:/opt/rustwide/workdir:ro,Z" "-v" "/var/lib/crater-agent-workspace/cargo-home:/opt/rustwide/cargo-home:ro,Z" "-v" "/var/lib/crater-agent-workspace/rustup-home:/opt/rustwide/rustup-home:ro,Z" "-e" "SOURCE_DIR=/opt/rustwide/workdir" "-e" "CARGO_TARGET_DIR=/opt/rustwide/target" "-e" "CARGO_INCREMENTAL=0" "-e" "RUST_BACKTRACE=full" "-e" "RUSTFLAGS=--cap-lints=forbid" "-e" "RUSTDOCFLAGS=--cap-lints=forbid" "-e" "CARGO_HOME=/opt/rustwide/cargo-home" "-e" "RUSTUP_HOME=/opt/rustwide/rustup-home" "-w" "/opt/rustwide/workdir" "-m" "1610612736" "--user" "0:0" "--network" "none" "ghcr.io/rust-lang/crates-build-env/linux@sha256:819108c5571ea2e421544af4d832f968d213c87fbe3707a016657f43d2f853bc" "/opt/rustwide/cargo-home/bin/cargo" "+nightly-2025-01-18" "build" "--frozen" "--message-format=json", kill_on_drop: false }`
[INFO] [stdout] 4fa79554d45783666f2874b3c86851b7c93fbf38d7a21609250bc5a29c633bcd
[INFO] running `Command { std: "docker" "start" "-a" "4fa79554d45783666f2874b3c86851b7c93fbf38d7a21609250bc5a29c633bcd", kill_on_drop: false }`
[INFO] [stderr]    Compiling libc v0.2.155
[INFO] [stderr]    Compiling version-compare v0.1.1
[INFO] [stderr]    Compiling sdl2 v0.37.0
[INFO] [stderr]    Compiling once_cell v1.19.0
[INFO] [stderr]    Compiling sdl2-sys v0.37.0
[INFO] [stderr]    Compiling getrandom v0.1.16
[INFO] [stderr]    Compiling rand_core v0.5.1
[INFO] [stderr]    Compiling rand_chacha v0.2.2
[INFO] [stderr]    Compiling rand v0.7.3
[INFO] [stderr]    Compiling cpu v0.1.0 (/opt/rustwide/workdir)
[INFO] [stdout] warning: variant `FOUR_SCREEN` should have an upper camel case name
[INFO] [stdout]  --> src/cartridge.rs:9:5
[INFO] [stdout]   |
[INFO] [stdout] 9 |     FOUR_SCREEN,
[INFO] [stdout]   |     ^^^^^^^^^^^ help: convert the identifier to upper camel case: `FourScreen`
[INFO] [stdout]   |
[INFO] [stdout]   = note: `#[warn(non_camel_case_types)]` on by default
[INFO] [stdout] 
[INFO] [stdout] 
[INFO] [stdout] warning: unreachable pattern
[INFO] [stdout]     --> src/cpu.rs:1102:17
[INFO] [stdout]      |
[INFO] [stdout] 1102 |                 _ => todo!(),
[INFO] [stdout]      |                 ^ no value can reach this
[INFO] [stdout]      |
[INFO] [stdout] note: multiple earlier patterns match some of the same values
[INFO] [stdout]     --> src/cpu.rs:1102:17
[INFO] [stdout]      |
[INFO] [stdout] 596  |                 0xa9 | 0xa5 | 0xb5 | 0xad | 0xbd | 0xb9 | 0xa1 | 0xb1 => {
[INFO] [stdout]      |                 ----------------------------------------------------- matches some of the same values
[INFO] [stdout] ...
[INFO] [stdout] 600  |                 0xAA => self.tax(),
[INFO] [stdout]      |                 ---- matches some of the same values
[INFO] [stdout] 601  |                 0xe8 => self.inx(),
[INFO] [stdout]      |                 ---- matches some of the same values
[INFO] [stdout] 602  |                 0x00 => return,
[INFO] [stdout]      |                 ---- matches some of the same values
[INFO] [stdout] ...
[INFO] [stdout] 1102 |                 _ => todo!(),
[INFO] [stdout]      |                 ^ ...and 82 other patterns collectively make this unreachable
[INFO] [stdout]      = note: `#[warn(unreachable_patterns)]` on by default
[INFO] [stdout] 
[INFO] [stdout] 
[INFO] [stdout] warning: unused variable: `data`
[INFO] [stdout]    --> src/cpu.rs:991:25
[INFO] [stdout]     |
[INFO] [stdout] 991 |                     let data = self.mem_read(addr);
[INFO] [stdout]     |                         ^^^^ help: if this is intentional, prefix it with an underscore: `_data`
[INFO] [stdout]     |
[INFO] [stdout]     = note: `#[warn(unused_variables)]` on by default
[INFO] [stdout] 
[INFO] [stdout] 
[INFO] [stdout] warning: unused variable: `event_pump`
[INFO] [stdout]    --> src/main.rs:103:13
[INFO] [stdout]     |
[INFO] [stdout] 103 |     let mut event_pump = sdl_context.event_pump().unwrap();
[INFO] [stdout]     |             ^^^^^^^^^^ help: if this is intentional, prefix it with an underscore: `_event_pump`
[INFO] [stdout] 
[INFO] [stdout] 
[INFO] [stdout] warning: unused variable: `texture`
[INFO] [stdout]    --> src/main.rs:107:13
[INFO] [stdout]     |
[INFO] [stdout] 107 |     let mut texture = creator
[INFO] [stdout]     |             ^^^^^^^ help: if this is intentional, prefix it with an underscore: `_texture`
[INFO] [stdout] 
[INFO] [stdout] 
[INFO] [stdout] warning: variable does not need to be mutable
[INFO] [stdout]    --> src/main.rs:103:9
[INFO] [stdout]     |
[INFO] [stdout] 103 |     let mut event_pump = sdl_context.event_pump().unwrap();
[INFO] [stdout]     |         ----^^^^^^^^^^
[INFO] [stdout]     |         |
[INFO] [stdout]     |         help: remove this `mut`
[INFO] [stdout]     |
[INFO] [stdout]     = note: `#[warn(unused_mut)]` on by default
[INFO] [stdout] 
[INFO] [stdout] 
[INFO] [stdout] warning: variable does not need to be mutable
[INFO] [stdout]    --> src/main.rs:107:9
[INFO] [stdout]     |
[INFO] [stdout] 107 |     let mut texture = creator
[INFO] [stdout]     |         ----^^^^^^^
[INFO] [stdout]     |         |
[INFO] [stdout]     |         help: remove this `mut`
[INFO] [stdout] 
[INFO] [stdout] 
[INFO] [stdout] warning: function `color` is never used
[INFO] [stdout]   --> src/main.rs:24:4
[INFO] [stdout]    |
[INFO] [stdout] 24 | fn color(byte: u8) -> Color {
[INFO] [stdout]    |    ^^^^^
[INFO] [stdout]    |
[INFO] [stdout]    = note: `#[warn(dead_code)]` on by default
[INFO] [stdout] 
[INFO] [stdout] 
[INFO] [stdout] warning: function `read_screen_state` is never used
[INFO] [stdout]   --> src/main.rs:38:4
[INFO] [stdout]    |
[INFO] [stdout] 38 | fn read_screen_state(cpu: &CPU, frame: &mut [u8; 32 * 3 * 32]) -> bool {
[INFO] [stdout]    |    ^^^^^^^^^^^^^^^^^
[INFO] [stdout] 
[INFO] [stdout] 
[INFO] [stdout] warning: function `handle_user_input` is never used
[INFO] [stdout]   --> src/main.rs:55:4
[INFO] [stdout]    |
[INFO] [stdout] 55 | fn handle_user_input(cpu: &mut CPU, event_pump: &mut EventPump) {
[INFO] [stdout]    |    ^^^^^^^^^^^^^^^^^
[INFO] [stdout] 
[INFO] [stdout] 
[INFO] [stderr]     Finished `dev` profile [unoptimized + debuginfo] target(s) in 6.96s
[INFO] running `Command { std: "docker" "inspect" "4fa79554d45783666f2874b3c86851b7c93fbf38d7a21609250bc5a29c633bcd", kill_on_drop: false }`
[INFO] running `Command { std: "docker" "rm" "-f" "4fa79554d45783666f2874b3c86851b7c93fbf38d7a21609250bc5a29c633bcd", kill_on_drop: false }`
[INFO] [stdout] 4fa79554d45783666f2874b3c86851b7c93fbf38d7a21609250bc5a29c633bcd
[INFO] running `Command { std: "docker" "create" "-v" "/var/lib/crater-agent-workspace/builds/worker-1-tc1/target:/opt/rustwide/target:rw,Z" "-v" "/var/lib/crater-agent-workspace/builds/worker-1-tc1/source:/opt/rustwide/workdir:ro,Z" "-v" "/var/lib/crater-agent-workspace/cargo-home:/opt/rustwide/cargo-home:ro,Z" "-v" "/var/lib/crater-agent-workspace/rustup-home:/opt/rustwide/rustup-home:ro,Z" "-e" "SOURCE_DIR=/opt/rustwide/workdir" "-e" "CARGO_TARGET_DIR=/opt/rustwide/target" "-e" "CARGO_INCREMENTAL=0" "-e" "RUST_BACKTRACE=full" "-e" "RUSTFLAGS=--cap-lints=forbid" "-e" "RUSTDOCFLAGS=--cap-lints=forbid" "-e" "CARGO_HOME=/opt/rustwide/cargo-home" "-e" "RUSTUP_HOME=/opt/rustwide/rustup-home" "-w" "/opt/rustwide/workdir" "-m" "1610612736" "--user" "0:0" "--network" "none" "ghcr.io/rust-lang/crates-build-env/linux@sha256:819108c5571ea2e421544af4d832f968d213c87fbe3707a016657f43d2f853bc" "/opt/rustwide/cargo-home/bin/cargo" "+nightly-2025-01-18" "test" "--frozen" "--no-run" "--message-format=json", kill_on_drop: false }`
[INFO] [stdout] 368543d58525e6153c3e1b32961c17bf8ae90f5cfc56c0927151d8cddaa19121
[INFO] running `Command { std: "docker" "start" "-a" "368543d58525e6153c3e1b32961c17bf8ae90f5cfc56c0927151d8cddaa19121", kill_on_drop: false }`
[INFO] [stderr]    Compiling cpu v0.1.0 (/opt/rustwide/workdir)
[INFO] [stdout] warning: variant `FOUR_SCREEN` should have an upper camel case name
[INFO] [stdout]  --> src/cartridge.rs:9:5
[INFO] [stdout]   |
[INFO] [stdout] 9 |     FOUR_SCREEN,
[INFO] [stdout]   |     ^^^^^^^^^^^ help: convert the identifier to upper camel case: `FourScreen`
[INFO] [stdout]   |
[INFO] [stdout]   = note: `#[warn(non_camel_case_types)]` on by default
[INFO] [stdout] 
[INFO] [stdout] 
[INFO] [stdout] warning: unreachable pattern
[INFO] [stdout]     --> src/cpu.rs:1102:17
[INFO] [stdout]      |
[INFO] [stdout] 1102 |                 _ => todo!(),
[INFO] [stdout]      |                 ^ no value can reach this
[INFO] [stdout]      |
[INFO] [stdout] note: multiple earlier patterns match some of the same values
[INFO] [stdout]     --> src/cpu.rs:1102:17
[INFO] [stdout]      |
[INFO] [stdout] 596  |                 0xa9 | 0xa5 | 0xb5 | 0xad | 0xbd | 0xb9 | 0xa1 | 0xb1 => {
[INFO] [stdout]      |                 ----------------------------------------------------- matches some of the same values
[INFO] [stdout] ...
[INFO] [stdout] 600  |                 0xAA => self.tax(),
[INFO] [stdout]      |                 ---- matches some of the same values
[INFO] [stdout] 601  |                 0xe8 => self.inx(),
[INFO] [stdout]      |                 ---- matches some of the same values
[INFO] [stdout] 602  |                 0x00 => return,
[INFO] [stdout]      |                 ---- matches some of the same values
[INFO] [stdout] ...
[INFO] [stdout] 1102 |                 _ => todo!(),
[INFO] [stdout]      |                 ^ ...and 82 other patterns collectively make this unreachable
[INFO] [stdout]      = note: `#[warn(unreachable_patterns)]` on by default
[INFO] [stdout] 
[INFO] [stdout] 
[INFO] [stdout] warning: unused variable: `data`
[INFO] [stdout]    --> src/cpu.rs:991:25
[INFO] [stdout]     |
[INFO] [stdout] 991 |                     let data = self.mem_read(addr);
[INFO] [stdout]     |                         ^^^^ help: if this is intentional, prefix it with an underscore: `_data`
[INFO] [stdout]     |
[INFO] [stdout]     = note: `#[warn(unused_variables)]` on by default
[INFO] [stdout] 
[INFO] [stdout] 
[INFO] [stdout] warning: unused variable: `event_pump`
[INFO] [stdout]    --> src/main.rs:103:13
[INFO] [stdout]     |
[INFO] [stdout] 103 |     let mut event_pump = sdl_context.event_pump().unwrap();
[INFO] [stdout]     |             ^^^^^^^^^^ help: if this is intentional, prefix it with an underscore: `_event_pump`
[INFO] [stdout] 
[INFO] [stdout] 
[INFO] [stdout] warning: unused variable: `texture`
[INFO] [stdout]    --> src/main.rs:107:13
[INFO] [stdout]     |
[INFO] [stdout] 107 |     let mut texture = creator
[INFO] [stdout]     |             ^^^^^^^ help: if this is intentional, prefix it with an underscore: `_texture`
[INFO] [stdout] 
[INFO] [stdout] 
[INFO] [stdout] warning: variable does not need to be mutable
[INFO] [stdout]    --> src/main.rs:103:9
[INFO] [stdout]     |
[INFO] [stdout] 103 |     let mut event_pump = sdl_context.event_pump().unwrap();
[INFO] [stdout]     |         ----^^^^^^^^^^
[INFO] [stdout]     |         |
[INFO] [stdout]     |         help: remove this `mut`
[INFO] [stdout]     |
[INFO] [stdout]     = note: `#[warn(unused_mut)]` on by default
[INFO] [stdout] 
[INFO] [stdout] 
[INFO] [stdout] warning: variable does not need to be mutable
[INFO] [stdout]    --> src/main.rs:107:9
[INFO] [stdout]     |
[INFO] [stdout] 107 |     let mut texture = creator
[INFO] [stdout]     |         ----^^^^^^^
[INFO] [stdout]     |         |
[INFO] [stdout]     |         help: remove this `mut`
[INFO] [stdout] 
[INFO] [stdout] 
[INFO] [stdout] warning: function `color` is never used
[INFO] [stdout]   --> src/main.rs:24:4
[INFO] [stdout]    |
[INFO] [stdout] 24 | fn color(byte: u8) -> Color {
[INFO] [stdout]    |    ^^^^^
[INFO] [stdout]    |
[INFO] [stdout]    = note: `#[warn(dead_code)]` on by default
[INFO] [stdout] 
[INFO] [stdout] 
[INFO] [stdout] warning: function `read_screen_state` is never used
[INFO] [stdout]   --> src/main.rs:38:4
[INFO] [stdout]    |
[INFO] [stdout] 38 | fn read_screen_state(cpu: &CPU, frame: &mut [u8; 32 * 3 * 32]) -> bool {
[INFO] [stdout]    |    ^^^^^^^^^^^^^^^^^
[INFO] [stdout] 
[INFO] [stdout] 
[INFO] [stdout] warning: function `handle_user_input` is never used
[INFO] [stdout]   --> src/main.rs:55:4
[INFO] [stdout]    |
[INFO] [stdout] 55 | fn handle_user_input(cpu: &mut CPU, event_pump: &mut EventPump) {
[INFO] [stdout]    |    ^^^^^^^^^^^^^^^^^
[INFO] [stdout] 
[INFO] [stdout] 
[INFO] [stderr]     Finished `test` profile [unoptimized + debuginfo] target(s) in 1.07s
[INFO] running `Command { std: "docker" "inspect" "368543d58525e6153c3e1b32961c17bf8ae90f5cfc56c0927151d8cddaa19121", kill_on_drop: false }`
[INFO] running `Command { std: "docker" "rm" "-f" "368543d58525e6153c3e1b32961c17bf8ae90f5cfc56c0927151d8cddaa19121", kill_on_drop: false }`
[INFO] [stdout] 368543d58525e6153c3e1b32961c17bf8ae90f5cfc56c0927151d8cddaa19121
[INFO] running `Command { std: "docker" "create" "-v" "/var/lib/crater-agent-workspace/builds/worker-1-tc1/target:/opt/rustwide/target:rw,Z" "-v" "/var/lib/crater-agent-workspace/builds/worker-1-tc1/source:/opt/rustwide/workdir:ro,Z" "-v" "/var/lib/crater-agent-workspace/cargo-home:/opt/rustwide/cargo-home:ro,Z" "-v" "/var/lib/crater-agent-workspace/rustup-home:/opt/rustwide/rustup-home:ro,Z" "-e" "SOURCE_DIR=/opt/rustwide/workdir" "-e" "CARGO_TARGET_DIR=/opt/rustwide/target" "-e" "CARGO_INCREMENTAL=0" "-e" "RUST_BACKTRACE=full" "-e" "RUSTFLAGS=--cap-lints=forbid" "-e" "RUSTDOCFLAGS=--cap-lints=forbid" "-e" "CARGO_HOME=/opt/rustwide/cargo-home" "-e" "RUSTUP_HOME=/opt/rustwide/rustup-home" "-w" "/opt/rustwide/workdir" "-m" "1610612736" "--user" "0:0" "--network" "none" "ghcr.io/rust-lang/crates-build-env/linux@sha256:819108c5571ea2e421544af4d832f968d213c87fbe3707a016657f43d2f853bc" "/opt/rustwide/cargo-home/bin/cargo" "+nightly-2025-01-18" "test" "--frozen", kill_on_drop: false }`
[INFO] [stdout] 640e66e971a3c8f148d604263e3b2b7766eb05ee42a6f58f668cc305ce1b78a7
[INFO] running `Command { std: "docker" "start" "-a" "640e66e971a3c8f148d604263e3b2b7766eb05ee42a6f58f668cc305ce1b78a7", kill_on_drop: false }`
[INFO] [stderr] warning: variant `FOUR_SCREEN` should have an upper camel case name
[INFO] [stderr]  --> src/cartridge.rs:9:5
[INFO] [stderr]   |
[INFO] [stderr] 9 |     FOUR_SCREEN,
[INFO] [stderr]   |     ^^^^^^^^^^^ help: convert the identifier to upper camel case: `FourScreen`
[INFO] [stderr]   |
[INFO] [stderr]   = note: `#[warn(non_camel_case_types)]` on by default
[INFO] [stderr] 
[INFO] [stderr] warning: unreachable pattern
[INFO] [stderr]     --> src/cpu.rs:1102:17
[INFO] [stderr]      |
[INFO] [stderr] 1102 |                 _ => todo!(),
[INFO] [stderr]      |                 ^ no value can reach this
[INFO] [stderr]      |
[INFO] [stderr] note: multiple earlier patterns match some of the same values
[INFO] [stderr]     --> src/cpu.rs:1102:17
[INFO] [stderr]      |
[INFO] [stderr] 596  |                 0xa9 | 0xa5 | 0xb5 | 0xad | 0xbd | 0xb9 | 0xa1 | 0xb1 => {
[INFO] [stderr]      |                 ----------------------------------------------------- matches some of the same values
[INFO] [stderr] ...
[INFO] [stderr] 600  |                 0xAA => self.tax(),
[INFO] [stderr]      |                 ---- matches some of the same values
[INFO] [stderr] 601  |                 0xe8 => self.inx(),
[INFO] [stderr]      |                 ---- matches some of the same values
[INFO] [stderr] 602  |                 0x00 => return,
[INFO] [stderr]      |                 ---- matches some of the same values
[INFO] [stderr] ...
[INFO] [stderr] 1102 |                 _ => todo!(),
[INFO] [stderr]      |                 ^ ...and 82 other patterns collectively make this unreachable
[INFO] [stderr]      = note: `#[warn(unreachable_patterns)]` on by default
[INFO] [stderr] 
[INFO] [stderr] warning: unused variable: `data`
[INFO] [stderr]    --> src/cpu.rs:991:25
[INFO] [stderr]     |
[INFO] [stderr] 991 |                     let data = self.mem_read(addr);
[INFO] [stderr]     |                         ^^^^ help: if this is intentional, prefix it with an underscore: `_data`
[INFO] [stderr]     |
[INFO] [stderr]     = note: `#[warn(unused_variables)]` on by default
[INFO] [stderr] 
[INFO] [stderr] warning: unused variable: `event_pump`
[INFO] [stderr]    --> src/main.rs:103:13
[INFO] [stderr]     |
[INFO] [stderr] 103 |     let mut event_pump = sdl_context.event_pump().unwrap();
[INFO] [stderr]     |             ^^^^^^^^^^ help: if this is intentional, prefix it with an underscore: `_event_pump`
[INFO] [stderr] 
[INFO] [stderr] warning: unused variable: `texture`
[INFO] [stderr]    --> src/main.rs:107:13
[INFO] [stderr]     |
[INFO] [stderr] 107 |     let mut texture = creator
[INFO] [stderr]     |             ^^^^^^^ help: if this is intentional, prefix it with an underscore: `_texture`
[INFO] [stderr] 
[INFO] [stderr] warning: variable does not need to be mutable
[INFO] [stderr]    --> src/main.rs:103:9
[INFO] [stderr]     |
[INFO] [stderr] 103 |     let mut event_pump = sdl_context.event_pump().unwrap();
[INFO] [stderr]     |         ----^^^^^^^^^^
[INFO] [stderr]     |         |
[INFO] [stderr]     |         help: remove this `mut`
[INFO] [stderr]     |
[INFO] [stderr]     = note: `#[warn(unused_mut)]` on by default
[INFO] [stderr] 
[INFO] [stderr] warning: variable does not need to be mutable
[INFO] [stderr]    --> src/main.rs:107:9
[INFO] [stderr]     |
[INFO] [stderr] 107 |     let mut texture = creator
[INFO] [stderr]     |         ----^^^^^^^
[INFO] [stderr]     |         |
[INFO] [stderr]     |         help: remove this `mut`
[INFO] [stderr] 
[INFO] [stderr] warning: function `color` is never used
[INFO] [stderr]   --> src/main.rs:24:4
[INFO] [stderr]    |
[INFO] [stderr] 24 | fn color(byte: u8) -> Color {
[INFO] [stderr]    |    ^^^^^
[INFO] [stderr]    |
[INFO] [stderr]    = note: `#[warn(dead_code)]` on by default
[INFO] [stderr] 
[INFO] [stderr] warning: function `read_screen_state` is never used
[INFO] [stderr]   --> src/main.rs:38:4
[INFO] [stderr]    |
[INFO] [stderr] 38 | fn read_screen_state(cpu: &CPU, frame: &mut [u8; 32 * 3 * 32]) -> bool {
[INFO] [stderr]    |    ^^^^^^^^^^^^^^^^^
[INFO] [stderr] 
[INFO] [stderr] warning: function `handle_user_input` is never used
[INFO] [stderr]   --> src/main.rs:55:4
[INFO] [stderr]    |
[INFO] [stderr] 55 | fn handle_user_input(cpu: &mut CPU, event_pump: &mut EventPump) {
[INFO] [stderr]    |    ^^^^^^^^^^^^^^^^^
[INFO] [stderr] 
[INFO] [stderr] warning: `cpu` (bin "cpu" test) generated 10 warnings (run `cargo fix --bin "cpu" --tests` to apply 2 suggestions)
[INFO] [stderr]     Finished `test` profile [unoptimized + debuginfo] target(s) in 0.06s
[INFO] [stderr]      Running unittests src/main.rs (/opt/rustwide/target/debug/deps/cpu-4d60ff5d0a920974)
[INFO] [stdout] 
[INFO] [stdout] running 11 tests
[INFO] [stdout] test cartridge::test::test_with_trainer ... ok
[INFO] [stdout] test bus::test::test_mem_read_write_to_ram ... ok
[INFO] [stdout] test cartridge::test::test_nes2_is_not_supported ... ok
[INFO] [stdout] test cartridge::test::test ... ok
[INFO] [stdout] test cpu::test::test_lda_from_memory ... ok
[INFO] [stdout] test cpu::test::test_5_ops_working_together ... ok
[INFO] [stdout] test trace::test::test_format_trace ... ok
[INFO] [stdout] test cpu::test::test_0xa9_lda_immediate_load_data ... ok
[INFO] [stdout] test trace::test::test_format_mem_access ... ok
[INFO] [stdout] test cpu::test::test_inx_overflow ... FAILED
[INFO] [stderr] error: test failed, to rerun pass `--bin cpu`
[INFO] [stdout] test cpu::test::test_0xaa_tax_move_a_to_x ... FAILED
[INFO] [stdout] 
[INFO] [stdout] failures:
[INFO] [stdout] 
[INFO] [stdout] ---- cpu::test::test_inx_overflow stdout ----
[INFO] [stdout] 
[INFO] [stdout] thread 'cpu::test::test_inx_overflow' panicked at src/cpu.rs:1153:9:
[INFO] [stdout] assertion `left == right` failed
[INFO] [stdout]   left: 2
[INFO] [stdout]  right: 1
[INFO] [stdout] stack backtrace:
[INFO] [stdout]    0:     0x55a838db9a6a - std::backtrace_rs::backtrace::libunwind::trace::hb059275cfc8d6126
[INFO] [stdout]                                at /rustc/6067b36314ab5eb2eb47cecc464545ba58e1ad24/library/std/src/../../backtrace/src/backtrace/libunwind.rs:116:5
[INFO] [stdout]    1:     0x55a838db9a6a - std::backtrace_rs::backtrace::trace_unsynchronized::h2da071e4327ce3ee
[INFO] [stdout]                                at /rustc/6067b36314ab5eb2eb47cecc464545ba58e1ad24/library/std/src/../../backtrace/src/backtrace/mod.rs:66:5
[INFO] [stdout]    2:     0x55a838db9a6a - std::sys::backtrace::_print_fmt::h842a1474e6f8d23f
[INFO] [stdout]                                at /rustc/6067b36314ab5eb2eb47cecc464545ba58e1ad24/library/std/src/sys/backtrace.rs:66:9
[INFO] [stdout]    3:     0x55a838db9a6a - <std::sys::backtrace::BacktraceLock::print::DisplayBacktrace as core::fmt::Display>::fmt::h71a62eb3b9696b12
[INFO] [stdout]                                at /rustc/6067b36314ab5eb2eb47cecc464545ba58e1ad24/library/std/src/sys/backtrace.rs:39:26
[INFO] [stdout]    4:     0x55a838de1183 - core::fmt::rt::Argument::fmt::hdb6b616786b41dc1
[INFO] [stdout]                                at /rustc/6067b36314ab5eb2eb47cecc464545ba58e1ad24/library/core/src/fmt/rt.rs:177:76
[INFO] [stdout]    5:     0x55a838de1183 - core::fmt::write::h2cc1698af7e2d686
[INFO] [stdout]                                at /rustc/6067b36314ab5eb2eb47cecc464545ba58e1ad24/library/core/src/fmt/mod.rs:1440:21
[INFO] [stdout]    6:     0x55a838db65c3 - std::io::Write::write_fmt::hab1b4cd059a79022
[INFO] [stdout]                                at /rustc/6067b36314ab5eb2eb47cecc464545ba58e1ad24/library/std/src/io/mod.rs:1887:15
[INFO] [stdout]    7:     0x55a838db98b2 - std::sys::backtrace::BacktraceLock::print::h147fe35b4ea13b08
[INFO] [stdout]                                at /rustc/6067b36314ab5eb2eb47cecc464545ba58e1ad24/library/std/src/sys/backtrace.rs:42:9
[INFO] [stdout]    8:     0x55a838dbae8f - std::panicking::default_hook::{{closure}}::hbd44223dbdc0d208
[INFO] [stdout]                                at /rustc/6067b36314ab5eb2eb47cecc464545ba58e1ad24/library/std/src/panicking.rs:298:22
[INFO] [stdout]    9:     0x55a838dbaca8 - std::panicking::default_hook::h20f81eb0576efcec
[INFO] [stdout]                                at /rustc/6067b36314ab5eb2eb47cecc464545ba58e1ad24/library/std/src/panicking.rs:322:9
[INFO] [stdout]   10:     0x55a838d80143 - <alloc::boxed::Box<F,A> as core::ops::function::Fn<Args>>::call::hdb53814c496a4d34
[INFO] [stdout]                                at /rustc/6067b36314ab5eb2eb47cecc464545ba58e1ad24/library/alloc/src/boxed.rs:2027:9
[INFO] [stdout]   11:     0x55a838d80143 - test::test_main::{{closure}}::hc0a4963c59427c24
[INFO] [stdout]                                at /rustc/6067b36314ab5eb2eb47cecc464545ba58e1ad24/library/test/src/lib.rs:134:21
[INFO] [stdout]   12:     0x55a838dbb983 - <alloc::boxed::Box<F,A> as core::ops::function::Fn<Args>>::call::h591b2225413a77e9
[INFO] [stdout]                                at /rustc/6067b36314ab5eb2eb47cecc464545ba58e1ad24/library/alloc/src/boxed.rs:2027:9
[INFO] [stdout]   13:     0x55a838dbb983 - std::panicking::rust_panic_with_hook::h625eea43051b2edc
[INFO] [stdout]                                at /rustc/6067b36314ab5eb2eb47cecc464545ba58e1ad24/library/std/src/panicking.rs:839:13
[INFO] [stdout]   14:     0x55a838dbb63a - std::panicking::begin_panic_handler::{{closure}}::h4f9159cfbc3f6bd3
[INFO] [stdout]                                at /rustc/6067b36314ab5eb2eb47cecc464545ba58e1ad24/library/std/src/panicking.rs:704:13
[INFO] [stdout]   15:     0x55a838db9f69 - std::sys::backtrace::__rust_end_short_backtrace::h0390abce48353151
[INFO] [stdout]                                at /rustc/6067b36314ab5eb2eb47cecc464545ba58e1ad24/library/std/src/sys/backtrace.rs:168:18
[INFO] [stdout]   16:     0x55a838dbb2cd - rust_begin_unwind
[INFO] [stdout]                                at /rustc/6067b36314ab5eb2eb47cecc464545ba58e1ad24/library/std/src/panicking.rs:695:5
[INFO] [stdout]   17:     0x55a838ddfb60 - core::panicking::panic_fmt::h9e7c637e9e5f29c9
[INFO] [stdout]                                at /rustc/6067b36314ab5eb2eb47cecc464545ba58e1ad24/library/core/src/panicking.rs:75:14
[INFO] [stdout]   18:     0x55a838ddff52 - core::panicking::assert_failed_inner::h538bec7c1374cd9c
[INFO] [stdout]   19:     0x55a838d3ab0a - core::panicking::assert_failed::h1599e92b0aaa9f33
[INFO] [stdout]                                at /rustc/6067b36314ab5eb2eb47cecc464545ba58e1ad24/library/core/src/panicking.rs:364:5
[INFO] [stdout]   20:     0x55a838d385e4 - cpu::cpu::test::test_inx_overflow::h56f17e4fd35c306d
[INFO] [stdout]                                at /opt/rustwide/workdir/src/cpu.rs:1153:9
[INFO] [stdout]   21:     0x55a838d38487 - cpu::cpu::test::test_inx_overflow::{{closure}}::hba2048709ec139e2
[INFO] [stdout]                                at /opt/rustwide/workdir/src/cpu.rs:1147:27
[INFO] [stdout]   22:     0x55a838d390f6 - core::ops::function::FnOnce::call_once::h261aa494060c9090
[INFO] [stdout]                                at /rustc/6067b36314ab5eb2eb47cecc464545ba58e1ad24/library/core/src/ops/function.rs:250:5
[INFO] [stdout]   23:     0x55a838d8589b - core::ops::function::FnOnce::call_once::he27718dfdd183f43
[INFO] [stdout]                                at /rustc/6067b36314ab5eb2eb47cecc464545ba58e1ad24/library/core/src/ops/function.rs:250:5
[INFO] [stdout]   24:     0x55a838d8589b - test::__rust_begin_short_backtrace::h4e84902998457a5d
[INFO] [stdout]                                at /rustc/6067b36314ab5eb2eb47cecc464545ba58e1ad24/library/test/src/lib.rs:632:18
[INFO] [stdout]   25:     0x55a838d847d3 - test::run_test_in_process::{{closure}}::h7176fd18fc1feca0
[INFO] [stdout]                                at /rustc/6067b36314ab5eb2eb47cecc464545ba58e1ad24/library/test/src/lib.rs:655:60
[INFO] [stdout]   26:     0x55a838d847d3 - <core::panic::unwind_safe::AssertUnwindSafe<F> as core::ops::function::FnOnce<()>>::call_once::hf79cff2a624d8cf7
[INFO] [stdout]                                at /rustc/6067b36314ab5eb2eb47cecc464545ba58e1ad24/library/core/src/panic/unwind_safe.rs:272:9
[INFO] [stdout]   27:     0x55a838d847d3 - std::panicking::try::do_call::h3da0561d9ab99c25
[INFO] [stdout]                                at /rustc/6067b36314ab5eb2eb47cecc464545ba58e1ad24/library/std/src/panicking.rs:587:40
[INFO] [stdout]   28:     0x55a838d847d3 - std::panicking::try::h41c9fa508bc61df6
[INFO] [stdout]                                at /rustc/6067b36314ab5eb2eb47cecc464545ba58e1ad24/library/std/src/panicking.rs:550:19
[INFO] [stdout]   29:     0x55a838d847d3 - std::panic::catch_unwind::h6b3ff07bb5afad93
[INFO] [stdout]                                at /rustc/6067b36314ab5eb2eb47cecc464545ba58e1ad24/library/std/src/panic.rs:358:14
[INFO] [stdout]   30:     0x55a838d847d3 - test::run_test_in_process::hc7253dd11b39b9f4
[INFO] [stdout]                                at /rustc/6067b36314ab5eb2eb47cecc464545ba58e1ad24/library/test/src/lib.rs:655:27
[INFO] [stdout]   31:     0x55a838d847d3 - test::run_test::{{closure}}::hfb2007f8649c30bb
[INFO] [stdout]                                at /rustc/6067b36314ab5eb2eb47cecc464545ba58e1ad24/library/test/src/lib.rs:576:43
[INFO] [stdout]   32:     0x55a838d478b5 - test::run_test::{{closure}}::h56a17aa7a282a9f4
[INFO] [stdout]                                at /rustc/6067b36314ab5eb2eb47cecc464545ba58e1ad24/library/test/src/lib.rs:606:41
[INFO] [stdout]   33:     0x55a838d478b5 - std::sys::backtrace::__rust_begin_short_backtrace::hd2d2d2fb8e8c6aac
[INFO] [stdout]                                at /rustc/6067b36314ab5eb2eb47cecc464545ba58e1ad24/library/std/src/sys/backtrace.rs:152:18
[INFO] [stdout]   34:     0x55a838d4b19a - std::thread::Builder::spawn_unchecked_::{{closure}}::{{closure}}::h4faa3f9db6133423
[INFO] [stdout]                                at /rustc/6067b36314ab5eb2eb47cecc464545ba58e1ad24/library/std/src/thread/mod.rs:559:17
[INFO] [stdout]   35:     0x55a838d4b19a - <core::panic::unwind_safe::AssertUnwindSafe<F> as core::ops::function::FnOnce<()>>::call_once::hf2e855a36a4ea846
[INFO] [stdout]                                at /rustc/6067b36314ab5eb2eb47cecc464545ba58e1ad24/library/core/src/panic/unwind_safe.rs:272:9
[INFO] [stdout]   36:     0x55a838d4b19a - std::panicking::try::do_call::h2f73af3616c35465
[INFO] [stdout]                                at /rustc/6067b36314ab5eb2eb47cecc464545ba58e1ad24/library/std/src/panicking.rs:587:40
[INFO] [stdout]   37:     0x55a838d4b19a - std::panicking::try::hd1660ce9efadef5a
[INFO] [stdout]                                at /rustc/6067b36314ab5eb2eb47cecc464545ba58e1ad24/library/std/src/panicking.rs:550:19
[INFO] [stdout]   38:     0x55a838d4b19a - std::panic::catch_unwind::h5ee8d7823b8ca744
[INFO] [stdout]                                at /rustc/6067b36314ab5eb2eb47cecc464545ba58e1ad24/library/std/src/panic.rs:358:14
[INFO] [stdout]   39:     0x55a838d4b19a - std::thread::Builder::spawn_unchecked_::{{closure}}::h53c3a1894dce8407
[INFO] [stdout]                                at /rustc/6067b36314ab5eb2eb47cecc464545ba58e1ad24/library/std/src/thread/mod.rs:557:30
[INFO] [stdout]   40:     0x55a838d4b19a - core::ops::function::FnOnce::call_once{{vtable.shim}}::h048ce291ad4f62bf
[INFO] [stdout]                                at /rustc/6067b36314ab5eb2eb47cecc464545ba58e1ad24/library/core/src/ops/function.rs:250:5
[INFO] [stdout]   41:     0x55a838dbf8bb - <alloc::boxed::Box<F,A> as core::ops::function::FnOnce<Args>>::call_once::ha52bedf99a3b4981
[INFO] [stdout]                                at /rustc/6067b36314ab5eb2eb47cecc464545ba58e1ad24/library/alloc/src/boxed.rs:2013:9
[INFO] [stdout]   42:     0x55a838dbf8bb - <alloc::boxed::Box<F,A> as core::ops::function::FnOnce<Args>>::call_once::h567748934d80ccf8
[INFO] [stdout]                                at /rustc/6067b36314ab5eb2eb47cecc464545ba58e1ad24/library/alloc/src/boxed.rs:2013:9
[INFO] [stdout]   43:     0x55a838dbf8bb - std::sys::pal::unix::thread::Thread::new::thread_start::h2d970728ae887adc
[INFO] [stdout]                                at /rustc/6067b36314ab5eb2eb47cecc464545ba58e1ad24/library/std/src/sys/pal/unix/thread.rs:106:17
[INFO] [stdout]   44:     0x7c3200c38ac3 - <unknown>
[INFO] [stdout]   45:     0x7c3200cc9a04 - clone
[INFO] [stdout]   46:                0x0 - <unknown>
[INFO] [stdout] 
[INFO] [stdout] ---- cpu::test::test_0xaa_tax_move_a_to_x stdout ----
[INFO] [stdout] 
[INFO] [stdout] thread 'cpu::test::test_0xaa_tax_move_a_to_x' panicked at src/cpu.rs:1134:9:
[INFO] [stdout] assertion `left == right` failed
[INFO] [stdout]   left: 0
[INFO] [stdout]  right: 10
[INFO] [stdout] stack backtrace:
[INFO] [stdout]    0:     0x55a838db9a6a - std::backtrace_rs::backtrace::libunwind::trace::hb059275cfc8d6126
[INFO] [stdout]                                at /rustc/6067b36314ab5eb2eb47cecc464545ba58e1ad24/library/std/src/../../backtrace/src/backtrace/libunwind.rs:116:5
[INFO] [stdout]    1:     0x55a838db9a6a - std::backtrace_rs::backtrace::trace_unsynchronized::h2da071e4327ce3ee
[INFO] [stdout]                                at /rustc/6067b36314ab5eb2eb47cecc464545ba58e1ad24/library/std/src/../../backtrace/src/backtrace/mod.rs:66:5
[INFO] [stdout]    2:     0x55a838db9a6a - std::sys::backtrace::_print_fmt::h842a1474e6f8d23f
[INFO] [stdout]                                at /rustc/6067b36314ab5eb2eb47cecc464545ba58e1ad24/library/std/src/sys/backtrace.rs:66:9
[INFO] [stdout]    3:     0x55a838db9a6a - <std::sys::backtrace::BacktraceLock::print::DisplayBacktrace as core::fmt::Display>::fmt::h71a62eb3b9696b12
[INFO] [stdout]                                at /rustc/6067b36314ab5eb2eb47cecc464545ba58e1ad24/library/std/src/sys/backtrace.rs:39:26
[INFO] [stdout]    4:     0x55a838de1183 - core::fmt::rt::Argument::fmt::hdb6b616786b41dc1
[INFO] [stdout]                                at /rustc/6067b36314ab5eb2eb47cecc464545ba58e1ad24/library/core/src/fmt/rt.rs:177:76
[INFO] [stdout]    5:     0x55a838de1183 - core::fmt::write::h2cc1698af7e2d686
[INFO] [stdout]                                at /rustc/6067b36314ab5eb2eb47cecc464545ba58e1ad24/library/core/src/fmt/mod.rs:1440:21
[INFO] [stdout]    6:     0x55a838db65c3 - std::io::Write::write_fmt::hab1b4cd059a79022
[INFO] [stdout]                                at /rustc/6067b36314ab5eb2eb47cecc464545ba58e1ad24/library/std/src/io/mod.rs:1887:15
[INFO] [stdout]    7:     0x55a838db98b2 - std::sys::backtrace::BacktraceLock::print::h147fe35b4ea13b08
[INFO] [stdout]                                at /rustc/6067b36314ab5eb2eb47cecc464545ba58e1ad24/library/std/src/sys/backtrace.rs:42:9
[INFO] [stdout]    8:     0x55a838dbae8f - std::panicking::default_hook::{{closure}}::hbd44223dbdc0d208
[INFO] [stdout]                                at /rustc/6067b36314ab5eb2eb47cecc464545ba58e1ad24/library/std/src/panicking.rs:298:22
[INFO] [stdout]    9:     0x55a838dbaca8 - std::panicking::default_hook::h20f81eb0576efcec
[INFO] [stdout]                                at /rustc/6067b36314ab5eb2eb47cecc464545ba58e1ad24/library/std/src/panicking.rs:322:9
[INFO] [stdout]   10:     0x55a838d80143 - <alloc::boxed::Box<F,A> as core::ops::function::Fn<Args>>::call::hdb53814c496a4d34
[INFO] [stdout]                                at /rustc/6067b36314ab5eb2eb47cecc464545ba58e1ad24/library/alloc/src/boxed.rs:2027:9
[INFO] [stdout]   11:     0x55a838d80143 - test::test_main::{{closure}}::hc0a4963c59427c24
[INFO] [stdout]                                at /rustc/6067b36314ab5eb2eb47cecc464545ba58e1ad24/library/test/src/lib.rs:134:21
[INFO] [stdout]   12:     0x55a838dbb983 - <alloc::boxed::Box<F,A> as core::ops::function::Fn<Args>>::call::h591b2225413a77e9
[INFO] [stdout]                                at /rustc/6067b36314ab5eb2eb47cecc464545ba58e1ad24/library/alloc/src/boxed.rs:2027:9
[INFO] [stdout]   13:     0x55a838dbb983 - std::panicking::rust_panic_with_hook::h625eea43051b2edc
[INFO] [stdout]                                at /rustc/6067b36314ab5eb2eb47cecc464545ba58e1ad24/library/std/src/panicking.rs:839:13
[INFO] [stdout]   14:     0x55a838dbb63a - std::panicking::begin_panic_handler::{{closure}}::h4f9159cfbc3f6bd3
[INFO] [stdout]                                at /rustc/6067b36314ab5eb2eb47cecc464545ba58e1ad24/library/std/src/panicking.rs:704:13
[INFO] [stdout]   15:     0x55a838db9f69 - std::sys::backtrace::__rust_end_short_backtrace::h0390abce48353151
[INFO] [stdout]                                at /rustc/6067b36314ab5eb2eb47cecc464545ba58e1ad24/library/std/src/sys/backtrace.rs:168:18
[INFO] [stdout]   16:     0x55a838dbb2cd - rust_begin_unwind
[INFO] [stdout]                                at /rustc/6067b36314ab5eb2eb47cecc464545ba58e1ad24/library/std/src/panicking.rs:695:5
[INFO] [stdout]   17:     0x55a838ddfb60 - core::panicking::panic_fmt::h9e7c637e9e5f29c9
[INFO] [stdout]                                at /rustc/6067b36314ab5eb2eb47cecc464545ba58e1ad24/library/core/src/panicking.rs:75:14
[INFO] [stdout]   18:     0x55a838ddff52 - core::panicking::assert_failed_inner::h538bec7c1374cd9c
[INFO] [stdout]   19:     0x55a838d3ab0a - core::panicking::assert_failed::h1599e92b0aaa9f33
[INFO] [stdout]                                at /rustc/6067b36314ab5eb2eb47cecc464545ba58e1ad24/library/core/src/panicking.rs:364:5
[INFO] [stdout]   20:     0x55a838d38290 - cpu::cpu::test::test_0xaa_tax_move_a_to_x::h3b596ddeea2af734
[INFO] [stdout]                                at /opt/rustwide/workdir/src/cpu.rs:1134:9
[INFO] [stdout]   21:     0x55a838d38137 - cpu::cpu::test::test_0xaa_tax_move_a_to_x::{{closure}}::h4fb75e671052d712
[INFO] [stdout]                                at /opt/rustwide/workdir/src/cpu.rs:1128:35
[INFO] [stdout]   22:     0x55a838d39346 - core::ops::function::FnOnce::call_once::ha9796661218d3bb3
[INFO] [stdout]                                at /rustc/6067b36314ab5eb2eb47cecc464545ba58e1ad24/library/core/src/ops/function.rs:250:5
[INFO] [stdout]   23:     0x55a838d8589b - core::ops::function::FnOnce::call_once::he27718dfdd183f43
[INFO] [stdout]                                at /rustc/6067b36314ab5eb2eb47cecc464545ba58e1ad24/library/core/src/ops/function.rs:250:5
[INFO] [stdout]   24:     0x55a838d8589b - test::__rust_begin_short_backtrace::h4e84902998457a5d
[INFO] [stdout]                                at /rustc/6067b36314ab5eb2eb47cecc464545ba58e1ad24/library/test/src/lib.rs:632:18
[INFO] [stdout]   25:     0x55a838d847d3 - test::run_test_in_process::{{closure}}::h7176fd18fc1feca0
[INFO] [stdout]                                at /rustc/6067b36314ab5eb2eb47cecc464545ba58e1ad24/library/test/src/lib.rs:655:60
[INFO] [stdout]   26:     0x55a838d847d3 - <core::panic::unwind_safe::AssertUnwindSafe<F> as core::ops::function::FnOnce<()>>::call_once::hf79cff2a624d8cf7
[INFO] [stdout]                                at /rustc/6067b36314ab5eb2eb47cecc464545ba58e1ad24/library/core/src/panic/unwind_safe.rs:272:9
[INFO] [stdout]   27:     0x55a838d847d3 - std::panicking::try::do_call::h3da0561d9ab99c25
[INFO] [stdout]                                at /rustc/6067b36314ab5eb2eb47cecc464545ba58e1ad24/library/std/src/panicking.rs:587:40
[INFO] [stdout]   28:     0x55a838d847d3 - std::panicking::try::h41c9fa508bc61df6
[INFO] [stdout]                                at /rustc/6067b36314ab5eb2eb47cecc464545ba58e1ad24/library/std/src/panicking.rs:550:19
[INFO] [stdout]   29:     0x55a838d847d3 - std::panic::catch_unwind::h6b3ff07bb5afad93
[INFO] [stdout]                                at /rustc/6067b36314ab5eb2eb47cecc464545ba58e1ad24/library/std/src/panic.rs:358:14
[INFO] [stdout]   30:     0x55a838d847d3 - test::run_test_in_process::hc7253dd11b39b9f4
[INFO] [stdout]                                at /rustc/6067b36314ab5eb2eb47cecc464545ba58e1ad24/library/test/src/lib.rs:655:27
[INFO] [stdout]   31:     0x55a838d847d3 - test::run_test::{{closure}}::hfb2007f8649c30bb
[INFO] [stdout]                                at /rustc/6067b36314ab5eb2eb47cecc464545ba58e1ad24/library/test/src/lib.rs:576:43
[INFO] [stdout]   32:     0x55a838d478b5 - test::run_test::{{closure}}::h56a17aa7a282a9f4
[INFO] [stdout]                                at /rustc/6067b36314ab5eb2eb47cecc464545ba58e1ad24/library/test/src/lib.rs:606:41
[INFO] [stdout]   33:     0x55a838d478b5 - std::sys::backtrace::__rust_begin_short_backtrace::hd2d2d2fb8e8c6aac
[INFO] [stdout]                                at /rustc/6067b36314ab5eb2eb47cecc464545ba58e1ad24/library/std/src/sys/backtrace.rs:152:18
[INFO] [stdout]   34:     0x55a838d4b19a - std::thread::Builder::spawn_unchecked_::{{closure}}::{{closure}}::h4faa3f9db6133423
[INFO] [stdout]                                at /rustc/6067b36314ab5eb2eb47cecc464545ba58e1ad24/library/std/src/thread/mod.rs:559:17
[INFO] [stdout]   35:     0x55a838d4b19a - <core::panic::unwind_safe::AssertUnwindSafe<F> as core::ops::function::FnOnce<()>>::call_once::hf2e855a36a4ea846
[INFO] [stdout]                                at /rustc/6067b36314ab5eb2eb47cecc464545ba58e1ad24/library/core/src/panic/unwind_safe.rs:272:9
[INFO] [stdout]   36:     0x55a838d4b19a - std::panicking::try::do_call::h2f73af3616c35465
[INFO] [stdout]                                at /rustc/6067b36314ab5eb2eb47cecc464545ba58e1ad24/library/std/src/panicking.rs:587:40
[INFO] [stdout]   37:     0x55a838d4b19a - std::panicking::try::hd1660ce9efadef5a
[INFO] [stdout]                                at /rustc/6067b36314ab5eb2eb47cecc464545ba58e1ad24/library/std/src/panicking.rs:550:19
[INFO] [stdout]   38:     0x55a838d4b19a - std::panic::catch_unwind::h5ee8d7823b8ca744
[INFO] [stdout]                                at /rustc/6067b36314ab5eb2eb47cecc464545ba58e1ad24/library/std/src/panic.rs:358:14
[INFO] [stdout]   39:     0x55a838d4b19a - std::thread::Builder::spawn_unchecked_::{{closure}}::h53c3a1894dce8407
[INFO] [stdout]                                at /rustc/6067b36314ab5eb2eb47cecc464545ba58e1ad24/library/std/src/thread/mod.rs:557:30
[INFO] [stdout]   40:     0x55a838d4b19a - core::ops::function::FnOnce::call_once{{vtable.shim}}::h048ce291ad4f62bf
[INFO] [stdout]                                at /rustc/6067b36314ab5eb2eb47cecc464545ba58e1ad24/library/core/src/ops/function.rs:250:5
[INFO] [stdout]   41:     0x55a838dbf8bb - <alloc::boxed::Box<F,A> as core::ops::function::FnOnce<Args>>::call_once::ha52bedf99a3b4981
[INFO] [stdout]                                at /rustc/6067b36314ab5eb2eb47cecc464545ba58e1ad24/library/alloc/src/boxed.rs:2013:9
[INFO] [stdout]   42:     0x55a838dbf8bb - <alloc::boxed::Box<F,A> as core::ops::function::FnOnce<Args>>::call_once::h567748934d80ccf8
[INFO] [stdout]                                at /rustc/6067b36314ab5eb2eb47cecc464545ba58e1ad24/library/alloc/src/boxed.rs:2013:9
[INFO] [stdout]   43:     0x55a838dbf8bb - std::sys::pal::unix::thread::Thread::new::thread_start::h2d970728ae887adc
[INFO] [stdout]                                at /rustc/6067b36314ab5eb2eb47cecc464545ba58e1ad24/library/std/src/sys/pal/unix/thread.rs:106:17
[INFO] [stdout]   44:     0x7c3200c38ac3 - <unknown>
[INFO] [stdout]   45:     0x7c3200cc9a04 - clone
[INFO] [stdout]   46:                0x0 - <unknown>
[INFO] [stdout] 
[INFO] [stdout] 
[INFO] [stdout] failures:
[INFO] [stdout]     cpu::test::test_0xaa_tax_move_a_to_x
[INFO] [stdout]     cpu::test::test_inx_overflow
[INFO] [stdout] 
[INFO] [stdout] test result: FAILED. 9 passed; 2 failed; 0 ignored; 0 measured; 0 filtered out; finished in 0.07s
[INFO] [stdout] 
[INFO] running `Command { std: "docker" "inspect" "640e66e971a3c8f148d604263e3b2b7766eb05ee42a6f58f668cc305ce1b78a7", kill_on_drop: false }`
[INFO] running `Command { std: "docker" "rm" "-f" "640e66e971a3c8f148d604263e3b2b7766eb05ee42a6f58f668cc305ce1b78a7", kill_on_drop: false }`
[INFO] [stdout] 640e66e971a3c8f148d604263e3b2b7766eb05ee42a6f58f668cc305ce1b78a7
