[INFO] cloning repository https://github.com/thomas192/rusty_container
[INFO] running `Command { std: "git" "-c" "credential.helper=" "-c" "credential.helper=/workspace/cargo-home/bin/git-credential-null" "clone" "--bare" "https://github.com/thomas192/rusty_container" "/workspace/cache/git-repos/https%3A%2F%2Fgithub.com%2Fthomas192%2Frusty_container", kill_on_drop: false }`
[INFO] [stderr] Cloning into bare repository '/workspace/cache/git-repos/https%3A%2F%2Fgithub.com%2Fthomas192%2Frusty_container'...
[INFO] running `Command { std: "git" "rev-parse" "HEAD", kill_on_drop: false }`
[INFO] [stdout] 791fdd0a918fd4334008afe68af656295e2242ad
[INFO] testing thomas192/rusty_container against nightly-2025-01-18 for randomize-layout-2
[INFO] running `Command { std: "git" "clone" "/workspace/cache/git-repos/https%3A%2F%2Fgithub.com%2Fthomas192%2Frusty_container" "/workspace/builds/worker-5-tc1/source", kill_on_drop: false }`
[INFO] [stderr] Cloning into '/workspace/builds/worker-5-tc1/source'...
[INFO] [stderr] done.
[INFO] validating manifest of git repo https://github.com/thomas192/rusty_container on toolchain nightly-2025-01-18
[INFO] running `Command { std: CARGO_HOME="/workspace/cargo-home" RUSTUP_HOME="/workspace/rustup-home" "/workspace/cargo-home/bin/cargo" "+nightly-2025-01-18" "metadata" "--manifest-path" "Cargo.toml" "--no-deps", kill_on_drop: false }`
[INFO] started tweaking git repo https://github.com/thomas192/rusty_container
[INFO] finished tweaking git repo https://github.com/thomas192/rusty_container
[INFO] tweaked toml for git repo https://github.com/thomas192/rusty_container written to /workspace/builds/worker-5-tc1/source/Cargo.toml
[INFO] crate git repo https://github.com/thomas192/rusty_container already has a lockfile, it will not be regenerated
[INFO] running `Command { std: CARGO_HOME="/workspace/cargo-home" RUSTUP_HOME="/workspace/rustup-home" "/workspace/cargo-home/bin/cargo" "+nightly-2025-01-18" "fetch" "--manifest-path" "Cargo.toml", kill_on_drop: false }`
[INFO] running `Command { std: "docker" "create" "-v" "/var/lib/crater-agent-workspace/builds/worker-5-tc1/target:/opt/rustwide/target:rw,Z" "-v" "/var/lib/crater-agent-workspace/builds/worker-5-tc1/source:/opt/rustwide/workdir:ro,Z" "-v" "/var/lib/crater-agent-workspace/cargo-home:/opt/rustwide/cargo-home:ro,Z" "-v" "/var/lib/crater-agent-workspace/rustup-home:/opt/rustwide/rustup-home:ro,Z" "-e" "SOURCE_DIR=/opt/rustwide/workdir" "-e" "CARGO_TARGET_DIR=/opt/rustwide/target" "-e" "CARGO_HOME=/opt/rustwide/cargo-home" "-e" "RUSTUP_HOME=/opt/rustwide/rustup-home" "-w" "/opt/rustwide/workdir" "-m" "1610612736" "--user" "0:0" "--network" "none" "ghcr.io/rust-lang/crates-build-env/linux@sha256:819108c5571ea2e421544af4d832f968d213c87fbe3707a016657f43d2f853bc" "/opt/rustwide/cargo-home/bin/cargo" "+nightly-2025-01-18" "metadata" "--no-deps" "--format-version=1", kill_on_drop: false }`
[INFO] [stdout] 3ad4d80dcd878657f0d4f21217dd0d53e290a59480175c1f0b66fced3f7b16f5
[INFO] running `Command { std: "docker" "start" "-a" "3ad4d80dcd878657f0d4f21217dd0d53e290a59480175c1f0b66fced3f7b16f5", kill_on_drop: false }`
[INFO] running `Command { std: "docker" "inspect" "3ad4d80dcd878657f0d4f21217dd0d53e290a59480175c1f0b66fced3f7b16f5", kill_on_drop: false }`
[INFO] running `Command { std: "docker" "rm" "-f" "3ad4d80dcd878657f0d4f21217dd0d53e290a59480175c1f0b66fced3f7b16f5", kill_on_drop: false }`
[INFO] [stdout] 3ad4d80dcd878657f0d4f21217dd0d53e290a59480175c1f0b66fced3f7b16f5
[INFO] running `Command { std: "docker" "create" "-v" "/var/lib/crater-agent-workspace/builds/worker-5-tc1/target:/opt/rustwide/target:rw,Z" "-v" "/var/lib/crater-agent-workspace/builds/worker-5-tc1/source:/opt/rustwide/workdir:ro,Z" "-v" "/var/lib/crater-agent-workspace/cargo-home:/opt/rustwide/cargo-home:ro,Z" "-v" "/var/lib/crater-agent-workspace/rustup-home:/opt/rustwide/rustup-home:ro,Z" "-e" "SOURCE_DIR=/opt/rustwide/workdir" "-e" "CARGO_TARGET_DIR=/opt/rustwide/target" "-e" "CARGO_INCREMENTAL=0" "-e" "RUST_BACKTRACE=full" "-e" "RUSTFLAGS=--cap-lints=forbid" "-e" "RUSTDOCFLAGS=--cap-lints=forbid" "-e" "CARGO_HOME=/opt/rustwide/cargo-home" "-e" "RUSTUP_HOME=/opt/rustwide/rustup-home" "-w" "/opt/rustwide/workdir" "-m" "1610612736" "--user" "0:0" "--network" "none" "ghcr.io/rust-lang/crates-build-env/linux@sha256:819108c5571ea2e421544af4d832f968d213c87fbe3707a016657f43d2f853bc" "/opt/rustwide/cargo-home/bin/cargo" "+nightly-2025-01-18" "build" "--frozen" "--message-format=json", kill_on_drop: false }`
[INFO] [stdout] cde8af0dd426501dfbee59e8bc1b2d176213440605fee26894eb72478ac1cda7
[INFO] running `Command { std: "docker" "start" "-a" "cde8af0dd426501dfbee59e8bc1b2d176213440605fee26894eb72478ac1cda7", kill_on_drop: false }`
[INFO] [stderr]    Compiling libc v0.2.153
[INFO] [stderr]    Compiling bitflags v2.4.2
[INFO] [stderr]    Compiling cfg-if v1.0.0
[INFO] [stderr]    Compiling nix v0.27.1
[INFO] [stderr]    Compiling rusty_container v0.1.0 (/opt/rustwide/workdir)
[INFO] [stdout] warning: unused import: `File`
[INFO] [stdout]  --> src/cgroup.rs:1:21
[INFO] [stdout]   |
[INFO] [stdout] 1 | use std::fs::{self, File};
[INFO] [stdout]   |                     ^^^^
[INFO] [stdout]   |
[INFO] [stdout]   = note: `#[warn(unused_imports)]` on by default
[INFO] [stdout] 
[INFO] [stdout] 
[INFO] [stdout] warning: unused import: `Write`
[INFO] [stdout]  --> src/cgroup.rs:2:21
[INFO] [stdout]   |
[INFO] [stdout] 2 | use std::io::{self, Write};
[INFO] [stdout]   |                     ^^^^^
[INFO] [stdout] 
[INFO] [stdout] 
[INFO] [stdout] warning: struct `Cgroup` is never constructed
[INFO] [stdout]   --> src/cgroup.rs:24:12
[INFO] [stdout]    |
[INFO] [stdout] 24 | pub struct Cgroup {
[INFO] [stdout]    |            ^^^^^^
[INFO] [stdout]    |
[INFO] [stdout]    = note: `Cgroup` has a derived impl for the trait `Debug`, but this is intentionally ignored during dead code analysis
[INFO] [stdout]    = note: `#[warn(dead_code)]` on by default
[INFO] [stdout] 
[INFO] [stdout] 
[INFO] [stdout] warning: type alias `Result` is never used
[INFO] [stdout]   --> src/cgroup.rs:33:10
[INFO] [stdout]    |
[INFO] [stdout] 33 | pub type Result<T> = std::result::Result<T, CgroupError>;
[INFO] [stdout]    |          ^^^^^^
[INFO] [stdout] 
[INFO] [stdout] 
[INFO] [stdout] warning: multiple associated items are never used
[INFO] [stdout]    --> src/cgroup.rs:61:12
[INFO] [stdout]     |
[INFO] [stdout] 35  | impl Cgroup {
[INFO] [stdout]     | ----------- associated items in this implementation
[INFO] [stdout] ...
[INFO] [stdout] 61  |     pub fn build(
[INFO] [stdout]     |            ^^^^^
[INFO] [stdout] ...
[INFO] [stdout] 120 |     pub fn build_default(name: &str) -> Result<Self> {
[INFO] [stdout]     |            ^^^^^^^^^^^^^
[INFO] [stdout] ...
[INFO] [stdout] 125 |     pub fn create(&self) -> io::Result<()> {
[INFO] [stdout]     |            ^^^^^^
[INFO] [stdout] ...
[INFO] [stdout] 131 |     pub fn delete(&self) -> io::Result<()> {
[INFO] [stdout]     |            ^^^^^^
[INFO] [stdout] ...
[INFO] [stdout] 137 |     pub fn set_cpu_max(&self, quota: i64, period: u64) -> io::Result<()> {
[INFO] [stdout]     |            ^^^^^^^^^^^
[INFO] [stdout] ...
[INFO] [stdout] 144 |     pub fn set_cpu_weight(&self, weight: u64) -> io::Result<()> {
[INFO] [stdout]     |            ^^^^^^^^^^^^^^
[INFO] [stdout] ...
[INFO] [stdout] 150 |     pub fn set_memory_max(&self, memory_max: u64) -> io::Result<()> {
[INFO] [stdout]     |            ^^^^^^^^^^^^^^
[INFO] [stdout] ...
[INFO] [stdout] 156 |     pub fn set_memory_swap_max(&self, memory_swap_max: u64) -> io::Result<()> {
[INFO] [stdout]     |            ^^^^^^^^^^^^^^^^^^^
[INFO] [stdout] 
[INFO] [stdout] 
[INFO] [stdout] warning: fields `quota` and `period` are never read
[INFO] [stdout]  --> src/cgroup/cpu_max.rs:3:5
[INFO] [stdout]   |
[INFO] [stdout] 2 | pub struct CPUMax {
[INFO] [stdout]   |            ------ fields in this struct
[INFO] [stdout] 3 |     quota: i64,
[INFO] [stdout]   |     ^^^^^
[INFO] [stdout] 4 |     period: u64,
[INFO] [stdout]   |     ^^^^^^
[INFO] [stdout]   |
[INFO] [stdout]   = note: `CPUMax` has a derived impl for the trait `Debug`, but this is intentionally ignored during dead code analysis
[INFO] [stdout] 
[INFO] [stdout] 
[INFO] [stdout] warning: associated items `new`, `quota`, and `period` are never used
[INFO] [stdout]   --> src/cgroup/cpu_max.rs:8:12
[INFO] [stdout]    |
[INFO] [stdout] 7  | impl CPUMax {
[INFO] [stdout]    | ----------- associated items in this implementation
[INFO] [stdout] 8  |     pub fn new(quota: i64, period: u64) -> Self {
[INFO] [stdout]    |            ^^^
[INFO] [stdout] ...
[INFO] [stdout] 12 |     pub fn quota(&self) -> i64 {
[INFO] [stdout]    |            ^^^^^
[INFO] [stdout] ...
[INFO] [stdout] 16 |     pub fn period(&self) -> u64 {
[INFO] [stdout]    |            ^^^^^^
[INFO] [stdout] 
[INFO] [stdout] 
[INFO] [stdout] warning: variant `OutOfRange` is never constructed
[INFO] [stdout]  --> src/cgroup/cpu_weight.rs:6:5
[INFO] [stdout]   |
[INFO] [stdout] 5 | pub enum CPUWeightError {
[INFO] [stdout]   |          -------------- variant in this enum
[INFO] [stdout] 6 |     OutOfRange,
[INFO] [stdout]   |     ^^^^^^^^^^
[INFO] [stdout]   |
[INFO] [stdout]   = note: `CPUWeightError` has a derived impl for the trait `Debug`, but this is intentionally ignored during dead code analysis
[INFO] [stdout] 
[INFO] [stdout] 
[INFO] [stdout] warning: field `0` is never read
[INFO] [stdout]   --> src/cgroup/cpu_weight.rs:20:22
[INFO] [stdout]    |
[INFO] [stdout] 20 | pub struct CPUWeight(u64);
[INFO] [stdout]    |            --------- ^^^
[INFO] [stdout]    |            |
[INFO] [stdout]    |            field in this struct
[INFO] [stdout]    |
[INFO] [stdout]    = help: consider removing this field
[INFO] [stdout]    = note: `CPUWeight` has a derived impl for the trait `Debug`, but this is intentionally ignored during dead code analysis
[INFO] [stdout] 
[INFO] [stdout] 
[INFO] [stdout] warning: type alias `Result` is never used
[INFO] [stdout]   --> src/cgroup/cpu_weight.rs:22:10
[INFO] [stdout]    |
[INFO] [stdout] 22 | pub type Result<T> = std::result::Result<T, CPUWeightError>;
[INFO] [stdout]    |          ^^^^^^
[INFO] [stdout] 
[INFO] [stdout] 
[INFO] [stdout] warning: associated items `build` and `value` are never used
[INFO] [stdout]   --> src/cgroup/cpu_weight.rs:32:12
[INFO] [stdout]    |
[INFO] [stdout] 31 | impl CPUWeight {
[INFO] [stdout]    | -------------- associated items in this implementation
[INFO] [stdout] 32 |     pub fn build(weight: u64) -> Result<Self> {
[INFO] [stdout]    |            ^^^^^
[INFO] [stdout] ...
[INFO] [stdout] 40 |     pub fn value(&self) -> u64 {
[INFO] [stdout]    |            ^^^^^
[INFO] [stdout] 
[INFO] [stdout] 
[INFO] [stdout] warning: field `0` is never read
[INFO] [stdout]  --> src/cgroup/memory_max.rs:2:22
[INFO] [stdout]   |
[INFO] [stdout] 2 | pub struct MemoryMax(Option<u64>);
[INFO] [stdout]   |            --------- ^^^^^^^^^^^
[INFO] [stdout]   |            |
[INFO] [stdout]   |            field in this struct
[INFO] [stdout]   |
[INFO] [stdout]   = help: consider removing this field
[INFO] [stdout]   = note: `MemoryMax` has a derived impl for the trait `Debug`, but this is intentionally ignored during dead code analysis
[INFO] [stdout] 
[INFO] [stdout] 
[INFO] [stdout] warning: associated items `new` and `value` are never used
[INFO] [stdout]  --> src/cgroup/memory_max.rs:5:12
[INFO] [stdout]   |
[INFO] [stdout] 4 | impl MemoryMax {
[INFO] [stdout]   | -------------- associated items in this implementation
[INFO] [stdout] 5 |     pub fn new(max: Option<u64>) -> Self {
[INFO] [stdout]   |            ^^^
[INFO] [stdout] ...
[INFO] [stdout] 9 |     pub fn value(&self) -> Option<u64> {
[INFO] [stdout]   |            ^^^^^
[INFO] [stdout] 
[INFO] [stdout] 
[INFO] [stdout] warning: field `0` is never read
[INFO] [stdout]  --> src/cgroup/memory_swap_max.rs:2:26
[INFO] [stdout]   |
[INFO] [stdout] 2 | pub struct MemorySwapMax(Option<u64>);
[INFO] [stdout]   |            ------------- ^^^^^^^^^^^
[INFO] [stdout]   |            |
[INFO] [stdout]   |            field in this struct
[INFO] [stdout]   |
[INFO] [stdout]   = help: consider removing this field
[INFO] [stdout]   = note: `MemorySwapMax` has a derived impl for the trait `Debug`, but this is intentionally ignored during dead code analysis
[INFO] [stdout] 
[INFO] [stdout] 
[INFO] [stdout] warning: associated items `new` and `value` are never used
[INFO] [stdout]  --> src/cgroup/memory_swap_max.rs:5:12
[INFO] [stdout]   |
[INFO] [stdout] 4 | impl MemorySwapMax {
[INFO] [stdout]   | ------------------ associated items in this implementation
[INFO] [stdout] 5 |     pub fn new(max: Option<u64>) -> Self {
[INFO] [stdout]   |            ^^^
[INFO] [stdout] ...
[INFO] [stdout] 9 |     pub fn value(&self) -> Option<u64> {
[INFO] [stdout]   |            ^^^^^
[INFO] [stdout] 
[INFO] [stdout] 
[INFO] [stdout] warning: variants `InvalidFormat`, `InvalidDevice`, and `InvalidLimit` are never constructed
[INFO] [stdout]   --> src/cgroup/io_max.rs:8:5
[INFO] [stdout]    |
[INFO] [stdout] 7  | pub enum IOMaxError {
[INFO] [stdout]    |          ---------- variants in this enum
[INFO] [stdout] 8  |     InvalidFormat,
[INFO] [stdout]    |     ^^^^^^^^^^^^^
[INFO] [stdout] 9  |     InvalidDevice,
[INFO] [stdout]    |     ^^^^^^^^^^^^^
[INFO] [stdout] 10 |     InvalidLimit,
[INFO] [stdout]    |     ^^^^^^^^^^^^
[INFO] [stdout]    |
[INFO] [stdout]    = note: `IOMaxError` has a derived impl for the trait `Debug`, but this is intentionally ignored during dead code analysis
[INFO] [stdout] 
[INFO] [stdout] 
[INFO] [stdout] warning: fields `device_read_bps`, `device_write_bps`, `device_read_iops`, and `device_write_iops` are never read
[INFO] [stdout]   --> src/cgroup/io_max.rs:29:9
[INFO] [stdout]    |
[INFO] [stdout] 28 | pub struct IOMax {
[INFO] [stdout]    |            ----- fields in this struct
[INFO] [stdout] 29 |     pub device_read_bps: Option<String>,
[INFO] [stdout]    |         ^^^^^^^^^^^^^^^
[INFO] [stdout] 30 |     pub device_write_bps: Option<String>,
[INFO] [stdout]    |         ^^^^^^^^^^^^^^^^
[INFO] [stdout] 31 |     pub device_read_iops: Option<String>,
[INFO] [stdout]    |         ^^^^^^^^^^^^^^^^
[INFO] [stdout] 32 |     pub device_write_iops: Option<String>,
[INFO] [stdout]    |         ^^^^^^^^^^^^^^^^^
[INFO] [stdout]    |
[INFO] [stdout]    = note: `IOMax` has a derived impl for the trait `Debug`, but this is intentionally ignored during dead code analysis
[INFO] [stdout] 
[INFO] [stdout] 
[INFO] [stdout] warning: type alias `Result` is never used
[INFO] [stdout]   --> src/cgroup/io_max.rs:35:10
[INFO] [stdout]    |
[INFO] [stdout] 35 | pub type Result<T> = std::result::Result<T, IOMaxError>;
[INFO] [stdout]    |          ^^^^^^
[INFO] [stdout] 
[INFO] [stdout] 
[INFO] [stdout] warning: multiple associated items are never used
[INFO] [stdout]    --> src/cgroup/io_max.rs:38:12
[INFO] [stdout]     |
[INFO] [stdout] 37  | impl IOMax {
[INFO] [stdout]     | ---------- associated items in this implementation
[INFO] [stdout] 38  |     pub fn build(
[INFO] [stdout]     |            ^^^^^
[INFO] [stdout] ...
[INFO] [stdout] 70  |     fn device_path_to_major_minor(device_path: &str) -> Result<String> {
[INFO] [stdout]     |        ^^^^^^^^^^^^^^^^^^^^^^^^^^
[INFO] [stdout] ...
[INFO] [stdout] 86  |     fn validate_and_transform(s: &str) -> Result<String> {
[INFO] [stdout]     |        ^^^^^^^^^^^^^^^^^^^^^^
[INFO] [stdout] ...
[INFO] [stdout] 99  |     pub fn device_read_bps(&self) -> Option<&String> {
[INFO] [stdout]     |            ^^^^^^^^^^^^^^^
[INFO] [stdout] ...
[INFO] [stdout] 103 |     pub fn device_write_bps(&self) -> Option<&String> {
[INFO] [stdout]     |            ^^^^^^^^^^^^^^^^
[INFO] [stdout] ...
[INFO] [stdout] 107 |     pub fn device_read_iops(&self) -> Option<&String> {
[INFO] [stdout]     |            ^^^^^^^^^^^^^^^^
[INFO] [stdout] ...
[INFO] [stdout] 111 |     pub fn device_write_iops(&self) -> Option<&String> {
[INFO] [stdout]     |            ^^^^^^^^^^^^^^^^^
[INFO] [stdout] 
[INFO] [stdout] 
[INFO] [stderr]     Finished `dev` profile [unoptimized + debuginfo] target(s) in 4.19s
[INFO] running `Command { std: "docker" "inspect" "cde8af0dd426501dfbee59e8bc1b2d176213440605fee26894eb72478ac1cda7", kill_on_drop: false }`
[INFO] running `Command { std: "docker" "rm" "-f" "cde8af0dd426501dfbee59e8bc1b2d176213440605fee26894eb72478ac1cda7", kill_on_drop: false }`
[INFO] [stdout] cde8af0dd426501dfbee59e8bc1b2d176213440605fee26894eb72478ac1cda7
[INFO] running `Command { std: "docker" "create" "-v" "/var/lib/crater-agent-workspace/builds/worker-5-tc1/target:/opt/rustwide/target:rw,Z" "-v" "/var/lib/crater-agent-workspace/builds/worker-5-tc1/source:/opt/rustwide/workdir:ro,Z" "-v" "/var/lib/crater-agent-workspace/cargo-home:/opt/rustwide/cargo-home:ro,Z" "-v" "/var/lib/crater-agent-workspace/rustup-home:/opt/rustwide/rustup-home:ro,Z" "-e" "SOURCE_DIR=/opt/rustwide/workdir" "-e" "CARGO_TARGET_DIR=/opt/rustwide/target" "-e" "CARGO_INCREMENTAL=0" "-e" "RUST_BACKTRACE=full" "-e" "RUSTFLAGS=--cap-lints=forbid" "-e" "RUSTDOCFLAGS=--cap-lints=forbid" "-e" "CARGO_HOME=/opt/rustwide/cargo-home" "-e" "RUSTUP_HOME=/opt/rustwide/rustup-home" "-w" "/opt/rustwide/workdir" "-m" "1610612736" "--user" "0:0" "--network" "none" "ghcr.io/rust-lang/crates-build-env/linux@sha256:819108c5571ea2e421544af4d832f968d213c87fbe3707a016657f43d2f853bc" "/opt/rustwide/cargo-home/bin/cargo" "+nightly-2025-01-18" "test" "--frozen" "--no-run" "--message-format=json", kill_on_drop: false }`
[INFO] [stdout] 9d69c4468614f5846d7f9abd61fbbc6eeed99baa45a12c0c33527cbbc21f1f6b
[INFO] running `Command { std: "docker" "start" "-a" "9d69c4468614f5846d7f9abd61fbbc6eeed99baa45a12c0c33527cbbc21f1f6b", kill_on_drop: false }`
[INFO] [stderr]    Compiling rusty_container v0.1.0 (/opt/rustwide/workdir)
[INFO] [stdout] warning: unused import: `File`
[INFO] [stdout]  --> src/cgroup.rs:1:21
[INFO] [stdout]   |
[INFO] [stdout] 1 | use std::fs::{self, File};
[INFO] [stdout]   |                     ^^^^
[INFO] [stdout]   |
[INFO] [stdout]   = note: `#[warn(unused_imports)]` on by default
[INFO] [stdout] 
[INFO] [stdout] 
[INFO] [stdout] warning: unused import: `Write`
[INFO] [stdout]  --> src/cgroup.rs:2:21
[INFO] [stdout]   |
[INFO] [stdout] 2 | use std::io::{self, Write};
[INFO] [stdout]   |                     ^^^^^
[INFO] [stdout] 
[INFO] [stdout] 
[INFO] [stdout] warning: unused import: `num::NonZeroI128`
[INFO] [stdout]    --> src/cgroup.rs:168:19
[INFO] [stdout]     |
[INFO] [stdout] 168 |     use std::{fs, num::NonZeroI128};
[INFO] [stdout]     |                   ^^^^^^^^^^^^^^^^
[INFO] [stdout] 
[INFO] [stdout] 
[INFO] [stdout] warning: fields `cpu_max`, `cpu_weight`, `memory_max`, `memory_swap_max`, and `io_max` are never read
[INFO] [stdout]   --> src/cgroup.rs:26:5
[INFO] [stdout]    |
[INFO] [stdout] 24 | pub struct Cgroup {
[INFO] [stdout]    |            ------ fields in this struct
[INFO] [stdout] 25 |     path: PathBuf,
[INFO] [stdout] 26 |     cpu_max: CPUMax,
[INFO] [stdout]    |     ^^^^^^^
[INFO] [stdout] 27 |     cpu_weight: CPUWeight,
[INFO] [stdout]    |     ^^^^^^^^^^
[INFO] [stdout] 28 |     memory_max: MemoryMax,
[INFO] [stdout]    |     ^^^^^^^^^^
[INFO] [stdout] 29 |     memory_swap_max: MemorySwapMax,
[INFO] [stdout]    |     ^^^^^^^^^^^^^^^
[INFO] [stdout] 30 |     io_max: IOMax,
[INFO] [stdout]    |     ^^^^^^
[INFO] [stdout]    |
[INFO] [stdout]    = note: `Cgroup` has a derived impl for the trait `Debug`, but this is intentionally ignored during dead code analysis
[INFO] [stdout]    = note: `#[warn(dead_code)]` on by default
[INFO] [stdout] 
[INFO] [stdout] 
[INFO] [stdout] warning: methods `set_cpu_max`, `set_cpu_weight`, `set_memory_max`, and `set_memory_swap_max` are never used
[INFO] [stdout]    --> src/cgroup.rs:137:12
[INFO] [stdout]     |
[INFO] [stdout] 35  | impl Cgroup {
[INFO] [stdout]     | ----------- methods in this implementation
[INFO] [stdout] ...
[INFO] [stdout] 137 |     pub fn set_cpu_max(&self, quota: i64, period: u64) -> io::Result<()> {
[INFO] [stdout]     |            ^^^^^^^^^^^
[INFO] [stdout] ...
[INFO] [stdout] 144 |     pub fn set_cpu_weight(&self, weight: u64) -> io::Result<()> {
[INFO] [stdout]     |            ^^^^^^^^^^^^^^
[INFO] [stdout] ...
[INFO] [stdout] 150 |     pub fn set_memory_max(&self, memory_max: u64) -> io::Result<()> {
[INFO] [stdout]     |            ^^^^^^^^^^^^^^
[INFO] [stdout] ...
[INFO] [stdout] 156 |     pub fn set_memory_swap_max(&self, memory_swap_max: u64) -> io::Result<()> {
[INFO] [stdout]     |            ^^^^^^^^^^^^^^^^^^^
[INFO] [stdout] 
[INFO] [stdout] 
[INFO] [stdout] warning: fields `quota` and `period` are never read
[INFO] [stdout]  --> src/cgroup/cpu_max.rs:3:5
[INFO] [stdout]   |
[INFO] [stdout] 2 | pub struct CPUMax {
[INFO] [stdout]   |            ------ fields in this struct
[INFO] [stdout] 3 |     quota: i64,
[INFO] [stdout]   |     ^^^^^
[INFO] [stdout] 4 |     period: u64,
[INFO] [stdout]   |     ^^^^^^
[INFO] [stdout]   |
[INFO] [stdout]   = note: `CPUMax` has a derived impl for the trait `Debug`, but this is intentionally ignored during dead code analysis
[INFO] [stdout] 
[INFO] [stdout] 
[INFO] [stdout] warning: methods `quota` and `period` are never used
[INFO] [stdout]   --> src/cgroup/cpu_max.rs:12:12
[INFO] [stdout]    |
[INFO] [stdout] 7  | impl CPUMax {
[INFO] [stdout]    | ----------- methods in this implementation
[INFO] [stdout] ...
[INFO] [stdout] 12 |     pub fn quota(&self) -> i64 {
[INFO] [stdout]    |            ^^^^^
[INFO] [stdout] ...
[INFO] [stdout] 16 |     pub fn period(&self) -> u64 {
[INFO] [stdout]    |            ^^^^^^
[INFO] [stdout] 
[INFO] [stdout] 
[INFO] [stdout] warning: field `0` is never read
[INFO] [stdout]  --> src/cgroup/memory_max.rs:2:22
[INFO] [stdout]   |
[INFO] [stdout] 2 | pub struct MemoryMax(Option<u64>);
[INFO] [stdout]   |            --------- ^^^^^^^^^^^
[INFO] [stdout]   |            |
[INFO] [stdout]   |            field in this struct
[INFO] [stdout]   |
[INFO] [stdout]   = help: consider removing this field
[INFO] [stdout]   = note: `MemoryMax` has a derived impl for the trait `Debug`, but this is intentionally ignored during dead code analysis
[INFO] [stdout] 
[INFO] [stdout] 
[INFO] [stdout] warning: method `value` is never used
[INFO] [stdout]  --> src/cgroup/memory_max.rs:9:12
[INFO] [stdout]   |
[INFO] [stdout] 4 | impl MemoryMax {
[INFO] [stdout]   | -------------- method in this implementation
[INFO] [stdout] ...
[INFO] [stdout] 9 |     pub fn value(&self) -> Option<u64> {
[INFO] [stdout]   |            ^^^^^
[INFO] [stdout] 
[INFO] [stdout] 
[INFO] [stdout] warning: field `0` is never read
[INFO] [stdout]  --> src/cgroup/memory_swap_max.rs:2:26
[INFO] [stdout]   |
[INFO] [stdout] 2 | pub struct MemorySwapMax(Option<u64>);
[INFO] [stdout]   |            ------------- ^^^^^^^^^^^
[INFO] [stdout]   |            |
[INFO] [stdout]   |            field in this struct
[INFO] [stdout]   |
[INFO] [stdout]   = help: consider removing this field
[INFO] [stdout]   = note: `MemorySwapMax` has a derived impl for the trait `Debug`, but this is intentionally ignored during dead code analysis
[INFO] [stdout] 
[INFO] [stdout] 
[INFO] [stdout] warning: method `value` is never used
[INFO] [stdout]  --> src/cgroup/memory_swap_max.rs:9:12
[INFO] [stdout]   |
[INFO] [stdout] 4 | impl MemorySwapMax {
[INFO] [stdout]   | ------------------ method in this implementation
[INFO] [stdout] ...
[INFO] [stdout] 9 |     pub fn value(&self) -> Option<u64> {
[INFO] [stdout]   |            ^^^^^
[INFO] [stdout] 
[INFO] [stdout] 
[INFO] [stdout] warning: fields `device_read_bps`, `device_write_bps`, `device_read_iops`, and `device_write_iops` are never read
[INFO] [stdout]   --> src/cgroup/io_max.rs:29:9
[INFO] [stdout]    |
[INFO] [stdout] 28 | pub struct IOMax {
[INFO] [stdout]    |            ----- fields in this struct
[INFO] [stdout] 29 |     pub device_read_bps: Option<String>,
[INFO] [stdout]    |         ^^^^^^^^^^^^^^^
[INFO] [stdout] 30 |     pub device_write_bps: Option<String>,
[INFO] [stdout]    |         ^^^^^^^^^^^^^^^^
[INFO] [stdout] 31 |     pub device_read_iops: Option<String>,
[INFO] [stdout]    |         ^^^^^^^^^^^^^^^^
[INFO] [stdout] 32 |     pub device_write_iops: Option<String>,
[INFO] [stdout]    |         ^^^^^^^^^^^^^^^^^
[INFO] [stdout]    |
[INFO] [stdout]    = note: `IOMax` has a derived impl for the trait `Debug`, but this is intentionally ignored during dead code analysis
[INFO] [stdout] 
[INFO] [stdout] 
[INFO] [stdout] warning: methods `device_read_bps`, `device_write_bps`, `device_read_iops`, and `device_write_iops` are never used
[INFO] [stdout]    --> src/cgroup/io_max.rs:99:12
[INFO] [stdout]     |
[INFO] [stdout] 37  | impl IOMax {
[INFO] [stdout]     | ---------- methods in this implementation
[INFO] [stdout] ...
[INFO] [stdout] 99  |     pub fn device_read_bps(&self) -> Option<&String> {
[INFO] [stdout]     |            ^^^^^^^^^^^^^^^
[INFO] [stdout] ...
[INFO] [stdout] 103 |     pub fn device_write_bps(&self) -> Option<&String> {
[INFO] [stdout]     |            ^^^^^^^^^^^^^^^^
[INFO] [stdout] ...
[INFO] [stdout] 107 |     pub fn device_read_iops(&self) -> Option<&String> {
[INFO] [stdout]     |            ^^^^^^^^^^^^^^^^
[INFO] [stdout] ...
[INFO] [stdout] 111 |     pub fn device_write_iops(&self) -> Option<&String> {
[INFO] [stdout]     |            ^^^^^^^^^^^^^^^^^
[INFO] [stdout] 
[INFO] [stdout] 
[INFO] [stderr]     Finished `test` profile [unoptimized + debuginfo] target(s) in 0.58s
[INFO] running `Command { std: "docker" "inspect" "9d69c4468614f5846d7f9abd61fbbc6eeed99baa45a12c0c33527cbbc21f1f6b", kill_on_drop: false }`
[INFO] running `Command { std: "docker" "rm" "-f" "9d69c4468614f5846d7f9abd61fbbc6eeed99baa45a12c0c33527cbbc21f1f6b", kill_on_drop: false }`
[INFO] [stdout] 9d69c4468614f5846d7f9abd61fbbc6eeed99baa45a12c0c33527cbbc21f1f6b
[INFO] running `Command { std: "docker" "create" "-v" "/var/lib/crater-agent-workspace/builds/worker-5-tc1/target:/opt/rustwide/target:rw,Z" "-v" "/var/lib/crater-agent-workspace/builds/worker-5-tc1/source:/opt/rustwide/workdir:ro,Z" "-v" "/var/lib/crater-agent-workspace/cargo-home:/opt/rustwide/cargo-home:ro,Z" "-v" "/var/lib/crater-agent-workspace/rustup-home:/opt/rustwide/rustup-home:ro,Z" "-e" "SOURCE_DIR=/opt/rustwide/workdir" "-e" "CARGO_TARGET_DIR=/opt/rustwide/target" "-e" "CARGO_INCREMENTAL=0" "-e" "RUST_BACKTRACE=full" "-e" "RUSTFLAGS=--cap-lints=forbid" "-e" "RUSTDOCFLAGS=--cap-lints=forbid" "-e" "CARGO_HOME=/opt/rustwide/cargo-home" "-e" "RUSTUP_HOME=/opt/rustwide/rustup-home" "-w" "/opt/rustwide/workdir" "-m" "1610612736" "--user" "0:0" "--network" "none" "ghcr.io/rust-lang/crates-build-env/linux@sha256:819108c5571ea2e421544af4d832f968d213c87fbe3707a016657f43d2f853bc" "/opt/rustwide/cargo-home/bin/cargo" "+nightly-2025-01-18" "test" "--frozen", kill_on_drop: false }`
[INFO] [stdout] de877b9e2e756c81e32160f1b349d51cd09afc635c200ee32880358344f08b35
[INFO] running `Command { std: "docker" "start" "-a" "de877b9e2e756c81e32160f1b349d51cd09afc635c200ee32880358344f08b35", kill_on_drop: false }`
[INFO] [stderr] warning: unused import: `File`
[INFO] [stderr]  --> src/cgroup.rs:1:21
[INFO] [stderr]   |
[INFO] [stderr] 1 | use std::fs::{self, File};
[INFO] [stderr]   |                     ^^^^
[INFO] [stderr]   |
[INFO] [stderr]   = note: `#[warn(unused_imports)]` on by default
[INFO] [stderr] 
[INFO] [stderr] warning: unused import: `Write`
[INFO] [stderr]  --> src/cgroup.rs:2:21
[INFO] [stderr]   |
[INFO] [stderr] 2 | use std::io::{self, Write};
[INFO] [stderr]   |                     ^^^^^
[INFO] [stderr] 
[INFO] [stderr] warning: unused import: `num::NonZeroI128`
[INFO] [stderr]    --> src/cgroup.rs:168:19
[INFO] [stderr]     |
[INFO] [stderr] 168 |     use std::{fs, num::NonZeroI128};
[INFO] [stderr]     |                   ^^^^^^^^^^^^^^^^
[INFO] [stderr] 
[INFO] [stderr] warning: fields `cpu_max`, `cpu_weight`, `memory_max`, `memory_swap_max`, and `io_max` are never read
[INFO] [stderr]   --> src/cgroup.rs:26:5
[INFO] [stderr]    |
[INFO] [stderr] 24 | pub struct Cgroup {
[INFO] [stderr]    |            ------ fields in this struct
[INFO] [stderr] 25 |     path: PathBuf,
[INFO] [stderr] 26 |     cpu_max: CPUMax,
[INFO] [stderr]    |     ^^^^^^^
[INFO] [stderr] 27 |     cpu_weight: CPUWeight,
[INFO] [stderr]    |     ^^^^^^^^^^
[INFO] [stderr] 28 |     memory_max: MemoryMax,
[INFO] [stderr]    |     ^^^^^^^^^^
[INFO] [stderr] 29 |     memory_swap_max: MemorySwapMax,
[INFO] [stderr]    |     ^^^^^^^^^^^^^^^
[INFO] [stderr] 30 |     io_max: IOMax,
[INFO] [stderr]    |     ^^^^^^
[INFO] [stderr]    |
[INFO] [stderr]    = note: `Cgroup` has a derived impl for the trait `Debug`, but this is intentionally ignored during dead code analysis
[INFO] [stderr]    = note: `#[warn(dead_code)]` on by default
[INFO] [stderr] 
[INFO] [stderr] warning: methods `set_cpu_max`, `set_cpu_weight`, `set_memory_max`, and `set_memory_swap_max` are never used
[INFO] [stderr]    --> src/cgroup.rs:137:12
[INFO] [stderr]     |
[INFO] [stderr] 35  | impl Cgroup {
[INFO] [stderr]     | ----------- methods in this implementation
[INFO] [stderr] ...
[INFO] [stderr] 137 |     pub fn set_cpu_max(&self, quota: i64, period: u64) -> io::Result<()> {
[INFO] [stderr]     |            ^^^^^^^^^^^
[INFO] [stderr] ...
[INFO] [stderr] 144 |     pub fn set_cpu_weight(&self, weight: u64) -> io::Result<()> {
[INFO] [stderr]     |            ^^^^^^^^^^^^^^
[INFO] [stderr] ...
[INFO] [stderr] 150 |     pub fn set_memory_max(&self, memory_max: u64) -> io::Result<()> {
[INFO] [stderr]     |            ^^^^^^^^^^^^^^
[INFO] [stderr] ...
[INFO] [stderr] 156 |     pub fn set_memory_swap_max(&self, memory_swap_max: u64) -> io::Result<()> {
[INFO] [stderr]     |            ^^^^^^^^^^^^^^^^^^^
[INFO] [stderr] 
[INFO] [stderr] warning: fields `quota` and `period` are never read
[INFO] [stderr]  --> src/cgroup/cpu_max.rs:3:5
[INFO] [stderr]   |
[INFO] [stderr] 2 | pub struct CPUMax {
[INFO] [stderr]   |            ------ fields in this struct
[INFO] [stderr] 3 |     quota: i64,
[INFO] [stderr]   |     ^^^^^
[INFO] [stderr] 4 |     period: u64,
[INFO] [stderr]   |     ^^^^^^
[INFO] [stderr]   |
[INFO] [stderr]   = note: `CPUMax` has a derived impl for the trait `Debug`, but this is intentionally ignored during dead code analysis
[INFO] [stderr] 
[INFO] [stderr] warning: methods `quota` and `period` are never used
[INFO] [stderr]   --> src/cgroup/cpu_max.rs:12:12
[INFO] [stderr]    |
[INFO] [stderr] 7  | impl CPUMax {
[INFO] [stderr]    | ----------- methods in this implementation
[INFO] [stderr] ...
[INFO] [stderr] 12 |     pub fn quota(&self) -> i64 {
[INFO] [stderr]    |            ^^^^^
[INFO] [stderr] ...
[INFO] [stderr] 16 |     pub fn period(&self) -> u64 {
[INFO] [stderr]    |            ^^^^^^
[INFO] [stderr] 
[INFO] [stderr] warning: field `0` is never read
[INFO] [stderr]  --> src/cgroup/memory_max.rs:2:22
[INFO] [stderr]   |
[INFO] [stderr] 2 | pub struct MemoryMax(Option<u64>);
[INFO] [stderr]   |            --------- ^^^^^^^^^^^
[INFO] [stderr]   |            |
[INFO] [stderr]   |            field in this struct
[INFO] [stderr]   |
[INFO] [stderr]   = help: consider removing this field
[INFO] [stderr]   = note: `MemoryMax` has a derived impl for the trait `Debug`, but this is intentionally ignored during dead code analysis
[INFO] [stderr] 
[INFO] [stderr] warning: method `value` is never used
[INFO] [stderr]  --> src/cgroup/memory_max.rs:9:12
[INFO] [stderr]   |
[INFO] [stderr] 4 | impl MemoryMax {
[INFO] [stderr]   | -------------- method in this implementation
[INFO] [stderr] ...
[INFO] [stderr] 9 |     pub fn value(&self) -> Option<u64> {
[INFO] [stderr]   |            ^^^^^
[INFO] [stderr] 
[INFO] [stderr] warning: field `0` is never read
[INFO] [stderr]  --> src/cgroup/memory_swap_max.rs:2:26
[INFO] [stderr]   |
[INFO] [stderr] 2 | pub struct MemorySwapMax(Option<u64>);
[INFO] [stderr]   |            ------------- ^^^^^^^^^^^
[INFO] [stderr]   |            |
[INFO] [stderr]   |            field in this struct
[INFO] [stderr]   |
[INFO] [stderr]   = help: consider removing this field
[INFO] [stderr]   = note: `MemorySwapMax` has a derived impl for the trait `Debug`, but this is intentionally ignored during dead code analysis
[INFO] [stderr] 
[INFO] [stderr] warning: method `value` is never used
[INFO] [stderr]  --> src/cgroup/memory_swap_max.rs:9:12
[INFO] [stderr]   |
[INFO] [stderr] 4 | impl MemorySwapMax {
[INFO] [stderr]   | ------------------ method in this implementation
[INFO] [stderr] ...
[INFO] [stderr] 9 |     pub fn value(&self) -> Option<u64> {
[INFO] [stderr]   |            ^^^^^
[INFO] [stderr] 
[INFO] [stderr] warning: fields `device_read_bps`, `device_write_bps`, `device_read_iops`, and `device_write_iops` are never read
[INFO] [stderr]   --> src/cgroup/io_max.rs:29:9
[INFO] [stderr]    |
[INFO] [stderr] 28 | pub struct IOMax {
[INFO] [stderr]    |            ----- fields in this struct
[INFO] [stderr] 29 |     pub device_read_bps: Option<String>,
[INFO] [stderr]    |         ^^^^^^^^^^^^^^^
[INFO] [stderr] 30 |     pub device_write_bps: Option<String>,
[INFO] [stderr]    |         ^^^^^^^^^^^^^^^^
[INFO] [stderr] 31 |     pub device_read_iops: Option<String>,
[INFO] [stderr]    |         ^^^^^^^^^^^^^^^^
[INFO] [stderr] 32 |     pub device_write_iops: Option<String>,
[INFO] [stderr]    |         ^^^^^^^^^^^^^^^^^
[INFO] [stderr]    |
[INFO] [stderr]    = note: `IOMax` has a derived impl for the trait `Debug`, but this is intentionally ignored during dead code analysis
[INFO] [stderr] 
[INFO] [stderr] warning: methods `device_read_bps`, `device_write_bps`, `device_read_iops`, and `device_write_iops` are never used
[INFO] [stderr]    --> src/cgroup/io_max.rs:99:12
[INFO] [stderr]     |
[INFO] [stderr] 37  | impl IOMax {
[INFO] [stderr]     | ---------- methods in this implementation
[INFO] [stderr] ...
[INFO] [stderr] 99  |     pub fn device_read_bps(&self) -> Option<&String> {
[INFO] [stderr]     |            ^^^^^^^^^^^^^^^
[INFO] [stderr] ...
[INFO] [stderr] 103 |     pub fn device_write_bps(&self) -> Option<&String> {
[INFO] [stderr]     |            ^^^^^^^^^^^^^^^^
[INFO] [stderr] ...
[INFO] [stderr] 107 |     pub fn device_read_iops(&self) -> Option<&String> {
[INFO] [stderr]     |            ^^^^^^^^^^^^^^^^
[INFO] [stderr] ...
[INFO] [stderr] 111 |     pub fn device_write_iops(&self) -> Option<&String> {
[INFO] [stderr]     |            ^^^^^^^^^^^^^^^^^
[INFO] [stderr] 
[INFO] [stderr] warning: `rusty_container` (bin "rusty_container" test) generated 13 warnings (run `cargo fix --bin "rusty_container" --tests` to apply 3 suggestions)
[INFO] [stderr]     Finished `test` profile [unoptimized + debuginfo] target(s) in 0.02s
[INFO] [stderr]      Running unittests src/main.rs (/opt/rustwide/target/debug/deps/rusty_container-88aef87a05964a2e)
[INFO] [stdout] 
[INFO] [stdout] running 8 tests
[INFO] [stdout] test cgroup::cpu_weight::tests::cpu_weight_build ... ok
[INFO] [stdout] test cgroup::io_max::tests::invalid_format_empty_value ... ok
[INFO] [stdout] test cgroup::io_max::tests::invalid_device ... ok
[INFO] [stdout] test cgroup::io_max::tests::invalid_format_no_colon ... ok
[INFO] [stdout] test cgroup::io_max::tests::invalid_limit_non_numeric ... ok
[INFO] [stdout] test cgroup::io_max::tests::negative_limit ... ok
[INFO] [stdout] test cgroup::tests::create_and_delete ... FAILED
[INFO] [stdout] test cgroup::io_max::tests::valid_input ... FAILED
[INFO] [stderr] error: test failed, to rerun pass `--bin rusty_container`
[INFO] [stdout] 
[INFO] [stdout] failures:
[INFO] [stdout] 
[INFO] [stdout] ---- cgroup::tests::create_and_delete stdout ----
[INFO] [stdout] 
[INFO] [stdout] thread 'cgroup::tests::create_and_delete' panicked at src/cgroup.rs:175:9:
[INFO] [stdout] Cgroup should be created successfully
[INFO] [stdout] stack backtrace:
[INFO] [stdout]    0:     0x5911925e260a - std::backtrace_rs::backtrace::libunwind::trace::hb059275cfc8d6126
[INFO] [stdout]                                at /rustc/6067b36314ab5eb2eb47cecc464545ba58e1ad24/library/std/src/../../backtrace/src/backtrace/libunwind.rs:116:5
[INFO] [stdout]    1:     0x5911925e260a - std::backtrace_rs::backtrace::trace_unsynchronized::h2da071e4327ce3ee
[INFO] [stdout]                                at /rustc/6067b36314ab5eb2eb47cecc464545ba58e1ad24/library/std/src/../../backtrace/src/backtrace/mod.rs:66:5
[INFO] [stdout]    2:     0x5911925e260a - std::sys::backtrace::_print_fmt::h842a1474e6f8d23f
[INFO] [stdout]                                at /rustc/6067b36314ab5eb2eb47cecc464545ba58e1ad24/library/std/src/sys/backtrace.rs:66:9
[INFO] [stdout]    3:     0x5911925e260a - <std::sys::backtrace::BacktraceLock::print::DisplayBacktrace as core::fmt::Display>::fmt::h71a62eb3b9696b12
[INFO] [stdout]                                at /rustc/6067b36314ab5eb2eb47cecc464545ba58e1ad24/library/std/src/sys/backtrace.rs:39:26
[INFO] [stdout]    4:     0x59119260a643 - core::fmt::rt::Argument::fmt::hdb6b616786b41dc1
[INFO] [stdout]                                at /rustc/6067b36314ab5eb2eb47cecc464545ba58e1ad24/library/core/src/fmt/rt.rs:177:76
[INFO] [stdout]    5:     0x59119260a643 - core::fmt::write::h2cc1698af7e2d686
[INFO] [stdout]                                at /rustc/6067b36314ab5eb2eb47cecc464545ba58e1ad24/library/core/src/fmt/mod.rs:1440:21
[INFO] [stdout]    6:     0x5911925def13 - std::io::Write::write_fmt::hab1b4cd059a79022
[INFO] [stdout]                                at /rustc/6067b36314ab5eb2eb47cecc464545ba58e1ad24/library/std/src/io/mod.rs:1887:15
[INFO] [stdout]    7:     0x5911925e2452 - std::sys::backtrace::BacktraceLock::print::h147fe35b4ea13b08
[INFO] [stdout]                                at /rustc/6067b36314ab5eb2eb47cecc464545ba58e1ad24/library/std/src/sys/backtrace.rs:42:9
[INFO] [stdout]    8:     0x5911925e3a2f - std::panicking::default_hook::{{closure}}::hbd44223dbdc0d208
[INFO] [stdout]                                at /rustc/6067b36314ab5eb2eb47cecc464545ba58e1ad24/library/std/src/panicking.rs:298:22
[INFO] [stdout]    9:     0x5911925e3848 - std::panicking::default_hook::h20f81eb0576efcec
[INFO] [stdout]                                at /rustc/6067b36314ab5eb2eb47cecc464545ba58e1ad24/library/std/src/panicking.rs:322:9
[INFO] [stdout]   10:     0x5911925a8653 - <alloc::boxed::Box<F,A> as core::ops::function::Fn<Args>>::call::hdb53814c496a4d34
[INFO] [stdout]                                at /rustc/6067b36314ab5eb2eb47cecc464545ba58e1ad24/library/alloc/src/boxed.rs:2027:9
[INFO] [stdout]   11:     0x5911925a8653 - test::test_main::{{closure}}::hc0a4963c59427c24
[INFO] [stdout]                                at /rustc/6067b36314ab5eb2eb47cecc464545ba58e1ad24/library/test/src/lib.rs:134:21
[INFO] [stdout]   12:     0x5911925e4523 - <alloc::boxed::Box<F,A> as core::ops::function::Fn<Args>>::call::h591b2225413a77e9
[INFO] [stdout]                                at /rustc/6067b36314ab5eb2eb47cecc464545ba58e1ad24/library/alloc/src/boxed.rs:2027:9
[INFO] [stdout]   13:     0x5911925e4523 - std::panicking::rust_panic_with_hook::h625eea43051b2edc
[INFO] [stdout]                                at /rustc/6067b36314ab5eb2eb47cecc464545ba58e1ad24/library/std/src/panicking.rs:839:13
[INFO] [stdout]   14:     0x5911925e41a6 - std::panicking::begin_panic_handler::{{closure}}::h4f9159cfbc3f6bd3
[INFO] [stdout]                                at /rustc/6067b36314ab5eb2eb47cecc464545ba58e1ad24/library/std/src/panicking.rs:697:13
[INFO] [stdout]   15:     0x5911925e2b09 - std::sys::backtrace::__rust_end_short_backtrace::h0390abce48353151
[INFO] [stdout]                                at /rustc/6067b36314ab5eb2eb47cecc464545ba58e1ad24/library/std/src/sys/backtrace.rs:168:18
[INFO] [stdout]   16:     0x5911925e3e6d - rust_begin_unwind
[INFO] [stdout]                                at /rustc/6067b36314ab5eb2eb47cecc464545ba58e1ad24/library/std/src/panicking.rs:695:5
[INFO] [stdout]   17:     0x5911926090f0 - core::panicking::panic_fmt::h9e7c637e9e5f29c9
[INFO] [stdout]                                at /rustc/6067b36314ab5eb2eb47cecc464545ba58e1ad24/library/core/src/panicking.rs:75:14
[INFO] [stdout]   18:     0x59119256e2fd - rusty_container::cgroup::tests::create_and_delete::hf0167ae0fcb6a1b5
[INFO] [stdout]                                at /opt/rustwide/workdir/src/cgroup.rs:175:9
[INFO] [stdout]   19:     0x59119256e137 - rusty_container::cgroup::tests::create_and_delete::{{closure}}::h7a00f59297725a50
[INFO] [stdout]                                at /opt/rustwide/workdir/src/cgroup.rs:171:27
[INFO] [stdout]   20:     0x591192568866 - core::ops::function::FnOnce::call_once::hc6337b5a1101c7e1
[INFO] [stdout]                                at /rustc/6067b36314ab5eb2eb47cecc464545ba58e1ad24/library/core/src/ops/function.rs:250:5
[INFO] [stdout]   21:     0x5911925addab - core::ops::function::FnOnce::call_once::he27718dfdd183f43
[INFO] [stdout]                                at /rustc/6067b36314ab5eb2eb47cecc464545ba58e1ad24/library/core/src/ops/function.rs:250:5
[INFO] [stdout]   22:     0x5911925addab - test::__rust_begin_short_backtrace::h4e84902998457a5d
[INFO] [stdout]                                at /rustc/6067b36314ab5eb2eb47cecc464545ba58e1ad24/library/test/src/lib.rs:632:18
[INFO] [stdout]   23:     0x5911925acce3 - test::run_test_in_process::{{closure}}::h7176fd18fc1feca0
[INFO] [stdout]                                at /rustc/6067b36314ab5eb2eb47cecc464545ba58e1ad24/library/test/src/lib.rs:655:60
[INFO] [stdout]   24:     0x5911925acce3 - <core::panic::unwind_safe::AssertUnwindSafe<F> as core::ops::function::FnOnce<()>>::call_once::hf79cff2a624d8cf7
[INFO] [stdout]                                at /rustc/6067b36314ab5eb2eb47cecc464545ba58e1ad24/library/core/src/panic/unwind_safe.rs:272:9
[INFO] [stdout]   25:     0x5911925acce3 - std::panicking::try::do_call::h3da0561d9ab99c25
[INFO] [stdout]                                at /rustc/6067b36314ab5eb2eb47cecc464545ba58e1ad24/library/std/src/panicking.rs:587:40
[INFO] [stdout]   26:     0x5911925acce3 - std::panicking::try::h41c9fa508bc61df6
[INFO] [stdout]                                at /rustc/6067b36314ab5eb2eb47cecc464545ba58e1ad24/library/std/src/panicking.rs:550:19
[INFO] [stdout]   27:     0x5911925acce3 - std::panic::catch_unwind::h6b3ff07bb5afad93
[INFO] [stdout]                                at /rustc/6067b36314ab5eb2eb47cecc464545ba58e1ad24/library/std/src/panic.rs:358:14
[INFO] [stdout]   28:     0x5911925acce3 - test::run_test_in_process::hc7253dd11b39b9f4
[INFO] [stdout]                                at /rustc/6067b36314ab5eb2eb47cecc464545ba58e1ad24/library/test/src/lib.rs:655:27
[INFO] [stdout]   29:     0x5911925acce3 - test::run_test::{{closure}}::hfb2007f8649c30bb
[INFO] [stdout]                                at /rustc/6067b36314ab5eb2eb47cecc464545ba58e1ad24/library/test/src/lib.rs:576:43
[INFO] [stdout]   30:     0x59119256fdc5 - test::run_test::{{closure}}::h56a17aa7a282a9f4
[INFO] [stdout]                                at /rustc/6067b36314ab5eb2eb47cecc464545ba58e1ad24/library/test/src/lib.rs:606:41
[INFO] [stdout]   31:     0x59119256fdc5 - std::sys::backtrace::__rust_begin_short_backtrace::hd2d2d2fb8e8c6aac
[INFO] [stdout]                                at /rustc/6067b36314ab5eb2eb47cecc464545ba58e1ad24/library/std/src/sys/backtrace.rs:152:18
[INFO] [stdout]   32:     0x5911925736aa - std::thread::Builder::spawn_unchecked_::{{closure}}::{{closure}}::h4faa3f9db6133423
[INFO] [stdout]                                at /rustc/6067b36314ab5eb2eb47cecc464545ba58e1ad24/library/std/src/thread/mod.rs:559:17
[INFO] [stdout]   33:     0x5911925736aa - <core::panic::unwind_safe::AssertUnwindSafe<F> as core::ops::function::FnOnce<()>>::call_once::hf2e855a36a4ea846
[INFO] [stdout]                                at /rustc/6067b36314ab5eb2eb47cecc464545ba58e1ad24/library/core/src/panic/unwind_safe.rs:272:9
[INFO] [stdout]   34:     0x5911925736aa - std::panicking::try::do_call::h2f73af3616c35465
[INFO] [stdout]                                at /rustc/6067b36314ab5eb2eb47cecc464545ba58e1ad24/library/std/src/panicking.rs:587:40
[INFO] [stdout]   35:     0x5911925736aa - std::panicking::try::hd1660ce9efadef5a
[INFO] [stdout]                                at /rustc/6067b36314ab5eb2eb47cecc464545ba58e1ad24/library/std/src/panicking.rs:550:19
[INFO] [stdout]   36:     0x5911925736aa - std::panic::catch_unwind::h5ee8d7823b8ca744
[INFO] [stdout]                                at /rustc/6067b36314ab5eb2eb47cecc464545ba58e1ad24/library/std/src/panic.rs:358:14
[INFO] [stdout]   37:     0x5911925736aa - std::thread::Builder::spawn_unchecked_::{{closure}}::h53c3a1894dce8407
[INFO] [stdout]                                at /rustc/6067b36314ab5eb2eb47cecc464545ba58e1ad24/library/std/src/thread/mod.rs:557:30
[INFO] [stdout]   38:     0x5911925736aa - core::ops::function::FnOnce::call_once{{vtable.shim}}::h048ce291ad4f62bf
[INFO] [stdout]                                at /rustc/6067b36314ab5eb2eb47cecc464545ba58e1ad24/library/core/src/ops/function.rs:250:5
[INFO] [stdout]   39:     0x5911925e8e6b - <alloc::boxed::Box<F,A> as core::ops::function::FnOnce<Args>>::call_once::ha52bedf99a3b4981
[INFO] [stdout]                                at /rustc/6067b36314ab5eb2eb47cecc464545ba58e1ad24/library/alloc/src/boxed.rs:2013:9
[INFO] [stdout]   40:     0x5911925e8e6b - <alloc::boxed::Box<F,A> as core::ops::function::FnOnce<Args>>::call_once::h567748934d80ccf8
[INFO] [stdout]                                at /rustc/6067b36314ab5eb2eb47cecc464545ba58e1ad24/library/alloc/src/boxed.rs:2013:9
[INFO] [stdout]   41:     0x5911925e8e6b - std::sys::pal::unix::thread::Thread::new::thread_start::h2d970728ae887adc
[INFO] [stdout]                                at /rustc/6067b36314ab5eb2eb47cecc464545ba58e1ad24/library/std/src/sys/pal/unix/thread.rs:106:17
[INFO] [stdout]   42:     0x76c1716f0ac3 - <unknown>
[INFO] [stdout]   43:     0x76c171781a04 - clone
[INFO] [stdout]   44:                0x0 - <unknown>
[INFO] [stdout] 
[INFO] [stdout] ---- cgroup::io_max::tests::valid_input stdout ----
[INFO] [stdout] 
[INFO] [stdout] thread 'cgroup::io_max::tests::valid_input' panicked at src/cgroup/io_max.rs:129:9:
[INFO] [stdout] assertion failed: result.is_ok()
[INFO] [stdout] stack backtrace:
[INFO] [stdout]    0:     0x5911925e260a - std::backtrace_rs::backtrace::libunwind::trace::hb059275cfc8d6126
[INFO] [stdout]                                at /rustc/6067b36314ab5eb2eb47cecc464545ba58e1ad24/library/std/src/../../backtrace/src/backtrace/libunwind.rs:116:5
[INFO] [stdout]    1:     0x5911925e260a - std::backtrace_rs::backtrace::trace_unsynchronized::h2da071e4327ce3ee
[INFO] [stdout]                                at /rustc/6067b36314ab5eb2eb47cecc464545ba58e1ad24/library/std/src/../../backtrace/src/backtrace/mod.rs:66:5
[INFO] [stdout]    2:     0x5911925e260a - std::sys::backtrace::_print_fmt::h842a1474e6f8d23f
[INFO] [stdout]                                at /rustc/6067b36314ab5eb2eb47cecc464545ba58e1ad24/library/std/src/sys/backtrace.rs:66:9
[INFO] [stdout]    3:     0x5911925e260a - <std::sys::backtrace::BacktraceLock::print::DisplayBacktrace as core::fmt::Display>::fmt::h71a62eb3b9696b12
[INFO] [stdout]                                at /rustc/6067b36314ab5eb2eb47cecc464545ba58e1ad24/library/std/src/sys/backtrace.rs:39:26
[INFO] [stdout]    4:     0x59119260a643 - core::fmt::rt::Argument::fmt::hdb6b616786b41dc1
[INFO] [stdout]                                at /rustc/6067b36314ab5eb2eb47cecc464545ba58e1ad24/library/core/src/fmt/rt.rs:177:76
[INFO] [stdout]    5:     0x59119260a643 - core::fmt::write::h2cc1698af7e2d686
[INFO] [stdout]                                at /rustc/6067b36314ab5eb2eb47cecc464545ba58e1ad24/library/core/src/fmt/mod.rs:1440:21
[INFO] [stdout]    6:     0x5911925def13 - std::io::Write::write_fmt::hab1b4cd059a79022
[INFO] [stdout]                                at /rustc/6067b36314ab5eb2eb47cecc464545ba58e1ad24/library/std/src/io/mod.rs:1887:15
[INFO] [stdout]    7:     0x5911925e2452 - std::sys::backtrace::BacktraceLock::print::h147fe35b4ea13b08
[INFO] [stdout]                                at /rustc/6067b36314ab5eb2eb47cecc464545ba58e1ad24/library/std/src/sys/backtrace.rs:42:9
[INFO] [stdout]    8:     0x5911925e3a2f - std::panicking::default_hook::{{closure}}::hbd44223dbdc0d208
[INFO] [stdout]                                at /rustc/6067b36314ab5eb2eb47cecc464545ba58e1ad24/library/std/src/panicking.rs:298:22
[INFO] [stdout]    9:     0x5911925e3848 - std::panicking::default_hook::h20f81eb0576efcec
[INFO] [stdout]                                at /rustc/6067b36314ab5eb2eb47cecc464545ba58e1ad24/library/std/src/panicking.rs:322:9
[INFO] [stdout]   10:     0x5911925a8653 - <alloc::boxed::Box<F,A> as core::ops::function::Fn<Args>>::call::hdb53814c496a4d34
[INFO] [stdout]                                at /rustc/6067b36314ab5eb2eb47cecc464545ba58e1ad24/library/alloc/src/boxed.rs:2027:9
[INFO] [stdout]   11:     0x5911925a8653 - test::test_main::{{closure}}::hc0a4963c59427c24
[INFO] [stdout]                                at /rustc/6067b36314ab5eb2eb47cecc464545ba58e1ad24/library/test/src/lib.rs:134:21
[INFO] [stdout]   12:     0x5911925e4523 - <alloc::boxed::Box<F,A> as core::ops::function::Fn<Args>>::call::h591b2225413a77e9
[INFO] [stdout]                                at /rustc/6067b36314ab5eb2eb47cecc464545ba58e1ad24/library/alloc/src/boxed.rs:2027:9
[INFO] [stdout]   13:     0x5911925e4523 - std::panicking::rust_panic_with_hook::h625eea43051b2edc
[INFO] [stdout]                                at /rustc/6067b36314ab5eb2eb47cecc464545ba58e1ad24/library/std/src/panicking.rs:839:13
[INFO] [stdout]   14:     0x5911925e41a6 - std::panicking::begin_panic_handler::{{closure}}::h4f9159cfbc3f6bd3
[INFO] [stdout]                                at /rustc/6067b36314ab5eb2eb47cecc464545ba58e1ad24/library/std/src/panicking.rs:697:13
[INFO] [stdout]   15:     0x5911925e2b09 - std::sys::backtrace::__rust_end_short_backtrace::h0390abce48353151
[INFO] [stdout]                                at /rustc/6067b36314ab5eb2eb47cecc464545ba58e1ad24/library/std/src/sys/backtrace.rs:168:18
[INFO] [stdout]   16:     0x5911925e3e6d - rust_begin_unwind
[INFO] [stdout]                                at /rustc/6067b36314ab5eb2eb47cecc464545ba58e1ad24/library/std/src/panicking.rs:695:5
[INFO] [stdout]   17:     0x5911926090f0 - core::panicking::panic_fmt::h9e7c637e9e5f29c9
[INFO] [stdout]                                at /rustc/6067b36314ab5eb2eb47cecc464545ba58e1ad24/library/core/src/panicking.rs:75:14
[INFO] [stdout]   18:     0x59119260917c - core::panicking::panic::haa3255ea20181a33
[INFO] [stdout]                                at /rustc/6067b36314ab5eb2eb47cecc464545ba58e1ad24/library/core/src/panicking.rs:145:5
[INFO] [stdout]   19:     0x59119256d8eb - rusty_container::cgroup::io_max::tests::valid_input::h18889d1ae37e7b2d
[INFO] [stdout]                                at /opt/rustwide/workdir/src/cgroup/io_max.rs:129:9
[INFO] [stdout]   20:     0x59119256d667 - rusty_container::cgroup::io_max::tests::valid_input::{{closure}}::h8813406671214936
[INFO] [stdout]                                at /opt/rustwide/workdir/src/cgroup/io_max.rs:121:21
[INFO] [stdout]   21:     0x5911925687e6 - core::ops::function::FnOnce::call_once::ha961cd3da7df79f8
[INFO] [stdout]                                at /rustc/6067b36314ab5eb2eb47cecc464545ba58e1ad24/library/core/src/ops/function.rs:250:5
[INFO] [stdout]   22:     0x5911925addab - core::ops::function::FnOnce::call_once::he27718dfdd183f43
[INFO] [stdout]                                at /rustc/6067b36314ab5eb2eb47cecc464545ba58e1ad24/library/core/src/ops/function.rs:250:5
[INFO] [stdout]   23:     0x5911925addab - test::__rust_begin_short_backtrace::h4e84902998457a5d
[INFO] [stdout]                                at /rustc/6067b36314ab5eb2eb47cecc464545ba58e1ad24/library/test/src/lib.rs:632:18
[INFO] [stdout]   24:     0x5911925acce3 - test::run_test_in_process::{{closure}}::h7176fd18fc1feca0
[INFO] [stdout]                                at /rustc/6067b36314ab5eb2eb47cecc464545ba58e1ad24/library/test/src/lib.rs:655:60
[INFO] [stdout]   25:     0x5911925acce3 - <core::panic::unwind_safe::AssertUnwindSafe<F> as core::ops::function::FnOnce<()>>::call_once::hf79cff2a624d8cf7
[INFO] [stdout]                                at /rustc/6067b36314ab5eb2eb47cecc464545ba58e1ad24/library/core/src/panic/unwind_safe.rs:272:9
[INFO] [stdout]   26:     0x5911925acce3 - std::panicking::try::do_call::h3da0561d9ab99c25
[INFO] [stdout]                                at /rustc/6067b36314ab5eb2eb47cecc464545ba58e1ad24/library/std/src/panicking.rs:587:40
[INFO] [stdout]   27:     0x5911925acce3 - std::panicking::try::h41c9fa508bc61df6
[INFO] [stdout]                                at /rustc/6067b36314ab5eb2eb47cecc464545ba58e1ad24/library/std/src/panicking.rs:550:19
[INFO] [stdout]   28:     0x5911925acce3 - std::panic::catch_unwind::h6b3ff07bb5afad93
[INFO] [stdout]                                at /rustc/6067b36314ab5eb2eb47cecc464545ba58e1ad24/library/std/src/panic.rs:358:14
[INFO] [stdout]   29:     0x5911925acce3 - test::run_test_in_process::hc7253dd11b39b9f4
[INFO] [stdout]                                at /rustc/6067b36314ab5eb2eb47cecc464545ba58e1ad24/library/test/src/lib.rs:655:27
[INFO] [stdout]   30:     0x5911925acce3 - test::run_test::{{closure}}::hfb2007f8649c30bb
[INFO] [stdout]                                at /rustc/6067b36314ab5eb2eb47cecc464545ba58e1ad24/library/test/src/lib.rs:576:43
[INFO] [stdout]   31:     0x59119256fdc5 - test::run_test::{{closure}}::h56a17aa7a282a9f4
[INFO] [stdout]                                at /rustc/6067b36314ab5eb2eb47cecc464545ba58e1ad24/library/test/src/lib.rs:606:41
[INFO] [stdout]   32:     0x59119256fdc5 - std::sys::backtrace::__rust_begin_short_backtrace::hd2d2d2fb8e8c6aac
[INFO] [stdout]                                at /rustc/6067b36314ab5eb2eb47cecc464545ba58e1ad24/library/std/src/sys/backtrace.rs:152:18
[INFO] [stdout]   33:     0x5911925736aa - std::thread::Builder::spawn_unchecked_::{{closure}}::{{closure}}::h4faa3f9db6133423
[INFO] [stdout]                                at /rustc/6067b36314ab5eb2eb47cecc464545ba58e1ad24/library/std/src/thread/mod.rs:559:17
[INFO] [stdout]   34:     0x5911925736aa - <core::panic::unwind_safe::AssertUnwindSafe<F> as core::ops::function::FnOnce<()>>::call_once::hf2e855a36a4ea846
[INFO] [stdout]                                at /rustc/6067b36314ab5eb2eb47cecc464545ba58e1ad24/library/core/src/panic/unwind_safe.rs:272:9
[INFO] [stdout]   35:     0x5911925736aa - std::panicking::try::do_call::h2f73af3616c35465
[INFO] [stdout]                                at /rustc/6067b36314ab5eb2eb47cecc464545ba58e1ad24/library/std/src/panicking.rs:587:40
[INFO] [stdout]   36:     0x5911925736aa - std::panicking::try::hd1660ce9efadef5a
[INFO] [stdout]                                at /rustc/6067b36314ab5eb2eb47cecc464545ba58e1ad24/library/std/src/panicking.rs:550:19
[INFO] [stdout]   37:     0x5911925736aa - std::panic::catch_unwind::h5ee8d7823b8ca744
[INFO] [stdout]                                at /rustc/6067b36314ab5eb2eb47cecc464545ba58e1ad24/library/std/src/panic.rs:358:14
[INFO] [stdout]   38:     0x5911925736aa - std::thread::Builder::spawn_unchecked_::{{closure}}::h53c3a1894dce8407
[INFO] [stdout]                                at /rustc/6067b36314ab5eb2eb47cecc464545ba58e1ad24/library/std/src/thread/mod.rs:557:30
[INFO] [stdout]   39:     0x5911925736aa - core::ops::function::FnOnce::call_once{{vtable.shim}}::h048ce291ad4f62bf
[INFO] [stdout]                                at /rustc/6067b36314ab5eb2eb47cecc464545ba58e1ad24/library/core/src/ops/function.rs:250:5
[INFO] [stdout]   40:     0x5911925e8e6b - <alloc::boxed::Box<F,A> as core::ops::function::FnOnce<Args>>::call_once::ha52bedf99a3b4981
[INFO] [stdout]                                at /rustc/6067b36314ab5eb2eb47cecc464545ba58e1ad24/library/alloc/src/boxed.rs:2013:9
[INFO] [stdout]   41:     0x5911925e8e6b - <alloc::boxed::Box<F,A> as core::ops::function::FnOnce<Args>>::call_once::h567748934d80ccf8
[INFO] [stdout]                                at /rustc/6067b36314ab5eb2eb47cecc464545ba58e1ad24/library/alloc/src/boxed.rs:2013:9
[INFO] [stdout]   42:     0x5911925e8e6b - std::sys::pal::unix::thread::Thread::new::thread_start::h2d970728ae887adc
[INFO] [stdout]                                at /rustc/6067b36314ab5eb2eb47cecc464545ba58e1ad24/library/std/src/sys/pal/unix/thread.rs:106:17
[INFO] [stdout]   43:     0x76c1716f0ac3 - <unknown>
[INFO] [stdout]   44:     0x76c171781a04 - clone
[INFO] [stdout]   45:                0x0 - <unknown>
[INFO] [stdout] 
[INFO] [stdout] 
[INFO] [stdout] failures:
[INFO] [stdout]     cgroup::io_max::tests::valid_input
[INFO] [stdout]     cgroup::tests::create_and_delete
[INFO] [stdout] 
[INFO] [stdout] test result: FAILED. 6 passed; 2 failed; 0 ignored; 0 measured; 0 filtered out; finished in 0.08s
[INFO] [stdout] 
[INFO] running `Command { std: "docker" "inspect" "de877b9e2e756c81e32160f1b349d51cd09afc635c200ee32880358344f08b35", kill_on_drop: false }`
[INFO] running `Command { std: "docker" "rm" "-f" "de877b9e2e756c81e32160f1b349d51cd09afc635c200ee32880358344f08b35", kill_on_drop: false }`
[INFO] [stdout] de877b9e2e756c81e32160f1b349d51cd09afc635c200ee32880358344f08b35
