[INFO] cloning repository https://github.com/thepycoder/aoc_2022
[INFO] running `Command { std: "git" "-c" "credential.helper=" "-c" "credential.helper=/workspace/cargo-home/bin/git-credential-null" "clone" "--bare" "https://github.com/thepycoder/aoc_2022" "/workspace/cache/git-repos/https%3A%2F%2Fgithub.com%2Fthepycoder%2Faoc_2022", kill_on_drop: false }`
[INFO] [stderr] Cloning into bare repository '/workspace/cache/git-repos/https%3A%2F%2Fgithub.com%2Fthepycoder%2Faoc_2022'...
[INFO] running `Command { std: "git" "rev-parse" "HEAD", kill_on_drop: false }`
[INFO] [stdout] 072e65912285c60c371891d76b8f2f827da5f942
[INFO] testing thepycoder/aoc_2022 against nightly-2025-01-18+rustflags=-Zrandomize-layout for randomize-layout-2
[INFO] running `Command { std: "git" "clone" "/workspace/cache/git-repos/https%3A%2F%2Fgithub.com%2Fthepycoder%2Faoc_2022" "/workspace/builds/worker-5-tc2/source", kill_on_drop: false }`
[INFO] [stderr] Cloning into '/workspace/builds/worker-5-tc2/source'...
[INFO] [stderr] done.
[INFO] validating manifest of git repo https://github.com/thepycoder/aoc_2022 on toolchain nightly-2025-01-18
[INFO] running `Command { std: CARGO_HOME="/workspace/cargo-home" RUSTUP_HOME="/workspace/rustup-home" "/workspace/cargo-home/bin/cargo" "+nightly-2025-01-18" "metadata" "--manifest-path" "Cargo.toml" "--no-deps", kill_on_drop: false }`
[INFO] started tweaking git repo https://github.com/thepycoder/aoc_2022
[INFO] finished tweaking git repo https://github.com/thepycoder/aoc_2022
[INFO] tweaked toml for git repo https://github.com/thepycoder/aoc_2022 written to /workspace/builds/worker-5-tc2/source/Cargo.toml
[INFO] crate git repo https://github.com/thepycoder/aoc_2022 already has a lockfile, it will not be regenerated
[INFO] running `Command { std: CARGO_HOME="/workspace/cargo-home" RUSTUP_HOME="/workspace/rustup-home" "/workspace/cargo-home/bin/cargo" "+nightly-2025-01-18" "fetch" "--manifest-path" "Cargo.toml", kill_on_drop: false }`
[INFO] running `Command { std: "docker" "create" "-v" "/var/lib/crater-agent-workspace/builds/worker-5-tc2/target:/opt/rustwide/target:rw,Z" "-v" "/var/lib/crater-agent-workspace/builds/worker-5-tc2/source:/opt/rustwide/workdir:ro,Z" "-v" "/var/lib/crater-agent-workspace/cargo-home:/opt/rustwide/cargo-home:ro,Z" "-v" "/var/lib/crater-agent-workspace/rustup-home:/opt/rustwide/rustup-home:ro,Z" "-e" "SOURCE_DIR=/opt/rustwide/workdir" "-e" "CARGO_TARGET_DIR=/opt/rustwide/target" "-e" "CARGO_HOME=/opt/rustwide/cargo-home" "-e" "RUSTUP_HOME=/opt/rustwide/rustup-home" "-w" "/opt/rustwide/workdir" "-m" "1610612736" "--user" "0:0" "--network" "none" "ghcr.io/rust-lang/crates-build-env/linux@sha256:819108c5571ea2e421544af4d832f968d213c87fbe3707a016657f43d2f853bc" "/opt/rustwide/cargo-home/bin/cargo" "+nightly-2025-01-18" "metadata" "--no-deps" "--format-version=1", kill_on_drop: false }`
[INFO] [stdout] b09d52ca37f741c0102ab1e70a1b6678eec9bfe9a0d85907a60d7cb4ea35c8f2
[INFO] running `Command { std: "docker" "start" "-a" "b09d52ca37f741c0102ab1e70a1b6678eec9bfe9a0d85907a60d7cb4ea35c8f2", kill_on_drop: false }`
[INFO] running `Command { std: "docker" "inspect" "b09d52ca37f741c0102ab1e70a1b6678eec9bfe9a0d85907a60d7cb4ea35c8f2", kill_on_drop: false }`
[INFO] running `Command { std: "docker" "rm" "-f" "b09d52ca37f741c0102ab1e70a1b6678eec9bfe9a0d85907a60d7cb4ea35c8f2", kill_on_drop: false }`
[INFO] [stdout] b09d52ca37f741c0102ab1e70a1b6678eec9bfe9a0d85907a60d7cb4ea35c8f2
[INFO] running `Command { std: "docker" "create" "-v" "/var/lib/crater-agent-workspace/builds/worker-5-tc2/target:/opt/rustwide/target:rw,Z" "-v" "/var/lib/crater-agent-workspace/builds/worker-5-tc2/source:/opt/rustwide/workdir:ro,Z" "-v" "/var/lib/crater-agent-workspace/cargo-home:/opt/rustwide/cargo-home:ro,Z" "-v" "/var/lib/crater-agent-workspace/rustup-home:/opt/rustwide/rustup-home:ro,Z" "-e" "SOURCE_DIR=/opt/rustwide/workdir" "-e" "CARGO_TARGET_DIR=/opt/rustwide/target" "-e" "CARGO_INCREMENTAL=0" "-e" "RUST_BACKTRACE=full" "-e" "RUSTFLAGS=--cap-lints=forbid -Zrandomize-layout" "-e" "RUSTDOCFLAGS=--cap-lints=forbid" "-e" "CARGO_HOME=/opt/rustwide/cargo-home" "-e" "RUSTUP_HOME=/opt/rustwide/rustup-home" "-w" "/opt/rustwide/workdir" "-m" "1610612736" "--user" "0:0" "--network" "none" "ghcr.io/rust-lang/crates-build-env/linux@sha256:819108c5571ea2e421544af4d832f968d213c87fbe3707a016657f43d2f853bc" "/opt/rustwide/cargo-home/bin/cargo" "+nightly-2025-01-18" "build" "--frozen" "--message-format=json", kill_on_drop: false }`
[INFO] [stdout] 2f1acb5af371c70cfaeed8445ca40382715cce481af66cf69b43e4adb5b52dd4
[INFO] running `Command { std: "docker" "start" "-a" "2f1acb5af371c70cfaeed8445ca40382715cce481af66cf69b43e4adb5b52dd4", kill_on_drop: false }`
[INFO] [stderr]    Compiling autocfg v1.1.0
[INFO] [stderr]    Compiling libc v0.2.138
[INFO] [stderr]    Compiling cfg-if v1.0.0
[INFO] [stderr]    Compiling memchr v2.5.0
[INFO] [stderr]    Compiling rawpointer v0.2.1
[INFO] [stderr]    Compiling ppv-lite86 v0.2.17
[INFO] [stderr]    Compiling hashbrown v0.12.3
[INFO] [stderr]    Compiling either v1.8.0
[INFO] [stderr]    Compiling matrixmultiply v0.3.2
[INFO] [stderr]    Compiling regex-syntax v0.6.28
[INFO] [stderr]    Compiling itertools v0.10.5
[INFO] [stderr]    Compiling num-traits v0.2.15
[INFO] [stderr]    Compiling num-integer v0.1.45
[INFO] [stderr]    Compiling indexmap v1.9.2
[INFO] [stderr]    Compiling getrandom v0.2.8
[INFO] [stderr]    Compiling aho-corasick v0.7.20
[INFO] [stderr]    Compiling snowflake v1.3.0
[INFO] [stderr]    Compiling trees v0.4.2
[INFO] [stderr]    Compiling rand_core v0.6.4
[INFO] [stderr]    Compiling slab_tree v0.3.2
[INFO] [stderr]    Compiling rand_chacha v0.3.1
[INFO] [stderr]    Compiling rand v0.8.5
[INFO] [stderr]    Compiling num-complex v0.4.2
[INFO] [stderr]    Compiling noisy_float v0.2.0
[INFO] [stderr]    Compiling ndarray v0.15.6
[INFO] [stderr]    Compiling regex v1.7.0
[INFO] [stderr]    Compiling ndarray-stats v0.5.1
[INFO] [stderr]    Compiling aoc_2022 v0.1.0 (/opt/rustwide/workdir)
[INFO] [stdout] warning: unused import: `thread::current`
[INFO] [stdout]   --> src/day11.rs:37:15
[INFO] [stdout]    |
[INFO] [stdout] 37 | use std::{fs, thread::current};
[INFO] [stdout]    |               ^^^^^^^^^^^^^^^
[INFO] [stdout]    |
[INFO] [stdout]    = note: `#[warn(unused_imports)]` on by default
[INFO] [stdout] 
[INFO] [stdout] 
[INFO] [stdout] warning: unused import: `Ix2`
[INFO] [stdout]  --> src/day12.rs:1:29
[INFO] [stdout]   |
[INFO] [stdout] 1 | use ndarray::{Array2, Axis, Ix2};
[INFO] [stdout]   |                             ^^^
[INFO] [stdout] 
[INFO] [stdout] 
[INFO] [stdout] warning: unused import: `collections::HashSet`
[INFO] [stdout]  --> src/day20.rs:1:15
[INFO] [stdout]   |
[INFO] [stdout] 1 | use std::{fs, collections::HashSet};
[INFO] [stdout]   |               ^^^^^^^^^^^^^^^^^^^^
[INFO] [stdout] 
[INFO] [stdout] 
[INFO] [stdout] warning: unnecessary parentheses around pattern
[INFO] [stdout]  --> src/day20.rs:9:15
[INFO] [stdout]   |
[INFO] [stdout] 9 |         .map(|(e)| e.parse::<i32>().unwrap())
[INFO] [stdout]   |               ^ ^
[INFO] [stdout]   |
[INFO] [stdout]   = note: `#[warn(unused_parens)]` on by default
[INFO] [stdout] help: remove these parentheses
[INFO] [stdout]   |
[INFO] [stdout] 9 -         .map(|(e)| e.parse::<i32>().unwrap())
[INFO] [stdout] 9 +         .map(|e| e.parse::<i32>().unwrap())
[INFO] [stdout]   |
[INFO] [stdout] 
[INFO] [stdout] 
[INFO] [stdout] warning: unnecessary parentheses around pattern
[INFO] [stdout]   --> src/day20.rs:65:15
[INFO] [stdout]    |
[INFO] [stdout] 65 |         .map(|(e)| e.parse::<i64>().unwrap() * 811589153)
[INFO] [stdout]    |               ^ ^
[INFO] [stdout]    |
[INFO] [stdout] help: remove these parentheses
[INFO] [stdout]    |
[INFO] [stdout] 65 -         .map(|(e)| e.parse::<i64>().unwrap() * 811589153)
[INFO] [stdout] 65 +         .map(|e| e.parse::<i64>().unwrap() * 811589153)
[INFO] [stdout]    |
[INFO] [stdout] 
[INFO] [stdout] 
[INFO] [stdout] warning: variable does not need to be mutable
[INFO] [stdout]   --> src/day7.rs:15:9
[INFO] [stdout]    |
[INFO] [stdout] 15 |     let mut folder = node.data();
[INFO] [stdout]    |         ----^^^^^^
[INFO] [stdout]    |         |
[INFO] [stdout]    |         help: remove this `mut`
[INFO] [stdout]    |
[INFO] [stdout]    = note: `#[warn(unused_mut)]` on by default
[INFO] [stdout] 
[INFO] [stdout] 
[INFO] [stdout] warning: value assigned to `loops` is never read
[INFO] [stdout]   --> src/day10.rs:23:17
[INFO] [stdout]    |
[INFO] [stdout] 23 |         let mut loops = 0;
[INFO] [stdout]    |                 ^^^^^
[INFO] [stdout]    |
[INFO] [stdout]    = help: maybe it is overwritten before being read?
[INFO] [stdout]    = note: `#[warn(unused_assignments)]` on by default
[INFO] [stdout] 
[INFO] [stdout] 
[INFO] [stdout] warning: variable does not need to be mutable
[INFO] [stdout]  --> src/day10.rs:9:9
[INFO] [stdout]   |
[INFO] [stdout] 9 |     let mut instructions_vec: Vec<Vec<&str>> = instructions
[INFO] [stdout]   |         ----^^^^^^^^^^^^^^^^
[INFO] [stdout]   |         |
[INFO] [stdout]   |         help: remove this `mut`
[INFO] [stdout] 
[INFO] [stdout] 
[INFO] [stdout] warning: unused variable: `from_id`
[INFO] [stdout]    --> src/day11.rs:178:18
[INFO] [stdout]     |
[INFO] [stdout] 178 |             for (from_id, to_id, value) in to_move {
[INFO] [stdout]     |                  ^^^^^^^ help: if this is intentional, prefix it with an underscore: `_from_id`
[INFO] [stdout]     |
[INFO] [stdout]     = note: `#[warn(unused_variables)]` on by default
[INFO] [stdout] 
[INFO] [stdout] 
[INFO] [stdout] warning: unused variable: `starting_position`
[INFO] [stdout]   --> src/day12.rs:87:16
[INFO] [stdout]    |
[INFO] [stdout] 87 |     let (grid, starting_position, ending_position) = read_grid(filepath);
[INFO] [stdout]    |                ^^^^^^^^^^^^^^^^^ help: if this is intentional, prefix it with an underscore: `_starting_position`
[INFO] [stdout] 
[INFO] [stdout] 
[INFO] [stdout] warning: function `get_smaller_number` is never used
[INFO] [stdout]   --> src/day11.rs:52:4
[INFO] [stdout]    |
[INFO] [stdout] 52 | fn get_smaller_number(input: u64, modulo: &Vec<u64>) -> u64 {
[INFO] [stdout]    |    ^^^^^^^^^^^^^^^^^^
[INFO] [stdout]    |
[INFO] [stdout]    = note: `#[warn(dead_code)]` on by default
[INFO] [stdout] 
[INFO] [stdout] 
[INFO] [stdout] warning: function `day13_1` is never used
[INFO] [stdout]  --> src/day13.rs:4:8
[INFO] [stdout]   |
[INFO] [stdout] 4 | pub fn day13_1(filepath: &str) -> Result<i32, std::io::Error> {
[INFO] [stdout]   |        ^^^^^^^
[INFO] [stdout] 
[INFO] [stdout] 
[INFO] [stdout] warning: unused borrow that must be used
[INFO] [stdout]    --> src/day11.rs:113:9
[INFO] [stdout]     |
[INFO] [stdout] 113 |         &monkies.push(monkey);
[INFO] [stdout]     |         ^^^^^^^^^^^^^^^^^^^^^ the borrow produces a value
[INFO] [stdout]     |
[INFO] [stdout]     = note: `#[warn(unused_must_use)]` on by default
[INFO] [stdout] help: use `let _ = ...` to ignore the resulting value
[INFO] [stdout]     |
[INFO] [stdout] 113 |         let _ = &monkies.push(monkey);
[INFO] [stdout]     |         +++++++
[INFO] [stdout] 
[INFO] [stdout] 
[INFO] [stderr]     Finished `dev` profile [unoptimized + debuginfo] target(s) in 26.00s
[INFO] running `Command { std: "docker" "inspect" "2f1acb5af371c70cfaeed8445ca40382715cce481af66cf69b43e4adb5b52dd4", kill_on_drop: false }`
[INFO] running `Command { std: "docker" "rm" "-f" "2f1acb5af371c70cfaeed8445ca40382715cce481af66cf69b43e4adb5b52dd4", kill_on_drop: false }`
[INFO] [stdout] 2f1acb5af371c70cfaeed8445ca40382715cce481af66cf69b43e4adb5b52dd4
[INFO] running `Command { std: "docker" "create" "-v" "/var/lib/crater-agent-workspace/builds/worker-5-tc2/target:/opt/rustwide/target:rw,Z" "-v" "/var/lib/crater-agent-workspace/builds/worker-5-tc2/source:/opt/rustwide/workdir:ro,Z" "-v" "/var/lib/crater-agent-workspace/cargo-home:/opt/rustwide/cargo-home:ro,Z" "-v" "/var/lib/crater-agent-workspace/rustup-home:/opt/rustwide/rustup-home:ro,Z" "-e" "SOURCE_DIR=/opt/rustwide/workdir" "-e" "CARGO_TARGET_DIR=/opt/rustwide/target" "-e" "CARGO_INCREMENTAL=0" "-e" "RUST_BACKTRACE=full" "-e" "RUSTFLAGS=--cap-lints=forbid -Zrandomize-layout" "-e" "RUSTDOCFLAGS=--cap-lints=forbid" "-e" "CARGO_HOME=/opt/rustwide/cargo-home" "-e" "RUSTUP_HOME=/opt/rustwide/rustup-home" "-w" "/opt/rustwide/workdir" "-m" "1610612736" "--user" "0:0" "--network" "none" "ghcr.io/rust-lang/crates-build-env/linux@sha256:819108c5571ea2e421544af4d832f968d213c87fbe3707a016657f43d2f853bc" "/opt/rustwide/cargo-home/bin/cargo" "+nightly-2025-01-18" "test" "--frozen" "--no-run" "--message-format=json", kill_on_drop: false }`
[INFO] [stdout] d3d94387d44fedd5d3a6d348a83cd0a2e5a31b9267b5bb547f53c04264acb982
[INFO] running `Command { std: "docker" "start" "-a" "d3d94387d44fedd5d3a6d348a83cd0a2e5a31b9267b5bb547f53c04264acb982", kill_on_drop: false }`
[INFO] [stderr]    Compiling aoc_2022 v0.1.0 (/opt/rustwide/workdir)
[INFO] [stdout] warning: unused import: `thread::current`
[INFO] [stdout]   --> src/day11.rs:37:15
[INFO] [stdout]    |
[INFO] [stdout] 37 | use std::{fs, thread::current};
[INFO] [stdout]    |               ^^^^^^^^^^^^^^^
[INFO] [stdout]    |
[INFO] [stdout]    = note: `#[warn(unused_imports)]` on by default
[INFO] [stdout] 
[INFO] [stdout] 
[INFO] [stdout] warning: unused import: `Ix2`
[INFO] [stdout]  --> src/day12.rs:1:29
[INFO] [stdout]   |
[INFO] [stdout] 1 | use ndarray::{Array2, Axis, Ix2};
[INFO] [stdout]   |                             ^^^
[INFO] [stdout] 
[INFO] [stdout] 
[INFO] [stdout] warning: unused import: `collections::HashSet`
[INFO] [stdout]  --> src/day20.rs:1:15
[INFO] [stdout]   |
[INFO] [stdout] 1 | use std::{fs, collections::HashSet};
[INFO] [stdout]   |               ^^^^^^^^^^^^^^^^^^^^
[INFO] [stdout] 
[INFO] [stdout] 
[INFO] [stdout] warning: unnecessary parentheses around pattern
[INFO] [stdout]  --> src/day20.rs:9:15
[INFO] [stdout]   |
[INFO] [stdout] 9 |         .map(|(e)| e.parse::<i32>().unwrap())
[INFO] [stdout]   |               ^ ^
[INFO] [stdout]   |
[INFO] [stdout]   = note: `#[warn(unused_parens)]` on by default
[INFO] [stdout] help: remove these parentheses
[INFO] [stdout]   |
[INFO] [stdout] 9 -         .map(|(e)| e.parse::<i32>().unwrap())
[INFO] [stdout] 9 +         .map(|e| e.parse::<i32>().unwrap())
[INFO] [stdout]   |
[INFO] [stdout] 
[INFO] [stdout] 
[INFO] [stdout] warning: unnecessary parentheses around pattern
[INFO] [stdout]   --> src/day20.rs:65:15
[INFO] [stdout]    |
[INFO] [stdout] 65 |         .map(|(e)| e.parse::<i64>().unwrap() * 811589153)
[INFO] [stdout]    |               ^ ^
[INFO] [stdout]    |
[INFO] [stdout] help: remove these parentheses
[INFO] [stdout]    |
[INFO] [stdout] 65 -         .map(|(e)| e.parse::<i64>().unwrap() * 811589153)
[INFO] [stdout] 65 +         .map(|e| e.parse::<i64>().unwrap() * 811589153)
[INFO] [stdout]    |
[INFO] [stdout] 
[INFO] [stdout] 
[INFO] [stdout] warning: variable does not need to be mutable
[INFO] [stdout]   --> src/day7.rs:15:9
[INFO] [stdout]    |
[INFO] [stdout] 15 |     let mut folder = node.data();
[INFO] [stdout]    |         ----^^^^^^
[INFO] [stdout]    |         |
[INFO] [stdout]    |         help: remove this `mut`
[INFO] [stdout]    |
[INFO] [stdout]    = note: `#[warn(unused_mut)]` on by default
[INFO] [stdout] 
[INFO] [stdout] 
[INFO] [stdout] warning: value assigned to `loops` is never read
[INFO] [stdout]   --> src/day10.rs:23:17
[INFO] [stdout]    |
[INFO] [stdout] 23 |         let mut loops = 0;
[INFO] [stdout]    |                 ^^^^^
[INFO] [stdout]    |
[INFO] [stdout]    = help: maybe it is overwritten before being read?
[INFO] [stdout]    = note: `#[warn(unused_assignments)]` on by default
[INFO] [stdout] 
[INFO] [stdout] 
[INFO] [stdout] warning: variable does not need to be mutable
[INFO] [stdout]  --> src/day10.rs:9:9
[INFO] [stdout]   |
[INFO] [stdout] 9 |     let mut instructions_vec: Vec<Vec<&str>> = instructions
[INFO] [stdout]   |         ----^^^^^^^^^^^^^^^^
[INFO] [stdout]   |         |
[INFO] [stdout]   |         help: remove this `mut`
[INFO] [stdout] 
[INFO] [stdout] 
[INFO] [stdout] warning: unused variable: `from_id`
[INFO] [stdout]    --> src/day11.rs:178:18
[INFO] [stdout]     |
[INFO] [stdout] 178 |             for (from_id, to_id, value) in to_move {
[INFO] [stdout]     |                  ^^^^^^^ help: if this is intentional, prefix it with an underscore: `_from_id`
[INFO] [stdout]     |
[INFO] [stdout]     = note: `#[warn(unused_variables)]` on by default
[INFO] [stdout] 
[INFO] [stdout] 
[INFO] [stdout] warning: unused variable: `starting_position`
[INFO] [stdout]   --> src/day12.rs:87:16
[INFO] [stdout]    |
[INFO] [stdout] 87 |     let (grid, starting_position, ending_position) = read_grid(filepath);
[INFO] [stdout]    |                ^^^^^^^^^^^^^^^^^ help: if this is intentional, prefix it with an underscore: `_starting_position`
[INFO] [stdout] 
[INFO] [stdout] 
[INFO] [stdout] warning: function `get_smaller_number` is never used
[INFO] [stdout]   --> src/day11.rs:52:4
[INFO] [stdout]    |
[INFO] [stdout] 52 | fn get_smaller_number(input: u64, modulo: &Vec<u64>) -> u64 {
[INFO] [stdout]    |    ^^^^^^^^^^^^^^^^^^
[INFO] [stdout]    |
[INFO] [stdout]    = note: `#[warn(dead_code)]` on by default
[INFO] [stdout] 
[INFO] [stdout] 
[INFO] [stdout] warning: unused borrow that must be used
[INFO] [stdout]    --> src/day11.rs:113:9
[INFO] [stdout]     |
[INFO] [stdout] 113 |         &monkies.push(monkey);
[INFO] [stdout]     |         ^^^^^^^^^^^^^^^^^^^^^ the borrow produces a value
[INFO] [stdout]     |
[INFO] [stdout]     = note: `#[warn(unused_must_use)]` on by default
[INFO] [stdout] help: use `let _ = ...` to ignore the resulting value
[INFO] [stdout]     |
[INFO] [stdout] 113 |         let _ = &monkies.push(monkey);
[INFO] [stdout]     |         +++++++
[INFO] [stdout] 
[INFO] [stdout] 
[INFO] [stderr]     Finished `test` profile [unoptimized + debuginfo] target(s) in 2.87s
[INFO] running `Command { std: "docker" "inspect" "d3d94387d44fedd5d3a6d348a83cd0a2e5a31b9267b5bb547f53c04264acb982", kill_on_drop: false }`
[INFO] running `Command { std: "docker" "rm" "-f" "d3d94387d44fedd5d3a6d348a83cd0a2e5a31b9267b5bb547f53c04264acb982", kill_on_drop: false }`
[INFO] [stdout] d3d94387d44fedd5d3a6d348a83cd0a2e5a31b9267b5bb547f53c04264acb982
[INFO] running `Command { std: "docker" "create" "-v" "/var/lib/crater-agent-workspace/builds/worker-5-tc2/target:/opt/rustwide/target:rw,Z" "-v" "/var/lib/crater-agent-workspace/builds/worker-5-tc2/source:/opt/rustwide/workdir:ro,Z" "-v" "/var/lib/crater-agent-workspace/cargo-home:/opt/rustwide/cargo-home:ro,Z" "-v" "/var/lib/crater-agent-workspace/rustup-home:/opt/rustwide/rustup-home:ro,Z" "-e" "SOURCE_DIR=/opt/rustwide/workdir" "-e" "CARGO_TARGET_DIR=/opt/rustwide/target" "-e" "CARGO_INCREMENTAL=0" "-e" "RUST_BACKTRACE=full" "-e" "RUSTFLAGS=--cap-lints=forbid -Zrandomize-layout" "-e" "RUSTDOCFLAGS=--cap-lints=forbid" "-e" "CARGO_HOME=/opt/rustwide/cargo-home" "-e" "RUSTUP_HOME=/opt/rustwide/rustup-home" "-w" "/opt/rustwide/workdir" "-m" "1610612736" "--user" "0:0" "--network" "none" "ghcr.io/rust-lang/crates-build-env/linux@sha256:819108c5571ea2e421544af4d832f968d213c87fbe3707a016657f43d2f853bc" "/opt/rustwide/cargo-home/bin/cargo" "+nightly-2025-01-18" "test" "--frozen", kill_on_drop: false }`
[INFO] [stdout] e26e0e67224d83f2f2f519af2d7bc59df608ba1ab58a24a98636e184d1ded2fd
[INFO] running `Command { std: "docker" "start" "-a" "e26e0e67224d83f2f2f519af2d7bc59df608ba1ab58a24a98636e184d1ded2fd", kill_on_drop: false }`
[INFO] [stderr] warning: unused import: `thread::current`
[INFO] [stdout] 
[INFO] [stderr]   --> src/day11.rs:37:15
[INFO] [stdout] running 29 tests
[INFO] [stderr]    |
[INFO] [stdout] test day12::tests::test_day12_1 ... ok
[INFO] [stderr] 37 | use std::{fs, thread::current};
[INFO] [stdout] test day13::tests::test_day13_1 ... ok
[INFO] [stderr]    |               ^^^^^^^^^^^^^^^
[INFO] [stderr]    |
[INFO] [stderr]    = note: `#[warn(unused_imports)]` on by default
[INFO] [stderr] 
[INFO] [stderr] warning: unused import: `Ix2`
[INFO] [stderr]  --> src/day12.rs:1:29
[INFO] [stderr]   |
[INFO] [stderr] 1 | use ndarray::{Array2, Axis, Ix2};
[INFO] [stderr]   |                             ^^^
[INFO] [stderr] 
[INFO] [stderr] warning: unused import: `collections::HashSet`
[INFO] [stderr]  --> src/day20.rs:1:15
[INFO] [stderr]   |
[INFO] [stderr] 1 | use std::{fs, collections::HashSet};
[INFO] [stderr]   |               ^^^^^^^^^^^^^^^^^^^^
[INFO] [stderr] 
[INFO] [stderr] warning: unnecessary parentheses around pattern
[INFO] [stderr]  --> src/day20.rs:9:15
[INFO] [stderr]   |
[INFO] [stderr] 9 |         .map(|(e)| e.parse::<i32>().unwrap())
[INFO] [stderr]   |               ^ ^
[INFO] [stderr]   |
[INFO] [stderr]   = note: `#[warn(unused_parens)]` on by default
[INFO] [stderr] help: remove these parentheses
[INFO] [stderr]   |
[INFO] [stderr] 9 -         .map(|(e)| e.parse::<i32>().unwrap())
[INFO] [stderr] 9 +         .map(|e| e.parse::<i32>().unwrap())
[INFO] [stderr]   |
[INFO] [stderr] 
[INFO] [stderr] warning: unnecessary parentheses around pattern
[INFO] [stderr]   --> src/day20.rs:65:15
[INFO] [stderr]    |
[INFO] [stderr] 65 |         .map(|(e)| e.parse::<i64>().unwrap() * 811589153)
[INFO] [stderr]    |               ^ ^
[INFO] [stderr]    |
[INFO] [stderr] help: remove these parentheses
[INFO] [stderr]    |
[INFO] [stderr] 65 -         .map(|(e)| e.parse::<i64>().unwrap() * 811589153)
[INFO] [stderr] 65 +         .map(|e| e.parse::<i64>().unwrap() * 811589153)
[INFO] [stderr]    |
[INFO] [stderr] 
[INFO] [stderr] warning: variable does not need to be mutable
[INFO] [stderr]   --> src/day7.rs:15:9
[INFO] [stderr]    |
[INFO] [stderr] 15 |     let mut folder = node.data();
[INFO] [stderr]    |         ----^^^^^^
[INFO] [stderr]    |         |
[INFO] [stderr]    |         help: remove this `mut`
[INFO] [stderr]    |
[INFO] [stderr]    = note: `#[warn(unused_mut)]` on by default
[INFO] [stderr] 
[INFO] [stderr] warning: value assigned to `loops` is never read
[INFO] [stderr]   --> src/day10.rs:23:17
[INFO] [stderr]    |
[INFO] [stderr] 23 |         let mut loops = 0;
[INFO] [stderr]    |                 ^^^^^
[INFO] [stderr]    |
[INFO] [stderr]    = help: maybe it is overwritten before being read?
[INFO] [stderr]    = note: `#[warn(unused_assignments)]` on by default
[INFO] [stderr] 
[INFO] [stderr] warning: variable does not need to be mutable
[INFO] [stderr]  --> src/day10.rs:9:9
[INFO] [stderr]   |
[INFO] [stderr] 9 |     let mut instructions_vec: Vec<Vec<&str>> = instructions
[INFO] [stderr]   |         ----^^^^^^^^^^^^^^^^
[INFO] [stderr]   |         |
[INFO] [stderr]   |         help: remove this `mut`
[INFO] [stderr] 
[INFO] [stderr] warning: unused variable: `from_id`
[INFO] [stderr]    --> src/day11.rs:178:18
[INFO] [stderr]     |
[INFO] [stderr] 178 |             for (from_id, to_id, value) in to_move {
[INFO] [stderr]     |                  ^^^^^^^ help: if this is intentional, prefix it with an underscore: `_from_id`
[INFO] [stderr]     |
[INFO] [stderr]     = note: `#[warn(unused_variables)]` on by default
[INFO] [stderr] 
[INFO] [stderr] warning: unused variable: `starting_position`
[INFO] [stderr]   --> src/day12.rs:87:16
[INFO] [stderr]    |
[INFO] [stderr] 87 |     let (grid, starting_position, ending_position) = read_grid(filepath);
[INFO] [stderr]    |                ^^^^^^^^^^^^^^^^^ help: if this is intentional, prefix it with an underscore: `_starting_position`
[INFO] [stderr] 
[INFO] [stderr] warning: function `get_smaller_number` is never used
[INFO] [stderr]   --> src/day11.rs:52:4
[INFO] [stderr]    |
[INFO] [stderr] 52 | fn get_smaller_number(input: u64, modulo: &Vec<u64>) -> u64 {
[INFO] [stderr]    |    ^^^^^^^^^^^^^^^^^^
[INFO] [stderr]    |
[INFO] [stderr]    = note: `#[warn(dead_code)]` on by default
[INFO] [stderr] 
[INFO] [stderr] warning: unused borrow that must be used
[INFO] [stderr]    --> src/day11.rs:113:9
[INFO] [stderr]     |
[INFO] [stderr] 113 |         &monkies.push(monkey);
[INFO] [stderr]     |         ^^^^^^^^^^^^^^^^^^^^^ the borrow produces a value
[INFO] [stderr]     |
[INFO] [stderr]     = note: `#[warn(unused_must_use)]` on by default
[INFO] [stderr] help: use `let _ = ...` to ignore the resulting value
[INFO] [stderr]     |
[INFO] [stderr] 113 |         let _ = &monkies.push(monkey);
[INFO] [stderr]     |         +++++++
[INFO] [stderr] 
[INFO] [stderr] warning: `aoc_2022` (bin "aoc_2022" test) generated 12 warnings (run `cargo fix --bin "aoc_2022" --tests` to apply 7 suggestions)
[INFO] [stderr]     Finished `test` profile [unoptimized + debuginfo] target(s) in 0.04s
[INFO] [stderr]      Running unittests src/main.rs (/opt/rustwide/target/debug/deps/aoc_2022-60d2c66536c590b8)
[INFO] [stdout] test day1::tests::test_day1_2 ... ok
[INFO] [stdout] test day10::tests::test_day10_1 ... ok
[INFO] [stdout] test day20::tests::test_day20_2 ... ok
[INFO] [stdout] test day2::tests::test_day2_1 ... ok
[INFO] [stdout] test day2::tests::test_day2_1_bis ... ok
[INFO] [stdout] test day12::tests::test_day12_2 ... ok
[INFO] [stdout] test day1::tests::test_day1_1 ... ok
[INFO] [stdout] test day3::tests::test_day3_1 ... ok
[INFO] [stdout] test day20::tests::test_day20_1 ... ok
[INFO] [stdout] test day3::tests::test_day3_2 ... ok
[INFO] [stdout] test day2::tests::test_day2_2 ... ok
[INFO] [stdout] test day4::tests::test_day4_1 ... ok
[INFO] [stdout] test day4::tests::test_day4_2 ... ok
[INFO] [stdout] test day5::tests::test_day5_1 ... ok
[INFO] [stdout] test day6::tests::test_day6_2 ... ok
[INFO] [stdout] test day6::tests::test_day6_1 ... ok
[INFO] [stdout] test day7::tests::test_day6_1 ... ok
[INFO] [stdout] test day7::tests::test_day6_2 ... ok
[INFO] [stdout] test day8::tests::test_day8_1 ... ok
[INFO] [stdout] test day9::tests::test_day9_1 ... ok
[INFO] [stdout] test day8::tests::test_day8_2 ... ok
[INFO] [stdout] test day5::tests::test_day5_2 ... ok
[INFO] [stdout] test day9::tests::test_day9_2 ... ok
[INFO] [stdout] test day11::tests::test_day11_1 ... ok
[INFO] [stdout] test day13::tests::test_day13_1_biss ... FAILED
[INFO] [stdout] test day10::tests::test_day10_1_bis ... FAILED
[INFO] [stderr] error: test failed, to rerun pass `--bin aoc_2022`
[INFO] [stdout] test day11::tests::test_day11_2 ... ok
[INFO] [stdout] 
[INFO] [stdout] failures:
[INFO] [stdout] 
[INFO] [stdout] ---- day13::tests::test_day13_1_biss stdout ----
[INFO] [stdout] [src/day13.rs:11:13] "=====" = "====="
[INFO] [stdout] [src/day13.rs:12:13] &single_packets = [
[INFO] [stdout]     [
[INFO] [stdout]         "[1",
[INFO] [stdout]         "1",
[INFO] [stdout]         "3",
[INFO] [stdout]         "1",
[INFO] [stdout]         "1]",
[INFO] [stdout]     ],
[INFO] [stdout]     [
[INFO] [stdout]         "[1",
[INFO] [stdout]         "1",
[INFO] [stdout]         "5",
[INFO] [stdout]         "1",
[INFO] [stdout]         "1]",
[INFO] [stdout]     ],
[INFO] [stdout] ]
[INFO] [stdout] [src/day13.rs:19:17] &char1 = "1"
[INFO] [stdout] [src/day13.rs:19:17] &char2 = "1"
[INFO] [stdout] [src/day13.rs:19:17] &char1 = "1"
[INFO] [stdout] [src/day13.rs:19:17] &char2 = "1"
[INFO] [stdout] [src/day13.rs:19:17] &char1 = "3"
[INFO] [stdout] [src/day13.rs:19:17] &char2 = "5"
[INFO] [stdout] [src/day13.rs:11:13] "=====" = "====="
[INFO] [stdout] [src/day13.rs:12:13] &single_packets = [
[INFO] [stdout]     [
[INFO] [stdout]         "[[10",
[INFO] [stdout]         "[[0]",
[INFO] [stdout]         "9]",
[INFO] [stdout]         "[]]]",
[INFO] [stdout]     ],
[INFO] [stdout]     [
[INFO] [stdout]         "[[[[10",
[INFO] [stdout]         "5",
[INFO] [stdout]         "3",
[INFO] [stdout]         "9]",
[INFO] [stdout]         "6",
[INFO] [stdout]         "[10",
[INFO] [stdout]         "4",
[INFO] [stdout]         "10",
[INFO] [stdout]         "3]",
[INFO] [stdout]         "3",
[INFO] [stdout]         "[0",
[INFO] [stdout]         "1",
[INFO] [stdout]         "4",
[INFO] [stdout]         "2]]",
[INFO] [stdout]         "5",
[INFO] [stdout]         "[9",
[INFO] [stdout]         "0]",
[INFO] [stdout]         "3",
[INFO] [stdout]         "[9]]",
[INFO] [stdout]         "[5",
[INFO] [stdout]         "10",
[INFO] [stdout]         "6",
[INFO] [stdout]         "5]]",
[INFO] [stdout]     ],
[INFO] [stdout] ]
[INFO] [stdout] [src/day13.rs:19:17] &char1 = "10"
[INFO] [stdout] [src/day13.rs:19:17] &char2 = "10"
[INFO] [stdout] [src/day13.rs:19:17] &char1 = "0"
[INFO] [stdout] [src/day13.rs:19:17] &char2 = "5"
[INFO] [stdout] [src/day13.rs:70:5] &result = [
[INFO] [stdout]     1,
[INFO] [stdout]     1,
[INFO] [stdout] ]
[INFO] [stdout] 
[INFO] [stdout] thread 'day13::tests::test_day13_1_biss' panicked at src/day13.rs:93:9:
[INFO] [stdout] assertion `left == right` failed
[INFO] [stdout]   left: 3
[INFO] [stdout]  right: 1
[INFO] [stdout] stack backtrace:
[INFO] [stdout]    0:     0x5e20bd7d554a - std::backtrace_rs::backtrace::libunwind::trace::hb059275cfc8d6126
[INFO] [stdout]                                at /rustc/6067b36314ab5eb2eb47cecc464545ba58e1ad24/library/std/src/../../backtrace/src/backtrace/libunwind.rs:116:5
[INFO] [stdout]    1:     0x5e20bd7d554a - std::backtrace_rs::backtrace::trace_unsynchronized::h2da071e4327ce3ee
[INFO] [stdout]                                at /rustc/6067b36314ab5eb2eb47cecc464545ba58e1ad24/library/std/src/../../backtrace/src/backtrace/mod.rs:66:5
[INFO] [stdout]    2:     0x5e20bd7d554a - std::sys::backtrace::_print_fmt::h842a1474e6f8d23f
[INFO] [stdout]                                at /rustc/6067b36314ab5eb2eb47cecc464545ba58e1ad24/library/std/src/sys/backtrace.rs:66:9
[INFO] [stdout]    3:     0x5e20bd7d554a - <std::sys::backtrace::BacktraceLock::print::DisplayBacktrace as core::fmt::Display>::fmt::h71a62eb3b9696b12
[INFO] [stdout]                                at /rustc/6067b36314ab5eb2eb47cecc464545ba58e1ad24/library/std/src/sys/backtrace.rs:39:26
[INFO] [stdout]    4:     0x5e20bd7fd4e3 - core::fmt::rt::Argument::fmt::hdb6b616786b41dc1
[INFO] [stdout]                                at /rustc/6067b36314ab5eb2eb47cecc464545ba58e1ad24/library/core/src/fmt/rt.rs:177:76
[INFO] [stdout]    5:     0x5e20bd7fd4e3 - core::fmt::write::h2cc1698af7e2d686
[INFO] [stdout]                                at /rustc/6067b36314ab5eb2eb47cecc464545ba58e1ad24/library/core/src/fmt/mod.rs:1440:21
[INFO] [stdout]    6:     0x5e20bd7d20a3 - std::io::Write::write_fmt::hab1b4cd059a79022
[INFO] [stdout]                                at /rustc/6067b36314ab5eb2eb47cecc464545ba58e1ad24/library/std/src/io/mod.rs:1887:15
[INFO] [stdout]    7:     0x5e20bd7d5392 - std::sys::backtrace::BacktraceLock::print::h147fe35b4ea13b08
[INFO] [stdout]                                at /rustc/6067b36314ab5eb2eb47cecc464545ba58e1ad24/library/std/src/sys/backtrace.rs:42:9
[INFO] [stdout]    8:     0x5e20bd7d696f - std::panicking::default_hook::{{closure}}::hbd44223dbdc0d208
[INFO] [stdout]                                at /rustc/6067b36314ab5eb2eb47cecc464545ba58e1ad24/library/std/src/panicking.rs:298:22
[INFO] [stdout]    9:     0x5e20bd7d6788 - std::panicking::default_hook::h20f81eb0576efcec
[INFO] [stdout]                                at /rustc/6067b36314ab5eb2eb47cecc464545ba58e1ad24/library/std/src/panicking.rs:322:9
[INFO] [stdout]   10:     0x5e20bd646053 - <alloc::boxed::Box<F,A> as core::ops::function::Fn<Args>>::call::hdb53814c496a4d34
[INFO] [stdout]                                at /rustc/6067b36314ab5eb2eb47cecc464545ba58e1ad24/library/alloc/src/boxed.rs:2027:9
[INFO] [stdout]   11:     0x5e20bd646053 - test::test_main::{{closure}}::hc0a4963c59427c24
[INFO] [stdout]                                at /rustc/6067b36314ab5eb2eb47cecc464545ba58e1ad24/library/test/src/lib.rs:134:21
[INFO] [stdout]   12:     0x5e20bd7d7463 - <alloc::boxed::Box<F,A> as core::ops::function::Fn<Args>>::call::h591b2225413a77e9
[INFO] [stdout]                                at /rustc/6067b36314ab5eb2eb47cecc464545ba58e1ad24/library/alloc/src/boxed.rs:2027:9
[INFO] [stdout]   13:     0x5e20bd7d7463 - std::panicking::rust_panic_with_hook::h625eea43051b2edc
[INFO] [stdout]                                at /rustc/6067b36314ab5eb2eb47cecc464545ba58e1ad24/library/std/src/panicking.rs:839:13
[INFO] [stdout]   14:     0x5e20bd7d711a - std::panicking::begin_panic_handler::{{closure}}::h4f9159cfbc3f6bd3
[INFO] [stdout]                                at /rustc/6067b36314ab5eb2eb47cecc464545ba58e1ad24/library/std/src/panicking.rs:704:13
[INFO] [stdout]   15:     0x5e20bd7d5a49 - std::sys::backtrace::__rust_end_short_backtrace::h0390abce48353151
[INFO] [stdout]                                at /rustc/6067b36314ab5eb2eb47cecc464545ba58e1ad24/library/std/src/sys/backtrace.rs:168:18
[INFO] [stdout]   16:     0x5e20bd7d6dad - rust_begin_unwind
[INFO] [stdout]                                at /rustc/6067b36314ab5eb2eb47cecc464545ba58e1ad24/library/std/src/panicking.rs:695:5
[INFO] [stdout]   17:     0x5e20bd7fbec0 - core::panicking::panic_fmt::h9e7c637e9e5f29c9
[INFO] [stdout]                                at /rustc/6067b36314ab5eb2eb47cecc464545ba58e1ad24/library/core/src/panicking.rs:75:14
[INFO] [stdout]   18:     0x5e20bd7fc2b2 - core::panicking::assert_failed_inner::h538bec7c1374cd9c
[INFO] [stdout]   19:     0x5e20bd7b4bbc - core::panicking::assert_failed::hd02c0d569d89af5b
[INFO] [stdout]                                at /rustc/6067b36314ab5eb2eb47cecc464545ba58e1ad24/library/core/src/panicking.rs:364:5
[INFO] [stdout]   20:     0x5e20bd60bf43 - aoc_2022::day13::tests::test_day13_1_biss::hd64ac6a6f0d09ca8
[INFO] [stdout]                                at /opt/rustwide/workdir/src/day13.rs:93:9
[INFO] [stdout]   21:     0x5e20bd60be37 - aoc_2022::day13::tests::test_day13_1_biss::{{closure}}::h064f3c24229b0ffa
[INFO] [stdout]                                at /opt/rustwide/workdir/src/day13.rs:92:27
[INFO] [stdout]   22:     0x5e20bd5ba5a6 - core::ops::function::FnOnce::call_once::h890775da1e6327e3
[INFO] [stdout]                                at /rustc/6067b36314ab5eb2eb47cecc464545ba58e1ad24/library/core/src/ops/function.rs:250:5
[INFO] [stdout]   23:     0x5e20bd64b7ab - core::ops::function::FnOnce::call_once::he27718dfdd183f43
[INFO] [stdout]                                at /rustc/6067b36314ab5eb2eb47cecc464545ba58e1ad24/library/core/src/ops/function.rs:250:5
[INFO] [stdout]   24:     0x5e20bd64b7ab - test::__rust_begin_short_backtrace::h4e84902998457a5d
[INFO] [stdout]                                at /rustc/6067b36314ab5eb2eb47cecc464545ba58e1ad24/library/test/src/lib.rs:632:18
[INFO] [stdout]   25:     0x5e20bd64a6e3 - test::run_test_in_process::{{closure}}::h7176fd18fc1feca0
[INFO] [stdout]                                at /rustc/6067b36314ab5eb2eb47cecc464545ba58e1ad24/library/test/src/lib.rs:655:60
[INFO] [stdout]   26:     0x5e20bd64a6e3 - <core::panic::unwind_safe::AssertUnwindSafe<F> as core::ops::function::FnOnce<()>>::call_once::hf79cff2a624d8cf7
[INFO] [stdout]                                at /rustc/6067b36314ab5eb2eb47cecc464545ba58e1ad24/library/core/src/panic/unwind_safe.rs:272:9
[INFO] [stdout]   27:     0x5e20bd64a6e3 - std::panicking::try::do_call::h3da0561d9ab99c25
[INFO] [stdout]                                at /rustc/6067b36314ab5eb2eb47cecc464545ba58e1ad24/library/std/src/panicking.rs:587:40
[INFO] [stdout]   28:     0x5e20bd64a6e3 - std::panicking::try::h41c9fa508bc61df6
[INFO] [stdout]                                at /rustc/6067b36314ab5eb2eb47cecc464545ba58e1ad24/library/std/src/panicking.rs:550:19
[INFO] [stdout]   29:     0x5e20bd64a6e3 - std::panic::catch_unwind::h6b3ff07bb5afad93
[INFO] [stdout]                                at /rustc/6067b36314ab5eb2eb47cecc464545ba58e1ad24/library/std/src/panic.rs:358:14
[INFO] [stdout]   30:     0x5e20bd64a6e3 - test::run_test_in_process::hc7253dd11b39b9f4
[INFO] [stdout]                                at /rustc/6067b36314ab5eb2eb47cecc464545ba58e1ad24/library/test/src/lib.rs:655:27
[INFO] [stdout]   31:     0x5e20bd64a6e3 - test::run_test::{{closure}}::hfb2007f8649c30bb
[INFO] [stdout]                                at /rustc/6067b36314ab5eb2eb47cecc464545ba58e1ad24/library/test/src/lib.rs:576:43
[INFO] [stdout]   32:     0x5e20bd60d7c5 - test::run_test::{{closure}}::h56a17aa7a282a9f4
[INFO] [stdout]                                at /rustc/6067b36314ab5eb2eb47cecc464545ba58e1ad24/library/test/src/lib.rs:606:41
[INFO] [stdout]   33:     0x5e20bd60d7c5 - std::sys::backtrace::__rust_begin_short_backtrace::hd2d2d2fb8e8c6aac
[INFO] [stdout]                                at /rustc/6067b36314ab5eb2eb47cecc464545ba58e1ad24/library/std/src/sys/backtrace.rs:152:18
[INFO] [stdout]   34:     0x5e20bd6110aa - std::thread::Builder::spawn_unchecked_::{{closure}}::{{closure}}::h4faa3f9db6133423
[INFO] [stdout]                                at /rustc/6067b36314ab5eb2eb47cecc464545ba58e1ad24/library/std/src/thread/mod.rs:559:17
[INFO] [stdout]   35:     0x5e20bd6110aa - <core::panic::unwind_safe::AssertUnwindSafe<F> as core::ops::function::FnOnce<()>>::call_once::hf2e855a36a4ea846
[INFO] [stdout]                                at /rustc/6067b36314ab5eb2eb47cecc464545ba58e1ad24/library/core/src/panic/unwind_safe.rs:272:9
[INFO] [stdout]   36:     0x5e20bd6110aa - std::panicking::try::do_call::h2f73af3616c35465
[INFO] [stdout]                                at /rustc/6067b36314ab5eb2eb47cecc464545ba58e1ad24/library/std/src/panicking.rs:587:40
[INFO] [stdout]   37:     0x5e20bd6110aa - std::panicking::try::hd1660ce9efadef5a
[INFO] [stdout]                                at /rustc/6067b36314ab5eb2eb47cecc464545ba58e1ad24/library/std/src/panicking.rs:550:19
[INFO] [stdout]   38:     0x5e20bd6110aa - std::panic::catch_unwind::h5ee8d7823b8ca744
[INFO] [stdout]                                at /rustc/6067b36314ab5eb2eb47cecc464545ba58e1ad24/library/std/src/panic.rs:358:14
[INFO] [stdout]   39:     0x5e20bd6110aa - std::thread::Builder::spawn_unchecked_::{{closure}}::h53c3a1894dce8407
[INFO] [stdout]                                at /rustc/6067b36314ab5eb2eb47cecc464545ba58e1ad24/library/std/src/thread/mod.rs:557:30
[INFO] [stdout]   40:     0x5e20bd6110aa - core::ops::function::FnOnce::call_once{{vtable.shim}}::h048ce291ad4f62bf
[INFO] [stdout]                                at /rustc/6067b36314ab5eb2eb47cecc464545ba58e1ad24/library/core/src/ops/function.rs:250:5
[INFO] [stdout]   41:     0x5e20bd7db3ab - <alloc::boxed::Box<F,A> as core::ops::function::FnOnce<Args>>::call_once::ha52bedf99a3b4981
[INFO] [stdout]                                at /rustc/6067b36314ab5eb2eb47cecc464545ba58e1ad24/library/alloc/src/boxed.rs:2013:9
[INFO] [stdout]   42:     0x5e20bd7db3ab - <alloc::boxed::Box<F,A> as core::ops::function::FnOnce<Args>>::call_once::h567748934d80ccf8
[INFO] [stdout]                                at /rustc/6067b36314ab5eb2eb47cecc464545ba58e1ad24/library/alloc/src/boxed.rs:2013:9
[INFO] [stdout]   43:     0x5e20bd7db3ab - std::sys::pal::unix::thread::Thread::new::thread_start::h2d970728ae887adc
[INFO] [stdout]                                at /rustc/6067b36314ab5eb2eb47cecc464545ba58e1ad24/library/std/src/sys/pal/unix/thread.rs:106:17
[INFO] [stdout]   44:     0x7a01bfd41ac3 - <unknown>
[INFO] [stdout]   45:     0x7a01bfdd2a04 - clone
[INFO] [stdout]   46:                0x0 - <unknown>
[INFO] [stdout] 
[INFO] [stdout] ---- day10::tests::test_day10_1_bis stdout ----
[INFO] [stdout] [src/day10.rs:42:13] cycles = 1
[INFO] [stdout] [src/day10.rs:43:13] register = 1
[INFO] [stdout] [src/day10.rs:44:13] "=====" = "====="
[INFO] [stdout] [src/day10.rs:42:13] cycles = 2
[INFO] [stdout] [src/day10.rs:43:13] register = 1
[INFO] [stdout] [src/day10.rs:44:13] "=====" = "====="
[INFO] [stdout] [src/day10.rs:42:13] cycles = 3
[INFO] [stdout] [src/day10.rs:43:13] register = 1
[INFO] [stdout] [src/day10.rs:44:13] "=====" = "====="
[INFO] [stdout] [src/day10.rs:42:13] cycles = 4
[INFO] [stdout] [src/day10.rs:43:13] register = 4
[INFO] [stdout] [src/day10.rs:44:13] "=====" = "====="
[INFO] [stdout] [src/day10.rs:42:13] cycles = 5
[INFO] [stdout] [src/day10.rs:43:13] register = 4
[INFO] [stdout] [src/day10.rs:44:13] "=====" = "====="
[INFO] [stdout] [src/day10.rs:59:5] &signal_strength = []
[INFO] [stdout] [src/day10.rs:60:5] &crt = "#####"
[INFO] [stdout] #####
[INFO] [stdout] 
[INFO] [stdout] thread 'day10::tests::test_day10_1_bis' panicked at src/day10.rs:91:9:
[INFO] [stdout] assertion `left == right` failed
[INFO] [stdout]   left: 0
[INFO] [stdout]  right: 13140
[INFO] [stdout] stack backtrace:
[INFO] [stdout]    0:     0x5e20bd7d554a - std::backtrace_rs::backtrace::libunwind::trace::hb059275cfc8d6126
[INFO] [stdout]                                at /rustc/6067b36314ab5eb2eb47cecc464545ba58e1ad24/library/std/src/../../backtrace/src/backtrace/libunwind.rs:116:5
[INFO] [stdout]    1:     0x5e20bd7d554a - std::backtrace_rs::backtrace::trace_unsynchronized::h2da071e4327ce3ee
[INFO] [stdout]                                at /rustc/6067b36314ab5eb2eb47cecc464545ba58e1ad24/library/std/src/../../backtrace/src/backtrace/mod.rs:66:5
[INFO] [stdout]    2:     0x5e20bd7d554a - std::sys::backtrace::_print_fmt::h842a1474e6f8d23f
[INFO] [stdout]                                at /rustc/6067b36314ab5eb2eb47cecc464545ba58e1ad24/library/std/src/sys/backtrace.rs:66:9
[INFO] [stdout]    3:     0x5e20bd7d554a - <std::sys::backtrace::BacktraceLock::print::DisplayBacktrace as core::fmt::Display>::fmt::h71a62eb3b9696b12
[INFO] [stdout]                                at /rustc/6067b36314ab5eb2eb47cecc464545ba58e1ad24/library/std/src/sys/backtrace.rs:39:26
[INFO] [stdout]    4:     0x5e20bd7fd4e3 - core::fmt::rt::Argument::fmt::hdb6b616786b41dc1
[INFO] [stdout]                                at /rustc/6067b36314ab5eb2eb47cecc464545ba58e1ad24/library/core/src/fmt/rt.rs:177:76
[INFO] [stdout]    5:     0x5e20bd7fd4e3 - core::fmt::write::h2cc1698af7e2d686
[INFO] [stdout]                                at /rustc/6067b36314ab5eb2eb47cecc464545ba58e1ad24/library/core/src/fmt/mod.rs:1440:21
[INFO] [stdout]    6:     0x5e20bd7d20a3 - std::io::Write::write_fmt::hab1b4cd059a79022
[INFO] [stdout]                                at /rustc/6067b36314ab5eb2eb47cecc464545ba58e1ad24/library/std/src/io/mod.rs:1887:15
[INFO] [stdout]    7:     0x5e20bd7d5392 - std::sys::backtrace::BacktraceLock::print::h147fe35b4ea13b08
[INFO] [stdout]                                at /rustc/6067b36314ab5eb2eb47cecc464545ba58e1ad24/library/std/src/sys/backtrace.rs:42:9
[INFO] [stdout]    8:     0x5e20bd7d696f - std::panicking::default_hook::{{closure}}::hbd44223dbdc0d208
[INFO] [stdout]                                at /rustc/6067b36314ab5eb2eb47cecc464545ba58e1ad24/library/std/src/panicking.rs:298:22
[INFO] [stdout]    9:     0x5e20bd7d6788 - std::panicking::default_hook::h20f81eb0576efcec
[INFO] [stdout]                                at /rustc/6067b36314ab5eb2eb47cecc464545ba58e1ad24/library/std/src/panicking.rs:322:9
[INFO] [stdout]   10:     0x5e20bd646053 - <alloc::boxed::Box<F,A> as core::ops::function::Fn<Args>>::call::hdb53814c496a4d34
[INFO] [stdout]                                at /rustc/6067b36314ab5eb2eb47cecc464545ba58e1ad24/library/alloc/src/boxed.rs:2027:9
[INFO] [stdout]   11:     0x5e20bd646053 - test::test_main::{{closure}}::hc0a4963c59427c24
[INFO] [stdout]                                at /rustc/6067b36314ab5eb2eb47cecc464545ba58e1ad24/library/test/src/lib.rs:134:21
[INFO] [stdout]   12:     0x5e20bd7d7463 - <alloc::boxed::Box<F,A> as core::ops::function::Fn<Args>>::call::h591b2225413a77e9
[INFO] [stdout]                                at /rustc/6067b36314ab5eb2eb47cecc464545ba58e1ad24/library/alloc/src/boxed.rs:2027:9
[INFO] [stdout]   13:     0x5e20bd7d7463 - std::panicking::rust_panic_with_hook::h625eea43051b2edc
[INFO] [stdout]                                at /rustc/6067b36314ab5eb2eb47cecc464545ba58e1ad24/library/std/src/panicking.rs:839:13
[INFO] [stdout]   14:     0x5e20bd7d711a - std::panicking::begin_panic_handler::{{closure}}::h4f9159cfbc3f6bd3
[INFO] [stdout]                                at /rustc/6067b36314ab5eb2eb47cecc464545ba58e1ad24/library/std/src/panicking.rs:704:13
[INFO] [stdout]   15:     0x5e20bd7d5a49 - std::sys::backtrace::__rust_end_short_backtrace::h0390abce48353151
[INFO] [stdout]                                at /rustc/6067b36314ab5eb2eb47cecc464545ba58e1ad24/library/std/src/sys/backtrace.rs:168:18
[INFO] [stdout]   16:     0x5e20bd7d6dad - rust_begin_unwind
[INFO] [stdout]                                at /rustc/6067b36314ab5eb2eb47cecc464545ba58e1ad24/library/std/src/panicking.rs:695:5
[INFO] [stdout]   17:     0x5e20bd7fbec0 - core::panicking::panic_fmt::h9e7c637e9e5f29c9
[INFO] [stdout]                                at /rustc/6067b36314ab5eb2eb47cecc464545ba58e1ad24/library/core/src/panicking.rs:75:14
[INFO] [stdout]   18:     0x5e20bd7fc2b2 - core::panicking::assert_failed_inner::h538bec7c1374cd9c
[INFO] [stdout]   19:     0x5e20bd7b4bbc - core::panicking::assert_failed::hd02c0d569d89af5b
[INFO] [stdout]                                at /rustc/6067b36314ab5eb2eb47cecc464545ba58e1ad24/library/core/src/panicking.rs:364:5
[INFO] [stdout]   20:     0x5e20bd5e4543 - aoc_2022::day10::tests::test_day10_1_bis::hbdbdfc2a45a7d20e
[INFO] [stdout]                                at /opt/rustwide/workdir/src/day10.rs:91:9
[INFO] [stdout]   21:     0x5e20bd5e4437 - aoc_2022::day10::tests::test_day10_1_bis::{{closure}}::h923c532f8201571b
[INFO] [stdout]                                at /opt/rustwide/workdir/src/day10.rs:90:26
[INFO] [stdout]   22:     0x5e20bd5ba976 - core::ops::function::FnOnce::call_once::hcd410540e3ccec80
[INFO] [stdout]                                at /rustc/6067b36314ab5eb2eb47cecc464545ba58e1ad24/library/core/src/ops/function.rs:250:5
[INFO] [stdout]   23:     0x5e20bd64b7ab - core::ops::function::FnOnce::call_once::he27718dfdd183f43
[INFO] [stdout]                                at /rustc/6067b36314ab5eb2eb47cecc464545ba58e1ad24/library/core/src/ops/function.rs:250:5
[INFO] [stdout]   24:     0x5e20bd64b7ab - test::__rust_begin_short_backtrace::h4e84902998457a5d
[INFO] [stdout]                                at /rustc/6067b36314ab5eb2eb47cecc464545ba58e1ad24/library/test/src/lib.rs:632:18
[INFO] [stdout]   25:     0x5e20bd64a6e3 - test::run_test_in_process::{{closure}}::h7176fd18fc1feca0
[INFO] [stdout]                                at /rustc/6067b36314ab5eb2eb47cecc464545ba58e1ad24/library/test/src/lib.rs:655:60
[INFO] [stdout]   26:     0x5e20bd64a6e3 - <core::panic::unwind_safe::AssertUnwindSafe<F> as core::ops::function::FnOnce<()>>::call_once::hf79cff2a624d8cf7
[INFO] [stdout]                                at /rustc/6067b36314ab5eb2eb47cecc464545ba58e1ad24/library/core/src/panic/unwind_safe.rs:272:9
[INFO] [stdout]   27:     0x5e20bd64a6e3 - std::panicking::try::do_call::h3da0561d9ab99c25
[INFO] [stdout]                                at /rustc/6067b36314ab5eb2eb47cecc464545ba58e1ad24/library/std/src/panicking.rs:587:40
[INFO] [stdout]   28:     0x5e20bd64a6e3 - std::panicking::try::h41c9fa508bc61df6
[INFO] [stdout]                                at /rustc/6067b36314ab5eb2eb47cecc464545ba58e1ad24/library/std/src/panicking.rs:550:19
[INFO] [stdout]   29:     0x5e20bd64a6e3 - std::panic::catch_unwind::h6b3ff07bb5afad93
[INFO] [stdout]                                at /rustc/6067b36314ab5eb2eb47cecc464545ba58e1ad24/library/std/src/panic.rs:358:14
[INFO] [stdout]   30:     0x5e20bd64a6e3 - test::run_test_in_process::hc7253dd11b39b9f4
[INFO] [stdout]                                at /rustc/6067b36314ab5eb2eb47cecc464545ba58e1ad24/library/test/src/lib.rs:655:27
[INFO] [stdout]   31:     0x5e20bd64a6e3 - test::run_test::{{closure}}::hfb2007f8649c30bb
[INFO] [stdout]                                at /rustc/6067b36314ab5eb2eb47cecc464545ba58e1ad24/library/test/src/lib.rs:576:43
[INFO] [stdout]   32:     0x5e20bd60d7c5 - test::run_test::{{closure}}::h56a17aa7a282a9f4
[INFO] [stdout]                                at /rustc/6067b36314ab5eb2eb47cecc464545ba58e1ad24/library/test/src/lib.rs:606:41
[INFO] [stdout]   33:     0x5e20bd60d7c5 - std::sys::backtrace::__rust_begin_short_backtrace::hd2d2d2fb8e8c6aac
[INFO] [stdout]                                at /rustc/6067b36314ab5eb2eb47cecc464545ba58e1ad24/library/std/src/sys/backtrace.rs:152:18
[INFO] [stdout]   34:     0x5e20bd6110aa - std::thread::Builder::spawn_unchecked_::{{closure}}::{{closure}}::h4faa3f9db6133423
[INFO] [stdout]                                at /rustc/6067b36314ab5eb2eb47cecc464545ba58e1ad24/library/std/src/thread/mod.rs:559:17
[INFO] [stdout]   35:     0x5e20bd6110aa - <core::panic::unwind_safe::AssertUnwindSafe<F> as core::ops::function::FnOnce<()>>::call_once::hf2e855a36a4ea846
[INFO] [stdout]                                at /rustc/6067b36314ab5eb2eb47cecc464545ba58e1ad24/library/core/src/panic/unwind_safe.rs:272:9
[INFO] [stdout]   36:     0x5e20bd6110aa - std::panicking::try::do_call::h2f73af3616c35465
[INFO] [stdout]                                at /rustc/6067b36314ab5eb2eb47cecc464545ba58e1ad24/library/std/src/panicking.rs:587:40
[INFO] [stdout]   37:     0x5e20bd6110aa - std::panicking::try::hd1660ce9efadef5a
[INFO] [stdout]                                at /rustc/6067b36314ab5eb2eb47cecc464545ba58e1ad24/library/std/src/panicking.rs:550:19
[INFO] [stdout]   38:     0x5e20bd6110aa - std::panic::catch_unwind::h5ee8d7823b8ca744
[INFO] [stdout]                                at /rustc/6067b36314ab5eb2eb47cecc464545ba58e1ad24/library/std/src/panic.rs:358:14
[INFO] [stdout]   39:     0x5e20bd6110aa - std::thread::Builder::spawn_unchecked_::{{closure}}::h53c3a1894dce8407
[INFO] [stdout]                                at /rustc/6067b36314ab5eb2eb47cecc464545ba58e1ad24/library/std/src/thread/mod.rs:557:30
[INFO] [stdout]   40:     0x5e20bd6110aa - core::ops::function::FnOnce::call_once{{vtable.shim}}::h048ce291ad4f62bf
[INFO] [stdout]                                at /rustc/6067b36314ab5eb2eb47cecc464545ba58e1ad24/library/core/src/ops/function.rs:250:5
[INFO] [stdout]   41:     0x5e20bd7db3ab - <alloc::boxed::Box<F,A> as core::ops::function::FnOnce<Args>>::call_once::ha52bedf99a3b4981
[INFO] [stdout]                                at /rustc/6067b36314ab5eb2eb47cecc464545ba58e1ad24/library/alloc/src/boxed.rs:2013:9
[INFO] [stdout]   42:     0x5e20bd7db3ab - <alloc::boxed::Box<F,A> as core::ops::function::FnOnce<Args>>::call_once::h567748934d80ccf8
[INFO] [stdout]                                at /rustc/6067b36314ab5eb2eb47cecc464545ba58e1ad24/library/alloc/src/boxed.rs:2013:9
[INFO] [stdout]   43:     0x5e20bd7db3ab - std::sys::pal::unix::thread::Thread::new::thread_start::h2d970728ae887adc
[INFO] [stdout]                                at /rustc/6067b36314ab5eb2eb47cecc464545ba58e1ad24/library/std/src/sys/pal/unix/thread.rs:106:17
[INFO] [stdout]   44:     0x7a01bfd41ac3 - <unknown>
[INFO] [stdout]   45:     0x7a01bfdd2a04 - clone
[INFO] [stdout]   46:                0x0 - <unknown>
[INFO] [stdout] 
[INFO] [stdout] 
[INFO] [stdout] failures:
[INFO] [stdout]     day10::tests::test_day10_1_bis
[INFO] [stdout]     day13::tests::test_day13_1_biss
[INFO] [stdout] 
[INFO] [stdout] test result: FAILED. 27 passed; 2 failed; 0 ignored; 0 measured; 0 filtered out; finished in 0.13s
[INFO] [stdout] 
[INFO] running `Command { std: "docker" "inspect" "e26e0e67224d83f2f2f519af2d7bc59df608ba1ab58a24a98636e184d1ded2fd", kill_on_drop: false }`
[INFO] running `Command { std: "docker" "rm" "-f" "e26e0e67224d83f2f2f519af2d7bc59df608ba1ab58a24a98636e184d1ded2fd", kill_on_drop: false }`
[INFO] [stdout] e26e0e67224d83f2f2f519af2d7bc59df608ba1ab58a24a98636e184d1ded2fd
