[INFO] cloning repository https://github.com/theHamdiz/flexi_func_declarative
[INFO] running `Command { std: "git" "-c" "credential.helper=" "-c" "credential.helper=/workspace/cargo-home/bin/git-credential-null" "clone" "--bare" "https://github.com/theHamdiz/flexi_func_declarative" "/workspace/cache/git-repos/https%3A%2F%2Fgithub.com%2FtheHamdiz%2Fflexi_func_declarative", kill_on_drop: false }`
[INFO] [stderr] Cloning into bare repository '/workspace/cache/git-repos/https%3A%2F%2Fgithub.com%2FtheHamdiz%2Fflexi_func_declarative'...
[INFO] running `Command { std: "git" "rev-parse" "HEAD", kill_on_drop: false }`
[INFO] [stdout] ef828f78e614389a0f5d4afac736f05e1777c962
[INFO] testing theHamdiz/flexi_func_declarative against nightly-2025-01-18+rustflags=-Zrandomize-layout for randomize-layout-2
[INFO] running `Command { std: "git" "clone" "/workspace/cache/git-repos/https%3A%2F%2Fgithub.com%2FtheHamdiz%2Fflexi_func_declarative" "/workspace/builds/worker-5-tc2/source", kill_on_drop: false }`
[INFO] [stderr] Cloning into '/workspace/builds/worker-5-tc2/source'...
[INFO] [stderr] done.
[INFO] validating manifest of git repo https://github.com/theHamdiz/flexi_func_declarative on toolchain nightly-2025-01-18
[INFO] running `Command { std: CARGO_HOME="/workspace/cargo-home" RUSTUP_HOME="/workspace/rustup-home" "/workspace/cargo-home/bin/cargo" "+nightly-2025-01-18" "metadata" "--manifest-path" "Cargo.toml" "--no-deps", kill_on_drop: false }`
[INFO] started tweaking git repo https://github.com/theHamdiz/flexi_func_declarative
[INFO] finished tweaking git repo https://github.com/theHamdiz/flexi_func_declarative
[INFO] tweaked toml for git repo https://github.com/theHamdiz/flexi_func_declarative written to /workspace/builds/worker-5-tc2/source/Cargo.toml
[INFO] crate git repo https://github.com/theHamdiz/flexi_func_declarative already has a lockfile, it will not be regenerated
[INFO] running `Command { std: CARGO_HOME="/workspace/cargo-home" RUSTUP_HOME="/workspace/rustup-home" "/workspace/cargo-home/bin/cargo" "+nightly-2025-01-18" "fetch" "--manifest-path" "Cargo.toml", kill_on_drop: false }`
[INFO] running `Command { std: "docker" "create" "-v" "/var/lib/crater-agent-workspace/builds/worker-5-tc2/target:/opt/rustwide/target:rw,Z" "-v" "/var/lib/crater-agent-workspace/builds/worker-5-tc2/source:/opt/rustwide/workdir:ro,Z" "-v" "/var/lib/crater-agent-workspace/cargo-home:/opt/rustwide/cargo-home:ro,Z" "-v" "/var/lib/crater-agent-workspace/rustup-home:/opt/rustwide/rustup-home:ro,Z" "-e" "SOURCE_DIR=/opt/rustwide/workdir" "-e" "CARGO_TARGET_DIR=/opt/rustwide/target" "-e" "CARGO_HOME=/opt/rustwide/cargo-home" "-e" "RUSTUP_HOME=/opt/rustwide/rustup-home" "-w" "/opt/rustwide/workdir" "-m" "1610612736" "--user" "0:0" "--network" "none" "ghcr.io/rust-lang/crates-build-env/linux@sha256:819108c5571ea2e421544af4d832f968d213c87fbe3707a016657f43d2f853bc" "/opt/rustwide/cargo-home/bin/cargo" "+nightly-2025-01-18" "metadata" "--no-deps" "--format-version=1", kill_on_drop: false }`
[INFO] [stdout] 5f20df49b1b58dffd84a9f91bc42fa5951d892fe650eb9bd4f5ec01ea1961671
[INFO] running `Command { std: "docker" "start" "-a" "5f20df49b1b58dffd84a9f91bc42fa5951d892fe650eb9bd4f5ec01ea1961671", kill_on_drop: false }`
[INFO] running `Command { std: "docker" "inspect" "5f20df49b1b58dffd84a9f91bc42fa5951d892fe650eb9bd4f5ec01ea1961671", kill_on_drop: false }`
[INFO] running `Command { std: "docker" "rm" "-f" "5f20df49b1b58dffd84a9f91bc42fa5951d892fe650eb9bd4f5ec01ea1961671", kill_on_drop: false }`
[INFO] [stdout] 5f20df49b1b58dffd84a9f91bc42fa5951d892fe650eb9bd4f5ec01ea1961671
[INFO] running `Command { std: "docker" "create" "-v" "/var/lib/crater-agent-workspace/builds/worker-5-tc2/target:/opt/rustwide/target:rw,Z" "-v" "/var/lib/crater-agent-workspace/builds/worker-5-tc2/source:/opt/rustwide/workdir:ro,Z" "-v" "/var/lib/crater-agent-workspace/cargo-home:/opt/rustwide/cargo-home:ro,Z" "-v" "/var/lib/crater-agent-workspace/rustup-home:/opt/rustwide/rustup-home:ro,Z" "-e" "SOURCE_DIR=/opt/rustwide/workdir" "-e" "CARGO_TARGET_DIR=/opt/rustwide/target" "-e" "CARGO_INCREMENTAL=0" "-e" "RUST_BACKTRACE=full" "-e" "RUSTFLAGS=--cap-lints=forbid -Zrandomize-layout" "-e" "RUSTDOCFLAGS=--cap-lints=forbid" "-e" "CARGO_HOME=/opt/rustwide/cargo-home" "-e" "RUSTUP_HOME=/opt/rustwide/rustup-home" "-w" "/opt/rustwide/workdir" "-m" "1610612736" "--user" "0:0" "--network" "none" "ghcr.io/rust-lang/crates-build-env/linux@sha256:819108c5571ea2e421544af4d832f968d213c87fbe3707a016657f43d2f853bc" "/opt/rustwide/cargo-home/bin/cargo" "+nightly-2025-01-18" "build" "--frozen" "--message-format=json", kill_on_drop: false }`
[INFO] [stdout] 0c0d7ab8997fb1229259a2b06ba33ea8f7c2993234d0051f4ef363c38afa0885
[INFO] running `Command { std: "docker" "start" "-a" "0c0d7ab8997fb1229259a2b06ba33ea8f7c2993234d0051f4ef363c38afa0885", kill_on_drop: false }`
[INFO] [stderr]    Compiling flexi_func_declarative v0.2.7 (/opt/rustwide/workdir)
[INFO] [stderr]     Finished `dev` profile [unoptimized + debuginfo] target(s) in 0.14s
[INFO] running `Command { std: "docker" "inspect" "0c0d7ab8997fb1229259a2b06ba33ea8f7c2993234d0051f4ef363c38afa0885", kill_on_drop: false }`
[INFO] running `Command { std: "docker" "rm" "-f" "0c0d7ab8997fb1229259a2b06ba33ea8f7c2993234d0051f4ef363c38afa0885", kill_on_drop: false }`
[INFO] [stdout] 0c0d7ab8997fb1229259a2b06ba33ea8f7c2993234d0051f4ef363c38afa0885
[INFO] running `Command { std: "docker" "create" "-v" "/var/lib/crater-agent-workspace/builds/worker-5-tc2/target:/opt/rustwide/target:rw,Z" "-v" "/var/lib/crater-agent-workspace/builds/worker-5-tc2/source:/opt/rustwide/workdir:ro,Z" "-v" "/var/lib/crater-agent-workspace/cargo-home:/opt/rustwide/cargo-home:ro,Z" "-v" "/var/lib/crater-agent-workspace/rustup-home:/opt/rustwide/rustup-home:ro,Z" "-e" "SOURCE_DIR=/opt/rustwide/workdir" "-e" "CARGO_TARGET_DIR=/opt/rustwide/target" "-e" "CARGO_INCREMENTAL=0" "-e" "RUST_BACKTRACE=full" "-e" "RUSTFLAGS=--cap-lints=forbid -Zrandomize-layout" "-e" "RUSTDOCFLAGS=--cap-lints=forbid" "-e" "CARGO_HOME=/opt/rustwide/cargo-home" "-e" "RUSTUP_HOME=/opt/rustwide/rustup-home" "-w" "/opt/rustwide/workdir" "-m" "1610612736" "--user" "0:0" "--network" "none" "ghcr.io/rust-lang/crates-build-env/linux@sha256:819108c5571ea2e421544af4d832f968d213c87fbe3707a016657f43d2f853bc" "/opt/rustwide/cargo-home/bin/cargo" "+nightly-2025-01-18" "test" "--frozen" "--no-run" "--message-format=json", kill_on_drop: false }`
[INFO] [stdout] 54e78bbf7cb118b3577ab8d470663e352cad0425ec69ff33ef217e5ebeff5de0
[INFO] running `Command { std: "docker" "start" "-a" "54e78bbf7cb118b3577ab8d470663e352cad0425ec69ff33ef217e5ebeff5de0", kill_on_drop: false }`
[INFO] [stderr]    Compiling flexi_func_declarative v0.2.7 (/opt/rustwide/workdir)
[INFO] [stderr]     Finished `test` profile [unoptimized + debuginfo] target(s) in 0.27s
[INFO] running `Command { std: "docker" "inspect" "54e78bbf7cb118b3577ab8d470663e352cad0425ec69ff33ef217e5ebeff5de0", kill_on_drop: false }`
[INFO] running `Command { std: "docker" "rm" "-f" "54e78bbf7cb118b3577ab8d470663e352cad0425ec69ff33ef217e5ebeff5de0", kill_on_drop: false }`
[INFO] [stdout] 54e78bbf7cb118b3577ab8d470663e352cad0425ec69ff33ef217e5ebeff5de0
[INFO] running `Command { std: "docker" "create" "-v" "/var/lib/crater-agent-workspace/builds/worker-5-tc2/target:/opt/rustwide/target:rw,Z" "-v" "/var/lib/crater-agent-workspace/builds/worker-5-tc2/source:/opt/rustwide/workdir:ro,Z" "-v" "/var/lib/crater-agent-workspace/cargo-home:/opt/rustwide/cargo-home:ro,Z" "-v" "/var/lib/crater-agent-workspace/rustup-home:/opt/rustwide/rustup-home:ro,Z" "-e" "SOURCE_DIR=/opt/rustwide/workdir" "-e" "CARGO_TARGET_DIR=/opt/rustwide/target" "-e" "CARGO_INCREMENTAL=0" "-e" "RUST_BACKTRACE=full" "-e" "RUSTFLAGS=--cap-lints=forbid -Zrandomize-layout" "-e" "RUSTDOCFLAGS=--cap-lints=forbid" "-e" "CARGO_HOME=/opt/rustwide/cargo-home" "-e" "RUSTUP_HOME=/opt/rustwide/rustup-home" "-w" "/opt/rustwide/workdir" "-m" "1610612736" "--user" "0:0" "--network" "none" "ghcr.io/rust-lang/crates-build-env/linux@sha256:819108c5571ea2e421544af4d832f968d213c87fbe3707a016657f43d2f853bc" "/opt/rustwide/cargo-home/bin/cargo" "+nightly-2025-01-18" "test" "--frozen", kill_on_drop: false }`
[INFO] [stdout] 2a13a125855189da87ce88ef2d724c78f4838f14a9d8fe84b927b93d8b5d6320
[INFO] running `Command { std: "docker" "start" "-a" "2a13a125855189da87ce88ef2d724c78f4838f14a9d8fe84b927b93d8b5d6320", kill_on_drop: false }`
[INFO] [stderr]     Finished `test` profile [unoptimized + debuginfo] target(s) in 0.02s
[INFO] [stderr]      Running unittests src/lib.rs (/opt/rustwide/target/debug/deps/flexi_func_declarative-9dc5c2753c09630d)
[INFO] [stdout] 
[INFO] [stdout] running 0 tests
[INFO] [stdout] 
[INFO] [stdout] test result: ok. 0 passed; 0 failed; 0 ignored; 0 measured; 0 filtered out; finished in 0.00s
[INFO] [stdout] 
[INFO] [stderr]    Doc-tests flexi_func_declarative
[INFO] [stdout] 
[INFO] [stdout] running 5 tests
[INFO] [stdout] test src/lib.rs - fb (line 28) ... FAILED
[INFO] [stdout] test src/lib.rs - fb (line 50) ... FAILED
[INFO] [stdout] test src/lib.rs - fb (line 86) ... FAILED
[INFO] [stdout] test src/lib.rs - fb (line 36) ... FAILED
[INFO] [stdout] test src/lib.rs - fb (line 10) ... FAILED
[INFO] [stdout] 
[INFO] [stdout] failures:
[INFO] [stdout] 
[INFO] [stdout] ---- src/lib.rs - fb (line 28) stdout ----
[INFO] [stdout] error: cannot find macro `fb` in this scope
[INFO] [stdout]  --> src/lib.rs:29:1
[INFO] [stdout]   |
[INFO] [stdout] 3 | fb!(sync, greet, (name: String), -> String, {
[INFO] [stdout]   | ^^
[INFO] [stdout]   |
[INFO] [stdout] help: consider importing this macro
[INFO] [stdout]   |
[INFO] [stdout] 2 + use flexi_func_declarative::fb;
[INFO] [stdout]   |
[INFO] [stdout] 
[INFO] [stdout] error: aborting due to 1 previous error
[INFO] [stdout] 
[INFO] [stdout] Couldn't compile the test.
[INFO] [stdout] ---- src/lib.rs - fb (line 50) stdout ----
[INFO] [stdout] error: cannot find macro `fb` in this scope
[INFO] [stdout]  --> src/lib.rs:57:1
[INFO] [stdout]   |
[INFO] [stdout] 9 | fb!(sync, process_data, (data: Vec<u8>), -> Result<(), MyError>, {
[INFO] [stdout]   | ^^
[INFO] [stdout]   |
[INFO] [stdout] help: consider importing this macro
[INFO] [stdout]   |
[INFO] [stdout] 2 + use flexi_func_declarative::fb;
[INFO] [stdout]   |
[INFO] [stdout] 
[INFO] [stdout] warning: unexpected `cfg` condition value: `r#async`
[INFO] [stdout]  --> src/lib.rs:51:7
[INFO] [stdout]   |
[INFO] [stdout] 3 | #[cfg(feature = "async")]
[INFO] [stdout]   |       ^^^^^^^^^^^^^^^^^ help: remove the condition
[INFO] [stdout]   |
[INFO] [stdout]   = note: no expected values for `feature`
[INFO] [stdout]   = help: consider adding `r#async` as a feature in `Cargo.toml`
[INFO] [stdout]   = note: see <https://doc.rust-lang.org/nightly/rustc/check-cfg/cargo-specifics.html> for more information about checking conditional configuration
[INFO] [stdout]   = note: `#[warn(unexpected_cfgs)]` on by default
[INFO] [stdout] 
[INFO] [stdout] warning: unexpected `cfg` condition value: `r#async`
[INFO] [stdout]  --> src/lib.rs:56:11
[INFO] [stdout]   |
[INFO] [stdout] 8 | #[cfg(not(feature = "async"))]
[INFO] [stdout]   |           ^^^^^^^^^^^^^^^^^ help: remove the condition
[INFO] [stdout]   |
[INFO] [stdout]   = note: no expected values for `feature`
[INFO] [stdout]   = help: consider adding `r#async` as a feature in `Cargo.toml`
[INFO] [stdout]   = note: see <https://doc.rust-lang.org/nightly/rustc/check-cfg/cargo-specifics.html> for more information about checking conditional configuration
[INFO] [stdout] 
[INFO] [stdout] error: aborting due to 1 previous error; 2 warnings emitted
[INFO] [stdout] 
[INFO] [stdout] Couldn't compile the test.
[INFO] [stdout] ---- src/lib.rs - fb (line 86) stdout ----
[INFO] [stdout] error: unknown start of token: `
[INFO] [stdout]  --> src/lib.rs:88:19
[INFO] [stdout]   |
[INFO] [stdout] 4 | By leveraging the `fb!` macro in your Rust projects, you can maintain cleaner and more maintainable codebases, especially when dealing wi...
[INFO] [stdout]   |                   ^
[INFO] [stdout]   |
[INFO] [stdout] help: Unicode character '`' (Grave Accent) looks like ''' (Single Quote), but it is not
[INFO] [stdout]   |
[INFO] [stdout] 4 | By leveraging the 'fb!` macro in your Rust projects, you can maintain cleaner and more maintainable codebases, especially when dealing with the complexities of synchronous and asynchronous programming patterns.
[INFO] [stdout]   |                   ~
[INFO] [stdout] 
[INFO] [stdout] error: unknown start of token: `
[INFO] [stdout]  --> src/lib.rs:88:23
[INFO] [stdout]   |
[INFO] [stdout] 4 | By leveraging the `fb!` macro in your Rust projects, you can maintain cleaner and more maintainable codebases, especially when dealing wi...
[INFO] [stdout]   |                       ^
[INFO] [stdout]   |
[INFO] [stdout] help: Unicode character '`' (Grave Accent) looks like ''' (Single Quote), but it is not
[INFO] [stdout]   |
[INFO] [stdout] 4 | By leveraging the `fb!' macro in your Rust projects, you can maintain cleaner and more maintainable codebases, especially when dealing with the complexities of synchronous and asynchronous programming patterns.
[INFO] [stdout]   |                       ~
[INFO] [stdout] 
[INFO] [stdout] error: expected one of `!`, `.`, `::`, `;`, `?`, `{`, `}`, or an operator, found `leveraging`
[INFO] [stdout]  --> src/lib.rs:88:4
[INFO] [stdout]   |
[INFO] [stdout] 4 | By leveraging the `fb!` macro in your Rust projects, you can maintain cleaner and more maintainable codebases, especially when dealing wi...
[INFO] [stdout]   |    ^^^^^^^^^^ expected one of 8 possible tokens
[INFO] [stdout] 
[INFO] [stdout] error: aborting due to 3 previous errors
[INFO] [stdout] 
[INFO] [stdout] Couldn't compile the test.
[INFO] [stdout] ---- src/lib.rs - fb (line 36) stdout ----
[INFO] [stdout] error: cannot find macro `fb` in this scope
[INFO] [stdout]  --> src/lib.rs:37:1
[INFO] [stdout]   |
[INFO] [stdout] 3 | fb!(async, fetch_data, (url: String), -> Result<String, reqwest::Error>, {
[INFO] [stdout]   | ^^
[INFO] [stdout]   |
[INFO] [stdout] help: consider importing this macro
[INFO] [stdout]   |
[INFO] [stdout] 2 + use flexi_func_declarative::fb;
[INFO] [stdout]   |
[INFO] [stdout] 
[INFO] [stdout] error: aborting due to 1 previous error
[INFO] [stdout] 
[INFO] [stdout] Couldn't compile the test.
[INFO] [stdout] ---- src/lib.rs - fb (line 10) stdout ----
[INFO] [stdout] error: cannot find macro `fb` in this scope
[INFO] [stdout]  --> src/lib.rs:11:1
[INFO] [stdout]   |
[INFO] [stdout] 3 | fb!(mode, function_name, (parameter1: Type1, parameter2: Type2, ...), -> ReturnType, {
[INFO] [stdout]   | ^^
[INFO] [stdout]   |
[INFO] [stdout] help: consider importing this macro
[INFO] [stdout]   |
[INFO] [stdout] 2 + use flexi_func_declarative::fb;
[INFO] [stdout]   |
[INFO] [stdout] 
[INFO] [stdout] error: aborting due to 1 previous error
[INFO] [stdout] 
[INFO] [stdout] Couldn't compile the test.
[INFO] [stdout] 
[INFO] [stdout] failures:
[INFO] [stdout]     src/lib.rs - fb (line 10)
[INFO] [stdout]     src/lib.rs - fb (line 28)
[INFO] [stdout]     src/lib.rs - fb (line 36)
[INFO] [stdout]     src/lib.rs - fb (line 50)
[INFO] [stdout]     src/lib.rs - fb (line 86)
[INFO] [stdout] 
[INFO] [stdout] test result: FAILED. 0 passed; 5 failed; 0 ignored; 0 measured; 0 filtered out; finished in 0.18s
[INFO] [stdout] 
[INFO] [stderr] error: doctest failed, to rerun pass `--doc`
[INFO] running `Command { std: "docker" "inspect" "2a13a125855189da87ce88ef2d724c78f4838f14a9d8fe84b927b93d8b5d6320", kill_on_drop: false }`
[INFO] running `Command { std: "docker" "rm" "-f" "2a13a125855189da87ce88ef2d724c78f4838f14a9d8fe84b927b93d8b5d6320", kill_on_drop: false }`
[INFO] [stdout] 2a13a125855189da87ce88ef2d724c78f4838f14a9d8fe84b927b93d8b5d6320
