[INFO] cloning repository https://github.com/terraputix/omfiles-rs
[INFO] running `Command { std: "git" "-c" "credential.helper=" "-c" "credential.helper=/workspace/cargo-home/bin/git-credential-null" "clone" "--bare" "https://github.com/terraputix/omfiles-rs" "/workspace/cache/git-repos/https%3A%2F%2Fgithub.com%2Fterraputix%2Fomfiles-rs", kill_on_drop: false }`
[INFO] [stderr] Cloning into bare repository '/workspace/cache/git-repos/https%3A%2F%2Fgithub.com%2Fterraputix%2Fomfiles-rs'...
[INFO] running `Command { std: "git" "rev-parse" "HEAD", kill_on_drop: false }`
[INFO] [stdout] 815b22954ee1f07cf20b97146c3665163029feef
[INFO] testing terraputix/omfiles-rs against nightly-2025-01-18+rustflags=-Zrandomize-layout for randomize-layout-2
[INFO] running `Command { std: "git" "clone" "/workspace/cache/git-repos/https%3A%2F%2Fgithub.com%2Fterraputix%2Fomfiles-rs" "/workspace/builds/worker-0-tc2/source", kill_on_drop: false }`
[INFO] [stderr] Cloning into '/workspace/builds/worker-0-tc2/source'...
[INFO] [stderr] done.
[INFO] validating manifest of git repo https://github.com/terraputix/omfiles-rs on toolchain nightly-2025-01-18
[INFO] running `Command { std: CARGO_HOME="/workspace/cargo-home" RUSTUP_HOME="/workspace/rustup-home" "/workspace/cargo-home/bin/cargo" "+nightly-2025-01-18" "metadata" "--manifest-path" "Cargo.toml" "--no-deps", kill_on_drop: false }`
[INFO] started tweaking git repo https://github.com/terraputix/omfiles-rs
[INFO] finished tweaking git repo https://github.com/terraputix/omfiles-rs
[INFO] tweaked toml for git repo https://github.com/terraputix/omfiles-rs written to /workspace/builds/worker-0-tc2/source/Cargo.toml
[INFO] crate git repo https://github.com/terraputix/omfiles-rs already has a lockfile, it will not be regenerated
[INFO] running `Command { std: CARGO_HOME="/workspace/cargo-home" RUSTUP_HOME="/workspace/rustup-home" "/workspace/cargo-home/bin/cargo" "+nightly-2025-01-18" "fetch" "--manifest-path" "Cargo.toml", kill_on_drop: false }`
[INFO] [stderr]     Blocking waiting for file lock on package cache
[INFO] [stderr]     Blocking waiting for file lock on package cache
[INFO] running `Command { std: "docker" "create" "-v" "/var/lib/crater-agent-workspace/builds/worker-0-tc2/target:/opt/rustwide/target:rw,Z" "-v" "/var/lib/crater-agent-workspace/builds/worker-0-tc2/source:/opt/rustwide/workdir:ro,Z" "-v" "/var/lib/crater-agent-workspace/cargo-home:/opt/rustwide/cargo-home:ro,Z" "-v" "/var/lib/crater-agent-workspace/rustup-home:/opt/rustwide/rustup-home:ro,Z" "-e" "SOURCE_DIR=/opt/rustwide/workdir" "-e" "CARGO_TARGET_DIR=/opt/rustwide/target" "-e" "CARGO_HOME=/opt/rustwide/cargo-home" "-e" "RUSTUP_HOME=/opt/rustwide/rustup-home" "-w" "/opt/rustwide/workdir" "-m" "1610612736" "--user" "0:0" "--network" "none" "ghcr.io/rust-lang/crates-build-env/linux@sha256:819108c5571ea2e421544af4d832f968d213c87fbe3707a016657f43d2f853bc" "/opt/rustwide/cargo-home/bin/cargo" "+nightly-2025-01-18" "metadata" "--no-deps" "--format-version=1", kill_on_drop: false }`
[INFO] [stdout] 7b10069fe19cf6a5d4e9bb26f7acab25e30e19c3c0f807874811e8dad325d8b2
[INFO] running `Command { std: "docker" "start" "-a" "7b10069fe19cf6a5d4e9bb26f7acab25e30e19c3c0f807874811e8dad325d8b2", kill_on_drop: false }`
[INFO] running `Command { std: "docker" "inspect" "7b10069fe19cf6a5d4e9bb26f7acab25e30e19c3c0f807874811e8dad325d8b2", kill_on_drop: false }`
[INFO] running `Command { std: "docker" "rm" "-f" "7b10069fe19cf6a5d4e9bb26f7acab25e30e19c3c0f807874811e8dad325d8b2", kill_on_drop: false }`
[INFO] [stdout] 7b10069fe19cf6a5d4e9bb26f7acab25e30e19c3c0f807874811e8dad325d8b2
[INFO] running `Command { std: "docker" "create" "-v" "/var/lib/crater-agent-workspace/builds/worker-0-tc2/target:/opt/rustwide/target:rw,Z" "-v" "/var/lib/crater-agent-workspace/builds/worker-0-tc2/source:/opt/rustwide/workdir:ro,Z" "-v" "/var/lib/crater-agent-workspace/cargo-home:/opt/rustwide/cargo-home:ro,Z" "-v" "/var/lib/crater-agent-workspace/rustup-home:/opt/rustwide/rustup-home:ro,Z" "-e" "SOURCE_DIR=/opt/rustwide/workdir" "-e" "CARGO_TARGET_DIR=/opt/rustwide/target" "-e" "CARGO_INCREMENTAL=0" "-e" "RUST_BACKTRACE=full" "-e" "RUSTFLAGS=--cap-lints=forbid -Zrandomize-layout" "-e" "RUSTDOCFLAGS=--cap-lints=forbid" "-e" "CARGO_HOME=/opt/rustwide/cargo-home" "-e" "RUSTUP_HOME=/opt/rustwide/rustup-home" "-w" "/opt/rustwide/workdir" "-m" "1610612736" "--user" "0:0" "--network" "none" "ghcr.io/rust-lang/crates-build-env/linux@sha256:819108c5571ea2e421544af4d832f968d213c87fbe3707a016657f43d2f853bc" "/opt/rustwide/cargo-home/bin/cargo" "+nightly-2025-01-18" "build" "--frozen" "--message-format=json", kill_on_drop: false }`
[INFO] [stdout] 54ced2f2e8688be1af8248e9e2b05556e6ed1652f702cb5e872b3550ef8995ac
[INFO] running `Command { std: "docker" "start" "-a" "54ced2f2e8688be1af8248e9e2b05556e6ed1652f702cb5e872b3550ef8995ac", kill_on_drop: false }`
[INFO] [stderr]    Compiling proc-macro2 v1.0.86
[INFO] [stderr]    Compiling unicode-ident v1.0.13
[INFO] [stderr]    Compiling libc v0.2.158
[INFO] [stderr]    Compiling glob v0.3.1
[INFO] [stderr]    Compiling rustix v0.38.37
[INFO] [stderr]    Compiling prettyplease v0.2.22
[INFO] [stderr]    Compiling regex-syntax v0.8.4
[INFO] [stderr]    Compiling bitflags v2.6.0
[INFO] [stderr]    Compiling either v1.13.0
[INFO] [stderr]    Compiling minimal-lexical v0.2.1
[INFO] [stderr]    Compiling linux-raw-sys v0.4.14
[INFO] [stderr]    Compiling shlex v1.3.0
[INFO] [stderr]    Compiling home v0.5.9
[INFO] [stderr]    Compiling bindgen v0.69.4
[INFO] [stderr]    Compiling libloading v0.8.5
[INFO] [stderr]    Compiling rustc-hash v1.1.0
[INFO] [stderr]    Compiling lazy_static v1.5.0
[INFO] [stderr]    Compiling log v0.4.22
[INFO] [stderr]    Compiling lazycell v1.3.0
[INFO] [stderr]    Compiling serde v1.0.210
[INFO] [stderr]    Compiling serde_json v1.0.128
[INFO] [stderr]    Compiling itertools v0.10.5
[INFO] [stderr]    Compiling itoa v1.0.11
[INFO] [stderr]    Compiling nom v7.1.3
[INFO] [stderr]    Compiling clang-sys v1.8.1
[INFO] [stderr]    Compiling quote v1.0.37
[INFO] [stderr]    Compiling syn v2.0.77
[INFO] [stderr]    Compiling regex-automata v0.4.7
[INFO] [stderr]    Compiling jobserver v0.1.32
[INFO] [stderr]    Compiling memmap2 v0.9.5
[INFO] [stderr]    Compiling cc v1.1.31
[INFO] [stderr]    Compiling cexpr v0.6.0
[INFO] [stderr]    Compiling which v4.4.2
[INFO] [stderr]    Compiling regex v1.10.6
[INFO] [stderr]    Compiling serde_derive v1.0.210
[INFO] [stderr]    Compiling om-file-format-sys v1.0.2
[INFO] [stderr]    Compiling omfiles-rs v0.1.0 (/opt/rustwide/workdir)
[INFO] [stderr]     Finished `dev` profile [unoptimized + debuginfo] target(s) in 2m 04s
[INFO] running `Command { std: "docker" "inspect" "54ced2f2e8688be1af8248e9e2b05556e6ed1652f702cb5e872b3550ef8995ac", kill_on_drop: false }`
[INFO] running `Command { std: "docker" "rm" "-f" "54ced2f2e8688be1af8248e9e2b05556e6ed1652f702cb5e872b3550ef8995ac", kill_on_drop: false }`
[INFO] [stdout] 54ced2f2e8688be1af8248e9e2b05556e6ed1652f702cb5e872b3550ef8995ac
[INFO] running `Command { std: "docker" "create" "-v" "/var/lib/crater-agent-workspace/builds/worker-0-tc2/target:/opt/rustwide/target:rw,Z" "-v" "/var/lib/crater-agent-workspace/builds/worker-0-tc2/source:/opt/rustwide/workdir:ro,Z" "-v" "/var/lib/crater-agent-workspace/cargo-home:/opt/rustwide/cargo-home:ro,Z" "-v" "/var/lib/crater-agent-workspace/rustup-home:/opt/rustwide/rustup-home:ro,Z" "-e" "SOURCE_DIR=/opt/rustwide/workdir" "-e" "CARGO_TARGET_DIR=/opt/rustwide/target" "-e" "CARGO_INCREMENTAL=0" "-e" "RUST_BACKTRACE=full" "-e" "RUSTFLAGS=--cap-lints=forbid -Zrandomize-layout" "-e" "RUSTDOCFLAGS=--cap-lints=forbid" "-e" "CARGO_HOME=/opt/rustwide/cargo-home" "-e" "RUSTUP_HOME=/opt/rustwide/rustup-home" "-w" "/opt/rustwide/workdir" "-m" "1610612736" "--user" "0:0" "--network" "none" "ghcr.io/rust-lang/crates-build-env/linux@sha256:819108c5571ea2e421544af4d832f968d213c87fbe3707a016657f43d2f853bc" "/opt/rustwide/cargo-home/bin/cargo" "+nightly-2025-01-18" "test" "--frozen" "--no-run" "--message-format=json", kill_on_drop: false }`
[INFO] [stdout] c7ece7192530c49090e1372630118997c8b98557b13341f60300d453a17489cf
[INFO] running `Command { std: "docker" "start" "-a" "c7ece7192530c49090e1372630118997c8b98557b13341f60300d453a17489cf", kill_on_drop: false }`
[INFO] [stderr]    Compiling proc-macro2 v1.0.86
[INFO] [stderr]    Compiling serde v1.0.210
[INFO] [stderr]    Compiling libloading v0.8.5
[INFO] [stderr]    Compiling crossbeam-utils v0.8.20
[INFO] [stderr]    Compiling byteorder v1.5.0
[INFO] [stderr]    Compiling either v1.13.0
[INFO] [stderr]    Compiling rayon-core v1.12.1
[INFO] [stderr]    Compiling num-traits v0.2.19
[INFO] [stderr]    Compiling getrandom v0.2.15
[INFO] [stderr]    Compiling half v2.4.1
[INFO] [stderr]    Compiling plotters-backend v0.3.7
[INFO] [stderr]    Compiling anstyle v1.0.9
[INFO] [stderr]    Compiling regex-syntax v0.8.4
[INFO] [stderr]    Compiling ciborium-io v0.2.2
[INFO] [stderr]    Compiling clap_lex v0.7.2
[INFO] [stderr]    Compiling same-file v1.0.6
[INFO] [stderr]    Compiling cast v0.3.0
[INFO] [stderr]    Compiling is-terminal v0.4.13
[INFO] [stderr]    Compiling clang-sys v1.8.1
[INFO] [stderr]    Compiling once_cell v1.19.0
[INFO] [stderr]    Compiling plotters-svg v0.3.7
[INFO] [stderr]    Compiling walkdir v2.5.0
[INFO] [stderr]    Compiling anes v0.1.6
[INFO] [stderr]    Compiling clap_builder v4.5.20
[INFO] [stderr]    Compiling itertools v0.10.5
[INFO] [stderr]    Compiling rand_core v0.6.4
[INFO] [stderr]    Compiling oorandom v11.1.4
[INFO] [stderr]    Compiling ciborium-ll v0.2.2
[INFO] [stderr]    Compiling quote v1.0.37
[INFO] [stderr]    Compiling crossbeam-epoch v0.9.18
[INFO] [stderr]    Compiling syn v2.0.77
[INFO] [stderr]    Compiling crossbeam-deque v0.8.5
[INFO] [stderr]    Compiling plotters v0.3.7
[INFO] [stderr]    Compiling regex-automata v0.4.7
[INFO] [stderr]    Compiling clap v4.5.20
[INFO] [stderr]    Compiling rayon v1.10.0
[INFO] [stderr]    Compiling criterion-plot v0.5.0
[INFO] [stderr]    Compiling regex v1.10.6
[INFO] [stderr]    Compiling prettyplease v0.2.22
[INFO] [stderr]    Compiling serde_derive v1.0.210
[INFO] [stderr]    Compiling zerocopy-derive v0.7.35
[INFO] [stderr]    Compiling bindgen v0.69.4
[INFO] [stderr]    Compiling zerocopy v0.7.35
[INFO] [stderr]    Compiling ppv-lite86 v0.2.20
[INFO] [stderr]    Compiling rand_chacha v0.3.1
[INFO] [stderr]    Compiling rand v0.8.5
[INFO] [stderr]    Compiling om-file-format-sys v1.0.2
[INFO] [stderr]    Compiling serde_json v1.0.128
[INFO] [stderr]    Compiling ciborium v0.2.2
[INFO] [stderr]    Compiling tinytemplate v1.2.1
[INFO] [stderr]    Compiling criterion v0.5.1
[INFO] [stderr]    Compiling omfiles-rs v0.1.0 (/opt/rustwide/workdir)
[INFO] [stderr]     Finished `test` profile [unoptimized + debuginfo] target(s) in 2m 31s
[INFO] running `Command { std: "docker" "inspect" "c7ece7192530c49090e1372630118997c8b98557b13341f60300d453a17489cf", kill_on_drop: false }`
[INFO] running `Command { std: "docker" "rm" "-f" "c7ece7192530c49090e1372630118997c8b98557b13341f60300d453a17489cf", kill_on_drop: false }`
[INFO] [stdout] c7ece7192530c49090e1372630118997c8b98557b13341f60300d453a17489cf
[INFO] running `Command { std: "docker" "create" "-v" "/var/lib/crater-agent-workspace/builds/worker-0-tc2/target:/opt/rustwide/target:rw,Z" "-v" "/var/lib/crater-agent-workspace/builds/worker-0-tc2/source:/opt/rustwide/workdir:ro,Z" "-v" "/var/lib/crater-agent-workspace/cargo-home:/opt/rustwide/cargo-home:ro,Z" "-v" "/var/lib/crater-agent-workspace/rustup-home:/opt/rustwide/rustup-home:ro,Z" "-e" "SOURCE_DIR=/opt/rustwide/workdir" "-e" "CARGO_TARGET_DIR=/opt/rustwide/target" "-e" "CARGO_INCREMENTAL=0" "-e" "RUST_BACKTRACE=full" "-e" "RUSTFLAGS=--cap-lints=forbid -Zrandomize-layout" "-e" "RUSTDOCFLAGS=--cap-lints=forbid" "-e" "CARGO_HOME=/opt/rustwide/cargo-home" "-e" "RUSTUP_HOME=/opt/rustwide/rustup-home" "-w" "/opt/rustwide/workdir" "-m" "1610612736" "--user" "0:0" "--network" "none" "ghcr.io/rust-lang/crates-build-env/linux@sha256:819108c5571ea2e421544af4d832f968d213c87fbe3707a016657f43d2f853bc" "/opt/rustwide/cargo-home/bin/cargo" "+nightly-2025-01-18" "test" "--frozen", kill_on_drop: false }`
[INFO] [stdout] 5725dc8862fd39dfeb71ed4ac2dac0854474ca86e2149ab738dd02de94753eea
[INFO] running `Command { std: "docker" "start" "-a" "5725dc8862fd39dfeb71ed4ac2dac0854474ca86e2149ab738dd02de94753eea", kill_on_drop: false }`
[INFO] [stderr]     Finished `test` profile [unoptimized + debuginfo] target(s) in 0.30s
[INFO] [stderr]      Running unittests src/lib.rs (/opt/rustwide/target/debug/deps/omfiles_rs-3e62d2d037447e35)
[INFO] [stdout] 
[INFO] [stdout] running 0 tests
[INFO] [stdout] 
[INFO] [stdout] test result: ok. 0 passed; 0 failed; 0 ignored; 0 measured; 0 filtered out; finished in 0.00s
[INFO] [stdout] 
[INFO] [stderr]      Running unittests src/bin/reformat.rs (/opt/rustwide/target/debug/deps/reformat-e820c84506d569a5)
[INFO] [stdout] 
[INFO] [stdout] running 0 tests
[INFO] [stdout] 
[INFO] [stdout] test result: ok. 0 passed; 0 failed; 0 ignored; 0 measured; 0 filtered out; finished in 0.00s
[INFO] [stdout] 
[INFO] [stderr]      Running unittests src/bin/testread.rs (/opt/rustwide/target/debug/deps/testread-cb3de4f58e0f5ca1)
[INFO] [stdout] 
[INFO] [stdout] running 0 tests
[INFO] [stdout] 
[INFO] [stdout] test result: ok. 0 passed; 0 failed; 0 ignored; 0 measured; 0 filtered out; finished in 0.00s
[INFO] [stdout] 
[INFO] [stderr]      Running tests/omfiles_tests.rs (/opt/rustwide/target/debug/deps/omfiles_tests-f0172039246bc8a4)
[INFO] [stdout] 
[INFO] [stdout] running 11 tests
[INFO] [stdout] test test_in_memory_f32_compression ... ok
[INFO] [stdout] test test_in_memory_int_compression ... ok
[INFO] [stdout] test test_write_v3_max_io_limit ... FAILED
[INFO] [stdout] test turbo_pfor_roundtrip ... ok
[INFO] [stdout] test test_offset_write ... FAILED
[INFO] [stdout] test test_write_3d ... FAILED
[INFO] [stdout] test test_write_chunks ... FAILED
[INFO] [stdout] test test_write_large ... FAILED
[INFO] [stdout] test test_write_more_data_than_expected ... ok
[INFO] [stdout] test test_write_v3 ... FAILED
[INFO] [stdout] test test_nan ... FAILED
[INFO] [stdout] 
[INFO] [stdout] failures:
[INFO] [stdout] 
[INFO] [stdout] ---- test_write_v3_max_io_limit stdout ----
[INFO] [stdout] Error: Os { code: 30, kind: ReadOnlyFilesystem, message: "Read-only file system" }
[INFO] [stdout] 
[INFO] [stdout] ---- test_offset_write stdout ----
[INFO] [stdout] Error: Os { code: 30, kind: ReadOnlyFilesystem, message: "Read-only file system" }
[INFO] [stdout] 
[INFO] [stdout] ---- test_write_3d stdout ----
[INFO] [stdout] Error: Os { code: 30, kind: ReadOnlyFilesystem, message: "Read-only file system" }
[INFO] [stdout] 
[INFO] [stdout] ---- test_write_chunks stdout ----
[INFO] [stdout] Error: Os { code: 30, kind: ReadOnlyFilesystem, message: "Read-only file system" }
[INFO] [stdout] 
[INFO] [stdout] ---- test_write_large stdout ----
[INFO] [stdout] Error: Os { code: 30, kind: ReadOnlyFilesystem, message: "Read-only file system" }
[INFO] [stdout] 
[INFO] [stdout] ---- test_write_v3 stdout ----
[INFO] [stdout] Error: Os { code: 30, kind: ReadOnlyFilesystem, message: "Read-only file system" }
[INFO] [stdout] 
[INFO] [stdout] ---- test_nan stdout ----
[INFO] [stdout] Error: Os { code: 30, kind: ReadOnlyFilesystem, message: "Read-only file system" }
[INFO] [stdout] 
[INFO] [stdout] 
[INFO] [stdout] failures:
[INFO] [stdout]     test_nan
[INFO] [stdout]     test_offset_write
[INFO] [stdout]     test_write_3d
[INFO] [stdout]     test_write_chunks
[INFO] [stdout]     test_write_large
[INFO] [stdout]     test_write_v3
[INFO] [stdout]     test_write_v3_max_io_limit
[INFO] [stdout] 
[INFO] [stdout] test result: FAILED. 4 passed; 7 failed; 0 ignored; 0 measured; 0 filtered out; finished in 0.01s
[INFO] [stdout] 
[INFO] [stderr] error: test failed, to rerun pass `--test omfiles_tests`
[INFO] running `Command { std: "docker" "inspect" "5725dc8862fd39dfeb71ed4ac2dac0854474ca86e2149ab738dd02de94753eea", kill_on_drop: false }`
[INFO] running `Command { std: "docker" "rm" "-f" "5725dc8862fd39dfeb71ed4ac2dac0854474ca86e2149ab738dd02de94753eea", kill_on_drop: false }`
[INFO] [stdout] 5725dc8862fd39dfeb71ed4ac2dac0854474ca86e2149ab738dd02de94753eea
