[INFO] cloning repository https://github.com/teotwaki/aoc
[INFO] running `Command { std: "git" "-c" "credential.helper=" "-c" "credential.helper=/workspace/cargo-home/bin/git-credential-null" "clone" "--bare" "https://github.com/teotwaki/aoc" "/workspace/cache/git-repos/https%3A%2F%2Fgithub.com%2Fteotwaki%2Faoc", kill_on_drop: false }`
[INFO] [stderr] Cloning into bare repository '/workspace/cache/git-repos/https%3A%2F%2Fgithub.com%2Fteotwaki%2Faoc'...
[INFO] running `Command { std: "git" "rev-parse" "HEAD", kill_on_drop: false }`
[INFO] [stdout] e9f3b3fbf50723452428716003714e33d2f5fbd4
[INFO] testing teotwaki/aoc against nightly-2025-01-18+rustflags=-Zrandomize-layout for randomize-layout-2
[INFO] running `Command { std: "git" "clone" "/workspace/cache/git-repos/https%3A%2F%2Fgithub.com%2Fteotwaki%2Faoc" "/workspace/builds/worker-1-tc2/source", kill_on_drop: false }`
[INFO] [stderr] Cloning into '/workspace/builds/worker-1-tc2/source'...
[INFO] [stderr] done.
[INFO] validating manifest of git repo https://github.com/teotwaki/aoc on toolchain nightly-2025-01-18
[INFO] running `Command { std: CARGO_HOME="/workspace/cargo-home" RUSTUP_HOME="/workspace/rustup-home" "/workspace/cargo-home/bin/cargo" "+nightly-2025-01-18" "metadata" "--manifest-path" "Cargo.toml" "--no-deps", kill_on_drop: false }`
[INFO] started tweaking git repo https://github.com/teotwaki/aoc
[INFO] finished tweaking git repo https://github.com/teotwaki/aoc
[INFO] tweaked toml for git repo https://github.com/teotwaki/aoc written to /workspace/builds/worker-1-tc2/source/Cargo.toml
[INFO] crate git repo https://github.com/teotwaki/aoc already has a lockfile, it will not be regenerated
[INFO] running `Command { std: CARGO_HOME="/workspace/cargo-home" RUSTUP_HOME="/workspace/rustup-home" "/workspace/cargo-home/bin/cargo" "+nightly-2025-01-18" "fetch" "--manifest-path" "Cargo.toml", kill_on_drop: false }`
[INFO] running `Command { std: "docker" "create" "-v" "/var/lib/crater-agent-workspace/builds/worker-1-tc2/target:/opt/rustwide/target:rw,Z" "-v" "/var/lib/crater-agent-workspace/builds/worker-1-tc2/source:/opt/rustwide/workdir:ro,Z" "-v" "/var/lib/crater-agent-workspace/cargo-home:/opt/rustwide/cargo-home:ro,Z" "-v" "/var/lib/crater-agent-workspace/rustup-home:/opt/rustwide/rustup-home:ro,Z" "-e" "SOURCE_DIR=/opt/rustwide/workdir" "-e" "CARGO_TARGET_DIR=/opt/rustwide/target" "-e" "CARGO_HOME=/opt/rustwide/cargo-home" "-e" "RUSTUP_HOME=/opt/rustwide/rustup-home" "-w" "/opt/rustwide/workdir" "-m" "1610612736" "--user" "0:0" "--network" "none" "ghcr.io/rust-lang/crates-build-env/linux@sha256:819108c5571ea2e421544af4d832f968d213c87fbe3707a016657f43d2f853bc" "/opt/rustwide/cargo-home/bin/cargo" "+nightly-2025-01-18" "metadata" "--no-deps" "--format-version=1", kill_on_drop: false }`
[INFO] [stdout] 69ca66647c34aa8c39a563f61726d46dc01def27c650ea1cb4bc65ca6d0d94aa
[INFO] running `Command { std: "docker" "start" "-a" "69ca66647c34aa8c39a563f61726d46dc01def27c650ea1cb4bc65ca6d0d94aa", kill_on_drop: false }`
[INFO] running `Command { std: "docker" "inspect" "69ca66647c34aa8c39a563f61726d46dc01def27c650ea1cb4bc65ca6d0d94aa", kill_on_drop: false }`
[INFO] running `Command { std: "docker" "rm" "-f" "69ca66647c34aa8c39a563f61726d46dc01def27c650ea1cb4bc65ca6d0d94aa", kill_on_drop: false }`
[INFO] [stdout] 69ca66647c34aa8c39a563f61726d46dc01def27c650ea1cb4bc65ca6d0d94aa
[INFO] running `Command { std: "docker" "create" "-v" "/var/lib/crater-agent-workspace/builds/worker-1-tc2/target:/opt/rustwide/target:rw,Z" "-v" "/var/lib/crater-agent-workspace/builds/worker-1-tc2/source:/opt/rustwide/workdir:ro,Z" "-v" "/var/lib/crater-agent-workspace/cargo-home:/opt/rustwide/cargo-home:ro,Z" "-v" "/var/lib/crater-agent-workspace/rustup-home:/opt/rustwide/rustup-home:ro,Z" "-e" "SOURCE_DIR=/opt/rustwide/workdir" "-e" "CARGO_TARGET_DIR=/opt/rustwide/target" "-e" "CARGO_INCREMENTAL=0" "-e" "RUST_BACKTRACE=full" "-e" "RUSTFLAGS=--cap-lints=forbid -Zrandomize-layout" "-e" "RUSTDOCFLAGS=--cap-lints=forbid" "-e" "CARGO_HOME=/opt/rustwide/cargo-home" "-e" "RUSTUP_HOME=/opt/rustwide/rustup-home" "-w" "/opt/rustwide/workdir" "-m" "1610612736" "--user" "0:0" "--network" "none" "ghcr.io/rust-lang/crates-build-env/linux@sha256:819108c5571ea2e421544af4d832f968d213c87fbe3707a016657f43d2f853bc" "/opt/rustwide/cargo-home/bin/cargo" "+nightly-2025-01-18" "build" "--frozen" "--message-format=json", kill_on_drop: false }`
[INFO] [stdout] 37a42840922fdd9caca82a43ef83494359783d4511f937566931d2f181e6ffe1
[INFO] running `Command { std: "docker" "start" "-a" "37a42840922fdd9caca82a43ef83494359783d4511f937566931d2f181e6ffe1", kill_on_drop: false }`
[INFO] [stderr]    Compiling autocfg v1.4.0
[INFO] [stderr]    Compiling proc-macro2 v1.0.92
[INFO] [stderr]    Compiling unicode-ident v1.0.14
[INFO] [stderr]    Compiling thiserror v2.0.8
[INFO] [stderr]    Compiling rustc-hash v2.1.0
[INFO] [stderr]    Compiling either v1.13.0
[INFO] [stderr]    Compiling crossbeam-utils v0.8.20
[INFO] [stderr]    Compiling memchr v2.7.4
[INFO] [stderr]    Compiling rayon-core v1.12.1
[INFO] [stderr]    Compiling minimal-lexical v0.2.1
[INFO] [stderr]    Compiling regex-syntax v0.8.5
[INFO] [stderr]    Compiling itertools v0.13.0
[INFO] [stderr]    Compiling num-traits v0.2.19
[INFO] [stderr]    Compiling utf8parse v0.2.2
[INFO] [stderr]    Compiling nom v7.1.3
[INFO] [stderr]    Compiling aho-corasick v1.1.3
[INFO] [stderr]    Compiling quote v1.0.37
[INFO] [stderr]    Compiling crossbeam-epoch v0.9.18
[INFO] [stderr]    Compiling anstyle-parse v0.2.6
[INFO] [stderr]    Compiling syn v2.0.90
[INFO] [stderr]    Compiling is_terminal_polyfill v1.70.1
[INFO] [stderr]    Compiling colorchoice v1.0.3
[INFO] [stderr]    Compiling crossbeam-deque v0.8.5
[INFO] [stderr]    Compiling anstyle-query v1.1.2
[INFO] [stderr]    Compiling anstyle v1.0.10
[INFO] [stderr]    Compiling num-integer v0.1.46
[INFO] [stderr]    Compiling num-complex v0.4.6
[INFO] [stderr]    Compiling anstream v0.6.18
[INFO] [stderr]    Compiling rayon v1.10.0
[INFO] [stderr]    Compiling num-bigint v0.4.6
[INFO] [stderr]    Compiling num-iter v0.1.45
[INFO] [stderr]    Compiling regex-automata v0.4.9
[INFO] [stderr]    Compiling heck v0.5.0
[INFO] [stderr]    Compiling paste v1.0.15
[INFO] [stderr]    Compiling strsim v0.11.1
[INFO] [stderr]    Compiling clap_lex v0.7.4
[INFO] [stderr]    Compiling anyhow v1.0.94
[INFO] [stderr]    Compiling clap_builder v4.5.23
[INFO] [stderr]    Compiling json v0.12.4
[INFO] [stderr]    Compiling md5 v0.7.0
[INFO] [stderr]    Compiling num-rational v0.4.2
[INFO] [stderr]    Compiling humantime v2.1.0
[INFO] [stderr]    Compiling num v0.4.3
[INFO] [stderr]    Compiling thiserror-impl v2.0.8
[INFO] [stderr]    Compiling clap_derive v4.5.18
[INFO] [stderr]    Compiling regex v1.11.1
[INFO] [stderr]    Compiling common v0.1.0 (/opt/rustwide/workdir/common)
[INFO] [stderr]    Compiling y2023-d2 v0.1.0 (/opt/rustwide/workdir/2023/02)
[INFO] [stderr]    Compiling y2022-d2 v0.1.0 (/opt/rustwide/workdir/2022/02)
[INFO] [stderr]    Compiling y2022-d12 v0.1.0 (/opt/rustwide/workdir/2022/12)
[INFO] [stderr]    Compiling y2023-d16 v0.1.0 (/opt/rustwide/workdir/2023/16)
[INFO] [stderr]    Compiling y2015-d4 v0.1.0 (/opt/rustwide/workdir/2015/04)
[INFO] [stderr]    Compiling y2023-d10 v0.1.0 (/opt/rustwide/workdir/2023/10)
[INFO] [stderr]    Compiling y2023-d6 v0.1.0 (/opt/rustwide/workdir/2023/06)
[INFO] [stderr]    Compiling y2024-d22 v0.1.0 (/opt/rustwide/workdir/2024/22)
[INFO] [stderr]    Compiling y2022-d10 v0.1.0 (/opt/rustwide/workdir/2022/10)
[INFO] [stderr]    Compiling y2024-d17 v0.1.0 (/opt/rustwide/workdir/2024/17)
[INFO] [stderr]    Compiling y2022-d4 v0.1.0 (/opt/rustwide/workdir/2022/04)
[INFO] [stderr]    Compiling y2023-d11 v0.1.0 (/opt/rustwide/workdir/2023/11)
[INFO] [stderr]    Compiling y2023-d8 v0.1.0 (/opt/rustwide/workdir/2023/08)
[INFO] [stderr]    Compiling y2024-d21 v0.1.0 (/opt/rustwide/workdir/2024/21)
[INFO] [stderr]    Compiling y2022-d14 v0.1.0 (/opt/rustwide/workdir/2022/14)
[INFO] [stderr]    Compiling y2024-d6 v0.1.0 (/opt/rustwide/workdir/2024/06)
[INFO] [stderr]    Compiling y2023-d3 v0.1.0 (/opt/rustwide/workdir/2023/03)
[INFO] [stderr]    Compiling y2024-d19 v0.1.0 (/opt/rustwide/workdir/2024/19)
[INFO] [stderr]    Compiling y2024-d23 v0.1.0 (/opt/rustwide/workdir/2024/23)
[INFO] [stderr]    Compiling y2015-d19 v0.1.0 (/opt/rustwide/workdir/2015/19)
[INFO] [stderr]    Compiling y2015-d10 v0.1.0 (/opt/rustwide/workdir/2015/10)
[INFO] [stderr]    Compiling y2024-d4 v0.1.0 (/opt/rustwide/workdir/2024/04)
[INFO] [stderr]    Compiling clap v4.5.23
[INFO] [stderr]    Compiling y2024-d12 v0.1.0 (/opt/rustwide/workdir/2024/12)
[INFO] [stderr]    Compiling y2022-d5 v0.1.0 (/opt/rustwide/workdir/2022/05)
[INFO] [stderr]    Compiling y2023-d5 v0.1.0 (/opt/rustwide/workdir/2023/05)
[INFO] [stderr]    Compiling y2023-d9 v0.1.0 (/opt/rustwide/workdir/2023/09)
[INFO] [stderr]    Compiling y2015-d12 v0.1.0 (/opt/rustwide/workdir/2015/12)
[INFO] [stderr]    Compiling y2023-d15 v0.1.0 (/opt/rustwide/workdir/2023/15)
[INFO] [stderr]    Compiling y2015-d3 v0.1.0 (/opt/rustwide/workdir/2015/03)
[INFO] [stderr]    Compiling y2015-d1 v0.1.0 (/opt/rustwide/workdir/2015/01)
[INFO] [stderr]    Compiling y2024-d11 v0.1.0 (/opt/rustwide/workdir/2024/11)
[INFO] [stderr]    Compiling y2024-d7 v0.1.0 (/opt/rustwide/workdir/2024/07)
[INFO] [stderr]    Compiling y2015-d2 v0.1.0 (/opt/rustwide/workdir/2015/02)
[INFO] [stderr]    Compiling y2022-d8 v0.1.0 (/opt/rustwide/workdir/2022/08)
[INFO] [stderr]    Compiling y2015-d6 v0.1.0 (/opt/rustwide/workdir/2015/06)
[INFO] [stderr]    Compiling y2023-d1 v0.1.0 (/opt/rustwide/workdir/2023/01)
[INFO] [stderr]    Compiling y2022-d11 v0.1.0 (/opt/rustwide/workdir/2022/11)
[INFO] [stderr]    Compiling y2015-d13 v0.1.0 (/opt/rustwide/workdir/2015/13)
[INFO] [stderr]    Compiling y2023-d13 v0.1.0 (/opt/rustwide/workdir/2023/13)
[INFO] [stderr]    Compiling y2024-d14 v0.1.0 (/opt/rustwide/workdir/2024/14)
[INFO] [stderr]    Compiling y2024-d3 v0.1.0 (/opt/rustwide/workdir/2024/03)
[INFO] [stderr]    Compiling y2024-d1 v0.1.0 (/opt/rustwide/workdir/2024/01)
[INFO] [stderr]    Compiling y2024-d13 v0.1.0 (/opt/rustwide/workdir/2024/13)
[INFO] [stderr]    Compiling y2023-d4 v0.1.0 (/opt/rustwide/workdir/2023/04)
[INFO] [stderr]    Compiling y2024-d18 v0.1.0 (/opt/rustwide/workdir/2024/18)
[INFO] [stderr]    Compiling y2024-d20 v0.1.0 (/opt/rustwide/workdir/2024/20)
[INFO] [stderr]    Compiling y2023-d7 v0.1.0 (/opt/rustwide/workdir/2023/07)
[INFO] [stderr]    Compiling y2015-d5 v0.1.0 (/opt/rustwide/workdir/2015/05)
[INFO] [stderr]    Compiling y2022-d6 v0.1.0 (/opt/rustwide/workdir/2022/06)
[INFO] [stderr]    Compiling y2015-d14 v0.1.0 (/opt/rustwide/workdir/2015/14)
[INFO] [stderr]    Compiling y2024-d5 v0.1.0 (/opt/rustwide/workdir/2024/05)
[INFO] [stderr]    Compiling y2022-d7 v0.1.0 (/opt/rustwide/workdir/2022/07)
[INFO] [stderr]    Compiling y2022-d9 v0.1.0 (/opt/rustwide/workdir/2022/09)
[INFO] [stderr]    Compiling y2015-d21 v0.1.0 (/opt/rustwide/workdir/2015/21)
[INFO] [stderr]    Compiling y2015-d8 v0.1.0 (/opt/rustwide/workdir/2015/08)
[INFO] [stderr]    Compiling y2015-d18 v0.1.0 (/opt/rustwide/workdir/2015/18)
[INFO] [stderr]    Compiling y2015-d11 v0.1.0 (/opt/rustwide/workdir/2015/11)
[INFO] [stderr]    Compiling y2022-d1 v0.1.0 (/opt/rustwide/workdir/2022/01)
[INFO] [stderr]    Compiling y2022-d3 v0.1.0 (/opt/rustwide/workdir/2022/03)
[INFO] [stderr]    Compiling y2022-d13 v0.1.0 (/opt/rustwide/workdir/2022/13)
[INFO] [stderr]    Compiling y2023-d14 v0.1.0 (/opt/rustwide/workdir/2023/14)
[INFO] [stderr]    Compiling y2024-d25 v0.1.0 (/opt/rustwide/workdir/2024/25)
[INFO] [stderr]    Compiling y2024-d2 v0.1.0 (/opt/rustwide/workdir/2024/02)
[INFO] [stderr]    Compiling y2024-d8 v0.1.0 (/opt/rustwide/workdir/2024/08)
[INFO] [stderr]    Compiling y2024-d24 v0.1.0 (/opt/rustwide/workdir/2024/24)
[INFO] [stderr]    Compiling y2015-d16 v0.1.0 (/opt/rustwide/workdir/2015/16)
[INFO] [stderr]    Compiling y2015-d22 v0.1.0 (/opt/rustwide/workdir/2015/22)
[INFO] [stderr]    Compiling y2024-d10 v0.1.0 (/opt/rustwide/workdir/2024/10)
[INFO] [stderr]    Compiling y2015-d17 v0.1.0 (/opt/rustwide/workdir/2015/17)
[INFO] [stderr]    Compiling y2015-d9 v0.1.0 (/opt/rustwide/workdir/2015/09)
[INFO] [stderr]    Compiling y2015-d20 v0.1.0 (/opt/rustwide/workdir/2015/20)
[INFO] [stderr]    Compiling y2015-d7 v0.1.0 (/opt/rustwide/workdir/2015/07)
[INFO] [stderr]    Compiling y2024-d9 v0.1.0 (/opt/rustwide/workdir/2024/09)
[INFO] [stderr]    Compiling y2024-d15 v0.1.0 (/opt/rustwide/workdir/2024/15)
[INFO] [stderr]    Compiling y2022-d15 v0.1.0 (/opt/rustwide/workdir/2022/15)
[INFO] [stderr]    Compiling y2015-d15 v0.1.0 (/opt/rustwide/workdir/2015/15)
[INFO] [stderr]    Compiling y2024-d16 v0.1.0 (/opt/rustwide/workdir/2024/16)
[INFO] [stderr]    Compiling aoc-workbench v0.1.0 (/opt/rustwide/workdir/workbench)
[INFO] [stderr]     Finished `dev` profile [unoptimized + debuginfo] target(s) in 1m 08s
[INFO] running `Command { std: "docker" "inspect" "37a42840922fdd9caca82a43ef83494359783d4511f937566931d2f181e6ffe1", kill_on_drop: false }`
[INFO] running `Command { std: "docker" "rm" "-f" "37a42840922fdd9caca82a43ef83494359783d4511f937566931d2f181e6ffe1", kill_on_drop: false }`
[INFO] [stdout] 37a42840922fdd9caca82a43ef83494359783d4511f937566931d2f181e6ffe1
[INFO] running `Command { std: "docker" "create" "-v" "/var/lib/crater-agent-workspace/builds/worker-1-tc2/target:/opt/rustwide/target:rw,Z" "-v" "/var/lib/crater-agent-workspace/builds/worker-1-tc2/source:/opt/rustwide/workdir:ro,Z" "-v" "/var/lib/crater-agent-workspace/cargo-home:/opt/rustwide/cargo-home:ro,Z" "-v" "/var/lib/crater-agent-workspace/rustup-home:/opt/rustwide/rustup-home:ro,Z" "-e" "SOURCE_DIR=/opt/rustwide/workdir" "-e" "CARGO_TARGET_DIR=/opt/rustwide/target" "-e" "CARGO_INCREMENTAL=0" "-e" "RUST_BACKTRACE=full" "-e" "RUSTFLAGS=--cap-lints=forbid -Zrandomize-layout" "-e" "RUSTDOCFLAGS=--cap-lints=forbid" "-e" "CARGO_HOME=/opt/rustwide/cargo-home" "-e" "RUSTUP_HOME=/opt/rustwide/rustup-home" "-w" "/opt/rustwide/workdir" "-m" "1610612736" "--user" "0:0" "--network" "none" "ghcr.io/rust-lang/crates-build-env/linux@sha256:819108c5571ea2e421544af4d832f968d213c87fbe3707a016657f43d2f853bc" "/opt/rustwide/cargo-home/bin/cargo" "+nightly-2025-01-18" "test" "--frozen" "--no-run" "--message-format=json", kill_on_drop: false }`
[INFO] [stdout] de6bbdf996c0d8d147dbfbd122e1a6a48fb911ca48212b1d950404d3531c9f33
[INFO] running `Command { std: "docker" "start" "-a" "de6bbdf996c0d8d147dbfbd122e1a6a48fb911ca48212b1d950404d3531c9f33", kill_on_drop: false }`
[INFO] [stderr]    Compiling serde v1.0.215
[INFO] [stderr]    Compiling serde_derive v1.0.215
[INFO] [stderr]    Compiling cfg-if v1.0.0
[INFO] [stderr]    Compiling libc v0.2.168
[INFO] [stderr]    Compiling serde_json v1.0.133
[INFO] [stderr]    Compiling ciborium-io v0.2.2
[INFO] [stderr]    Compiling itoa v1.0.14
[INFO] [stderr]    Compiling plotters-backend v0.3.7
[INFO] [stderr]    Compiling half v2.4.1
[INFO] [stderr]    Compiling ryu v1.0.18
[INFO] [stderr]    Compiling itertools v0.10.5
[INFO] [stderr]    Compiling same-file v1.0.6
[INFO] [stderr]    Compiling cast v0.3.0
[INFO] [stderr]    Compiling plotters-svg v0.3.7
[INFO] [stderr]    Compiling ciborium-ll v0.2.2
[INFO] [stderr]    Compiling walkdir v2.5.0
[INFO] [stderr]    Compiling once_cell v1.20.2
[INFO] [stderr]    Compiling anes v0.1.6
[INFO] [stderr]    Compiling plotters v0.3.7
[INFO] [stderr]    Compiling oorandom v11.1.4
[INFO] [stderr]    Compiling aoc-workbench v0.1.0 (/opt/rustwide/workdir/workbench)
[INFO] [stderr]    Compiling y2015-d4 v0.1.0 (/opt/rustwide/workdir/2015/04)
[INFO] [stderr]    Compiling y2015-d12 v0.1.0 (/opt/rustwide/workdir/2015/12)
[INFO] [stderr]    Compiling y2024-d13 v0.1.0 (/opt/rustwide/workdir/2024/13)
[INFO] [stderr]    Compiling y2024-d11 v0.1.0 (/opt/rustwide/workdir/2024/11)
[INFO] [stderr]    Compiling y2024-d14 v0.1.0 (/opt/rustwide/workdir/2024/14)
[INFO] [stderr]    Compiling y2023-d8 v0.1.0 (/opt/rustwide/workdir/2023/08)
[INFO] [stderr]    Compiling y2015-d20 v0.1.0 (/opt/rustwide/workdir/2015/20)
[INFO] [stderr]    Compiling y2015-d14 v0.1.0 (/opt/rustwide/workdir/2015/14)
[INFO] [stderr]    Compiling y2024-d24 v0.1.0 (/opt/rustwide/workdir/2024/24)
[INFO] [stderr]    Compiling y2015-d6 v0.1.0 (/opt/rustwide/workdir/2015/06)
[INFO] [stderr]    Compiling y2022-d7 v0.1.0 (/opt/rustwide/workdir/2022/07)
[INFO] [stderr]    Compiling y2015-d2 v0.1.0 (/opt/rustwide/workdir/2015/02)
[INFO] [stderr]    Compiling y2023-d14 v0.1.0 (/opt/rustwide/workdir/2023/14)
[INFO] [stderr]    Compiling is-terminal v0.4.13
[INFO] [stderr]    Compiling y2023-d1 v0.1.0 (/opt/rustwide/workdir/2023/01)
[INFO] [stderr]    Compiling y2024-d16 v0.1.0 (/opt/rustwide/workdir/2024/16)
[INFO] [stderr]    Compiling y2015-d21 v0.1.0 (/opt/rustwide/workdir/2015/21)
[INFO] [stderr]    Compiling y2023-d5 v0.1.0 (/opt/rustwide/workdir/2023/05)
[INFO] [stderr]    Compiling y2022-d1 v0.1.0 (/opt/rustwide/workdir/2022/01)
[INFO] [stderr]    Compiling y2022-d10 v0.1.0 (/opt/rustwide/workdir/2022/10)
[INFO] [stderr]    Compiling y2024-d7 v0.1.0 (/opt/rustwide/workdir/2024/07)
[INFO] [stderr]    Compiling y2023-d4 v0.1.0 (/opt/rustwide/workdir/2023/04)
[INFO] [stderr]    Compiling y2022-d2 v0.1.0 (/opt/rustwide/workdir/2022/02)
[INFO] [stderr]    Compiling y2022-d6 v0.1.0 (/opt/rustwide/workdir/2022/06)
[INFO] [stderr]    Compiling y2024-d20 v0.1.0 (/opt/rustwide/workdir/2024/20)
[INFO] [stderr]    Compiling criterion-plot v0.5.0
[INFO] [stderr]    Compiling y2024-d3 v0.1.0 (/opt/rustwide/workdir/2024/03)
[INFO] [stderr]    Compiling y2024-d10 v0.1.0 (/opt/rustwide/workdir/2024/10)
[INFO] [stderr]    Compiling y2015-d17 v0.1.0 (/opt/rustwide/workdir/2015/17)
[INFO] [stderr]    Compiling y2022-d5 v0.1.0 (/opt/rustwide/workdir/2022/05)
[INFO] [stderr]    Compiling y2022-d9 v0.1.0 (/opt/rustwide/workdir/2022/09)
[INFO] [stderr]    Compiling y2023-d13 v0.1.0 (/opt/rustwide/workdir/2023/13)
[INFO] [stderr]    Compiling y2015-d3 v0.1.0 (/opt/rustwide/workdir/2015/03)
[INFO] [stderr]    Compiling y2023-d2 v0.1.0 (/opt/rustwide/workdir/2023/02)
[INFO] [stderr]    Compiling y2023-d11 v0.1.0 (/opt/rustwide/workdir/2023/11)
[INFO] [stderr]    Compiling y2024-d25 v0.1.0 (/opt/rustwide/workdir/2024/25)
[INFO] [stderr]    Compiling y2015-d8 v0.1.0 (/opt/rustwide/workdir/2015/08)
[INFO] [stderr]    Compiling y2015-d1 v0.1.0 (/opt/rustwide/workdir/2015/01)
[INFO] [stderr]    Compiling y2022-d8 v0.1.0 (/opt/rustwide/workdir/2022/08)
[INFO] [stderr]    Compiling y2023-d7 v0.1.0 (/opt/rustwide/workdir/2023/07)
[INFO] [stderr]    Compiling y2015-d22 v0.1.0 (/opt/rustwide/workdir/2015/22)
[INFO] [stderr]    Compiling y2015-d9 v0.1.0 (/opt/rustwide/workdir/2015/09)
[INFO] [stderr]    Compiling y2023-d9 v0.1.0 (/opt/rustwide/workdir/2023/09)
[INFO] [stderr]    Compiling y2015-d18 v0.1.0 (/opt/rustwide/workdir/2015/18)
[INFO] [stderr]    Compiling y2022-d15 v0.1.0 (/opt/rustwide/workdir/2022/15)
[INFO] [stderr]    Compiling y2015-d15 v0.1.0 (/opt/rustwide/workdir/2015/15)
[INFO] [stderr]    Compiling y2023-d16 v0.1.0 (/opt/rustwide/workdir/2023/16)
[INFO] [stderr]    Compiling y2023-d10 v0.1.0 (/opt/rustwide/workdir/2023/10)
[INFO] [stderr]    Compiling y2015-d11 v0.1.0 (/opt/rustwide/workdir/2015/11)
[INFO] [stderr]    Compiling y2024-d2 v0.1.0 (/opt/rustwide/workdir/2024/02)
[INFO] [stderr]    Compiling y2022-d3 v0.1.0 (/opt/rustwide/workdir/2022/03)
[INFO] [stderr]    Compiling y2015-d5 v0.1.0 (/opt/rustwide/workdir/2015/05)
[INFO] [stderr]    Compiling y2024-d19 v0.1.0 (/opt/rustwide/workdir/2024/19)
[INFO] [stderr]    Compiling y2015-d19 v0.1.0 (/opt/rustwide/workdir/2015/19)
[INFO] [stderr]    Compiling y2024-d18 v0.1.0 (/opt/rustwide/workdir/2024/18)
[INFO] [stderr]    Compiling y2024-d9 v0.1.0 (/opt/rustwide/workdir/2024/09)
[INFO] [stderr]    Compiling y2015-d7 v0.1.0 (/opt/rustwide/workdir/2015/07)
[INFO] [stderr]    Compiling y2015-d13 v0.1.0 (/opt/rustwide/workdir/2015/13)
[INFO] [stderr]    Compiling y2022-d11 v0.1.0 (/opt/rustwide/workdir/2022/11)
[INFO] [stderr]    Compiling y2024-d22 v0.1.0 (/opt/rustwide/workdir/2024/22)
[INFO] [stderr]    Compiling y2024-d1 v0.1.0 (/opt/rustwide/workdir/2024/01)
[INFO] [stderr]    Compiling y2024-d8 v0.1.0 (/opt/rustwide/workdir/2024/08)
[INFO] [stderr]    Compiling y2024-d15 v0.1.0 (/opt/rustwide/workdir/2024/15)
[INFO] [stderr]    Compiling y2024-d23 v0.1.0 (/opt/rustwide/workdir/2024/23)
[INFO] [stderr]    Compiling y2022-d13 v0.1.0 (/opt/rustwide/workdir/2022/13)
[INFO] [stderr]    Compiling y2024-d17 v0.1.0 (/opt/rustwide/workdir/2024/17)
[INFO] [stderr]    Compiling y2022-d14 v0.1.0 (/opt/rustwide/workdir/2022/14)
[INFO] [stderr]    Compiling y2024-d12 v0.1.0 (/opt/rustwide/workdir/2024/12)
[INFO] [stderr]    Compiling y2024-d21 v0.1.0 (/opt/rustwide/workdir/2024/21)
[INFO] [stderr]    Compiling y2022-d4 v0.1.0 (/opt/rustwide/workdir/2022/04)
[INFO] [stderr]    Compiling y2015-d10 v0.1.0 (/opt/rustwide/workdir/2015/10)
[INFO] [stderr]    Compiling y2024-d4 v0.1.0 (/opt/rustwide/workdir/2024/04)
[INFO] [stderr]    Compiling y2024-d5 v0.1.0 (/opt/rustwide/workdir/2024/05)
[INFO] [stderr]    Compiling y2023-d6 v0.1.0 (/opt/rustwide/workdir/2023/06)
[INFO] [stderr]    Compiling y2015-d16 v0.1.0 (/opt/rustwide/workdir/2015/16)
[INFO] [stderr]    Compiling y2023-d3 v0.1.0 (/opt/rustwide/workdir/2023/03)
[INFO] [stderr]    Compiling y2024-d6 v0.1.0 (/opt/rustwide/workdir/2024/06)
[INFO] [stderr]    Compiling y2022-d12 v0.1.0 (/opt/rustwide/workdir/2022/12)
[INFO] [stderr]    Compiling y2023-d15 v0.1.0 (/opt/rustwide/workdir/2023/15)
[INFO] [stderr]    Compiling ciborium v0.2.2
[INFO] [stderr]    Compiling tinytemplate v1.2.1
[INFO] [stderr]    Compiling criterion v0.5.1
[INFO] [stderr]    Compiling common v0.1.0 (/opt/rustwide/workdir/common)
[INFO] [stderr]     Finished `test` profile [unoptimized + debuginfo] target(s) in 48.76s
[INFO] running `Command { std: "docker" "inspect" "de6bbdf996c0d8d147dbfbd122e1a6a48fb911ca48212b1d950404d3531c9f33", kill_on_drop: false }`
[INFO] running `Command { std: "docker" "rm" "-f" "de6bbdf996c0d8d147dbfbd122e1a6a48fb911ca48212b1d950404d3531c9f33", kill_on_drop: false }`
[INFO] [stdout] de6bbdf996c0d8d147dbfbd122e1a6a48fb911ca48212b1d950404d3531c9f33
[INFO] running `Command { std: "docker" "create" "-v" "/var/lib/crater-agent-workspace/builds/worker-1-tc2/target:/opt/rustwide/target:rw,Z" "-v" "/var/lib/crater-agent-workspace/builds/worker-1-tc2/source:/opt/rustwide/workdir:ro,Z" "-v" "/var/lib/crater-agent-workspace/cargo-home:/opt/rustwide/cargo-home:ro,Z" "-v" "/var/lib/crater-agent-workspace/rustup-home:/opt/rustwide/rustup-home:ro,Z" "-e" "SOURCE_DIR=/opt/rustwide/workdir" "-e" "CARGO_TARGET_DIR=/opt/rustwide/target" "-e" "CARGO_INCREMENTAL=0" "-e" "RUST_BACKTRACE=full" "-e" "RUSTFLAGS=--cap-lints=forbid -Zrandomize-layout" "-e" "RUSTDOCFLAGS=--cap-lints=forbid" "-e" "CARGO_HOME=/opt/rustwide/cargo-home" "-e" "RUSTUP_HOME=/opt/rustwide/rustup-home" "-w" "/opt/rustwide/workdir" "-m" "1610612736" "--user" "0:0" "--network" "none" "ghcr.io/rust-lang/crates-build-env/linux@sha256:819108c5571ea2e421544af4d832f968d213c87fbe3707a016657f43d2f853bc" "/opt/rustwide/cargo-home/bin/cargo" "+nightly-2025-01-18" "test" "--frozen", kill_on_drop: false }`
[INFO] [stdout] ab29bafb72c83cd900bcd52c06ae4d7e285773e8542eac3d13950fe36d5a71f1
[INFO] running `Command { std: "docker" "start" "-a" "ab29bafb72c83cd900bcd52c06ae4d7e285773e8542eac3d13950fe36d5a71f1", kill_on_drop: false }`
[INFO] [stderr]     Finished `test` profile [unoptimized + debuginfo] target(s) in 0.23s
[INFO] [stderr]      Running unittests src/lib.rs (/opt/rustwide/target/debug/deps/aoc_workbench-cb6d76b14a392ab5)
[INFO] [stdout] 
[INFO] [stdout] running 4 tests
[INFO] [stdout] test test::day_can_be_initialised ... ok
[INFO] [stdout] test test::day_rejects_invalid_values ... ok
[INFO] [stdout] test test::year_can_be_initialised ... ok
[INFO] [stdout] test test::year_rejects_invalid_values ... ok
[INFO] [stderr]      Running unittests src/main.rs (/opt/rustwide/target/debug/deps/aoc_workbench-845f225b58829ce9)
[INFO] [stdout] 
[INFO] [stdout] test result: ok. 4 passed; 0 failed; 0 ignored; 0 measured; 0 filtered out; finished in 0.01s
[INFO] [stdout] 
[INFO] [stdout] 
[INFO] [stdout] running 0 tests
[INFO] [stdout] 
[INFO] [stdout] test result: ok. 0 passed; 0 failed; 0 ignored; 0 measured; 0 filtered out; finished in 0.00s
[INFO] [stdout] 
[INFO] [stderr]      Running unittests src/lib.rs (/opt/rustwide/target/debug/deps/common-64be88e143b65242)
[INFO] [stdout] 
[INFO] [stdout] running 9 tests
[INFO] [stdout] test utils::test::number_length_successors_finds_correct_length ... ok
[INFO] [stdout] test distances::test::manhattan_works_with_signed ... ok
[INFO] [stdout] test utils::test::number_length_finds_correct_length ... ok
[INFO] [stdout] test distances::test::manhattan_works_with_extreme ... ok
[INFO] [stdout] test distances::test::euclidian_works_with_f32 ... ok
[INFO] [stdout] test distances::test::manhattan_works_with_unsigned ... ok
[INFO] [stdout] test distances::test::euclidian_works_with_f64 ... ok
[INFO] [stdout] test distances::test::manhattan_works_with_floats ... ok
[INFO] [stdout] test utils::test::number_length_u128_handles_max_length ... ok
[INFO] [stdout] 
[INFO] [stdout] test result: ok. 9 passed; 0 failed; 0 ignored; 0 measured; 0 filtered out; finished in 0.03s
[INFO] [stdout] 
[INFO] [stderr]      Running unittests src/lib.rs (/opt/rustwide/target/debug/deps/y2015_d1-e88a9d0f789dfb7a)
[INFO] [stderr]      Running unittests src/lib.rs (/opt/rustwide/target/debug/deps/y2015_d10-4d13758452ddfe47)
[INFO] [stdout] 
[INFO] [stdout] running 0 tests
[INFO] [stdout] 
[INFO] [stdout] test result: ok. 0 passed; 0 failed; 0 ignored; 0 measured; 0 filtered out; finished in 0.00s
[INFO] [stdout] 
[INFO] [stdout] 
[INFO] [stdout] running 1 test
[INFO] [stdout] test test::look_and_say_behaves_as_expected ... ok
[INFO] [stdout] 
[INFO] [stdout] test result: ok. 1 passed; 0 failed; 0 ignored; 0 measured; 0 filtered out; finished in 0.00s
[INFO] [stdout] 
[INFO] [stderr]      Running unittests src/lib.rs (/opt/rustwide/target/debug/deps/y2015_d11-bfdd88691ea98452)
[INFO] [stdout] 
[INFO] [stdout] running 1 test
[INFO] [stderr]      Running unittests src/lib.rs (/opt/rustwide/target/debug/deps/y2015_d12-6ab1d7ee27940933)
[INFO] [stdout] test test::validate_can_validate_passwords ... ok
[INFO] [stderr]      Running unittests src/lib.rs (/opt/rustwide/target/debug/deps/y2015_d13-8a91dc3778c6ba5e)
[INFO] [stdout] 
[INFO] [stdout] test result: ok. 1 passed; 0 failed; 0 ignored; 0 measured; 0 filtered out; finished in 0.00s
[INFO] [stdout] 
[INFO] [stdout] 
[INFO] [stdout] running 2 tests
[INFO] [stdout] test test::step1_finds_correct_values ... ok
[INFO] [stdout] test test::step2_finds_correct_values ... ok
[INFO] [stdout] 
[INFO] [stdout] test result: ok. 2 passed; 0 failed; 0 ignored; 0 measured; 0 filtered out; finished in 0.00s
[INFO] [stdout] 
[INFO] [stderr]      Running unittests src/lib.rs (/opt/rustwide/target/debug/deps/y2015_d14-028ff8b9e004a9a3)
[INFO] [stdout] 
[INFO] [stdout] running 2 tests
[INFO] [stdout] test test::calculate_happiness_finds_correct_result ... ok
[INFO] [stdout] test test::calculate_happiness_finds_correct_result_with_me ... ok
[INFO] [stdout] 
[INFO] [stdout] test result: ok. 2 passed; 0 failed; 0 ignored; 0 measured; 0 filtered out; finished in 0.00s
[INFO] [stdout] 
[INFO] [stdout] 
[INFO] [stdout] running 1 test
[INFO] [stdout] test test::calculate_distance_calculates_proper_distances ... ok
[INFO] [stdout] 
[INFO] [stdout] test result: ok. 1 passed; 0 failed; 0 ignored; 0 measured; 0 filtered out; finished in 0.00s
[INFO] [stdout] 
[INFO] [stderr]      Running unittests src/lib.rs (/opt/rustwide/target/debug/deps/y2015_d15-51b116b0cb6f5994)
[INFO] [stdout] 
[INFO] [stdout] running 2 tests
[INFO] [stdout] test test::step2_finds_correct_answer ... ok
[INFO] [stdout] test test::step1_finds_correct_answer ... ok
[INFO] [stdout] 
[INFO] [stdout] test result: ok. 2 passed; 0 failed; 0 ignored; 0 measured; 0 filtered out; finished in 0.02s
[INFO] [stdout] 
[INFO] [stderr]      Running unittests src/lib.rs (/opt/rustwide/target/debug/deps/y2015_d16-ccbf6fe422ae0e78)
[INFO] [stdout] 
[INFO] [stdout] running 0 tests
[INFO] [stdout] 
[INFO] [stdout] test result: ok. 0 passed; 0 failed; 0 ignored; 0 measured; 0 filtered out; finished in 0.00s
[INFO] [stdout] 
[INFO] [stderr]      Running unittests src/lib.rs (/opt/rustwide/target/debug/deps/y2015_d17-dc29c140c4b7f05b)
[INFO] [stdout] 
[INFO] [stderr]      Running unittests src/lib.rs (/opt/rustwide/target/debug/deps/y2015_d18-9211af894a629f2c)
[INFO] [stdout] running 0 tests
[INFO] [stderr]      Running unittests src/lib.rs (/opt/rustwide/target/debug/deps/y2015_d19-79bfd736ee0045b9)
[INFO] [stdout] 
[INFO] [stdout] test result: ok. 0 passed; 0 failed; 0 ignored; 0 measured; 0 filtered out; finished in 0.00s
[INFO] [stdout] 
[INFO] [stdout] 
[INFO] [stdout] running 2 tests
[INFO] [stdout] test test::animate_working_screen_gets_correct_example_result ... ok
[INFO] [stdout] test test::animate_broken_screen_gets_correct_example_result ... ok
[INFO] [stdout] 
[INFO] [stdout] test result: ok. 2 passed; 0 failed; 0 ignored; 0 measured; 0 filtered out; finished in 0.00s
[INFO] [stdout] 
[INFO] [stdout] 
[INFO] [stdout] running 1 test
[INFO] [stdout] test test::step1_finds_correct_example_answer ... ok
[INFO] [stdout] 
[INFO] [stdout] test result: ok. 1 passed; 0 failed; 0 ignored; 0 measured; 0 filtered out; finished in 0.00s
[INFO] [stdout] 
[INFO] [stderr]      Running unittests src/lib.rs (/opt/rustwide/target/debug/deps/y2015_d2-daf99bfa36a6e238)
[INFO] [stdout] 
[INFO] [stdout] running 2 tests
[INFO] [stdout] test test::ribbon_requirement_calculates_correct_value ... ok
[INFO] [stdout] test test::wrapping_requirement_calculates_correct_value ... ok
[INFO] [stdout] 
[INFO] [stdout] test result: ok. 2 passed; 0 failed; 0 ignored; 0 measured; 0 filtered out; finished in 0.02s
[INFO] [stdout] 
[INFO] [stderr]      Running unittests src/lib.rs (/opt/rustwide/target/debug/deps/y2015_d20-bade1cbeab5348dc)
[INFO] [stdout] 
[INFO] [stdout] running 0 tests
[INFO] [stderr]      Running unittests src/lib.rs (/opt/rustwide/target/debug/deps/y2015_d21-5461b0f80edabaf6)
[INFO] [stdout] 
[INFO] [stdout] test result: ok. 0 passed; 0 failed; 0 ignored; 0 measured; 0 filtered out; finished in 0.00s
[INFO] [stdout] 
[INFO] [stdout] 
[INFO] [stdout] running 2 tests
[INFO] [stdout] test test::rounds_handles_edge_cases ... ok
[INFO] [stdout] test test::rounds_determines_correct_winner_example ... ok
[INFO] [stdout] 
[INFO] [stdout] test result: ok. 2 passed; 0 failed; 0 ignored; 0 measured; 0 filtered out; finished in 0.00s
[INFO] [stdout] 
[INFO] [stderr]      Running unittests src/lib.rs (/opt/rustwide/target/debug/deps/y2015_d22-aa89110cea9dd6a8)
[INFO] [stdout] 
[INFO] [stdout] running 2 tests
[INFO] [stdout] test test::dijkstra_finds_correct_answer_example1 ... ok
[INFO] [stdout] test test::dijkstra_finds_correct_answer_example2 ... ok
[INFO] [stdout] 
[INFO] [stdout] test result: ok. 2 passed; 0 failed; 0 ignored; 0 measured; 0 filtered out; finished in 0.01s
[INFO] [stdout] 
[INFO] [stderr]      Running unittests src/lib.rs (/opt/rustwide/target/debug/deps/y2015_d3-bc14cd7b3aa5e32b)
[INFO] [stdout] 
[INFO] [stdout] running 0 tests
[INFO] [stdout] 
[INFO] [stderr]      Running unittests src/lib.rs (/opt/rustwide/target/debug/deps/y2015_d4-2279cb53a954d96d)
[INFO] [stdout] test result: ok. 0 passed; 0 failed; 0 ignored; 0 measured; 0 filtered out; finished in 0.00s
[INFO] [stdout] 
[INFO] [stdout] 
[INFO] [stdout] running 0 tests
[INFO] [stdout] 
[INFO] [stdout] test result: ok. 0 passed; 0 failed; 0 ignored; 0 measured; 0 filtered out; finished in 0.00s
[INFO] [stdout] 
[INFO] [stderr]      Running unittests src/lib.rs (/opt/rustwide/target/debug/deps/y2015_d5-931c11981f5f0f8e)
[INFO] [stdout] 
[INFO] [stdout] running 1 test
[INFO] [stderr]      Running unittests src/lib.rs (/opt/rustwide/target/debug/deps/y2015_d6-1772981286bf66b5)
[INFO] [stdout] test test::is_really_nice_handles_test_data ... ok
[INFO] [stdout] 
[INFO] [stdout] test result: ok. 1 passed; 0 failed; 0 ignored; 0 measured; 0 filtered out; finished in 0.01s
[INFO] [stdout] 
[INFO] [stdout] 
[INFO] [stdout] running 6 tests
[INFO] [stdout] test test::dimmable_lights_store_correct_value_after_decrease ... ok
[INFO] [stdout] test test::dimmable_lights_store_correct_value_after_multiple_changes ... ok
[INFO] [stdout] test test::dimmable_lights_store_correct_value_after_increase ... ok
[INFO] [stdout] test test::dimmable_lights_store_correct_value_after_real_increase ... ok
[INFO] [stdout] test test::step2_handles_first_example ... ok
[INFO] [stdout] test test::step2_handles_second_example ... ok
[INFO] [stdout] 
[INFO] [stdout] test result: ok. 6 passed; 0 failed; 0 ignored; 0 measured; 0 filtered out; finished in 1.09s
[INFO] [stdout] 
[INFO] [stderr]      Running unittests src/lib.rs (/opt/rustwide/target/debug/deps/y2015_d7-40ffdcf6eab987db)
[INFO] [stdout] 
[INFO] [stdout] running 2 tests
[INFO] [stdout] test test::parse_finds_correct_number_of_operations ... ok
[INFO] [stdout] test test::circuit_correctly_simulates_wires ... ok
[INFO] [stdout] 
[INFO] [stdout] test result: ok. 2 passed; 0 failed; 0 ignored; 0 measured; 0 filtered out; finished in 0.01s
[INFO] [stdout] 
[INFO] [stderr]      Running unittests src/lib.rs (/opt/rustwide/target/debug/deps/y2015_d8-4430604b33873db6)
[INFO] [stdout] 
[INFO] [stdout] running 2 tests
[INFO] [stderr]      Running unittests src/lib.rs (/opt/rustwide/target/debug/deps/y2015_d9-5cb9c1823d618923)
[INFO] [stdout] test test::step2_finds_correct_answer ... ok
[INFO] [stdout] test test::step1_finds_correct_answer ... ok
[INFO] [stdout] 
[INFO] [stdout] test result: ok. 2 passed; 0 failed; 0 ignored; 0 measured; 0 filtered out; finished in 0.00s
[INFO] [stdout] 
[INFO] [stdout] 
[INFO] [stdout] running 1 test
[INFO] [stdout] test test::step1_finds_correct_answer ... ok
[INFO] [stdout] 
[INFO] [stdout] test result: ok. 1 passed; 0 failed; 0 ignored; 0 measured; 0 filtered out; finished in 0.00s
[INFO] [stdout] 
[INFO] [stderr]      Running unittests src/lib.rs (/opt/rustwide/target/debug/deps/y2022_d1-9c7150f5a783a744)
[INFO] [stdout] 
[INFO] [stdout] running 0 tests
[INFO] [stdout] 
[INFO] [stdout] test result: ok. 0 passed; 0 failed; 0 ignored; 0 measured; 0 filtered out; finished in 0.00s
[INFO] [stdout] 
[INFO] [stderr]      Running unittests src/lib.rs (/opt/rustwide/target/debug/deps/y2022_d10-1e924dfdc9278710)
[INFO] [stdout] 
[INFO] [stdout] running 0 tests
[INFO] [stdout] 
[INFO] [stdout] test result: ok. 0 passed; 0 failed; 0 ignored; 0 measured; 0 filtered out; finished in 0.00s
[INFO] [stdout] 
[INFO] [stderr]      Running unittests src/lib.rs (/opt/rustwide/target/debug/deps/y2022_d11-7539f66308d306f7)
[INFO] [stderr]      Running unittests src/lib.rs (/opt/rustwide/target/debug/deps/y2022_d12-12e6c5be44a7508e)
[INFO] [stdout] 
[INFO] [stdout] running 0 tests
[INFO] [stdout] 
[INFO] [stdout] test result: ok. 0 passed; 0 failed; 0 ignored; 0 measured; 0 filtered out; finished in 0.00s
[INFO] [stdout] 
[INFO] [stdout] 
[INFO] [stdout] running 0 tests
[INFO] [stdout] 
[INFO] [stdout] test result: ok. 0 passed; 0 failed; 0 ignored; 0 measured; 0 filtered out; finished in 0.00s
[INFO] [stdout] 
[INFO] [stderr]      Running unittests src/lib.rs (/opt/rustwide/target/debug/deps/y2022_d13-73beac310d22be5e)
[INFO] [stderr]      Running unittests src/lib.rs (/opt/rustwide/target/debug/deps/y2022_d14-7533b726a91a2cf1)
[INFO] [stdout] 
[INFO] [stdout] running 0 tests
[INFO] [stdout] 
[INFO] [stdout] test result: ok. 0 passed; 0 failed; 0 ignored; 0 measured; 0 filtered out; finished in 0.00s
[INFO] [stdout] 
[INFO] [stdout] 
[INFO] [stdout] running 0 tests
[INFO] [stdout] 
[INFO] [stdout] test result: ok. 0 passed; 0 failed; 0 ignored; 0 measured; 0 filtered out; finished in 0.00s
[INFO] [stdout] 
[INFO] [stderr]      Running unittests src/lib.rs (/opt/rustwide/target/debug/deps/y2022_d15-0ba638864d26d494)
[INFO] [stdout] 
[INFO] [stdout] running 3 tests
[INFO] [stdout] test test::beacon_location ... ok
[INFO] [stdout] test test::test_step2 ... ok
[INFO] [stderr]      Running unittests src/lib.rs (/opt/rustwide/target/debug/deps/y2022_d2-5d1d5e6ef11de16c)
[INFO] [stdout] test test::step1 ... ok
[INFO] [stdout] 
[INFO] [stdout] test result: ok. 3 passed; 0 failed; 0 ignored; 0 measured; 0 filtered out; finished in 0.02s
[INFO] [stdout] 
[INFO] [stdout] 
[INFO] [stdout] running 0 tests
[INFO] [stdout] 
[INFO] [stdout] test result: ok. 0 passed; 0 failed; 0 ignored; 0 measured; 0 filtered out; finished in 0.00s
[INFO] [stdout] 
[INFO] [stderr]      Running unittests src/lib.rs (/opt/rustwide/target/debug/deps/y2022_d3-e26a520895a56e52)
[INFO] [stdout] 
[INFO] [stdout] running 0 tests
[INFO] [stdout] 
[INFO] [stdout] test result: ok. 0 passed; 0 failed; 0 ignored; 0 measured; 0 filtered out; finished in 0.00s
[INFO] [stdout] 
[INFO] [stderr]      Running unittests src/lib.rs (/opt/rustwide/target/debug/deps/y2022_d4-97aee389f6d87d62)
[INFO] [stdout] 
[INFO] [stdout] running 0 tests
[INFO] [stdout] 
[INFO] [stdout] test result: ok. 0 passed; 0 failed; 0 ignored; 0 measured; 0 filtered out; finished in 0.00s
[INFO] [stdout] 
[INFO] [stderr]      Running unittests src/lib.rs (/opt/rustwide/target/debug/deps/y2022_d5-b82e9f75be51893b)
[INFO] [stdout] 
[INFO] [stdout] running 0 tests
[INFO] [stdout] 
[INFO] [stdout] test result: ok. 0 passed; 0 failed; 0 ignored; 0 measured; 0 filtered out; finished in 0.00s
[INFO] [stdout] 
[INFO] [stderr]      Running unittests src/lib.rs (/opt/rustwide/target/debug/deps/y2022_d6-b48a70ce36393dde)
[INFO] [stdout] 
[INFO] [stdout] running 0 tests
[INFO] [stdout] 
[INFO] [stdout] test result: ok. 0 passed; 0 failed; 0 ignored; 0 measured; 0 filtered out; finished in 0.00s
[INFO] [stdout] 
[INFO] [stderr]      Running unittests src/lib.rs (/opt/rustwide/target/debug/deps/y2022_d7-75ceb0098c64ad8a)
[INFO] [stdout] 
[INFO] [stdout] running 0 tests
[INFO] [stdout] 
[INFO] [stdout] test result: ok. 0 passed; 0 failed; 0 ignored; 0 measured; 0 filtered out; finished in 0.00s
[INFO] [stdout] 
[INFO] [stderr]      Running unittests src/lib.rs (/opt/rustwide/target/debug/deps/y2022_d8-189c482ec8610806)
[INFO] [stdout] 
[INFO] [stdout] running 0 tests
[INFO] [stdout] 
[INFO] [stdout] test result: ok. 0 passed; 0 failed; 0 ignored; 0 measured; 0 filtered out; finished in 0.00s
[INFO] [stdout] 
[INFO] [stderr]      Running unittests src/lib.rs (/opt/rustwide/target/debug/deps/y2022_d9-3e369e44925e0a53)
[INFO] [stdout] 
[INFO] [stdout] running 0 tests
[INFO] [stdout] 
[INFO] [stdout] test result: ok. 0 passed; 0 failed; 0 ignored; 0 measured; 0 filtered out; finished in 0.00s
[INFO] [stdout] 
[INFO] [stderr]      Running unittests src/lib.rs (/opt/rustwide/target/debug/deps/y2023_d1-5c3f6fb11cdecb77)
[INFO] [stdout] 
[INFO] [stdout] running 0 tests
[INFO] [stdout] 
[INFO] [stdout] test result: ok. 0 passed; 0 failed; 0 ignored; 0 measured; 0 filtered out; finished in 0.00s
[INFO] [stdout] 
[INFO] [stderr]      Running unittests src/lib.rs (/opt/rustwide/target/debug/deps/y2023_d10-1ddd32bbaab93f22)
[INFO] [stderr]      Running unittests src/lib.rs (/opt/rustwide/target/debug/deps/y2023_d11-7a06f27c8af0f469)
[INFO] [stderr]      Running unittests src/lib.rs (/opt/rustwide/target/debug/deps/y2023_d13-a50a91fb3a1c6ffa)
[INFO] [stdout] 
[INFO] [stdout] running 0 tests
[INFO] [stdout] 
[INFO] [stdout] test result: ok. 0 passed; 0 failed; 0 ignored; 0 measured; 0 filtered out; finished in 0.00s
[INFO] [stdout] 
[INFO] [stdout] 
[INFO] [stdout] running 0 tests
[INFO] [stdout] 
[INFO] [stdout] test result: ok. 0 passed; 0 failed; 0 ignored; 0 measured; 0 filtered out; finished in 0.00s
[INFO] [stdout] 
[INFO] [stdout] 
[INFO] [stdout] running 0 tests
[INFO] [stdout] 
[INFO] [stdout] test result: ok. 0 passed; 0 failed; 0 ignored; 0 measured; 0 filtered out; finished in 0.00s
[INFO] [stdout] 
[INFO] [stdout] 
[INFO] [stdout] running 0 tests
[INFO] [stdout] 
[INFO] [stdout] test result: ok. 0 passed; 0 failed; 0 ignored; 0 measured; 0 filtered out; finished in 0.00s
[INFO] [stdout] 
[INFO] [stderr]      Running unittests src/lib.rs (/opt/rustwide/target/debug/deps/y2023_d14-44863546f2ca70b9)
[INFO] [stderr]      Running unittests src/lib.rs (/opt/rustwide/target/debug/deps/y2023_d15-6b67819485870a2a)
[INFO] [stdout] 
[INFO] [stdout] running 1 test
[INFO] [stdout] test tests::hash_works ... ok
[INFO] [stdout] 
[INFO] [stdout] test result: ok. 1 passed; 0 failed; 0 ignored; 0 measured; 0 filtered out; finished in 0.00s
[INFO] [stdout] 
[INFO] [stderr]      Running unittests src/lib.rs (/opt/rustwide/target/debug/deps/y2023_d16-506c21243bfbf468)
[INFO] [stdout] 
[INFO] [stdout] running 0 tests
[INFO] [stdout] 
[INFO] [stdout] test result: ok. 0 passed; 0 failed; 0 ignored; 0 measured; 0 filtered out; finished in 0.00s
[INFO] [stdout] 
[INFO] [stderr]      Running unittests src/lib.rs (/opt/rustwide/target/debug/deps/y2023_d2-ae66a7ecc1672dc6)
[INFO] [stdout] 
[INFO] [stdout] running 0 tests
[INFO] [stdout] 
[INFO] [stdout] test result: ok. 0 passed; 0 failed; 0 ignored; 0 measured; 0 filtered out; finished in 0.00s
[INFO] [stdout] 
[INFO] [stderr]      Running unittests src/lib.rs (/opt/rustwide/target/debug/deps/y2023_d3-4f253e9525e508ad)
[INFO] [stdout] 
[INFO] [stdout] running 0 tests
[INFO] [stdout] 
[INFO] [stdout] test result: ok. 0 passed; 0 failed; 0 ignored; 0 measured; 0 filtered out; finished in 0.00s
[INFO] [stdout] 
[INFO] [stdout] 
[INFO] [stdout] running 0 tests
[INFO] [stdout] 
[INFO] [stderr]      Running unittests src/lib.rs (/opt/rustwide/target/debug/deps/y2023_d4-65582af283258a4f)
[INFO] [stdout] test result: ok. 0 passed; 0 failed; 0 ignored; 0 measured; 0 filtered out; finished in 0.00s
[INFO] [stdout] 
[INFO] [stderr]      Running unittests src/lib.rs (/opt/rustwide/target/debug/deps/y2023_d5-c8093fe447947423)
[INFO] [stdout] 
[INFO] [stdout] running 0 tests
[INFO] [stdout] 
[INFO] [stdout] test result: ok. 0 passed; 0 failed; 0 ignored; 0 measured; 0 filtered out; finished in 0.00s
[INFO] [stdout] 
[INFO] [stderr]      Running unittests src/lib.rs (/opt/rustwide/target/debug/deps/y2023_d6-f32e15a23c46b873)
[INFO] [stdout] 
[INFO] [stdout] running 0 tests
[INFO] [stdout] 
[INFO] [stderr]      Running unittests src/lib.rs (/opt/rustwide/target/debug/deps/y2023_d7-347a4496caf9415a)
[INFO] [stdout] test result: ok. 0 passed; 0 failed; 0 ignored; 0 measured; 0 filtered out; finished in 0.00s
[INFO] [stdout] 
[INFO] [stderr]      Running unittests src/lib.rs (/opt/rustwide/target/debug/deps/y2023_d8-eb3b7cbc92b96420)
[INFO] [stdout] 
[INFO] [stdout] running 0 tests
[INFO] [stdout] 
[INFO] [stdout] test result: ok. 0 passed; 0 failed; 0 ignored; 0 measured; 0 filtered out; finished in 0.00s
[INFO] [stdout] 
[INFO] [stdout] 
[INFO] [stdout] running 0 tests
[INFO] [stdout] 
[INFO] [stdout] test result: ok. 0 passed; 0 failed; 0 ignored; 0 measured; 0 filtered out; finished in 0.00s
[INFO] [stdout] 
[INFO] [stdout] 
[INFO] [stderr]      Running unittests src/lib.rs (/opt/rustwide/target/debug/deps/y2023_d9-659678ad89a1de2b)
[INFO] [stdout] running 0 tests
[INFO] [stdout] 
[INFO] [stdout] test result: ok. 0 passed; 0 failed; 0 ignored; 0 measured; 0 filtered out; finished in 0.00s
[INFO] [stdout] 
[INFO] [stderr]      Running unittests src/lib.rs (/opt/rustwide/target/debug/deps/y2024_d1-09f37f6b336b82e6)
[INFO] [stdout] 
[INFO] [stdout] running 3 tests
[INFO] [stdout] test test::parse_finds_correct_first_and_last_items ... ok
[INFO] [stdout] test test::parse_finds_correct_number_of_lines ... ok
[INFO] [stdout] test test::step2_finds_right_answer ... ok
[INFO] [stdout] 
[INFO] [stdout] test result: ok. 3 passed; 0 failed; 0 ignored; 0 measured; 0 filtered out; finished in 0.00s
[INFO] [stdout] 
[INFO] [stdout] 
[INFO] [stderr]      Running unittests src/lib.rs (/opt/rustwide/target/debug/deps/y2024_d10-c5ae1cbd95e6396a)
[INFO] [stdout] running 2 tests
[INFO] [stdout] test test::step1_finds_correct_answer ... ok
[INFO] [stdout] test test::step2_finds_correct_answer ... ok
[INFO] [stdout] 
[INFO] [stdout] test result: ok. 2 passed; 0 failed; 0 ignored; 0 measured; 0 filtered out; finished in 0.02s
[INFO] [stdout] 
[INFO] [stderr]      Running unittests src/lib.rs (/opt/rustwide/target/debug/deps/y2024_d11-a100170982b054e5)
[INFO] [stdout] 
[INFO] [stdout] running 2 tests
[INFO] [stdout] test test::blink_correctly_transforms_72 ... ok
[INFO] [stdout] test test::blink_finds_correct_values ... ok
[INFO] [stdout] 
[INFO] [stdout] test result: ok. 2 passed; 0 failed; 0 ignored; 0 measured; 0 filtered out; finished in 0.00s
[INFO] [stdout] 
[INFO] [stderr]      Running unittests src/lib.rs (/opt/rustwide/target/debug/deps/y2024_d12-a59c424827803d81)
[INFO] [stdout] 
[INFO] [stdout] running 2 tests
[INFO] [stdout] test test::step1_find_correct_answer_example ... ok
[INFO] [stdout] test test::step2_find_correct_answer_example ... ok
[INFO] [stdout] 
[INFO] [stdout] test result: ok. 2 passed; 0 failed; 0 ignored; 0 measured; 0 filtered out; finished in 0.02s
[INFO] [stdout] 
[INFO] [stderr]      Running unittests src/lib.rs (/opt/rustwide/target/debug/deps/y2024_d13-d68873d67e614b62)
[INFO] [stdout] 
[INFO] [stdout] running 0 tests
[INFO] [stdout] 
[INFO] [stdout] test result: ok. 0 passed; 0 failed; 0 ignored; 0 measured; 0 filtered out; finished in 0.00s
[INFO] [stdout] 
[INFO] [stderr]      Running unittests src/lib.rs (/opt/rustwide/target/debug/deps/y2024_d14-1ca55cf74d592581)
[INFO] [stdout] 
[INFO] [stdout] running 2 tests
[INFO] [stdout] test test::calculate_safety_factor_finds_example_value ... ok
[INFO] [stdout] test test::robot_simulate_moves_correctly ... ok
[INFO] [stderr]      Running unittests src/lib.rs (/opt/rustwide/target/debug/deps/y2024_d15-c982822fae837e73)
[INFO] [stdout] 
[INFO] [stdout] test result: ok. 2 passed; 0 failed; 0 ignored; 0 measured; 0 filtered out; finished in 0.01s
[INFO] [stdout] 
[INFO] [stdout] 
[INFO] [stdout] running 9 tests
[INFO] [stdout] test test::wide_moves_down ... ok
[INFO] [stdout] test test::larger_input_check ... ok
[INFO] [stderr]      Running unittests src/lib.rs (/opt/rustwide/target/debug/deps/y2024_d16-dfa5799b37dcca87)
[INFO] [stdout] test test::wide_moves_up2 ... ok
[INFO] [stdout] test test::step2_small_input_checks ... ok
[INFO] [stdout] test test::wide_moves_double_up ... ok
[INFO] [stdout] test test::wide_moves_down2 ... ok
[INFO] [stdout] test test::wide_gps_sum_calculation ... ok
[INFO] [stdout] test test::small_input_checks ... ok
[INFO] [stdout] test test::wide_moves_up ... ok
[INFO] [stdout] 
[INFO] [stdout] test result: ok. 9 passed; 0 failed; 0 ignored; 0 measured; 0 filtered out; finished in 0.01s
[INFO] [stdout] 
[INFO] [stdout] 
[INFO] [stdout] running 4 tests
[INFO] [stderr]      Running unittests src/lib.rs (/opt/rustwide/target/debug/deps/y2024_d17-539b589c4ad3e1cc)
[INFO] [stdout] test test::step1_finds_correct_answer_second_example ... ok
[INFO] [stdout] test test::step1_finds_correct_answer_first_example ... ok
[INFO] [stdout] test test::step2_finds_correct_answer_second_example ... ok
[INFO] [stdout] test test::step2_finds_correct_answer_first_example ... ok
[INFO] [stdout] 
[INFO] [stdout] test result: ok. 4 passed; 0 failed; 0 ignored; 0 measured; 0 filtered out; finished in 0.02s
[INFO] [stdout] 
[INFO] [stdout] 
[INFO] [stdout] running 8 tests
[INFO] [stdout] test test::combooperands_provide_correct_values ... ok
[INFO] [stdout] test test::computer_handles_bxc ... ok
[INFO] [stdout] test test::computer_handles_bxl ... ok
[INFO] [stdout] test test::step1_finds_correct_output_value ... ok
[INFO] [stdout] test test::step1_finds_correct_second_example ... ok
[INFO] [stdout] test test::step1_finds_correct_third_example ... ok
[INFO] [stdout] test test::computer_handles_bst ... ok
[INFO] [stdout] test test::verify_step2 ... ok
[INFO] [stdout] 
[INFO] [stdout] test result: ok. 8 passed; 0 failed; 0 ignored; 0 measured; 0 filtered out; finished in 0.01s
[INFO] [stdout] 
[INFO] [stderr]      Running unittests src/lib.rs (/opt/rustwide/target/debug/deps/y2024_d18-2308392f340c61ff)
[INFO] [stdout] 
[INFO] [stdout] running 1 test
[INFO] [stdout] test test::find_shortest_path_finds_example_solution ... ok
[INFO] [stderr]      Running unittests src/lib.rs (/opt/rustwide/target/debug/deps/y2024_d19-0a0f36ea21e0426a)
[INFO] [stdout] 
[INFO] [stdout] test result: ok. 1 passed; 0 failed; 0 ignored; 0 measured; 0 filtered out; finished in 0.00s
[INFO] [stdout] 
[INFO] [stdout] 
[INFO] [stdout] running 2 tests
[INFO] [stdout] test test::step1_example_correct_answer ... ok
[INFO] [stdout] test test::step2_example_correct_answer ... ok
[INFO] [stdout] 
[INFO] [stdout] test result: ok. 2 passed; 0 failed; 0 ignored; 0 measured; 0 filtered out; finished in 0.00s
[INFO] [stdout] 
[INFO] [stderr]      Running unittests src/lib.rs (/opt/rustwide/target/debug/deps/y2024_d2-4ee749e7764982b8)
[INFO] [stdout] 
[INFO] [stdout] running 4 tests
[INFO] [stdout] test test::step1_has_correct_answer ... ok
[INFO] [stdout] test test::step2_has_correct_answer ... ok
[INFO] [stdout] test test::parse_extracts_correct_number_of_reports ... ok
[INFO] [stdout] test test::parse_extracts_correct_number_of_lines ... ok
[INFO] [stdout] 
[INFO] [stdout] test result: ok. 4 passed; 0 failed; 0 ignored; 0 measured; 0 filtered out; finished in 0.01s
[INFO] [stdout] 
[INFO] [stderr]      Running unittests src/lib.rs (/opt/rustwide/target/debug/deps/y2024_d20-a41c8d9eb16b213a)
[INFO] [stdout] 
[INFO] [stdout] running 1 test
[INFO] [stdout] test test::step1_first_example ... FAILED
[INFO] [stdout] 
[INFO] [stdout] failures:
[INFO] [stdout] 
[INFO] [stdout] ---- test::step1_first_example stdout ----
[INFO] [stdout] 
[INFO] [stdout] thread 'test::step1_first_example' panicked at 2024/20/src/lib.rs:101:9:
[INFO] [stdout] assertion `left == right` failed
[INFO] [stdout]   left: Unsigned(0)
[INFO] [stdout]  right: Unsigned(16)
[INFO] [stdout] stack backtrace:
[INFO] [stdout]    0:     0x5aa0b638796a - std::backtrace_rs::backtrace::libunwind::trace::hb059275cfc8d6126
[INFO] [stdout]                                at /rustc/6067b36314ab5eb2eb47cecc464545ba58e1ad24/library/std/src/../../backtrace/src/backtrace/libunwind.rs:116:5
[INFO] [stdout]    1:     0x5aa0b638796a - std::backtrace_rs::backtrace::trace_unsynchronized::h2da071e4327ce3ee
[INFO] [stdout]                                at /rustc/6067b36314ab5eb2eb47cecc464545ba58e1ad24/library/std/src/../../backtrace/src/backtrace/mod.rs:66:5
[INFO] [stdout]    2:     0x5aa0b638796a - std::sys::backtrace::_print_fmt::h842a1474e6f8d23f
[INFO] [stdout]                                at /rustc/6067b36314ab5eb2eb47cecc464545ba58e1ad24/library/std/src/sys/backtrace.rs:66:9
[INFO] [stdout]    3:     0x5aa0b638796a - <std::sys::backtrace::BacktraceLock::print::DisplayBacktrace as core::fmt::Display>::fmt::h71a62eb3b9696b12
[INFO] [stdout]                                at /rustc/6067b36314ab5eb2eb47cecc464545ba58e1ad24/library/std/src/sys/backtrace.rs:39:26
[INFO] [stdout]    4:     0x5aa0b63af293 - core::fmt::rt::Argument::fmt::hdb6b616786b41dc1
[INFO] [stdout]                                at /rustc/6067b36314ab5eb2eb47cecc464545ba58e1ad24/library/core/src/fmt/rt.rs:177:76
[INFO] [stdout]    5:     0x5aa0b63af293 - core::fmt::write::h2cc1698af7e2d686
[INFO] [stdout]                                at /rustc/6067b36314ab5eb2eb47cecc464545ba58e1ad24/library/core/src/fmt/mod.rs:1440:21
[INFO] [stdout]    6:     0x5aa0b6384453 - std::io::Write::write_fmt::hab1b4cd059a79022
[INFO] [stdout]                                at /rustc/6067b36314ab5eb2eb47cecc464545ba58e1ad24/library/std/src/io/mod.rs:1887:15
[INFO] [stdout]    7:     0x5aa0b63877b2 - std::sys::backtrace::BacktraceLock::print::h147fe35b4ea13b08
[INFO] [stdout]                                at /rustc/6067b36314ab5eb2eb47cecc464545ba58e1ad24/library/std/src/sys/backtrace.rs:42:9
[INFO] [stdout]    8:     0x5aa0b6388d8f - std::panicking::default_hook::{{closure}}::hbd44223dbdc0d208
[INFO] [stdout]                                at /rustc/6067b36314ab5eb2eb47cecc464545ba58e1ad24/library/std/src/panicking.rs:298:22
[INFO] [stdout]    9:     0x5aa0b6388ba8 - std::panicking::default_hook::h20f81eb0576efcec
[INFO] [stdout]                                at /rustc/6067b36314ab5eb2eb47cecc464545ba58e1ad24/library/std/src/panicking.rs:322:9
[INFO] [stdout]   10:     0x5aa0b6327e93 - <alloc::boxed::Box<F,A> as core::ops::function::Fn<Args>>::call::hdb53814c496a4d34
[INFO] [stdout]                                at /rustc/6067b36314ab5eb2eb47cecc464545ba58e1ad24/library/alloc/src/boxed.rs:2027:9
[INFO] [stdout]   11:     0x5aa0b6327e93 - test::test_main::{{closure}}::hc0a4963c59427c24
[INFO] [stdout]                                at /rustc/6067b36314ab5eb2eb47cecc464545ba58e1ad24/library/test/src/lib.rs:134:21
[INFO] [stdout]   12:     0x5aa0b6389883 - <alloc::boxed::Box<F,A> as core::ops::function::Fn<Args>>::call::h591b2225413a77e9
[INFO] [stdout]                                at /rustc/6067b36314ab5eb2eb47cecc464545ba58e1ad24/library/alloc/src/boxed.rs:2027:9
[INFO] [stdout]   13:     0x5aa0b6389883 - std::panicking::rust_panic_with_hook::h625eea43051b2edc
[INFO] [stdout]                                at /rustc/6067b36314ab5eb2eb47cecc464545ba58e1ad24/library/std/src/panicking.rs:839:13
[INFO] [stdout]   14:     0x5aa0b638953a - std::panicking::begin_panic_handler::{{closure}}::h4f9159cfbc3f6bd3
[INFO] [stdout]                                at /rustc/6067b36314ab5eb2eb47cecc464545ba58e1ad24/library/std/src/panicking.rs:704:13
[INFO] [stdout]   15:     0x5aa0b6387e69 - std::sys::backtrace::__rust_end_short_backtrace::h0390abce48353151
[INFO] [stdout]                                at /rustc/6067b36314ab5eb2eb47cecc464545ba58e1ad24/library/std/src/sys/backtrace.rs:168:18
[INFO] [stdout]   16:     0x5aa0b63891cd - rust_begin_unwind
[INFO] [stdout]                                at /rustc/6067b36314ab5eb2eb47cecc464545ba58e1ad24/library/std/src/panicking.rs:695:5
[INFO] [stdout]   17:     0x5aa0b63adc70 - core::panicking::panic_fmt::h9e7c637e9e5f29c9
[INFO] [stdout]                                at /rustc/6067b36314ab5eb2eb47cecc464545ba58e1ad24/library/core/src/panicking.rs:75:14
[INFO] [stdout]   18:     0x5aa0b63ae062 - core::panicking::assert_failed_inner::h538bec7c1374cd9c
[INFO] [stdout]   19:     0x5aa0b62de148 - core::panicking::assert_failed::he562c50451dfcc2f
[INFO] [stdout]                                at /rustc/6067b36314ab5eb2eb47cecc464545ba58e1ad24/library/core/src/panicking.rs:364:5
[INFO] [stdout]   20:     0x5aa0b62e128c - y2024_d20::test::step1_first_example::hb81619e7265883c0
[INFO] [stdout]                                at /opt/rustwide/workdir/2024/20/src/lib.rs:101:9
[INFO] [stdout]   21:     0x5aa0b62e11d7 - y2024_d20::test::step1_first_example::{{closure}}::h53530cba2bc82f26
[INFO] [stdout]                                at /opt/rustwide/workdir/2024/20/src/lib.rs:100:29
[INFO] [stdout]   22:     0x5aa0b62e35f6 - core::ops::function::FnOnce::call_once::hfec3800be502674d
[INFO] [stdout]                                at /rustc/6067b36314ab5eb2eb47cecc464545ba58e1ad24/library/core/src/ops/function.rs:250:5
[INFO] [stdout]   23:     0x5aa0b632d5eb - core::ops::function::FnOnce::call_once::he27718dfdd183f43
[INFO] [stdout]                                at /rustc/6067b36314ab5eb2eb47cecc464545ba58e1ad24/library/core/src/ops/function.rs:250:5
[INFO] [stdout]   24:     0x5aa0b632d5eb - test::__rust_begin_short_backtrace::h4e84902998457a5d
[INFO] [stdout]                                at /rustc/6067b36314ab5eb2eb47cecc464545ba58e1ad24/library/test/src/lib.rs:632:18
[INFO] [stdout]   25:     0x5aa0b632c523 - test::run_test_in_process::{{closure}}::h7176fd18fc1feca0
[INFO] [stdout]                                at /rustc/6067b36314ab5eb2eb47cecc464545ba58e1ad24/library/test/src/lib.rs:655:60
[INFO] [stdout]   26:     0x5aa0b632c523 - <core::panic::unwind_safe::AssertUnwindSafe<F> as core::ops::function::FnOnce<()>>::call_once::hf79cff2a624d8cf7
[INFO] [stdout]                                at /rustc/6067b36314ab5eb2eb47cecc464545ba58e1ad24/library/core/src/panic/unwind_safe.rs:272:9
[INFO] [stdout]   27:     0x5aa0b632c523 - std::panicking::try::do_call::h3da0561d9ab99c25
[INFO] [stdout]                                at /rustc/6067b36314ab5eb2eb47cecc464545ba58e1ad24/library/std/src/panicking.rs:587:40
[INFO] [stdout]   28:     0x5aa0b632c523 - std::panicking::try::h41c9fa508bc61df6
[INFO] [stdout]                                at /rustc/6067b36314ab5eb2eb47cecc464545ba58e1ad24/library/std/src/panicking.rs:550:19
[INFO] [stdout]   29:     0x5aa0b632c523 - std::panic::catch_unwind::h6b3ff07bb5afad93
[INFO] [stdout]                                at /rustc/6067b36314ab5eb2eb47cecc464545ba58e1ad24/library/std/src/panic.rs:358:14
[INFO] [stdout]   30:     0x5aa0b632c523 - test::run_test_in_process::hc7253dd11b39b9f4
[INFO] [stdout]                                at /rustc/6067b36314ab5eb2eb47cecc464545ba58e1ad24/library/test/src/lib.rs:655:27
[INFO] [stdout]   31:     0x5aa0b632c523 - test::run_test::{{closure}}::hfb2007f8649c30bb
[INFO] [stdout]                                at /rustc/6067b36314ab5eb2eb47cecc464545ba58e1ad24/library/test/src/lib.rs:576:43
[INFO] [stdout]   32:     0x5aa0b62ef605 - test::run_test::{{closure}}::h56a17aa7a282a9f4
[INFO] [stdout]                                at /rustc/6067b36314ab5eb2eb47cecc464545ba58e1ad24/library/test/src/lib.rs:606:41
[INFO] [stdout]   33:     0x5aa0b62ef605 - std::sys::backtrace::__rust_begin_short_backtrace::hd2d2d2fb8e8c6aac
[INFO] [stdout]                                at /rustc/6067b36314ab5eb2eb47cecc464545ba58e1ad24/library/std/src/sys/backtrace.rs:152:18
[INFO] [stdout]   34:     0x5aa0b62f2eea - std::thread::Builder::spawn_unchecked_::{{closure}}::{{closure}}::h4faa3f9db6133423
[INFO] [stdout]                                at /rustc/6067b36314ab5eb2eb47cecc464545ba58e1ad24/library/std/src/thread/mod.rs:559:17
[INFO] [stdout]   35:     0x5aa0b62f2eea - <core::panic::unwind_safe::AssertUnwindSafe<F> as core::ops::function::FnOnce<()>>::call_once::hf2e855a36a4ea846
[INFO] [stdout]                                at /rustc/6067b36314ab5eb2eb47cecc464545ba58e1ad24/library/core/src/panic/unwind_safe.rs:272:9
[INFO] [stdout]   36:     0x5aa0b62f2eea - std::panicking::try::do_call::h2f73af3616c35465
[INFO] [stdout]                                at /rustc/6067b36314ab5eb2eb47cecc464545ba58e1ad24/library/std/src/panicking.rs:587:40
[INFO] [stdout]   37:     0x5aa0b62f2eea - std::panicking::try::hd1660ce9efadef5a
[INFO] [stdout]                                at /rustc/6067b36314ab5eb2eb47cecc464545ba58e1ad24/library/std/src/panicking.rs:550:19
[INFO] [stdout]   38:     0x5aa0b62f2eea - std::panic::catch_unwind::h5ee8d7823b8ca744
[INFO] [stdout]                                at /rustc/6067b36314ab5eb2eb47cecc464545ba58e1ad24/library/std/src/panic.rs:358:14
[INFO] [stdout]   39:     0x5aa0b62f2eea - std::thread::Builder::spawn_unchecked_::{{closure}}::h53c3a1894dce8407
[INFO] [stdout]                                at /rustc/6067b36314ab5eb2eb47cecc464545ba58e1ad24/library/std/src/thread/mod.rs:557:30
[INFO] [stdout]   40:     0x5aa0b62f2eea - core::ops::function::FnOnce::call_once{{vtable.shim}}::h048ce291ad4f62bf
[INFO] [stdout]                                at /rustc/6067b36314ab5eb2eb47cecc464545ba58e1ad24/library/core/src/ops/function.rs:250:5
[INFO] [stdout]   41:     0x5aa0b638d8bb - <alloc::boxed::Box<F,A> as core::ops::function::FnOnce<Args>>::call_once::ha52bedf99a3b4981
[INFO] [stdout]                                at /rustc/6067b36314ab5eb2eb47cecc464545ba58e1ad24/library/alloc/src/boxed.rs:2013:9
[INFO] [stdout]   42:     0x5aa0b638d8bb - <alloc::boxed::Box<F,A> as core::ops::function::FnOnce<Args>>::call_once::h567748934d80ccf8
[INFO] [stdout]                                at /rustc/6067b36314ab5eb2eb47cecc464545ba58e1ad24/library/alloc/src/boxed.rs:2013:9
[INFO] [stdout]   43:     0x5aa0b638d8bb - std::sys::pal::unix::thread::Thread::new::thread_start::h2d970728ae887adc
[INFO] [stdout]                                at /rustc/6067b36314ab5eb2eb47cecc464545ba58e1ad24/library/std/src/sys/pal/unix/thread.rs:106:17
[INFO] [stdout]   44:     0x786723079ac3 - <unknown>
[INFO] [stdout]   45:     0x78672310aa04 - clone
[INFO] [stdout]   46:                0x0 - <unknown>
[INFO] [stdout] 
[INFO] [stdout] 
[INFO] [stdout] failures:
[INFO] [stdout]     test::step1_first_example
[INFO] [stdout] 
[INFO] [stdout] test result: FAILED. 0 passed; 1 failed; 0 ignored; 0 measured; 0 filtered out; finished in 0.05s
[INFO] [stdout] 
[INFO] [stderr] error: test failed, to rerun pass `-p y2024-d20 --lib`
[INFO] running `Command { std: "docker" "inspect" "ab29bafb72c83cd900bcd52c06ae4d7e285773e8542eac3d13950fe36d5a71f1", kill_on_drop: false }`
[INFO] running `Command { std: "docker" "rm" "-f" "ab29bafb72c83cd900bcd52c06ae4d7e285773e8542eac3d13950fe36d5a71f1", kill_on_drop: false }`
[INFO] [stdout] ab29bafb72c83cd900bcd52c06ae4d7e285773e8542eac3d13950fe36d5a71f1
