[INFO] cloning repository https://github.com/techarm/auto-gippity
[INFO] running `Command { std: "git" "-c" "credential.helper=" "-c" "credential.helper=/workspace/cargo-home/bin/git-credential-null" "clone" "--bare" "https://github.com/techarm/auto-gippity" "/workspace/cache/git-repos/https%3A%2F%2Fgithub.com%2Ftecharm%2Fauto-gippity", kill_on_drop: false }`
[INFO] [stderr] Cloning into bare repository '/workspace/cache/git-repos/https%3A%2F%2Fgithub.com%2Ftecharm%2Fauto-gippity'...
[INFO] running `Command { std: "git" "rev-parse" "HEAD", kill_on_drop: false }`
[INFO] [stdout] e5707f27fda6e5a0167b3c69b1edaca7c020b346
[INFO] testing techarm/auto-gippity against nightly-2025-01-18+rustflags=-Zrandomize-layout for randomize-layout-2
[INFO] running `Command { std: "git" "clone" "/workspace/cache/git-repos/https%3A%2F%2Fgithub.com%2Ftecharm%2Fauto-gippity" "/workspace/builds/worker-5-tc2/source", kill_on_drop: false }`
[INFO] [stderr] Cloning into '/workspace/builds/worker-5-tc2/source'...
[INFO] [stderr] done.
[INFO] validating manifest of git repo https://github.com/techarm/auto-gippity on toolchain nightly-2025-01-18
[INFO] running `Command { std: CARGO_HOME="/workspace/cargo-home" RUSTUP_HOME="/workspace/rustup-home" "/workspace/cargo-home/bin/cargo" "+nightly-2025-01-18" "metadata" "--manifest-path" "Cargo.toml" "--no-deps", kill_on_drop: false }`
[INFO] started tweaking git repo https://github.com/techarm/auto-gippity
[INFO] finished tweaking git repo https://github.com/techarm/auto-gippity
[INFO] tweaked toml for git repo https://github.com/techarm/auto-gippity written to /workspace/builds/worker-5-tc2/source/Cargo.toml
[INFO] crate git repo https://github.com/techarm/auto-gippity already has a lockfile, it will not be regenerated
[INFO] running `Command { std: CARGO_HOME="/workspace/cargo-home" RUSTUP_HOME="/workspace/rustup-home" "/workspace/cargo-home/bin/cargo" "+nightly-2025-01-18" "fetch" "--manifest-path" "Cargo.toml", kill_on_drop: false }`
[INFO] running `Command { std: "docker" "create" "-v" "/var/lib/crater-agent-workspace/builds/worker-5-tc2/target:/opt/rustwide/target:rw,Z" "-v" "/var/lib/crater-agent-workspace/builds/worker-5-tc2/source:/opt/rustwide/workdir:ro,Z" "-v" "/var/lib/crater-agent-workspace/cargo-home:/opt/rustwide/cargo-home:ro,Z" "-v" "/var/lib/crater-agent-workspace/rustup-home:/opt/rustwide/rustup-home:ro,Z" "-e" "SOURCE_DIR=/opt/rustwide/workdir" "-e" "CARGO_TARGET_DIR=/opt/rustwide/target" "-e" "CARGO_HOME=/opt/rustwide/cargo-home" "-e" "RUSTUP_HOME=/opt/rustwide/rustup-home" "-w" "/opt/rustwide/workdir" "-m" "1610612736" "--user" "0:0" "--network" "none" "ghcr.io/rust-lang/crates-build-env/linux@sha256:819108c5571ea2e421544af4d832f968d213c87fbe3707a016657f43d2f853bc" "/opt/rustwide/cargo-home/bin/cargo" "+nightly-2025-01-18" "metadata" "--no-deps" "--format-version=1", kill_on_drop: false }`
[INFO] [stdout] 268017eef15c6476e7adf4d67aa505fbad1216537fffd5115efd8888aa8aaebb
[INFO] running `Command { std: "docker" "start" "-a" "268017eef15c6476e7adf4d67aa505fbad1216537fffd5115efd8888aa8aaebb", kill_on_drop: false }`
[INFO] running `Command { std: "docker" "inspect" "268017eef15c6476e7adf4d67aa505fbad1216537fffd5115efd8888aa8aaebb", kill_on_drop: false }`
[INFO] running `Command { std: "docker" "rm" "-f" "268017eef15c6476e7adf4d67aa505fbad1216537fffd5115efd8888aa8aaebb", kill_on_drop: false }`
[INFO] [stdout] 268017eef15c6476e7adf4d67aa505fbad1216537fffd5115efd8888aa8aaebb
[INFO] running `Command { std: "docker" "create" "-v" "/var/lib/crater-agent-workspace/builds/worker-5-tc2/target:/opt/rustwide/target:rw,Z" "-v" "/var/lib/crater-agent-workspace/builds/worker-5-tc2/source:/opt/rustwide/workdir:ro,Z" "-v" "/var/lib/crater-agent-workspace/cargo-home:/opt/rustwide/cargo-home:ro,Z" "-v" "/var/lib/crater-agent-workspace/rustup-home:/opt/rustwide/rustup-home:ro,Z" "-e" "SOURCE_DIR=/opt/rustwide/workdir" "-e" "CARGO_TARGET_DIR=/opt/rustwide/target" "-e" "CARGO_INCREMENTAL=0" "-e" "RUST_BACKTRACE=full" "-e" "RUSTFLAGS=--cap-lints=forbid -Zrandomize-layout" "-e" "RUSTDOCFLAGS=--cap-lints=forbid" "-e" "CARGO_HOME=/opt/rustwide/cargo-home" "-e" "RUSTUP_HOME=/opt/rustwide/rustup-home" "-w" "/opt/rustwide/workdir" "-m" "1610612736" "--user" "0:0" "--network" "none" "ghcr.io/rust-lang/crates-build-env/linux@sha256:819108c5571ea2e421544af4d832f968d213c87fbe3707a016657f43d2f853bc" "/opt/rustwide/cargo-home/bin/cargo" "+nightly-2025-01-18" "build" "--frozen" "--message-format=json", kill_on_drop: false }`
[INFO] [stdout] 8246f02eb097f2f3a13d17e565bd122e96050232100d7ff865bbd79647c72447
[INFO] running `Command { std: "docker" "start" "-a" "8246f02eb097f2f3a13d17e565bd122e96050232100d7ff865bbd79647c72447", kill_on_drop: false }`
[INFO] [stderr]    Compiling libc v0.2.147
[INFO] [stderr]    Compiling proc-macro2 v1.0.66
[INFO] [stderr]    Compiling unicode-ident v1.0.11
[INFO] [stderr]    Compiling log v0.4.19
[INFO] [stderr]    Compiling parking_lot_core v0.9.8
[INFO] [stderr]    Compiling cc v1.0.79
[INFO] [stderr]    Compiling smallvec v1.11.0
[INFO] [stderr]    Compiling pin-project-lite v0.2.10
[INFO] [stderr]    Compiling once_cell v1.18.0
[INFO] [stderr]    Compiling futures-core v0.3.28
[INFO] [stderr]    Compiling bytes v1.4.0
[INFO] [stderr]    Compiling itoa v1.0.9
[INFO] [stderr]    Compiling lock_api v0.4.10
[INFO] [stderr]    Compiling tokio v1.29.1
[INFO] [stderr]    Compiling futures-task v0.3.28
[INFO] [stderr]    Compiling indexmap v1.9.3
[INFO] [stderr]    Compiling slab v0.4.8
[INFO] [stderr]    Compiling openssl v0.10.55
[INFO] [stderr]    Compiling futures-util v0.3.28
[INFO] [stderr]    Compiling tracing-core v0.1.31
[INFO] [stderr]    Compiling futures-channel v0.3.28
[INFO] [stderr]    Compiling hashbrown v0.12.3
[INFO] [stderr]    Compiling percent-encoding v2.3.0
[INFO] [stderr]    Compiling futures-sink v0.3.28
[INFO] [stderr]    Compiling serde v1.0.175
[INFO] [stderr]    Compiling unicode-bidi v0.3.13
[INFO] [stderr]    Compiling try-lock v0.2.4
[INFO] [stderr]    Compiling form_urlencoded v1.2.0
[INFO] [stderr]    Compiling serde_derive v1.0.175
[INFO] [stderr]    Compiling want v0.3.1
[INFO] [stderr]    Compiling rustversion v1.0.14
[INFO] [stderr]    Compiling serde_json v1.0.103
[INFO] [stderr]    Compiling ryu v1.0.15
[INFO] [stderr]    Compiling syn v1.0.109
[INFO] [stderr]    Compiling httpdate v1.0.2
[INFO] [stderr]    Compiling async-trait v0.1.72
[INFO] [stderr]    Compiling http v0.2.9
[INFO] [stderr]    Compiling tracing v0.1.37
[INFO] [stderr]    Compiling idna v0.4.0
[INFO] [stderr]    Compiling encoding_rs v0.8.32
[INFO] [stderr]    Compiling home v0.5.5
[INFO] [stderr]    Compiling ipnet v2.8.0
[INFO] [stderr]    Compiling heck v0.4.1
[INFO] [stderr]    Compiling base64 v0.21.2
[INFO] [stderr]    Compiling signal-hook-registry v1.4.1
[INFO] [stderr]    Compiling quote v1.0.32
[INFO] [stderr]    Compiling syn v2.0.27
[INFO] [stderr]    Compiling mio v0.8.8
[INFO] [stderr]    Compiling num_cpus v1.16.0
[INFO] [stderr]    Compiling socket2 v0.4.9
[INFO] [stderr]    Compiling parking_lot v0.12.1
[INFO] [stderr]    Compiling openssl-sys v0.9.90
[INFO] [stderr]    Compiling signal-hook v0.3.17
[INFO] [stderr]    Compiling url v2.4.0
[INFO] [stderr]    Compiling mime v0.3.17
[INFO] [stderr]    Compiling strum v0.24.1
[INFO] [stderr]    Compiling signal-hook-mio v0.2.3
[INFO] [stderr]    Compiling dotenv v0.15.0
[INFO] [stderr]    Compiling crossterm v0.26.1
[INFO] [stderr]    Compiling http-body v0.4.5
[INFO] [stderr]    Compiling native-tls v0.2.11
[INFO] [stderr]    Compiling webbrowser v0.8.10
[INFO] [stderr]    Compiling strum_macros v0.24.3
[INFO] [stderr]    Compiling serde_urlencoded v0.7.1
[INFO] [stderr]    Compiling tokio-macros v2.1.0
[INFO] [stderr]    Compiling openssl-macros v0.1.1
[INFO] [stderr]    Compiling ai_functions v0.1.1
[INFO] [stderr]    Compiling tokio-util v0.7.8
[INFO] [stderr]    Compiling tokio-native-tls v0.3.1
[INFO] [stderr]    Compiling h2 v0.3.20
[INFO] [stderr]    Compiling hyper v0.14.27
[INFO] [stderr]    Compiling hyper-tls v0.5.0
[INFO] [stderr]    Compiling reqwest v0.11.18
[INFO] [stderr]    Compiling auto_gippity v0.1.0 (/opt/rustwide/workdir)
[INFO] [stdout] warning: function `call_gpt` is never used
[INFO] [stdout]   --> src/apis/call_request.rs:10:14
[INFO] [stdout]    |
[INFO] [stdout] 10 | pub async fn call_gpt(messages: Vec<Message>) -> Result<String, Box<dyn std::error::Error + Send>> {
[INFO] [stdout]    |              ^^^^^^^^
[INFO] [stdout]    |
[INFO] [stdout]    = note: `#[warn(dead_code)]` on by default
[INFO] [stdout] 
[INFO] [stdout] 
[INFO] [stdout] warning: variants `AICall`, `UnitTest`, and `Issue` are never constructed
[INFO] [stdout]  --> src/helpers/command_line.rs:7:5
[INFO] [stdout]   |
[INFO] [stdout] 6 | pub enum PrintCommand {
[INFO] [stdout]   |          ------------ variants in this enum
[INFO] [stdout] 7 |     AICall,
[INFO] [stdout]   |     ^^^^^^
[INFO] [stdout] 8 |     UnitTest,
[INFO] [stdout]   |     ^^^^^^^^
[INFO] [stdout] 9 |     Issue,
[INFO] [stdout]   |     ^^^^^
[INFO] [stdout]   |
[INFO] [stdout]   = note: `PrintCommand` has a derived impl for the trait `Debug`, but this is intentionally ignored during dead code analysis
[INFO] [stdout] 
[INFO] [stdout] 
[INFO] [stdout] warning: method `print_agent_message` is never used
[INFO] [stdout]   --> src/helpers/command_line.rs:13:12
[INFO] [stdout]    |
[INFO] [stdout] 12 | impl PrintCommand {
[INFO] [stdout]    | ----------------- method in this implementation
[INFO] [stdout] 13 |     pub fn print_agent_message(&self, agent_pos: &str, agent_statement: &str) {
[INFO] [stdout]    |            ^^^^^^^^^^^^^^^^^^^
[INFO] [stdout] 
[INFO] [stdout] 
[INFO] [stdout] warning: constant `CODE_TEMPLATE_PATH` is never used
[INFO] [stdout]  --> src/helpers/general.rs:9:7
[INFO] [stdout]   |
[INFO] [stdout] 9 | const CODE_TEMPLATE_PATH: &str = "code_template.rs";
[INFO] [stdout]   |       ^^^^^^^^^^^^^^^^^^
[INFO] [stdout] 
[INFO] [stdout] 
[INFO] [stdout] warning: constant `EXEC_MAIN_PATH` is never used
[INFO] [stdout]   --> src/helpers/general.rs:10:7
[INFO] [stdout]    |
[INFO] [stdout] 10 | const EXEC_MAIN_PATH: &str = "main.rs";
[INFO] [stdout]    |       ^^^^^^^^^^^^^^
[INFO] [stdout] 
[INFO] [stdout] 
[INFO] [stdout] warning: constant `API_SCHEMA_PATH` is never used
[INFO] [stdout]   --> src/helpers/general.rs:11:7
[INFO] [stdout]    |
[INFO] [stdout] 11 | const API_SCHEMA_PATH: &str = "schemas/api_schema.json";
[INFO] [stdout]    |       ^^^^^^^^^^^^^^^
[INFO] [stdout] 
[INFO] [stdout] 
[INFO] [stdout] warning: function `extend_ai_function` is never used
[INFO] [stdout]   --> src/helpers/general.rs:14:8
[INFO] [stdout]    |
[INFO] [stdout] 14 | pub fn extend_ai_function(ai_func: fn(&str) -> &'static str, func_input: &str) -> Message {
[INFO] [stdout]    |        ^^^^^^^^^^^^^^^^^^
[INFO] [stdout] 
[INFO] [stdout] 
[INFO] [stdout] warning: function `ai_task_request` is never used
[INFO] [stdout]   --> src/helpers/general.rs:33:14
[INFO] [stdout]    |
[INFO] [stdout] 33 | pub async fn ai_task_request(
[INFO] [stdout]    |              ^^^^^^^^^^^^^^^
[INFO] [stdout] 
[INFO] [stdout] 
[INFO] [stdout] warning: function `ai_task_request_decoded` is never used
[INFO] [stdout]   --> src/helpers/general.rs:58:14
[INFO] [stdout]    |
[INFO] [stdout] 58 | pub async fn ai_task_request_decoded<T: DeserializeOwned>(
[INFO] [stdout]    |              ^^^^^^^^^^^^^^^^^^^^^^^
[INFO] [stdout] 
[INFO] [stdout] 
[INFO] [stdout] warning: function `check_status_code` is never used
[INFO] [stdout]   --> src/helpers/general.rs:72:14
[INFO] [stdout]    |
[INFO] [stdout] 72 | pub async fn check_status_code(client: &Client, url: &str) -> Result<u16, reqwest::Error> {
[INFO] [stdout]    |              ^^^^^^^^^^^^^^^^^
[INFO] [stdout] 
[INFO] [stdout] 
[INFO] [stdout] warning: function `read_code_template_contents` is never used
[INFO] [stdout]   --> src/helpers/general.rs:78:8
[INFO] [stdout]    |
[INFO] [stdout] 78 | pub fn read_code_template_contents() -> String {
[INFO] [stdout]    |        ^^^^^^^^^^^^^^^^^^^^^^^^^^^
[INFO] [stdout] 
[INFO] [stdout] 
[INFO] [stdout] warning: function `save_backend_code` is never used
[INFO] [stdout]   --> src/helpers/general.rs:84:8
[INFO] [stdout]    |
[INFO] [stdout] 84 | pub fn save_backend_code(contents: &String) {
[INFO] [stdout]    |        ^^^^^^^^^^^^^^^^^
[INFO] [stdout] 
[INFO] [stdout] 
[INFO] [stdout] warning: function `save_api_endpoints` is never used
[INFO] [stdout]   --> src/helpers/general.rs:90:8
[INFO] [stdout]    |
[INFO] [stdout] 90 | pub fn save_api_endpoints(api_endpoints: &String) {
[INFO] [stdout]    |        ^^^^^^^^^^^^^^^^^^
[INFO] [stdout] 
[INFO] [stdout] 
[INFO] [stdout] warning: variants `Working`, `UnitTesting`, and `Finished` are never constructed
[INFO] [stdout]  --> src/models/agent_basic/basic_agent.rs:6:5
[INFO] [stdout]   |
[INFO] [stdout] 4 | pub enum AgentState {
[INFO] [stdout]   |          ---------- variants in this enum
[INFO] [stdout] 5 |     Discovery,
[INFO] [stdout] 6 |     Working,
[INFO] [stdout]   |     ^^^^^^^
[INFO] [stdout] 7 |     UnitTesting,
[INFO] [stdout]   |     ^^^^^^^^^^^
[INFO] [stdout] 8 |     Finished,
[INFO] [stdout]   |     ^^^^^^^^
[INFO] [stdout]   |
[INFO] [stdout]   = note: `AgentState` has a derived impl for the trait `Debug`, but this is intentionally ignored during dead code analysis
[INFO] [stdout] 
[INFO] [stdout] 
[INFO] [stdout] warning: associated items `new`, `update_state`, `get_objective`, `get_position`, `get_state`, and `get_memoery` are never used
[INFO] [stdout]  --> src/models/agent_basic/basic_traits.rs:4:8
[INFO] [stdout]   |
[INFO] [stdout] 3 | pub trait BasicTraits {
[INFO] [stdout]   |           ----------- associated items in this trait
[INFO] [stdout] 4 |     fn new(objective: String, position: String) -> Self;
[INFO] [stdout]   |        ^^^
[INFO] [stdout] 5 |     fn update_state(&mut self, new_state: AgentState);
[INFO] [stdout]   |        ^^^^^^^^^^^^
[INFO] [stdout] 6 |     fn get_objective(&self) -> &String;
[INFO] [stdout]   |        ^^^^^^^^^^^^^
[INFO] [stdout] 7 |     fn get_position(&self) -> &String;
[INFO] [stdout]   |        ^^^^^^^^^^^^
[INFO] [stdout] 8 |     fn get_state(&self) -> &AgentState;
[INFO] [stdout]   |        ^^^^^^^^^
[INFO] [stdout] 9 |     fn get_memoery(&self) -> &Vec<Message>;
[INFO] [stdout]   |        ^^^^^^^^^^^
[INFO] [stdout] 
[INFO] [stdout] 
[INFO] [stdout] warning: struct `ManaingAgent` is never constructed
[INFO] [stdout]  --> src/models/agent_manager/managing_agent.rs:6:12
[INFO] [stdout]   |
[INFO] [stdout] 6 | pub struct ManaingAgent {
[INFO] [stdout]   |            ^^^^^^^^^^^^
[INFO] [stdout] 
[INFO] [stdout] 
[INFO] [stdout] warning: struct `AgentSolutionArchitect` is never constructed
[INFO] [stdout]  --> src/models/agents/agent_architect.rs:9:12
[INFO] [stdout]   |
[INFO] [stdout] 9 | pub struct AgentSolutionArchitect {
[INFO] [stdout]   |            ^^^^^^^^^^^^^^^^^^^^^^
[INFO] [stdout]   |
[INFO] [stdout]   = note: `AgentSolutionArchitect` has a derived impl for the trait `Debug`, but this is intentionally ignored during dead code analysis
[INFO] [stdout] 
[INFO] [stdout] 
[INFO] [stdout] warning: associated items `new` and `call_project_scope` are never used
[INFO] [stdout]   --> src/models/agents/agent_architect.rs:14:12
[INFO] [stdout]    |
[INFO] [stdout] 13 | impl AgentSolutionArchitect {
[INFO] [stdout]    | --------------------------- associated items in this implementation
[INFO] [stdout] 14 |     pub fn new() -> Self {
[INFO] [stdout]    |            ^^^
[INFO] [stdout] ...
[INFO] [stdout] 26 |     async fn call_project_scope(&mut self, factsheet: &mut FactSheet) -> ProjectScope {
[INFO] [stdout]    |              ^^^^^^^^^^^^^^^^^^
[INFO] [stdout] 
[INFO] [stdout] 
[INFO] [stdout] warning: trait `SpecialFunctioins` is never used
[INFO] [stdout]   --> src/models/agents/agent_triaits.rs:34:11
[INFO] [stdout]    |
[INFO] [stdout] 34 | pub trait SpecialFunctioins: Debug {
[INFO] [stdout]    |           ^^^^^^^^^^^^^^^^^
[INFO] [stdout] 
[INFO] [stdout] 
[INFO] [stdout] warning: field `content` is never read
[INFO] [stdout]   --> src/models/general/llm.rs:18:9
[INFO] [stdout]    |
[INFO] [stdout] 17 | pub struct APIMessage {
[INFO] [stdout]    |            ---------- field in this struct
[INFO] [stdout] 18 |     pub content: String,
[INFO] [stdout]    |         ^^^^^^^
[INFO] [stdout]    |
[INFO] [stdout]    = note: `APIMessage` has a derived impl for the trait `Debug`, but this is intentionally ignored during dead code analysis
[INFO] [stdout] 
[INFO] [stdout] 
[INFO] [stdout] warning: field `message` is never read
[INFO] [stdout]   --> src/models/general/llm.rs:23:9
[INFO] [stdout]    |
[INFO] [stdout] 22 | pub struct APIChoice {
[INFO] [stdout]    |            --------- field in this struct
[INFO] [stdout] 23 |     pub message: APIMessage,
[INFO] [stdout]    |         ^^^^^^^
[INFO] [stdout]    |
[INFO] [stdout]    = note: `APIChoice` has a derived impl for the trait `Debug`, but this is intentionally ignored during dead code analysis
[INFO] [stdout] 
[INFO] [stdout] 
[INFO] [stdout] warning: field `choices` is never read
[INFO] [stdout]   --> src/models/general/llm.rs:28:9
[INFO] [stdout]    |
[INFO] [stdout] 27 | pub struct APIResponse {
[INFO] [stdout]    |            ----------- field in this struct
[INFO] [stdout] 28 |     pub choices: Vec<APIChoice>,
[INFO] [stdout]    |         ^^^^^^^
[INFO] [stdout]    |
[INFO] [stdout]    = note: `APIResponse` has a derived impl for the trait `Debug`, but this is intentionally ignored during dead code analysis
[INFO] [stdout] 
[INFO] [stdout] 
[INFO] [stderr]     Finished `dev` profile [unoptimized + debuginfo] target(s) in 39.32s
[INFO] running `Command { std: "docker" "inspect" "8246f02eb097f2f3a13d17e565bd122e96050232100d7ff865bbd79647c72447", kill_on_drop: false }`
[INFO] running `Command { std: "docker" "rm" "-f" "8246f02eb097f2f3a13d17e565bd122e96050232100d7ff865bbd79647c72447", kill_on_drop: false }`
[INFO] [stdout] 8246f02eb097f2f3a13d17e565bd122e96050232100d7ff865bbd79647c72447
[INFO] running `Command { std: "docker" "create" "-v" "/var/lib/crater-agent-workspace/builds/worker-5-tc2/target:/opt/rustwide/target:rw,Z" "-v" "/var/lib/crater-agent-workspace/builds/worker-5-tc2/source:/opt/rustwide/workdir:ro,Z" "-v" "/var/lib/crater-agent-workspace/cargo-home:/opt/rustwide/cargo-home:ro,Z" "-v" "/var/lib/crater-agent-workspace/rustup-home:/opt/rustwide/rustup-home:ro,Z" "-e" "SOURCE_DIR=/opt/rustwide/workdir" "-e" "CARGO_TARGET_DIR=/opt/rustwide/target" "-e" "CARGO_INCREMENTAL=0" "-e" "RUST_BACKTRACE=full" "-e" "RUSTFLAGS=--cap-lints=forbid -Zrandomize-layout" "-e" "RUSTDOCFLAGS=--cap-lints=forbid" "-e" "CARGO_HOME=/opt/rustwide/cargo-home" "-e" "RUSTUP_HOME=/opt/rustwide/rustup-home" "-w" "/opt/rustwide/workdir" "-m" "1610612736" "--user" "0:0" "--network" "none" "ghcr.io/rust-lang/crates-build-env/linux@sha256:819108c5571ea2e421544af4d832f968d213c87fbe3707a016657f43d2f853bc" "/opt/rustwide/cargo-home/bin/cargo" "+nightly-2025-01-18" "test" "--frozen" "--no-run" "--message-format=json", kill_on_drop: false }`
[INFO] [stdout] 2a7b1301b7ff09fffc2bbcf596cb56033aaa0c57926a78b607170d85bc8a9154
[INFO] running `Command { std: "docker" "start" "-a" "2a7b1301b7ff09fffc2bbcf596cb56033aaa0c57926a78b607170d85bc8a9154", kill_on_drop: false }`
[INFO] [stderr]    Compiling auto_gippity v0.1.0 (/opt/rustwide/workdir)
[INFO] [stdout] warning: variants `UnitTest` and `Issue` are never constructed
[INFO] [stdout]  --> src/helpers/command_line.rs:8:5
[INFO] [stdout]   |
[INFO] [stdout] 6 | pub enum PrintCommand {
[INFO] [stdout]   |          ------------ variants in this enum
[INFO] [stdout] 7 |     AICall,
[INFO] [stdout] 8 |     UnitTest,
[INFO] [stdout]   |     ^^^^^^^^
[INFO] [stdout] 9 |     Issue,
[INFO] [stdout]   |     ^^^^^
[INFO] [stdout]   |
[INFO] [stdout]   = note: `PrintCommand` has a derived impl for the trait `Debug`, but this is intentionally ignored during dead code analysis
[INFO] [stdout]   = note: `#[warn(dead_code)]` on by default
[INFO] [stdout] 
[INFO] [stdout] 
[INFO] [stdout] warning: constant `CODE_TEMPLATE_PATH` is never used
[INFO] [stdout]  --> src/helpers/general.rs:9:7
[INFO] [stdout]   |
[INFO] [stdout] 9 | const CODE_TEMPLATE_PATH: &str = "code_template.rs";
[INFO] [stdout]   |       ^^^^^^^^^^^^^^^^^^
[INFO] [stdout] 
[INFO] [stdout] 
[INFO] [stdout] warning: constant `EXEC_MAIN_PATH` is never used
[INFO] [stdout]   --> src/helpers/general.rs:10:7
[INFO] [stdout]    |
[INFO] [stdout] 10 | const EXEC_MAIN_PATH: &str = "main.rs";
[INFO] [stdout]    |       ^^^^^^^^^^^^^^
[INFO] [stdout] 
[INFO] [stdout] 
[INFO] [stdout] warning: constant `API_SCHEMA_PATH` is never used
[INFO] [stdout]   --> src/helpers/general.rs:11:7
[INFO] [stdout]    |
[INFO] [stdout] 11 | const API_SCHEMA_PATH: &str = "schemas/api_schema.json";
[INFO] [stdout]    |       ^^^^^^^^^^^^^^^
[INFO] [stdout] 
[INFO] [stdout] 
[INFO] [stdout] warning: function `ai_task_request_decoded` is never used
[INFO] [stdout]   --> src/helpers/general.rs:58:14
[INFO] [stdout]    |
[INFO] [stdout] 58 | pub async fn ai_task_request_decoded<T: DeserializeOwned>(
[INFO] [stdout]    |              ^^^^^^^^^^^^^^^^^^^^^^^
[INFO] [stdout] 
[INFO] [stdout] 
[INFO] [stdout] warning: function `check_status_code` is never used
[INFO] [stdout]   --> src/helpers/general.rs:72:14
[INFO] [stdout]    |
[INFO] [stdout] 72 | pub async fn check_status_code(client: &Client, url: &str) -> Result<u16, reqwest::Error> {
[INFO] [stdout]    |              ^^^^^^^^^^^^^^^^^
[INFO] [stdout] 
[INFO] [stdout] 
[INFO] [stdout] warning: function `read_code_template_contents` is never used
[INFO] [stdout]   --> src/helpers/general.rs:78:8
[INFO] [stdout]    |
[INFO] [stdout] 78 | pub fn read_code_template_contents() -> String {
[INFO] [stdout]    |        ^^^^^^^^^^^^^^^^^^^^^^^^^^^
[INFO] [stdout] 
[INFO] [stdout] 
[INFO] [stdout] warning: function `save_backend_code` is never used
[INFO] [stdout]   --> src/helpers/general.rs:84:8
[INFO] [stdout]    |
[INFO] [stdout] 84 | pub fn save_backend_code(contents: &String) {
[INFO] [stdout]    |        ^^^^^^^^^^^^^^^^^
[INFO] [stdout] 
[INFO] [stdout] 
[INFO] [stdout] warning: function `save_api_endpoints` is never used
[INFO] [stdout]   --> src/helpers/general.rs:90:8
[INFO] [stdout]    |
[INFO] [stdout] 90 | pub fn save_api_endpoints(api_endpoints: &String) {
[INFO] [stdout]    |        ^^^^^^^^^^^^^^^^^^
[INFO] [stdout] 
[INFO] [stdout] 
[INFO] [stdout] warning: variants `Working`, `UnitTesting`, and `Finished` are never constructed
[INFO] [stdout]  --> src/models/agent_basic/basic_agent.rs:6:5
[INFO] [stdout]   |
[INFO] [stdout] 4 | pub enum AgentState {
[INFO] [stdout]   |          ---------- variants in this enum
[INFO] [stdout] 5 |     Discovery,
[INFO] [stdout] 6 |     Working,
[INFO] [stdout]   |     ^^^^^^^
[INFO] [stdout] 7 |     UnitTesting,
[INFO] [stdout]   |     ^^^^^^^^^^^
[INFO] [stdout] 8 |     Finished,
[INFO] [stdout]   |     ^^^^^^^^
[INFO] [stdout]   |
[INFO] [stdout]   = note: `AgentState` has a derived impl for the trait `Debug`, but this is intentionally ignored during dead code analysis
[INFO] [stdout] 
[INFO] [stdout] 
[INFO] [stdout] warning: associated items `new`, `update_state`, `get_objective`, `get_position`, `get_state`, and `get_memoery` are never used
[INFO] [stdout]  --> src/models/agent_basic/basic_traits.rs:4:8
[INFO] [stdout]   |
[INFO] [stdout] 3 | pub trait BasicTraits {
[INFO] [stdout]   |           ----------- associated items in this trait
[INFO] [stdout] 4 |     fn new(objective: String, position: String) -> Self;
[INFO] [stdout]   |        ^^^
[INFO] [stdout] 5 |     fn update_state(&mut self, new_state: AgentState);
[INFO] [stdout]   |        ^^^^^^^^^^^^
[INFO] [stdout] 6 |     fn get_objective(&self) -> &String;
[INFO] [stdout]   |        ^^^^^^^^^^^^^
[INFO] [stdout] 7 |     fn get_position(&self) -> &String;
[INFO] [stdout]   |        ^^^^^^^^^^^^
[INFO] [stdout] 8 |     fn get_state(&self) -> &AgentState;
[INFO] [stdout]   |        ^^^^^^^^^
[INFO] [stdout] 9 |     fn get_memoery(&self) -> &Vec<Message>;
[INFO] [stdout]   |        ^^^^^^^^^^^
[INFO] [stdout] 
[INFO] [stdout] 
[INFO] [stdout] warning: struct `ManaingAgent` is never constructed
[INFO] [stdout]  --> src/models/agent_manager/managing_agent.rs:6:12
[INFO] [stdout]   |
[INFO] [stdout] 6 | pub struct ManaingAgent {
[INFO] [stdout]   |            ^^^^^^^^^^^^
[INFO] [stdout] 
[INFO] [stdout] 
[INFO] [stdout] warning: struct `AgentSolutionArchitect` is never constructed
[INFO] [stdout]  --> src/models/agents/agent_architect.rs:9:12
[INFO] [stdout]   |
[INFO] [stdout] 9 | pub struct AgentSolutionArchitect {
[INFO] [stdout]   |            ^^^^^^^^^^^^^^^^^^^^^^
[INFO] [stdout]   |
[INFO] [stdout]   = note: `AgentSolutionArchitect` has a derived impl for the trait `Debug`, but this is intentionally ignored during dead code analysis
[INFO] [stdout] 
[INFO] [stdout] 
[INFO] [stdout] warning: associated items `new` and `call_project_scope` are never used
[INFO] [stdout]   --> src/models/agents/agent_architect.rs:14:12
[INFO] [stdout]    |
[INFO] [stdout] 13 | impl AgentSolutionArchitect {
[INFO] [stdout]    | --------------------------- associated items in this implementation
[INFO] [stdout] 14 |     pub fn new() -> Self {
[INFO] [stdout]    |            ^^^
[INFO] [stdout] ...
[INFO] [stdout] 26 |     async fn call_project_scope(&mut self, factsheet: &mut FactSheet) -> ProjectScope {
[INFO] [stdout]    |              ^^^^^^^^^^^^^^^^^^
[INFO] [stdout] 
[INFO] [stdout] 
[INFO] [stdout] warning: trait `SpecialFunctioins` is never used
[INFO] [stdout]   --> src/models/agents/agent_triaits.rs:34:11
[INFO] [stdout]    |
[INFO] [stdout] 34 | pub trait SpecialFunctioins: Debug {
[INFO] [stdout]    |           ^^^^^^^^^^^^^^^^^
[INFO] [stdout] 
[INFO] [stdout] 
[INFO] [stderr]     Finished `test` profile [unoptimized + debuginfo] target(s) in 1.60s
[INFO] running `Command { std: "docker" "inspect" "2a7b1301b7ff09fffc2bbcf596cb56033aaa0c57926a78b607170d85bc8a9154", kill_on_drop: false }`
[INFO] running `Command { std: "docker" "rm" "-f" "2a7b1301b7ff09fffc2bbcf596cb56033aaa0c57926a78b607170d85bc8a9154", kill_on_drop: false }`
[INFO] [stdout] 2a7b1301b7ff09fffc2bbcf596cb56033aaa0c57926a78b607170d85bc8a9154
[INFO] running `Command { std: "docker" "create" "-v" "/var/lib/crater-agent-workspace/builds/worker-5-tc2/target:/opt/rustwide/target:rw,Z" "-v" "/var/lib/crater-agent-workspace/builds/worker-5-tc2/source:/opt/rustwide/workdir:ro,Z" "-v" "/var/lib/crater-agent-workspace/cargo-home:/opt/rustwide/cargo-home:ro,Z" "-v" "/var/lib/crater-agent-workspace/rustup-home:/opt/rustwide/rustup-home:ro,Z" "-e" "SOURCE_DIR=/opt/rustwide/workdir" "-e" "CARGO_TARGET_DIR=/opt/rustwide/target" "-e" "CARGO_INCREMENTAL=0" "-e" "RUST_BACKTRACE=full" "-e" "RUSTFLAGS=--cap-lints=forbid -Zrandomize-layout" "-e" "RUSTDOCFLAGS=--cap-lints=forbid" "-e" "CARGO_HOME=/opt/rustwide/cargo-home" "-e" "RUSTUP_HOME=/opt/rustwide/rustup-home" "-w" "/opt/rustwide/workdir" "-m" "1610612736" "--user" "0:0" "--network" "none" "ghcr.io/rust-lang/crates-build-env/linux@sha256:819108c5571ea2e421544af4d832f968d213c87fbe3707a016657f43d2f853bc" "/opt/rustwide/cargo-home/bin/cargo" "+nightly-2025-01-18" "test" "--frozen", kill_on_drop: false }`
[INFO] [stdout] 7b3acc0a550d6529f0e084b801bc11021c9f56555261232bbc1a381ea29e6ff1
[INFO] running `Command { std: "docker" "start" "-a" "7b3acc0a550d6529f0e084b801bc11021c9f56555261232bbc1a381ea29e6ff1", kill_on_drop: false }`
[INFO] [stderr] warning: variants `UnitTest` and `Issue` are never constructed
[INFO] [stderr]  --> src/helpers/command_line.rs:8:5
[INFO] [stderr]   |
[INFO] [stderr] 6 | pub enum PrintCommand {
[INFO] [stderr]   |          ------------ variants in this enum
[INFO] [stderr] 7 |     AICall,
[INFO] [stderr] 8 |     UnitTest,
[INFO] [stderr]   |     ^^^^^^^^
[INFO] [stderr] 9 |     Issue,
[INFO] [stderr]   |     ^^^^^
[INFO] [stderr]   |
[INFO] [stderr]   = note: `PrintCommand` has a derived impl for the trait `Debug`, but this is intentionally ignored during dead code analysis
[INFO] [stderr]   = note: `#[warn(dead_code)]` on by default
[INFO] [stderr] 
[INFO] [stderr] warning: constant `CODE_TEMPLATE_PATH` is never used
[INFO] [stderr]  --> src/helpers/general.rs:9:7
[INFO] [stderr]   |
[INFO] [stderr] 9 | const CODE_TEMPLATE_PATH: &str = "code_template.rs";
[INFO] [stderr]   |       ^^^^^^^^^^^^^^^^^^
[INFO] [stderr] 
[INFO] [stderr] warning: constant `EXEC_MAIN_PATH` is never used
[INFO] [stderr]   --> src/helpers/general.rs:10:7
[INFO] [stderr]    |
[INFO] [stderr] 10 | const EXEC_MAIN_PATH: &str = "main.rs";
[INFO] [stderr]    |       ^^^^^^^^^^^^^^
[INFO] [stderr] 
[INFO] [stderr] warning: constant `API_SCHEMA_PATH` is never used
[INFO] [stderr]   --> src/helpers/general.rs:11:7
[INFO] [stderr]    |
[INFO] [stderr] 11 | const API_SCHEMA_PATH: &str = "schemas/api_schema.json";
[INFO] [stderr]    |       ^^^^^^^^^^^^^^^
[INFO] [stderr] 
[INFO] [stderr] warning: function `ai_task_request_decoded` is never used
[INFO] [stderr]   --> src/helpers/general.rs:58:14
[INFO] [stderr]    |
[INFO] [stderr] 58 | pub async fn ai_task_request_decoded<T: DeserializeOwned>(
[INFO] [stderr]    |              ^^^^^^^^^^^^^^^^^^^^^^^
[INFO] [stderr] 
[INFO] [stderr] warning: function `check_status_code` is never used
[INFO] [stderr]   --> src/helpers/general.rs:72:14
[INFO] [stderr]    |
[INFO] [stderr] 72 | pub async fn check_status_code(client: &Client, url: &str) -> Result<u16, reqwest::Error> {
[INFO] [stderr]    |              ^^^^^^^^^^^^^^^^^
[INFO] [stderr] 
[INFO] [stderr] warning: function `read_code_template_contents` is never used
[INFO] [stderr]   --> src/helpers/general.rs:78:8
[INFO] [stderr]    |
[INFO] [stderr] 78 | pub fn read_code_template_contents() -> String {
[INFO] [stderr]    |        ^^^^^^^^^^^^^^^^^^^^^^^^^^^
[INFO] [stderr] 
[INFO] [stderr] warning: function `save_backend_code` is never used
[INFO] [stderr]   --> src/helpers/general.rs:84:8
[INFO] [stderr]    |
[INFO] [stderr] 84 | pub fn save_backend_code(contents: &String) {
[INFO] [stderr]    |        ^^^^^^^^^^^^^^^^^
[INFO] [stderr] 
[INFO] [stderr] warning: function `save_api_endpoints` is never used
[INFO] [stderr]   --> src/helpers/general.rs:90:8
[INFO] [stderr]    |
[INFO] [stderr] 90 | pub fn save_api_endpoints(api_endpoints: &String) {
[INFO] [stderr]    |        ^^^^^^^^^^^^^^^^^^
[INFO] [stderr] 
[INFO] [stderr] warning: variants `Working`, `UnitTesting`, and `Finished` are never constructed
[INFO] [stderr]  --> src/models/agent_basic/basic_agent.rs:6:5
[INFO] [stderr]   |
[INFO] [stderr] 4 | pub enum AgentState {
[INFO] [stderr]   |          ---------- variants in this enum
[INFO] [stderr] 5 |     Discovery,
[INFO] [stderr] 6 |     Working,
[INFO] [stderr]   |     ^^^^^^^
[INFO] [stderr] 7 |     UnitTesting,
[INFO] [stderr]   |     ^^^^^^^^^^^
[INFO] [stderr] 8 |     Finished,
[INFO] [stderr]   |     ^^^^^^^^
[INFO] [stderr]   |
[INFO] [stderr]   = note: `AgentState` has a derived impl for the trait `Debug`, but this is intentionally ignored during dead code analysis
[INFO] [stderr] 
[INFO] [stderr] warning: associated items `new`, `update_state`, `get_objective`, `get_position`, `get_state`, and `get_memoery` are never used
[INFO] [stderr]  --> src/models/agent_basic/basic_traits.rs:4:8
[INFO] [stderr]   |
[INFO] [stderr] 3 | pub trait BasicTraits {
[INFO] [stderr]   |           ----------- associated items in this trait
[INFO] [stderr] 4 |     fn new(objective: String, position: String) -> Self;
[INFO] [stderr]   |        ^^^
[INFO] [stderr] 5 |     fn update_state(&mut self, new_state: AgentState);
[INFO] [stderr]   |        ^^^^^^^^^^^^
[INFO] [stderr] 6 |     fn get_objective(&self) -> &String;
[INFO] [stderr]   |        ^^^^^^^^^^^^^
[INFO] [stderr] 7 |     fn get_position(&self) -> &String;
[INFO] [stderr]   |        ^^^^^^^^^^^^
[INFO] [stderr] 8 |     fn get_state(&self) -> &AgentState;
[INFO] [stderr]   |        ^^^^^^^^^
[INFO] [stderr] 9 |     fn get_memoery(&self) -> &Vec<Message>;
[INFO] [stderr]   |        ^^^^^^^^^^^
[INFO] [stderr] 
[INFO] [stderr] warning: struct `ManaingAgent` is never constructed
[INFO] [stderr]  --> src/models/agent_manager/managing_agent.rs:6:12
[INFO] [stderr]   |
[INFO] [stderr] 6 | pub struct ManaingAgent {
[INFO] [stderr]   |            ^^^^^^^^^^^^
[INFO] [stderr] 
[INFO] [stderr] warning: struct `AgentSolutionArchitect` is never constructed
[INFO] [stderr]  --> src/models/agents/agent_architect.rs:9:12
[INFO] [stderr]   |
[INFO] [stderr] 9 | pub struct AgentSolutionArchitect {
[INFO] [stderr]   |            ^^^^^^^^^^^^^^^^^^^^^^
[INFO] [stderr]   |
[INFO] [stderr]   = note: `AgentSolutionArchitect` has a derived impl for the trait `Debug`, but this is intentionally ignored during dead code analysis
[INFO] [stderr] 
[INFO] [stderr] warning: associated items `new` and `call_project_scope` are never used
[INFO] [stderr]   --> src/models/agents/agent_architect.rs:14:12
[INFO] [stderr]    |
[INFO] [stderr] 13 | impl AgentSolutionArchitect {
[INFO] [stderr]    | --------------------------- associated items in this implementation
[INFO] [stderr] 14 |     pub fn new() -> Self {
[INFO] [stderr]    |            ^^^
[INFO] [stderr] ...
[INFO] [stderr] 26 |     async fn call_project_scope(&mut self, factsheet: &mut FactSheet) -> ProjectScope {
[INFO] [stderr]    |              ^^^^^^^^^^^^^^^^^^
[INFO] [stderr] 
[INFO] [stderr] warning: trait `SpecialFunctioins` is never used
[INFO] [stderr]   --> src/models/agents/agent_triaits.rs:34:11
[INFO] [stderr]    |
[INFO] [stderr] 34 | pub trait SpecialFunctioins: Debug {
[INFO] [stderr]    |           ^^^^^^^^^^^^^^^^^
[INFO] [stderr] 
[INFO] [stderr] warning: `auto_gippity` (bin "auto_gippity" test) generated 15 warnings
[INFO] [stderr]     Finished `test` profile [unoptimized + debuginfo] target(s) in 0.12s
[INFO] [stderr]      Running unittests src/main.rs (/opt/rustwide/target/debug/deps/auto_gippity-72012945e4b14cbd)
[INFO] [stdout] 
[INFO] [stdout] running 4 tests
[INFO] [stdout] [38;5;10m[38;5;14m[0mtest helpers::command_line::tests::tests_prints_agent_msg ... ok
[INFO] [stdout] test helpers::general::tests::tests_extending_ai_function ... ok[
[INFO] [stdout] 38;5;10m[38;5;14m[0mtest apis::call_request::tests::test_call_openai ... FAILED
[INFO] [stdout] test helpers::general::tests::tests_ai_task_request ... FAILED
[INFO] [stdout] 
[INFO] [stdout] failures:
[INFO] [stdout] 
[INFO] [stdout] ---- apis::call_request::tests::test_call_openai stdout ----
[INFO] [stdout] 
[INFO] [stdout] thread 'apis::call_request::tests::test_call_openai' panicked at src/apis/call_request.rs:14:43:
[INFO] [stdout] OPEN_AI_KEY not found in environment variables: NotPresent
[INFO] [stdout] stack backtrace:
[INFO] [stdout]    0:     0x6168733911aa - std::backtrace_rs::backtrace::libunwind::trace::hb059275cfc8d6126
[INFO] [stdout]                                at /rustc/6067b36314ab5eb2eb47cecc464545ba58e1ad24/library/std/src/../../backtrace/src/backtrace/libunwind.rs:116:5
[INFO] [stdout]    1:     0x6168733911aa - std::backtrace_rs::backtrace::trace_unsynchronized::h2da071e4327ce3ee
[INFO] [stdout]                                at /rustc/6067b36314ab5eb2eb47cecc464545ba58e1ad24/library/std/src/../../backtrace/src/backtrace/mod.rs:66:5
[INFO] [stdout]    2:     0x6168733911aa - std::sys::backtrace::_print_fmt::h842a1474e6f8d23f
[INFO] [stdout]                                at /rustc/6067b36314ab5eb2eb47cecc464545ba58e1ad24/library/std/src/sys/backtrace.rs:66:9
[INFO] [stdout]    3:     0x6168733911aa - <std::sys::backtrace::BacktraceLock::print::DisplayBacktrace as core::fmt::Display>::fmt::h71a62eb3b9696b12
[INFO] [stdout]                                at /rustc/6067b36314ab5eb2eb47cecc464545ba58e1ad24/library/std/src/sys/backtrace.rs:39:26
[INFO] [stdout]    4:     0x6168733bbda3 - core::fmt::rt::Argument::fmt::hdb6b616786b41dc1
[INFO] [stdout]                                at /rustc/6067b36314ab5eb2eb47cecc464545ba58e1ad24/library/core/src/fmt/rt.rs:177:76
[INFO] [stdout]    5:     0x6168733bbda3 - core::fmt::write::h2cc1698af7e2d686
[INFO] [stdout]                                at /rustc/6067b36314ab5eb2eb47cecc464545ba58e1ad24/library/core/src/fmt/mod.rs:1440:21
[INFO] [stdout]    6:     0x61687338cfd3 - std::io::Write::write_fmt::hab1b4cd059a79022
[INFO] [stdout]                                at /rustc/6067b36314ab5eb2eb47cecc464545ba58e1ad24/library/std/src/io/mod.rs:1887:15
[INFO] [stdout]    7:     0x616873390ff2 - std::sys::backtrace::BacktraceLock::print::h147fe35b4ea13b08
[INFO] [stdout]                                at /rustc/6067b36314ab5eb2eb47cecc464545ba58e1ad24/library/std/src/sys/backtrace.rs:42:9
[INFO] [stdout]    8:     0x6168733925cf - std::panicking::default_hook::{{closure}}::hbd44223dbdc0d208
[INFO] [stdout]                                at /rustc/6067b36314ab5eb2eb47cecc464545ba58e1ad24/library/std/src/panicking.rs:298:22
[INFO] [stdout]    9:     0x6168733923e8 - std::panicking::default_hook::h20f81eb0576efcec
[INFO] [stdout]                                at /rustc/6067b36314ab5eb2eb47cecc464545ba58e1ad24/library/std/src/panicking.rs:322:9
[INFO] [stdout]   10:     0x616872f7d6f3 - <alloc::boxed::Box<F,A> as core::ops::function::Fn<Args>>::call::hdb53814c496a4d34
[INFO] [stdout]                                at /rustc/6067b36314ab5eb2eb47cecc464545ba58e1ad24/library/alloc/src/boxed.rs:2027:9
[INFO] [stdout]   11:     0x616872f7d6f3 - test::test_main::{{closure}}::hc0a4963c59427c24
[INFO] [stdout]                                at /rustc/6067b36314ab5eb2eb47cecc464545ba58e1ad24/library/test/src/lib.rs:134:21
[INFO] [stdout]   12:     0x6168733930c3 - <alloc::boxed::Box<F,A> as core::ops::function::Fn<Args>>::call::h591b2225413a77e9
[INFO] [stdout]                                at /rustc/6067b36314ab5eb2eb47cecc464545ba58e1ad24/library/alloc/src/boxed.rs:2027:9
[INFO] [stdout]   13:     0x6168733930c3 - std::panicking::rust_panic_with_hook::h625eea43051b2edc
[INFO] [stdout]                                at /rustc/6067b36314ab5eb2eb47cecc464545ba58e1ad24/library/std/src/panicking.rs:839:13
[INFO] [stdout]   14:     0x616873392d7a - std::panicking::begin_panic_handler::{{closure}}::h4f9159cfbc3f6bd3
[INFO] [stdout]                                at /rustc/6067b36314ab5eb2eb47cecc464545ba58e1ad24/library/std/src/panicking.rs:704:13
[INFO] [stdout]   15:     0x6168733916a9 - std::sys::backtrace::__rust_end_short_backtrace::h0390abce48353151
[INFO] [stdout]                                at /rustc/6067b36314ab5eb2eb47cecc464545ba58e1ad24/library/std/src/sys/backtrace.rs:168:18
[INFO] [stdout]   16:     0x616873392a0d - rust_begin_unwind
[INFO] [stdout]                                at /rustc/6067b36314ab5eb2eb47cecc464545ba58e1ad24/library/std/src/panicking.rs:695:5
[INFO] [stdout]   17:     0x6168733ba2c0 - core::panicking::panic_fmt::h9e7c637e9e5f29c9
[INFO] [stdout]                                at /rustc/6067b36314ab5eb2eb47cecc464545ba58e1ad24/library/core/src/panicking.rs:75:14
[INFO] [stdout]   18:     0x6168733ba796 - core::result::unwrap_failed::h7979f09313fe1849
[INFO] [stdout]                                at /rustc/6067b36314ab5eb2eb47cecc464545ba58e1ad24/library/core/src/result.rs:1704:5
[INFO] [stdout]   19:     0x616872f28eb6 - core::result::Result<T,E>::expect::h5ffa24547ed650c8
[INFO] [stdout]                                at /rustc/6067b36314ab5eb2eb47cecc464545ba58e1ad24/library/core/src/result.rs:1061:23
[INFO] [stdout]   20:     0x616872f2df30 - auto_gippity::apis::call_request::call_gpt::{{closure}}::h003beb69436d2ebd
[INFO] [stdout]                                at /opt/rustwide/workdir/src/apis/call_request.rs:14:19
[INFO] [stdout]   21:     0x616872f3034b - auto_gippity::apis::call_request::tests::test_call_openai::{{closure}}::h0adce5e2a2229f41
[INFO] [stdout]                                at /opt/rustwide/workdir/src/apis/call_request.rs:87:38
[INFO] [stdout]   22:     0x616872f2be22 - <core::pin::Pin<P> as core::future::future::Future>::poll::h0cf7276635bd1dca
[INFO] [stdout]                                at /rustc/6067b36314ab5eb2eb47cecc464545ba58e1ad24/library/core/src/future/future.rs:124:9
[INFO] [stdout]   23:     0x616872f2be5d - <core::pin::Pin<P> as core::future::future::Future>::poll::hc17f0ac507b703ca
[INFO] [stdout]                                at /rustc/6067b36314ab5eb2eb47cecc464545ba58e1ad24/library/core/src/future/future.rs:124:9
[INFO] [stdout]   24:     0x616872f3caff - tokio::runtime::scheduler::current_thread::CoreGuard::block_on::{{closure}}::{{closure}}::{{closure}}::h017324928693b2a4
[INFO] [stdout]                                at /opt/rustwide/cargo-home/registry/src/index.crates.io-1949cf8c6b5b557f/tokio-1.29.1/src/runtime/scheduler/current_thread.rs:651:57
[INFO] [stdout]   25:     0x616872f3ca35 - tokio::runtime::coop::with_budget::hb796b77f4e47c88a
[INFO] [stdout]                                at /opt/rustwide/cargo-home/registry/src/index.crates.io-1949cf8c6b5b557f/tokio-1.29.1/src/runtime/coop.rs:107:5
[INFO] [stdout]   26:     0x616872f3ca35 - tokio::runtime::coop::budget::h196c90fede36a842
[INFO] [stdout]                                at /opt/rustwide/cargo-home/registry/src/index.crates.io-1949cf8c6b5b557f/tokio-1.29.1/src/runtime/coop.rs:73:5
[INFO] [stdout]   27:     0x616872f3ca35 - tokio::runtime::scheduler::current_thread::CoreGuard::block_on::{{closure}}::{{closure}}::h2ca6b15b650143bb
[INFO] [stdout]                                at /opt/rustwide/cargo-home/registry/src/index.crates.io-1949cf8c6b5b557f/tokio-1.29.1/src/runtime/scheduler/current_thread.rs:651:25
[INFO] [stdout]   28:     0x616872f3b810 - tokio::runtime::scheduler::current_thread::Context::enter::h5cf299bac9d7ae3e
[INFO] [stdout]                                at /opt/rustwide/cargo-home/registry/src/index.crates.io-1949cf8c6b5b557f/tokio-1.29.1/src/runtime/scheduler/current_thread.rs:410:19
[INFO] [stdout]   29:     0x616872f3c2cb - tokio::runtime::scheduler::current_thread::CoreGuard::block_on::{{closure}}::h72194d99d19556dd
[INFO] [stdout]                                at /opt/rustwide/cargo-home/registry/src/index.crates.io-1949cf8c6b5b557f/tokio-1.29.1/src/runtime/scheduler/current_thread.rs:650:36
[INFO] [stdout]   30:     0x616872f3c034 - tokio::runtime::scheduler::current_thread::CoreGuard::enter::{{closure}}::h3034424f7b21d32e
[INFO] [stdout]                                at /opt/rustwide/cargo-home/registry/src/index.crates.io-1949cf8c6b5b557f/tokio-1.29.1/src/runtime/scheduler/current_thread.rs:729:68
[INFO] [stdout]   31:     0x616872f4239b - tokio::runtime::context::scoped::Scoped<T>::set::h33a96e98131efbb9
[INFO] [stdout]                                at /opt/rustwide/cargo-home/registry/src/index.crates.io-1949cf8c6b5b557f/tokio-1.29.1/src/runtime/context/scoped.rs:40:9
[INFO] [stdout]   32:     0x616872f421d9 - tokio::runtime::context::set_scheduler::{{closure}}::hd89c97141093084e
[INFO] [stdout]                                at /opt/rustwide/cargo-home/registry/src/index.crates.io-1949cf8c6b5b557f/tokio-1.29.1/src/runtime/context.rs:176:26
[INFO] [stdout]   33:     0x616872f3a252 - std::thread::local::LocalKey<T>::try_with::h564a2f9fa19b2dfe
[INFO] [stdout]                                at /rustc/6067b36314ab5eb2eb47cecc464545ba58e1ad24/library/std/src/thread/local.rs:308:12
[INFO] [stdout]   34:     0x616872f3a00a - std::thread::local::LocalKey<T>::with::he19336a7c138f867
[INFO] [stdout]                                at /rustc/6067b36314ab5eb2eb47cecc464545ba58e1ad24/library/std/src/thread/local.rs:272:9
[INFO] [stdout]   35:     0x616872f4218d - tokio::runtime::context::set_scheduler::h99b5d30275962746
[INFO] [stdout]                                at /opt/rustwide/cargo-home/registry/src/index.crates.io-1949cf8c6b5b557f/tokio-1.29.1/src/runtime/context.rs:176:9
[INFO] [stdout]   36:     0x616872f3bde0 - tokio::runtime::scheduler::current_thread::CoreGuard::enter::h6e8a54cce09fbb60
[INFO] [stdout]                                at /opt/rustwide/cargo-home/registry/src/index.crates.io-1949cf8c6b5b557f/tokio-1.29.1/src/runtime/scheduler/current_thread.rs:729:27
[INFO] [stdout]   37:     0x616872f3c053 - tokio::runtime::scheduler::current_thread::CoreGuard::block_on::h6c4312670fa287d5
[INFO] [stdout]                                at /opt/rustwide/cargo-home/registry/src/index.crates.io-1949cf8c6b5b557f/tokio-1.29.1/src/runtime/scheduler/current_thread.rs:638:19
[INFO] [stdout]   38:     0x616872f3b05d - tokio::runtime::scheduler::current_thread::CurrentThread::block_on::{{closure}}::hb6ca599f30dd3eee
[INFO] [stdout]                                at /opt/rustwide/cargo-home/registry/src/index.crates.io-1949cf8c6b5b557f/tokio-1.29.1/src/runtime/scheduler/current_thread.rs:175:28
[INFO] [stdout]   39:     0x616872f2b506 - tokio::runtime::context::runtime::enter_runtime::hc01e3e21906d6c04
[INFO] [stdout]                                at /opt/rustwide/cargo-home/registry/src/index.crates.io-1949cf8c6b5b557f/tokio-1.29.1/src/runtime/context/runtime.rs:65:16
[INFO] [stdout]   40:     0x616872f3af71 - tokio::runtime::scheduler::current_thread::CurrentThread::block_on::h856a20bd05a2ee84
[INFO] [stdout]                                at /opt/rustwide/cargo-home/registry/src/index.crates.io-1949cf8c6b5b557f/tokio-1.29.1/src/runtime/scheduler/current_thread.rs:167:9
[INFO] [stdout]   41:     0x616872f2bbdd - tokio::runtime::runtime::Runtime::block_on::h43c6ce26fc13faf6
[INFO] [stdout]                                at /opt/rustwide/cargo-home/registry/src/index.crates.io-1949cf8c6b5b557f/tokio-1.29.1/src/runtime/runtime.rs:311:47
[INFO] [stdout]   42:     0x616872f2ffa3 - auto_gippity::apis::call_request::tests::test_call_openai::hb75ed142caec2a46
[INFO] [stdout]                                at /opt/rustwide/workdir/src/apis/call_request.rs:88:9
[INFO] [stdout]   43:     0x616872f2fe47 - auto_gippity::apis::call_request::tests::test_call_openai::{{closure}}::hb46d455801e41711
[INFO] [stdout]                                at /opt/rustwide/workdir/src/apis/call_request.rs:80:32
[INFO] [stdout]   44:     0x616872f274e6 - core::ops::function::FnOnce::call_once::h9cd9176a4cdb6045
[INFO] [stdout]                                at /rustc/6067b36314ab5eb2eb47cecc464545ba58e1ad24/library/core/src/ops/function.rs:250:5
[INFO] [stdout]   45:     0x616872f82e4b - core::ops::function::FnOnce::call_once::he27718dfdd183f43
[INFO] [stdout]                                at /rustc/6067b36314ab5eb2eb47cecc464545ba58e1ad24/library/core/src/ops/function.rs:250:5
[INFO] [stdout]   46:     0x616872f82e4b - test::__rust_begin_short_backtrace::h4e84902998457a5d
[INFO] [stdout]                                at /rustc/6067b36314ab5eb2eb47cecc464545ba58e1ad24/library/test/src/lib.rs:632:18
[INFO] [stdout]   47:     0x616872f81d83 - test::run_test_in_process::{{closure}}::h7176fd18fc1feca0
[INFO] [stdout]                                at /rustc/6067b36314ab5eb2eb47cecc464545ba58e1ad24/library/test/src/lib.rs:655:60
[INFO] [stdout]   48:     0x616872f81d83 - <core::panic::unwind_safe::AssertUnwindSafe<F> as core::ops::function::FnOnce<()>>::call_once::hf79cff2a624d8cf7
[INFO] [stdout]                                at /rustc/6067b36314ab5eb2eb47cecc464545ba58e1ad24/library/core/src/panic/unwind_safe.rs:272:9
[INFO] [stdout]   49:     0x616872f81d83 - std::panicking::try::do_call::h3da0561d9ab99c25
[INFO] [stdout]                                at /rustc/6067b36314ab5eb2eb47cecc464545ba58e1ad24/library/std/src/panicking.rs:587:40
[INFO] [stdout]   50:     0x616872f81d83 - std::panicking::try::h41c9fa508bc61df6
[INFO] [stdout]                                at /rustc/6067b36314ab5eb2eb47cecc464545ba58e1ad24/library/std/src/panicking.rs:550:19
[INFO] [stdout]   51:     0x616872f81d83 - std::panic::catch_unwind::h6b3ff07bb5afad93
[INFO] [stdout]                                at /rustc/6067b36314ab5eb2eb47cecc464545ba58e1ad24/library/std/src/panic.rs:358:14
[INFO] [stdout]   52:     0x616872f81d83 - test::run_test_in_process::hc7253dd11b39b9f4
[INFO] [stdout]                                at /rustc/6067b36314ab5eb2eb47cecc464545ba58e1ad24/library/test/src/lib.rs:655:27
[INFO] [stdout]   53:     0x616872f81d83 - test::run_test::{{closure}}::hfb2007f8649c30bb
[INFO] [stdout]                                at /rustc/6067b36314ab5eb2eb47cecc464545ba58e1ad24/library/test/src/lib.rs:576:43
[INFO] [stdout]   54:     0x616872f44e65 - test::run_test::{{closure}}::h56a17aa7a282a9f4
[INFO] [stdout]                                at /rustc/6067b36314ab5eb2eb47cecc464545ba58e1ad24/library/test/src/lib.rs:606:41
[INFO] [stdout]   55:     0x616872f44e65 - std::sys::backtrace::__rust_begin_short_backtrace::hd2d2d2fb8e8c6aac
[INFO] [stdout]                                at /rustc/6067b36314ab5eb2eb47cecc464545ba58e1ad24/library/std/src/sys/backtrace.rs:152:18
[INFO] [stdout]   56:     0x616872f4874a - std::thread::Builder::spawn_unchecked_::{{closure}}::{{closure}}::h4faa3f9db6133423
[INFO] [stdout]                                at /rustc/6067b36314ab5eb2eb47cecc464545ba58e1ad24/library/std/src/thread/mod.rs:559:17
[INFO] [stdout]   57:     0x616872f4874a - <core::panic::unwind_safe::AssertUnwindSafe<F> as core::ops::function::FnOnce<()>>::call_once::hf2e855a36a4ea846
[INFO] [stdout]                                at /rustc/6067b36314ab5eb2eb47cecc464545ba58e1ad24/library/core/src/panic/unwind_safe.rs:272:9
[INFO] [stdout]   58:     0x616872f4874a - std::panicking::try::do_call::h2f73af3616c35465
[INFO] [stdout]                                at /rustc/6067b36314ab5eb2eb47cecc464545ba58e1ad24/library/std/src/panicking.rs:587:40
[INFO] [stdout]   59:     0x616872f4874a - std::panicking::try::hd1660ce9efadef5a
[INFO] [stdout]                                at /rustc/6067b36314ab5eb2eb47cecc464545ba58e1ad24/library/std/src/panicking.rs:550:19
[INFO] [stdout]   60:     0x616872f4874a - std::panic::catch_unwind::h5ee8d7823b8ca744
[INFO] [stdout]                                at /rustc/6067b36314ab5eb2eb47cecc464545ba58e1ad24/library/std/src/panic.rs:358:14
[INFO] [stdout]   61:     0x616872f4874a - std::thread::Builder::spawn_unchecked_::{{closure}}::h53c3a1894dce8407
[INFO] [stdout]                                at /rustc/6067b36314ab5eb2eb47cecc464545ba58e1ad24/library/std/src/thread/mod.rs:557:30
[INFO] [stdout]   62:     0x616872f4874a - core::ops::function::FnOnce::call_once{{vtable.shim}}::h048ce291ad4f62bf
[INFO] [stdout]                                at /rustc/6067b36314ab5eb2eb47cecc464545ba58e1ad24/library/core/src/ops/function.rs:250:5
[INFO] [stdout]   63:     0x61687339756b - <alloc::boxed::Box<F,A> as core::ops::function::FnOnce<Args>>::call_once::ha52bedf99a3b4981
[INFO] [stdout]                                at /rustc/6067b36314ab5eb2eb47cecc464545ba58e1ad24/library/alloc/src/boxed.rs:2013:9
[INFO] [stdout]   64:     0x61687339756b - <alloc::boxed::Box<F,A> as core::ops::function::FnOnce<Args>>::call_once::h567748934d80ccf8
[INFO] [stdout]                                at /rustc/6067b36314ab5eb2eb47cecc464545ba58e1ad24/library/alloc/src/boxed.rs:2013:9
[INFO] [stdout]   65:     0x61687339756b - std::sys::pal::unix::thread::Thread::new::thread_start::h2d970728ae887adc
[INFO] [stdout]                                at /rustc/6067b36314ab5eb2eb47cecc464545ba58e1ad24/library/std/src/sys/pal/unix/thread.rs:106:17
[INFO] [stdout]   66:     0x778422b9eac3 - <unknown>
[INFO] [stdout]   67:     0x778422c2fa04 - clone
[INFO] [stdout]   68:                0x0 - <unknown>
[INFO] [stdout] 
[INFO] [stdout] ---- helpers::general::tests::tests_ai_task_request stdout ----
[INFO] [stdout] Agent: Managing Agent: Defining user requirements
[INFO] [stdout] 
[INFO] [stdout] thread 'helpers::general::tests::tests_ai_task_request' panicked at src/apis/call_request.rs:14:43:
[INFO] [stdout] OPEN_AI_KEY not found in environment variables: NotPresent
[INFO] [stdout] stack backtrace:
[INFO] [stdout]    0:     0x6168733911aa - std::backtrace_rs::backtrace::libunwind::trace::hb059275cfc8d6126
[INFO] [stdout]                                at /rustc/6067b36314ab5eb2eb47cecc464545ba58e1ad24/library/std/src/../../backtrace/src/backtrace/libunwind.rs:116:5
[INFO] [stdout]    1:     0x6168733911aa - std::backtrace_rs::backtrace::trace_unsynchronized::h2da071e4327ce3ee
[INFO] [stdout]                                at /rustc/6067b36314ab5eb2eb47cecc464545ba58e1ad24/library/std/src/../../backtrace/src/backtrace/mod.rs:66:5
[INFO] [stdout]    2:     0x6168733911aa - std::sys::backtrace::_print_fmt::h842a1474e6f8d23f
[INFO] [stdout]                                at /rustc/6067b36314ab5eb2eb47cecc464545ba58e1ad24/library/std/src/sys/backtrace.rs:66:9
[INFO] [stdout]    3:     0x6168733911aa - <std::sys::backtrace::BacktraceLock::print::DisplayBacktrace as core::fmt::Display>::fmt::h71a62eb3b9696b12
[INFO] [stdout]                                at /rustc/6067b36314ab5eb2eb47cecc464545ba58e1ad24/library/std/src/sys/backtrace.rs:39:26
[INFO] [stdout]    4:     0x6168733bbda3 - core::fmt::rt::Argument::fmt::hdb6b616786b41dc1
[INFO] [stdout]                                at /rustc/6067b36314ab5eb2eb47cecc464545ba58e1ad24/library/core/src/fmt/rt.rs:177:76
[INFO] [stdout]    5:     0x6168733bbda3 - core::fmt::write::h2cc1698af7e2d686
[INFO] [stdout]                                at /rustc/6067b36314ab5eb2eb47cecc464545ba58e1ad24/library/core/src/fmt/mod.rs:1440:21
[INFO] [stdout]    6:     0x61687338cfd3 - std::io::Write::write_fmt::hab1b4cd059a79022
[INFO] [stdout]                                at /rustc/6067b36314ab5eb2eb47cecc464545ba58e1ad24/library/std/src/io/mod.rs:1887:15
[INFO] [stdout]    7:     0x616873390ff2 - std::sys::backtrace::BacktraceLock::print::h147fe35b4ea13b08
[INFO] [stdout]                                at /rustc/6067b36314ab5eb2eb47cecc464545ba58e1ad24/library/std/src/sys/backtrace.rs:42:9
[INFO] [stdout]    8:     0x6168733925cf - std::panicking::default_hook::{{closure}}::hbd44223dbdc0d208
[INFO] [stdout]                                at /rustc/6067b36314ab5eb2eb47cecc464545ba58e1ad24/library/std/src/panicking.rs:298:22
[INFO] [stdout]    9:     0x6168733923e8 - std::panicking::default_hook::h20f81eb0576efcec
[INFO] [stdout]                                at /rustc/6067b36314ab5eb2eb47cecc464545ba58e1ad24/library/std/src/panicking.rs:322:9
[INFO] [stdout]   10:     0x616872f7d6f3 - <alloc::boxed::Box<F,A> as core::ops::function::Fn<Args>>::call::hdb53814c496a4d34
[INFO] [stdout]                                at /rustc/6067b36314ab5eb2eb47cecc464545ba58e1ad24/library/alloc/src/boxed.rs:2027:9
[INFO] [stdout]   11:     0x616872f7d6f3 - test::test_main::{{closure}}::hc0a4963c59427c24
[INFO] [stdout]                                at /rustc/6067b36314ab5eb2eb47cecc464545ba58e1ad24/library/test/src/lib.rs:134:21
[INFO] [stdout]   12:     0x6168733930c3 - <alloc::boxed::Box<F,A> as core::ops::function::Fn<Args>>::call::h591b2225413a77e9
[INFO] [stdout]                                at /rustc/6067b36314ab5eb2eb47cecc464545ba58e1ad24/library/alloc/src/boxed.rs:2027:9
[INFO] [stdout]   13:     0x6168733930c3 - std::panicking::rust_panic_with_hook::h625eea43051b2edc
[INFO] [stdout]                                at /rustc/6067b36314ab5eb2eb47cecc464545ba58e1ad24/library/std/src/panicking.rs:839:13
[INFO] [stdout]   14:     0x616873392d7a - std::panicking::begin_panic_handler::{{closure}}::h4f9159cfbc3f6bd3
[INFO] [stdout]                                at /rustc/6067b36314ab5eb2eb47cecc464545ba58e1ad24/library/std/src/panicking.rs:704:13
[INFO] [stdout]   15:     0x6168733916a9 - std::sys::backtrace::__rust_end_short_backtrace::h0390abce48353151
[INFO] [stdout]                                at /rustc/6067b36314ab5eb2eb47cecc464545ba58e1ad24/library/std/src/sys/backtrace.rs:168:18
[INFO] [stdout]   16:     0x616873392a0d - rust_begin_unwind
[INFO] [stdout]                                at /rustc/6067b36314ab5eb2eb47cecc464545ba58e1ad24/library/std/src/panicking.rs:695:5
[INFO] [stdout]   17:     0x6168733ba2c0 - core::panicking::panic_fmt::h9e7c637e9e5f29c9
[INFO] [stdout]                                at /rustc/6067b36314ab5eb2eb47cecc464545ba58e1ad24/library/core/src/panicking.rs:75:14
[INFO] [stdout]   18:     0x6168733ba796 - core::result::unwrap_failed::h7979f09313fe1849
[INFO] [stdout]                                at /rustc/6067b36314ab5eb2eb47cecc464545ba58e1ad24/library/core/src/result.rs:1704:5
[INFO] [stdout]   19:     0x616872f28eb6 - core::result::Result<T,E>::expect::h5ffa24547ed650c8
[INFO] [stdout]                                at /rustc/6067b36314ab5eb2eb47cecc464545ba58e1ad24/library/core/src/result.rs:1061:23
[INFO] [stdout]   20:     0x616872f2df30 - auto_gippity::apis::call_request::call_gpt::{{closure}}::h003beb69436d2ebd
[INFO] [stdout]                                at /opt/rustwide/workdir/src/apis/call_request.rs:14:19
[INFO] [stdout]   21:     0x616872f2f92f - auto_gippity::helpers::general::ai_task_request::{{closure}}::h13d8a17b8962bd15
[INFO] [stdout]                                at /opt/rustwide/workdir/src/helpers/general.rs:46:65
[INFO] [stdout]   22:     0x616872f434c6 - auto_gippity::helpers::general::tests::tests_ai_task_request::{{closure}}::hf17709a9b21159ad
[INFO] [stdout]                                at /opt/rustwide/workdir/src/helpers/general.rs:116:10
[INFO] [stdout]   23:     0x616872f2be22 - <core::pin::Pin<P> as core::future::future::Future>::poll::h0cf7276635bd1dca
[INFO] [stdout]                                at /rustc/6067b36314ab5eb2eb47cecc464545ba58e1ad24/library/core/src/future/future.rs:124:9
[INFO] [stdout]   24:     0x616872f2be5d - <core::pin::Pin<P> as core::future::future::Future>::poll::hc17f0ac507b703ca
[INFO] [stdout]                                at /rustc/6067b36314ab5eb2eb47cecc464545ba58e1ad24/library/core/src/future/future.rs:124:9
[INFO] [stdout]   25:     0x616872f3caff - tokio::runtime::scheduler::current_thread::CoreGuard::block_on::{{closure}}::{{closure}}::{{closure}}::h017324928693b2a4
[INFO] [stdout]                                at /opt/rustwide/cargo-home/registry/src/index.crates.io-1949cf8c6b5b557f/tokio-1.29.1/src/runtime/scheduler/current_thread.rs:651:57
[INFO] [stdout]   26:     0x616872f3ca35 - tokio::runtime::coop::with_budget::hb796b77f4e47c88a
[INFO] [stdout]                                at /opt/rustwide/cargo-home/registry/src/index.crates.io-1949cf8c6b5b557f/tokio-1.29.1/src/runtime/coop.rs:107:5
[INFO] [stdout]   27:     0x616872f3ca35 - tokio::runtime::coop::budget::h196c90fede36a842
[INFO] [stdout]                                at /opt/rustwide/cargo-home/registry/src/index.crates.io-1949cf8c6b5b557f/tokio-1.29.1/src/runtime/coop.rs:73:5
[INFO] [stdout]   28:     0x616872f3ca35 - tokio::runtime::scheduler::current_thread::CoreGuard::block_on::{{closure}}::{{closure}}::h2ca6b15b650143bb
[INFO] [stdout]                                at /opt/rustwide/cargo-home/registry/src/index.crates.io-1949cf8c6b5b557f/tokio-1.29.1/src/runtime/scheduler/current_thread.rs:651:25
[INFO] [stdout]   29:     0x616872f3b810 - tokio::runtime::scheduler::current_thread::Context::enter::h5cf299bac9d7ae3e
[INFO] [stdout]                                at /opt/rustwide/cargo-home/registry/src/index.crates.io-1949cf8c6b5b557f/tokio-1.29.1/src/runtime/scheduler/current_thread.rs:410:19
[INFO] [stdout]   30:     0x616872f3c2cb - tokio::runtime::scheduler::current_thread::CoreGuard::block_on::{{closure}}::h72194d99d19556dd
[INFO] [stdout]                                at /opt/rustwide/cargo-home/registry/src/index.crates.io-1949cf8c6b5b557f/tokio-1.29.1/src/runtime/scheduler/current_thread.rs:650:36
[INFO] [stdout]   31:     0x616872f3c034 - tokio::runtime::scheduler::current_thread::CoreGuard::enter::{{closure}}::h3034424f7b21d32e
[INFO] [stdout]                                at /opt/rustwide/cargo-home/registry/src/index.crates.io-1949cf8c6b5b557f/tokio-1.29.1/src/runtime/scheduler/current_thread.rs:729:68
[INFO] [stdout]   32:     0x616872f4239b - tokio::runtime::context::scoped::Scoped<T>::set::h33a96e98131efbb9
[INFO] [stdout]                                at /opt/rustwide/cargo-home/registry/src/index.crates.io-1949cf8c6b5b557f/tokio-1.29.1/src/runtime/context/scoped.rs:40:9
[INFO] [stdout]   33:     0x616872f421d9 - tokio::runtime::context::set_scheduler::{{closure}}::hd89c97141093084e
[INFO] [stdout]                                at /opt/rustwide/cargo-home/registry/src/index.crates.io-1949cf8c6b5b557f/tokio-1.29.1/src/runtime/context.rs:176:26
[INFO] [stdout]   34:     0x616872f3a252 - std::thread::local::LocalKey<T>::try_with::h564a2f9fa19b2dfe
[INFO] [stdout]                                at /rustc/6067b36314ab5eb2eb47cecc464545ba58e1ad24/library/std/src/thread/local.rs:308:12
[INFO] [stdout]   35:     0x616872f3a00a - std::thread::local::LocalKey<T>::with::he19336a7c138f867
[INFO] [stdout]                                at /rustc/6067b36314ab5eb2eb47cecc464545ba58e1ad24/library/std/src/thread/local.rs:272:9
[INFO] [stdout]   36:     0x616872f4218d - tokio::runtime::context::set_scheduler::h99b5d30275962746
[INFO] [stdout]                                at /opt/rustwide/cargo-home/registry/src/index.crates.io-1949cf8c6b5b557f/tokio-1.29.1/src/runtime/context.rs:176:9
[INFO] [stdout]   37:     0x616872f3bde0 - tokio::runtime::scheduler::current_thread::CoreGuard::enter::h6e8a54cce09fbb60
[INFO] [stdout]                                at /opt/rustwide/cargo-home/registry/src/index.crates.io-1949cf8c6b5b557f/tokio-1.29.1/src/runtime/scheduler/current_thread.rs:729:27
[INFO] [stdout]   38:     0x616872f3c053 - tokio::runtime::scheduler::current_thread::CoreGuard::block_on::h6c4312670fa287d5
[INFO] [stdout]                                at /opt/rustwide/cargo-home/registry/src/index.crates.io-1949cf8c6b5b557f/tokio-1.29.1/src/runtime/scheduler/current_thread.rs:638:19
[INFO] [stdout]   39:     0x616872f3b05d - tokio::runtime::scheduler::current_thread::CurrentThread::block_on::{{closure}}::hb6ca599f30dd3eee
[INFO] [stdout]                                at /opt/rustwide/cargo-home/registry/src/index.crates.io-1949cf8c6b5b557f/tokio-1.29.1/src/runtime/scheduler/current_thread.rs:175:28
[INFO] [stdout]   40:     0x616872f2b506 - tokio::runtime::context::runtime::enter_runtime::hc01e3e21906d6c04
[INFO] [stdout]                                at /opt/rustwide/cargo-home/registry/src/index.crates.io-1949cf8c6b5b557f/tokio-1.29.1/src/runtime/context/runtime.rs:65:16
[INFO] [stdout]   41:     0x616872f3af71 - tokio::runtime::scheduler::current_thread::CurrentThread::block_on::h856a20bd05a2ee84
[INFO] [stdout]                                at /opt/rustwide/cargo-home/registry/src/index.crates.io-1949cf8c6b5b557f/tokio-1.29.1/src/runtime/scheduler/current_thread.rs:167:9
[INFO] [stdout]   42:     0x616872f2bbdd - tokio::runtime::runtime::Runtime::block_on::h43c6ce26fc13faf6
[INFO] [stdout]                                at /opt/rustwide/cargo-home/registry/src/index.crates.io-1949cf8c6b5b557f/tokio-1.29.1/src/runtime/runtime.rs:311:47
[INFO] [stdout]   43:     0x616872f432a3 - auto_gippity::helpers::general::tests::tests_ai_task_request::h3ee5be1be3a98d5b
[INFO] [stdout]                                at /opt/rustwide/workdir/src/helpers/general.rs:118:9
[INFO] [stdout]   44:     0x616872f43147 - auto_gippity::helpers::general::tests::tests_ai_task_request::{{closure}}::h3c2445314c0b94cb
[INFO] [stdout]                                at /opt/rustwide/workdir/src/helpers/general.rs:107:37
[INFO] [stdout]   45:     0x616872f27566 - core::ops::function::FnOnce::call_once::hf1ba0eb6dc21e87b
[INFO] [stdout]                                at /rustc/6067b36314ab5eb2eb47cecc464545ba58e1ad24/library/core/src/ops/function.rs:250:5
[INFO] [stdout]   46:     0x616872f82e4b - core::ops::function::FnOnce::call_once::he27718dfdd183f43
[INFO] [stdout]                                at /rustc/6067b36314ab5eb2eb47cecc464545ba58e1ad24/library/core/src/ops/function.rs:250:5
[INFO] [stdout]   47:     0x616872f82e4b - test::__rust_begin_short_backtrace::h4e84902998457a5d
[INFO] [stdout]                                at /rustc/6067b36314ab5eb2eb47cecc464545ba58e1ad24/library/test/src/lib.rs:632:18
[INFO] [stdout]   48:     0x616872f81d83 - test::run_test_in_process::{{closure}}::h7176fd18fc1feca0
[INFO] [stdout]                                at /rustc/6067b36314ab5eb2eb47cecc464545ba58e1ad24/library/test/src/lib.rs:655:60
[INFO] [stdout]   49:     0x616872f81d83 - <core::panic::unwind_safe::AssertUnwindSafe<F> as core::ops::function::FnOnce<()>>::call_once::hf79cff2a624d8cf7
[INFO] [stdout]                                at /rustc/6067b36314ab5eb2eb47cecc464545ba58e1ad24/library/core/src/panic/unwind_safe.rs:272:9
[INFO] [stdout]   50:     0x616872f81d83 - std::panicking::try::do_call::h3da0561d9ab99c25
[INFO] [stdout]                                at /rustc/6067b36314ab5eb2eb47cecc464545ba58e1ad24/library/std/src/panicking.rs:587:40
[INFO] [stdout]   51:     0x616872f81d83 - std::panicking::try::h41c9fa508bc61df6
[INFO] [stdout]                                at /rustc/6067b36314ab5eb2eb47cecc464545ba58e1ad24/library/std/src/panicking.rs:550:19
[INFO] [stdout]   52:     0x616872f81d83 - std::panic::catch_unwind::h6b3ff07bb5afad93
[INFO] [stdout]                                at /rustc/6067b36314ab5eb2eb47cecc464545ba58e1ad24/library/std/src/panic.rs:358:14
[INFO] [stdout]   53:     0x616872f81d83 - test::run_test_in_process::hc7253dd11b39b9f4
[INFO] [stdout]                                at /rustc/6067b36314ab5eb2eb47cecc464545ba58e1ad24/library/test/src/lib.rs:655:27
[INFO] [stdout]   54:     0x616872f81d83 - test::run_test::{{closure}}::hfb2007f8649c30bb
[INFO] [stdout]                                at /rustc/6067b36314ab5eb2eb47cecc464545ba58e1ad24/library/test/src/lib.rs:576:43
[INFO] [stdout]   55:     0x616872f44e65 - test::run_test::{{closure}}::h56a17aa7a282a9f4
[INFO] [stdout]                                at /rustc/6067b36314ab5eb2eb47cecc464545ba58e1ad24/library/test/src/lib.rs:606:41
[INFO] [stdout]   56:     0x616872f44e65 - std::sys::backtrace::__rust_begin_short_backtrace::hd2d2d2fb8e8c6aac
[INFO] [stdout]                                at /rustc/6067b36314ab5eb2eb47cecc464545ba58e1ad24/library/std/src/sys/backtrace.rs:152:18
[INFO] [stdout]   57:     0x616872f4874a - std::thread::Builder::spawn_unchecked_::{{closure}}::{{closure}}::h4faa3f9db6133423
[INFO] [stdout]                                at /rustc/6067b36314ab5eb2eb47cecc464545ba58e1ad24/library/std/src/thread/mod.rs:559:17
[INFO] [stdout]   58:     0x616872f4874a - <core::panic::unwind_safe::AssertUnwindSafe<F> as core::ops::function::FnOnce<()>>::call_once::hf2e855a36a4ea846
[INFO] [stdout]                                at /rustc/6067b36314ab5eb2eb47cecc464545ba58e1ad24/library/core/src/panic/unwind_safe.rs:272:9
[INFO] [stdout]   59:     0x616872f4874a - std::panicking::try::do_call::h2f73af3616c35465
[INFO] [stdout]                                at /rustc/6067b36314ab5eb2eb47cecc464545ba58e1ad24/library/std/src/panicking.rs:587:40
[INFO] [stdout]   60:     0x616872f4874a - std::panicking::try::hd1660ce9efadef5a
[INFO] [stdout]                                at /rustc/6067b36314ab5eb2eb47cecc464545ba58e1ad24/library/std/src/panicking.rs:550:19
[INFO] [stdout]   61:     0x616872f4874a - std::panic::catch_unwind::h5ee8d7823b8ca744
[INFO] [stdout]                                at /rustc/6067b36314ab5eb2eb47cecc464545ba58e1ad24/library/std/src/panic.rs:358:14
[INFO] [stdout]   62:     0x616872f4874a - std::thread::Builder::spawn_unchecked_::{{closure}}::h53c3a1894dce8407
[INFO] [stdout]                                at /rustc/6067b36314ab5eb2eb47cecc464545ba58e1ad24/library/std/src/thread/mod.rs:557:30
[INFO] [stdout]   63:     0x616872f4874a - core::ops::function::FnOnce::call_once{{vtable.shim}}::h048ce291ad4f62bf
[INFO] [stdout]                                at /rustc/6067b36314ab5eb2eb47cecc464545ba58e1ad24/library/core/src/ops/function.rs:250:5
[INFO] [stdout]   64:     0x61687339756b - <alloc::boxed::Box<F,A> as core::ops::function::FnOnce<Args>>::call_once::ha52bedf99a3b4981
[INFO] [stdout]                                at /rustc/6067b36314ab5eb2eb47cecc464545ba58e1ad24/library/alloc/src/boxed.rs:2013:9
[INFO] [stdout]   65:     0x61687339756b - <alloc::boxed::Box<F,A> as core::ops::function::FnOnce<Args>>::call_once::h567748934d80ccf8
[INFO] [stdout]                                at /rustc/6067b36314ab5eb2eb47cecc464545ba58e1ad24/library/alloc/src/boxed.rs:2013:9
[INFO] [stdout]   66:     0x61687339756b - std::sys::pal::unix::thread::Thread::new::thread_start::h2d970728ae887adc
[INFO] [stdout]                                at /rustc/6067b36314ab5eb2eb47cecc464545ba58e1ad24/library/std/src/sys/pal/unix/thread.rs:106:17
[INFO] [stdout]   67:     0x778422b9eac3 - <unknown>
[INFO] [stdout]   68:     0x778422c2fa04 - clone
[INFO] [stdout]   69:                0x0 - <unknown>
[INFO] [stdout] 
[INFO] [stdout] 
[INFO] [stdout] failures:
[INFO] [stdout]     apis::call_request::tests::test_call_openai
[INFO] [stdout]     helpers::general::tests::tests_ai_task_request
[INFO] [stdout] 
[INFO] [stdout] test result: FAILED. 2 passed; 2 failed; 0 ignored; 0 measured; 0 filtered out; finished in 0.05s
[INFO] [stdout] 
[INFO] [stderr] error: test failed, to rerun pass `--bin auto_gippity`
[INFO] running `Command { std: "docker" "inspect" "7b3acc0a550d6529f0e084b801bc11021c9f56555261232bbc1a381ea29e6ff1", kill_on_drop: false }`
[INFO] running `Command { std: "docker" "rm" "-f" "7b3acc0a550d6529f0e084b801bc11021c9f56555261232bbc1a381ea29e6ff1", kill_on_drop: false }`
[INFO] [stdout] 7b3acc0a550d6529f0e084b801bc11021c9f56555261232bbc1a381ea29e6ff1
