[INFO] cloning repository https://github.com/tdikland/cloud-file-signer
[INFO] running `Command { std: "git" "-c" "credential.helper=" "-c" "credential.helper=/workspace/cargo-home/bin/git-credential-null" "clone" "--bare" "https://github.com/tdikland/cloud-file-signer" "/workspace/cache/git-repos/https%3A%2F%2Fgithub.com%2Ftdikland%2Fcloud-file-signer", kill_on_drop: false }`
[INFO] [stderr] Cloning into bare repository '/workspace/cache/git-repos/https%3A%2F%2Fgithub.com%2Ftdikland%2Fcloud-file-signer'...
[INFO] running `Command { std: "git" "rev-parse" "HEAD", kill_on_drop: false }`
[INFO] [stdout] ee9c52d3db9b5747e82d25cfd0ce5a9126e8f539
[INFO] testing tdikland/cloud-file-signer against nightly-2025-01-18+rustflags=-Zrandomize-layout for randomize-layout-2
[INFO] running `Command { std: "git" "clone" "/workspace/cache/git-repos/https%3A%2F%2Fgithub.com%2Ftdikland%2Fcloud-file-signer" "/workspace/builds/worker-5-tc2/source", kill_on_drop: false }`
[INFO] [stderr] Cloning into '/workspace/builds/worker-5-tc2/source'...
[INFO] [stderr] done.
[INFO] validating manifest of git repo https://github.com/tdikland/cloud-file-signer on toolchain nightly-2025-01-18
[INFO] running `Command { std: CARGO_HOME="/workspace/cargo-home" RUSTUP_HOME="/workspace/rustup-home" "/workspace/cargo-home/bin/cargo" "+nightly-2025-01-18" "metadata" "--manifest-path" "Cargo.toml" "--no-deps", kill_on_drop: false }`
[INFO] started tweaking git repo https://github.com/tdikland/cloud-file-signer
[INFO] finished tweaking git repo https://github.com/tdikland/cloud-file-signer
[INFO] tweaked toml for git repo https://github.com/tdikland/cloud-file-signer written to /workspace/builds/worker-5-tc2/source/Cargo.toml
[INFO] running `Command { std: CARGO_HOME="/workspace/cargo-home" RUSTUP_HOME="/workspace/rustup-home" "/workspace/cargo-home/bin/cargo" "+nightly-2025-01-18" "generate-lockfile" "--manifest-path" "Cargo.toml", kill_on_drop: false }`
[INFO] [stderr]     Updating crates.io index
[INFO] [stderr]      Locking 357 packages to latest compatible versions
[INFO] [stderr]       Adding azure_core v0.17.0 (available: v0.21.0)
[INFO] [stderr]       Adding azure_storage v0.17.0 (available: v0.21.0)
[INFO] [stderr]       Adding azure_storage_blobs v0.17.0 (available: v0.21.0)
[INFO] [stderr]       Adding google-cloud-storage v0.15.0 (available: v0.23.0)
[INFO] [stderr]       Adding reqwest v0.11.27 (available: v0.12.12)
[INFO] running `Command { std: CARGO_HOME="/workspace/cargo-home" RUSTUP_HOME="/workspace/rustup-home" "/workspace/cargo-home/bin/cargo" "+nightly-2025-01-18" "fetch" "--manifest-path" "Cargo.toml", kill_on_drop: false }`
[INFO] [stderr]     Blocking waiting for file lock on package cache
[INFO] [stderr]     Blocking waiting for file lock on package cache
[INFO] running `Command { std: "docker" "create" "-v" "/var/lib/crater-agent-workspace/builds/worker-5-tc2/target:/opt/rustwide/target:rw,Z" "-v" "/var/lib/crater-agent-workspace/builds/worker-5-tc2/source:/opt/rustwide/workdir:ro,Z" "-v" "/var/lib/crater-agent-workspace/cargo-home:/opt/rustwide/cargo-home:ro,Z" "-v" "/var/lib/crater-agent-workspace/rustup-home:/opt/rustwide/rustup-home:ro,Z" "-e" "SOURCE_DIR=/opt/rustwide/workdir" "-e" "CARGO_TARGET_DIR=/opt/rustwide/target" "-e" "CARGO_HOME=/opt/rustwide/cargo-home" "-e" "RUSTUP_HOME=/opt/rustwide/rustup-home" "-w" "/opt/rustwide/workdir" "-m" "1610612736" "--user" "0:0" "--network" "none" "ghcr.io/rust-lang/crates-build-env/linux@sha256:819108c5571ea2e421544af4d832f968d213c87fbe3707a016657f43d2f853bc" "/opt/rustwide/cargo-home/bin/cargo" "+nightly-2025-01-18" "metadata" "--no-deps" "--format-version=1", kill_on_drop: false }`
[INFO] [stdout] 1a8396edfb9e19caba776f92b0b425f35d9a8310837bc1a4cafb68b3e0dd92d8
[INFO] running `Command { std: "docker" "start" "-a" "1a8396edfb9e19caba776f92b0b425f35d9a8310837bc1a4cafb68b3e0dd92d8", kill_on_drop: false }`
[INFO] running `Command { std: "docker" "inspect" "1a8396edfb9e19caba776f92b0b425f35d9a8310837bc1a4cafb68b3e0dd92d8", kill_on_drop: false }`
[INFO] running `Command { std: "docker" "rm" "-f" "1a8396edfb9e19caba776f92b0b425f35d9a8310837bc1a4cafb68b3e0dd92d8", kill_on_drop: false }`
[INFO] [stdout] 1a8396edfb9e19caba776f92b0b425f35d9a8310837bc1a4cafb68b3e0dd92d8
[INFO] running `Command { std: "docker" "create" "-v" "/var/lib/crater-agent-workspace/builds/worker-5-tc2/target:/opt/rustwide/target:rw,Z" "-v" "/var/lib/crater-agent-workspace/builds/worker-5-tc2/source:/opt/rustwide/workdir:ro,Z" "-v" "/var/lib/crater-agent-workspace/cargo-home:/opt/rustwide/cargo-home:ro,Z" "-v" "/var/lib/crater-agent-workspace/rustup-home:/opt/rustwide/rustup-home:ro,Z" "-e" "SOURCE_DIR=/opt/rustwide/workdir" "-e" "CARGO_TARGET_DIR=/opt/rustwide/target" "-e" "CARGO_INCREMENTAL=0" "-e" "RUST_BACKTRACE=full" "-e" "RUSTFLAGS=--cap-lints=forbid -Zrandomize-layout" "-e" "RUSTDOCFLAGS=--cap-lints=forbid" "-e" "CARGO_HOME=/opt/rustwide/cargo-home" "-e" "RUSTUP_HOME=/opt/rustwide/rustup-home" "-w" "/opt/rustwide/workdir" "-m" "1610612736" "--user" "0:0" "--network" "none" "ghcr.io/rust-lang/crates-build-env/linux@sha256:819108c5571ea2e421544af4d832f968d213c87fbe3707a016657f43d2f853bc" "/opt/rustwide/cargo-home/bin/cargo" "+nightly-2025-01-18" "build" "--frozen" "--message-format=json", kill_on_drop: false }`
[INFO] [stdout] 183851fe7c21b7d0d8fabd6b37567efb28c85252aab4c2ac5df4ffeded1acce1
[INFO] running `Command { std: "docker" "start" "-a" "183851fe7c21b7d0d8fabd6b37567efb28c85252aab4c2ac5df4ffeded1acce1", kill_on_drop: false }`
[INFO] [stderr]    Compiling proc-macro2 v1.0.93
[INFO] [stderr]    Compiling libc v0.2.169
[INFO] [stderr]    Compiling itoa v1.0.14
[INFO] [stderr]    Compiling pin-project-lite v0.2.16
[INFO] [stderr]    Compiling smallvec v1.13.2
[INFO] [stderr]    Compiling bytes v1.9.0
[INFO] [stderr]    Compiling serde v1.0.217
[INFO] [stderr]    Compiling parking_lot_core v0.9.10
[INFO] [stderr]    Compiling scopeguard v1.2.0
[INFO] [stderr]    Compiling lock_api v0.4.12
[INFO] [stderr]    Compiling cc v1.2.10
[INFO] [stderr]    Compiling futures-channel v0.3.31
[INFO] [stderr]    Compiling fnv v1.0.7
[INFO] [stderr]    Compiling ryu v1.0.18
[INFO] [stderr]    Compiling equivalent v1.0.1
[INFO] [stderr]    Compiling once_cell v1.20.2
[INFO] [stderr]    Compiling num-traits v0.2.19
[INFO] [stderr]    Compiling subtle v2.6.1
[INFO] [stderr]    Compiling powerfmt v0.2.0
[INFO] [stderr]    Compiling time-core v0.1.2
[INFO] [stderr]    Compiling zeroize v1.8.1
[INFO] [stderr]    Compiling num-conv v0.1.0
[INFO] [stderr]    Compiling tracing-core v0.1.33
[INFO] [stderr]    Compiling num_threads v0.1.7
[INFO] [stderr]    Compiling log v0.4.25
[INFO] [stderr]    Compiling percent-encoding v2.3.1
[INFO] [stderr]    Compiling stable_deref_trait v1.2.0
[INFO] [stderr]    Compiling foldhash v0.1.4
[INFO] [stderr]    Compiling semver v1.0.25
[INFO] [stderr]    Compiling time-macros v0.2.19
[INFO] [stderr]    Compiling digest v0.10.7
[INFO] [stderr]    Compiling openssl-probe v0.1.5
[INFO] [stderr]    Compiling httparse v1.9.5
[INFO] [stderr]    Compiling http v0.2.12
[INFO] [stderr]    Compiling hashbrown v0.15.2
[INFO] [stderr]    Compiling http v1.2.0
[INFO] [stderr]    Compiling base64 v0.21.7
[INFO] [stderr]    Compiling serde_json v1.0.137
[INFO] [stderr]    Compiling either v1.13.0
[INFO] [stderr]    Compiling base64ct v1.6.0
[INFO] [stderr]    Compiling vsimd v0.8.0
[INFO] [stderr]    Compiling const-oid v0.9.6
[INFO] [stderr]    Compiling try-lock v0.2.5
[INFO] [stderr]    Compiling writeable v0.5.5
[INFO] [stderr]    Compiling outref v0.5.2
[INFO] [stderr]    Compiling litemap v0.7.4
[INFO] [stderr]    Compiling bytes-utils v0.1.4
[INFO] [stderr]    Compiling want v0.3.1
[INFO] [stderr]    Compiling quote v1.0.38
[INFO] [stderr]    Compiling rustc_version v0.4.1
[INFO] [stderr]    Compiling indexmap v2.7.1
[INFO] [stderr]    Compiling base64-simd v0.8.0
[INFO] [stderr]    Compiling form_urlencoded v1.2.1
[INFO] [stderr]    Compiling untrusted v0.9.0
[INFO] [stderr]    Compiling http-body v1.0.1
[INFO] [stderr]    Compiling tower-service v0.3.3
[INFO] [stderr]    Compiling syn v2.0.96
[INFO] [stderr]    Compiling http-body v0.4.6
[INFO] [stderr]    Compiling httpdate v1.0.3
[INFO] [stderr]    Compiling spin v0.9.8
[INFO] [stderr]    Compiling rustls-pemfile v1.0.4
[INFO] [stderr]    Compiling vcpkg v0.2.15
[INFO] [stderr]    Compiling icu_locid_transform_data v1.5.0
[INFO] [stderr]    Compiling icu_properties_data v1.5.0
[INFO] [stderr]    Compiling num-integer v0.1.46
[INFO] [stderr]    Compiling utf8_iter v1.0.4
[INFO] [stderr]    Compiling getrandom v0.2.15
[INFO] [stderr]    Compiling signal-hook-registry v1.4.2
[INFO] [stderr]    Compiling mio v1.0.3
[INFO] [stderr]    Compiling socket2 v0.5.8
[INFO] [stderr]    Compiling icu_normalizer_data v1.5.0
[INFO] [stderr]    Compiling utf16_iter v1.0.5
[INFO] [stderr]    Compiling write16 v1.0.0
[INFO] [stderr]    Compiling der v0.6.1
[INFO] [stderr]    Compiling parking_lot v0.12.3
[INFO] [stderr]    Compiling sha2 v0.10.8
[INFO] [stderr]    Compiling rand_core v0.6.4
[INFO] [stderr]    Compiling hmac v0.12.1
[INFO] [stderr]    Compiling foreign-types-shared v0.1.1
[INFO] [stderr]    Compiling openssl v0.10.68
[INFO] [stderr]    Compiling ring v0.17.8
[INFO] [stderr]    Compiling foreign-types v0.3.2
[INFO] [stderr]    Compiling native-tls v0.2.12
[INFO] [stderr]    Compiling ff v0.12.1
[INFO] [stderr]    Compiling crypto-bigint v0.4.9
[INFO] [stderr]    Compiling bitflags v2.8.0
[INFO] [stderr]    Compiling base16ct v0.1.1
[INFO] [stderr]    Compiling rustls v0.21.12
[INFO] [stderr]    Compiling group v0.12.1
[INFO] [stderr]    Compiling utf8parse v0.2.2
[INFO] [stderr]    Compiling unicase v2.8.1
[INFO] [stderr]    Compiling byteorder v1.5.0
[INFO] [stderr]    Compiling anstyle-parse v0.2.6
[INFO] [stderr]    Compiling signature v1.6.4
[INFO] [stderr]    Compiling is_terminal_polyfill v1.70.1
[INFO] [stderr]    Compiling getrandom v0.1.16
[INFO] [stderr]    Compiling rustix v0.38.43
[INFO] [stderr]    Compiling colorchoice v1.0.3
[INFO] [stderr]    Compiling anstyle v1.0.10
[INFO] [stderr]    Compiling mime_guess v2.0.5
[INFO] [stderr]    Compiling anstyle-query v1.1.2
[INFO] [stderr]    Compiling rustls-native-certs v0.6.3
[INFO] [stderr]    Compiling openssl-sys v0.9.104
[INFO] [stderr]    Compiling aws-types v1.3.4
[INFO] [stderr]    Compiling clap_lex v0.7.4
[INFO] [stderr]    Compiling mime v0.3.17
[INFO] [stderr]    Compiling anstream v0.6.18
[INFO] [stderr]    Compiling spki v0.6.0
[INFO] [stderr]    Compiling linux-raw-sys v0.4.15
[INFO] [stderr]    Compiling strsim v0.11.1
[INFO] [stderr]    Compiling crossbeam-utils v0.8.21
[INFO] [stderr]    Compiling winnow v0.6.24
[INFO] [stderr]    Compiling pkcs8 v0.9.0
[INFO] [stderr]    Compiling clap_builder v4.5.26
[INFO] [stderr]    Compiling sec1 v0.3.0
[INFO] [stderr]    Compiling crypto-bigint v0.5.5
[INFO] [stderr]    Compiling encoding_rs v0.8.35
[INFO] [stderr]    Compiling sync_wrapper v0.1.2
[INFO] [stderr]    Compiling memchr v2.7.4
[INFO] [stderr]    Compiling rfc6979 v0.3.1
[INFO] [stderr]    Compiling ipnet v2.11.0
[INFO] [stderr]    Compiling elliptic-curve v0.12.3
[INFO] [stderr]    Compiling cbindgen v0.27.0
[INFO] [stderr]    Compiling rand_core v0.5.1
[INFO] [stderr]    Compiling thiserror v2.0.11
[INFO] [stderr]    Compiling anyhow v1.0.95
[INFO] [stderr]    Compiling heck v0.4.1
[INFO] [stderr]    Compiling paste v1.0.15
[INFO] [stderr]    Compiling ecdsa v0.14.8
[INFO] [stderr]    Compiling concurrent-queue v2.5.0
[INFO] [stderr]    Compiling urlencoding v2.1.3
[INFO] [stderr]    Compiling http-types v2.12.0
[INFO] [stderr]    Compiling event-listener v2.5.3
[INFO] [stderr]    Compiling regex-lite v0.1.6
[INFO] [stderr]    Compiling fastrand v1.9.0
[INFO] [stderr]    Compiling p256 v0.11.1
[INFO] [stderr]    Compiling waker-fn v1.2.0
[INFO] [stderr]    Compiling async-channel v1.9.0
[INFO] [stderr]    Compiling num-bigint v0.4.6
[INFO] [stderr]    Compiling futures-lite v1.13.0
[INFO] [stderr]    Compiling azure_core v0.17.0
[INFO] [stderr]    Compiling crc32c v0.6.8
[INFO] [stderr]    Compiling pem-rfc7468 v0.7.0
[INFO] [stderr]    Compiling xmlparser v0.13.6
[INFO] [stderr]    Compiling base64 v0.22.1
[INFO] [stderr]    Compiling base64 v0.13.1
[INFO] [stderr]    Compiling crc-catalog v2.4.0
[INFO] [stderr]    Compiling infer v0.2.3
[INFO] [stderr]    Compiling der v0.7.9
[INFO] [stderr]    Compiling crc v3.2.1
[INFO] [stderr]    Compiling aws-smithy-xml v0.60.9
[INFO] [stderr]    Compiling tempfile v3.15.0
[INFO] [stderr]    Compiling pem v3.0.4
[INFO] [stderr]    Compiling aho-corasick v1.1.3
[INFO] [stderr]    Compiling dyn-clone v1.0.17
[INFO] [stderr]    Compiling regex-syntax v0.8.5
[INFO] [stderr]    Compiling sha1 v0.10.6
[INFO] [stderr]    Compiling md-5 v0.10.6
[INFO] [stderr]    Compiling home v0.5.11
[INFO] [stderr]    Compiling RustyXML v0.3.0
[INFO] [stderr]    Compiling lru v0.12.5
[INFO] [stderr]    Compiling iana-time-zone v0.1.61
[INFO] [stderr]    Compiling chrono v0.4.39
[INFO] [stderr]    Compiling synstructure v0.13.1
[INFO] [stderr]    Compiling spki v0.7.3
[INFO] [stderr]    Compiling clap v4.5.26
[INFO] [stderr]    Compiling pkcs8 v0.10.2
[INFO] [stderr]    Compiling regex-automata v0.4.9
[INFO] [stderr]    Compiling serde_derive v1.0.217
[INFO] [stderr]    Compiling tokio-macros v2.5.0
[INFO] [stderr]    Compiling futures-macro v0.3.31
[INFO] [stderr]    Compiling tracing-attributes v0.1.28
[INFO] [stderr]    Compiling zerofrom-derive v0.1.5
[INFO] [stderr]    Compiling yoke-derive v0.7.5
[INFO] [stderr]    Compiling zerovec-derive v0.10.3
[INFO] [stderr]    Compiling displaydoc v0.2.5
[INFO] [stderr]    Compiling icu_provider_macros v1.5.0
[INFO] [stderr]    Compiling openssl-macros v0.1.1
[INFO] [stderr]    Compiling tokio v1.43.0
[INFO] [stderr]    Compiling zerocopy-derive v0.7.35
[INFO] [stderr]    Compiling futures-util v0.3.31
[INFO] [stderr]    Compiling thiserror-impl v1.0.69
[INFO] [stderr]    Compiling async-trait v0.1.85
[INFO] [stderr]    Compiling thiserror-impl v2.0.11
[INFO] [stderr]    Compiling rustls-webpki v0.101.7
[INFO] [stderr]    Compiling sct v0.7.1
[INFO] [stderr]    Compiling pin-project-internal v1.1.8
[INFO] [stderr]    Compiling tracing v0.1.41
[INFO] [stderr]    Compiling zerofrom v0.1.5
[INFO] [stderr]    Compiling yoke v0.7.5
[INFO] [stderr]    Compiling zerovec v0.10.4
[INFO] [stderr]    Compiling google-cloud-token v0.1.2
[INFO] [stderr]    Compiling async-stream-impl v0.3.6
[INFO] [stderr]    Compiling regex v1.11.1
[INFO] [stderr]    Compiling zerocopy v0.7.35
[INFO] [stderr]    Compiling thiserror v1.0.69
[INFO] [stderr]    Compiling pin-project v1.1.8
[INFO] [stderr]    Compiling async-stream v0.3.6
[INFO] [stderr]    Compiling tinystr v0.7.6
[INFO] [stderr]    Compiling icu_collections v1.5.0
[INFO] [stderr]    Compiling icu_locid v1.5.0
[INFO] [stderr]    Compiling ppv-lite86 v0.2.20
[INFO] [stderr]    Compiling icu_provider v1.5.0
[INFO] [stderr]    Compiling rand_chacha v0.2.2
[INFO] [stderr]    Compiling rand_chacha v0.3.1
[INFO] [stderr]    Compiling rand v0.7.3
[INFO] [stderr]    Compiling rand v0.8.5
[INFO] [stderr]    Compiling icu_locid_transform v1.5.0
[INFO] [stderr]    Compiling http-body-util v0.1.2
[INFO] [stderr]    Compiling futures-executor v0.3.31
[INFO] [stderr]    Compiling futures v0.3.31
[INFO] [stderr]    Compiling icu_properties v1.5.1
[INFO] [stderr]    Compiling tokio-util v0.7.13
[INFO] [stderr]    Compiling aws-smithy-async v1.2.4
[INFO] [stderr]    Compiling tokio-rustls v0.24.1
[INFO] [stderr]    Compiling h2 v0.3.26
[INFO] [stderr]    Compiling tokio-native-tls v0.3.1
[INFO] [stderr]    Compiling serde_spanned v0.6.8
[INFO] [stderr]    Compiling toml_datetime v0.6.8
[INFO] [stderr]    Compiling deranged v0.3.11
[INFO] [stderr]    Compiling uuid v1.12.0
[INFO] [stderr]    Compiling serde_urlencoded v0.7.1
[INFO] [stderr]    Compiling serde_qs v0.8.5
[INFO] [stderr]    Compiling quick-xml v0.31.0
[INFO] [stderr]    Compiling toml_edit v0.22.22
[INFO] [stderr]    Compiling icu_normalizer v1.5.0
[INFO] [stderr]    Compiling time v0.3.37
[INFO] [stderr]    Compiling idna_adapter v1.2.0
[INFO] [stderr]    Compiling idna v1.0.3
[INFO] [stderr]    Compiling url v2.5.4
[INFO] [stderr]    Compiling toml v0.8.19
[INFO] [stderr]    Compiling hyper v0.14.32
[INFO] [stderr]    Compiling aws-smithy-types v1.2.12
[INFO] [stderr]    Compiling simple_asn1 v0.6.3
[INFO] [stderr]    Compiling jsonwebtoken v9.3.0
[INFO] [stderr]    Compiling aws-smithy-runtime-api v1.7.3
[INFO] [stderr]    Compiling aws-smithy-eventstream v0.60.6
[INFO] [stderr]    Compiling aws-smithy-json v0.61.2
[INFO] [stderr]    Compiling aws-smithy-query v0.60.7
[INFO] [stderr]    Compiling aws-smithy-http v0.60.12
[INFO] [stderr]    Compiling aws-credential-types v1.2.1
[INFO] [stderr]    Compiling aws-sigv4 v1.2.7
[INFO] [stderr]    Compiling hyper-tls v0.5.0
[INFO] [stderr]    Compiling hyper-rustls v0.24.2
[INFO] [stderr]    Compiling reqwest v0.11.27
[INFO] [stderr]    Compiling aws-smithy-runtime v1.7.7
[INFO] [stderr]    Compiling crc64fast-nvme v1.1.1
[INFO] [stderr]    Compiling google-cloud-metadata v0.4.0
[INFO] [stderr]    Compiling google-cloud-auth v0.13.2
[INFO] [stderr]    Compiling aws-smithy-checksums v0.62.0
[INFO] [stderr]    Compiling azure_storage v0.17.0
[INFO] [stderr]    Compiling aws-runtime v1.5.4
[INFO] [stderr]    Compiling google-cloud-storage v0.15.0
[INFO] [stderr]    Compiling azure_storage_blobs v0.17.0
[INFO] [stderr]    Compiling aws-sdk-ssooidc v1.55.0
[INFO] [stderr]    Compiling aws-sdk-sso v1.54.0
[INFO] [stderr]    Compiling aws-sdk-sts v1.55.0
[INFO] [stderr]    Compiling aws-sdk-s3 v1.69.0
[INFO] [stderr]    Compiling aws-config v1.5.14
[INFO] [stderr]    Compiling cloud-file-signer v0.1.0 (/opt/rustwide/workdir)
[INFO] [stderr]     Finished `dev` profile [unoptimized + debuginfo] target(s) in 2m 30s
[INFO] running `Command { std: "docker" "inspect" "183851fe7c21b7d0d8fabd6b37567efb28c85252aab4c2ac5df4ffeded1acce1", kill_on_drop: false }`
[INFO] running `Command { std: "docker" "rm" "-f" "183851fe7c21b7d0d8fabd6b37567efb28c85252aab4c2ac5df4ffeded1acce1", kill_on_drop: false }`
[INFO] [stdout] 183851fe7c21b7d0d8fabd6b37567efb28c85252aab4c2ac5df4ffeded1acce1
[INFO] running `Command { std: "docker" "create" "-v" "/var/lib/crater-agent-workspace/builds/worker-5-tc2/target:/opt/rustwide/target:rw,Z" "-v" "/var/lib/crater-agent-workspace/builds/worker-5-tc2/source:/opt/rustwide/workdir:ro,Z" "-v" "/var/lib/crater-agent-workspace/cargo-home:/opt/rustwide/cargo-home:ro,Z" "-v" "/var/lib/crater-agent-workspace/rustup-home:/opt/rustwide/rustup-home:ro,Z" "-e" "SOURCE_DIR=/opt/rustwide/workdir" "-e" "CARGO_TARGET_DIR=/opt/rustwide/target" "-e" "CARGO_INCREMENTAL=0" "-e" "RUST_BACKTRACE=full" "-e" "RUSTFLAGS=--cap-lints=forbid -Zrandomize-layout" "-e" "RUSTDOCFLAGS=--cap-lints=forbid" "-e" "CARGO_HOME=/opt/rustwide/cargo-home" "-e" "RUSTUP_HOME=/opt/rustwide/rustup-home" "-w" "/opt/rustwide/workdir" "-m" "1610612736" "--user" "0:0" "--network" "none" "ghcr.io/rust-lang/crates-build-env/linux@sha256:819108c5571ea2e421544af4d832f968d213c87fbe3707a016657f43d2f853bc" "/opt/rustwide/cargo-home/bin/cargo" "+nightly-2025-01-18" "test" "--frozen" "--no-run" "--message-format=json", kill_on_drop: false }`
[INFO] [stdout] be012c7c42946b740b0207b0557966d41ee97224f65d9cafef070ade303abb8a
[INFO] running `Command { std: "docker" "start" "-a" "be012c7c42946b740b0207b0557966d41ee97224f65d9cafef070ade303abb8a", kill_on_drop: false }`
[INFO] [stderr]    Compiling tracing-core v0.1.33
[INFO] [stderr]    Compiling log v0.4.25
[INFO] [stderr]    Compiling tokio v1.43.0
[INFO] [stderr]    Compiling utf8parse v0.2.2
[INFO] [stderr]    Compiling colorchoice v1.0.3
[INFO] [stderr]    Compiling anstyle-query v1.1.2
[INFO] [stderr]    Compiling anstyle v1.0.10
[INFO] [stderr]    Compiling is_terminal_polyfill v1.70.1
[INFO] [stderr]    Compiling regex-syntax v0.6.29
[INFO] [stderr]    Compiling lazy_static v1.5.0
[INFO] [stderr]    Compiling overload v0.1.1
[INFO] [stderr]    Compiling anstyle-parse v0.2.6
[INFO] [stderr]    Compiling thread_local v1.1.8
[INFO] [stderr]    Compiling test-log-macros v0.2.17
[INFO] [stderr]    Compiling sharded-slab v0.1.7
[INFO] [stderr]    Compiling nu-ansi-term v0.46.0
[INFO] [stderr]    Compiling rustls v0.21.12
[INFO] [stderr]    Compiling native-tls v0.2.12
[INFO] [stderr]    Compiling env_filter v0.1.3
[INFO] [stderr]    Compiling anstream v0.6.18
[INFO] [stderr]    Compiling tracing v0.1.41
[INFO] [stderr]    Compiling tracing-log v0.2.0
[INFO] [stderr]    Compiling clap_builder v4.5.26
[INFO] [stderr]    Compiling env_logger v0.11.6
[INFO] [stderr]    Compiling regex-automata v0.1.10
[INFO] [stderr]    Compiling matchers v0.1.0
[INFO] [stderr]    Compiling tracing-subscriber v0.3.19
[INFO] [stderr]    Compiling clap v4.5.26
[INFO] [stderr]    Compiling cbindgen v0.27.0
[INFO] [stderr]    Compiling test-log v0.2.17
[INFO] [stderr]    Compiling tokio-util v0.7.13
[INFO] [stderr]    Compiling aws-smithy-async v1.2.4
[INFO] [stderr]    Compiling tokio-native-tls v0.3.1
[INFO] [stderr]    Compiling tokio-rustls v0.24.1
[INFO] [stderr]    Compiling h2 v0.3.26
[INFO] [stderr]    Compiling aws-smithy-types v1.2.12
[INFO] [stderr]    Compiling aws-smithy-runtime-api v1.7.3
[INFO] [stderr]    Compiling aws-smithy-eventstream v0.60.6
[INFO] [stderr]    Compiling aws-smithy-json v0.61.2
[INFO] [stderr]    Compiling aws-smithy-query v0.60.7
[INFO] [stderr]    Compiling crc64fast-nvme v1.1.1
[INFO] [stderr]    Compiling aws-smithy-http v0.60.12
[INFO] [stderr]    Compiling aws-credential-types v1.2.1
[INFO] [stderr]    Compiling aws-types v1.3.4
[INFO] [stderr]    Compiling aws-sigv4 v1.2.7
[INFO] [stderr]    Compiling aws-smithy-checksums v0.62.0
[INFO] [stderr]    Compiling hyper v0.14.32
[INFO] [stderr]    Compiling hyper-rustls v0.24.2
[INFO] [stderr]    Compiling hyper-tls v0.5.0
[INFO] [stderr]    Compiling reqwest v0.11.27
[INFO] [stderr]    Compiling aws-smithy-runtime v1.7.7
[INFO] [stderr]    Compiling google-cloud-metadata v0.4.0
[INFO] [stderr]    Compiling azure_core v0.17.0
[INFO] [stderr]    Compiling google-cloud-auth v0.13.2
[INFO] [stderr]    Compiling aws-runtime v1.5.4
[INFO] [stderr]    Compiling azure_storage v0.17.0
[INFO] [stderr]    Compiling google-cloud-storage v0.15.0
[INFO] [stderr]    Compiling aws-sdk-sso v1.54.0
[INFO] [stderr]    Compiling aws-sdk-ssooidc v1.55.0
[INFO] [stderr]    Compiling aws-sdk-sts v1.55.0
[INFO] [stderr]    Compiling aws-sdk-s3 v1.69.0
[INFO] [stderr]    Compiling azure_storage_blobs v0.17.0
[INFO] [stderr]    Compiling aws-config v1.5.14
[INFO] [stderr]    Compiling cloud-file-signer v0.1.0 (/opt/rustwide/workdir)
[INFO] [stderr]     Finished `test` profile [unoptimized + debuginfo] target(s) in 1m 45s
[INFO] running `Command { std: "docker" "inspect" "be012c7c42946b740b0207b0557966d41ee97224f65d9cafef070ade303abb8a", kill_on_drop: false }`
[INFO] running `Command { std: "docker" "rm" "-f" "be012c7c42946b740b0207b0557966d41ee97224f65d9cafef070ade303abb8a", kill_on_drop: false }`
[INFO] [stdout] be012c7c42946b740b0207b0557966d41ee97224f65d9cafef070ade303abb8a
[INFO] running `Command { std: "docker" "create" "-v" "/var/lib/crater-agent-workspace/builds/worker-5-tc2/target:/opt/rustwide/target:rw,Z" "-v" "/var/lib/crater-agent-workspace/builds/worker-5-tc2/source:/opt/rustwide/workdir:ro,Z" "-v" "/var/lib/crater-agent-workspace/cargo-home:/opt/rustwide/cargo-home:ro,Z" "-v" "/var/lib/crater-agent-workspace/rustup-home:/opt/rustwide/rustup-home:ro,Z" "-e" "SOURCE_DIR=/opt/rustwide/workdir" "-e" "CARGO_TARGET_DIR=/opt/rustwide/target" "-e" "CARGO_INCREMENTAL=0" "-e" "RUST_BACKTRACE=full" "-e" "RUSTFLAGS=--cap-lints=forbid -Zrandomize-layout" "-e" "RUSTDOCFLAGS=--cap-lints=forbid" "-e" "CARGO_HOME=/opt/rustwide/cargo-home" "-e" "RUSTUP_HOME=/opt/rustwide/rustup-home" "-w" "/opt/rustwide/workdir" "-m" "1610612736" "--user" "0:0" "--network" "none" "ghcr.io/rust-lang/crates-build-env/linux@sha256:819108c5571ea2e421544af4d832f968d213c87fbe3707a016657f43d2f853bc" "/opt/rustwide/cargo-home/bin/cargo" "+nightly-2025-01-18" "test" "--frozen", kill_on_drop: false }`
[INFO] [stdout] fde3a96ce1086ab97a8a39439a5d1b990499160cb357bbe0e2c609b1308f9023
[INFO] running `Command { std: "docker" "start" "-a" "fde3a96ce1086ab97a8a39439a5d1b990499160cb357bbe0e2c609b1308f9023", kill_on_drop: false }`
[INFO] [stderr]     Finished `test` profile [unoptimized + debuginfo] target(s) in 0.96s
[INFO] [stderr]      Running unittests src/lib.rs (/opt/rustwide/target/debug/deps/cloud_file_signer-9f015281daed37d0)
[INFO] [stdout] 
[INFO] [stdout] running 20 tests
[INFO] [stdout] test aws::uri::test::parse_invalid_uri ... ok
[INFO] [stdout] test aws::uri::test::parse_s3_nested_key ... ok
[INFO] [stdout] test aws::uri::test::parse_s3_scheme ... ok
[INFO] [stdout] test aws::uri::test::parse_s3a_scheme ... ok
[INFO] [stdout] test aws::uri::test::parse_unsupported_scheme ... ok
[INFO] [stdout] test aws::uri::test::parse_uri_without_scheme ... ok
[INFO] [stdout] test aws::uri::test::parse_s3n_scheme ... ok
[INFO] [stdout] test azure::uri::test::parse_abfs_scheme ... ok
[INFO] [stdout] test azure::uri::test::parse_abfss_scheme ... ok
[INFO] [stdout] test azure::uri::test::parse_unsupported_scheme ... ok
[INFO] [stdout] test gcp::uri::test::parse_gs_uri ... ok
[INFO] [stdout] test gcp::uri::test::parse_unsupported_scheme ... ok
[INFO] [stdout] test permissions::test::display_permission ... ok
[INFO] [stdout] test permissions::test::parse_permission ... ok
[INFO] [stdout] test aws::uri::test::parse_https_scheme ... ok
[INFO] [stdout] test aws::uri::test::parse_http_scheme ... ok
[INFO] [stdout] test aws::uri::test::parse_virtual_hosted_global ... ok
[INFO] [stdout] test aws::uri::test::parse_path_style_regional ... ok
[INFO] [stdout] test aws::uri::test::parse_path_style_global ... ok
[INFO] [stdout] test aws::uri::test::parse_virtual_hosted_regional ... ok
[INFO] [stdout] 
[INFO] [stdout] test result: ok. 20 passed; 0 failed; 0 ignored; 0 measured; 0 filtered out; finished in 0.02s
[INFO] [stdout] 
[INFO] [stderr]      Running tests/adls_signer.rs (/opt/rustwide/target/debug/deps/adls_signer-af2c983a445dd6aa)
[INFO] [stdout] 
[INFO] [stdout] running 1 test
[INFO] [stdout] test test_abfs_signer has been running for over 60 seconds
[INFO] [stdout] test test_abfs_signer ... FAILED
[INFO] [stdout] 
[INFO] [stdout] failures:
[INFO] [stdout] 
[INFO] [stdout] ---- test_abfs_signer stdout ----
[INFO] [stdout] 
[INFO] [stdout] thread 'test_abfs_signer' panicked at tests/adls_signer.rs:19:14:
[INFO] [stdout] called `Result::unwrap()` on an `Err` value: Error { context: Full(Custom { kind: Io, error: Error { context: Full(Custom { kind: Io, error: reqwest::Error { kind: Request, url: Url { scheme: "http", cannot_be_a_base: false, username: "", password: None, host: Some(Ipv4(127.0.0.1)), port: Some(10000), path: "/devstoreaccount1/mycontainer", query: Some("restype=container"), fragment: None }, source: hyper::Error(Connect, ConnectError("tcp connect error", Os { code: 111, kind: ConnectionRefused, message: "Connection refused" })) } }, "failed to execute `reqwest` request") } }, "retry policy expired and the request will no longer be retried") }
[INFO] [stdout] stack backtrace:
[INFO] [stdout]    0:     0x5c34e9ac978a - std::backtrace_rs::backtrace::libunwind::trace::hb059275cfc8d6126
[INFO] [stdout]                                at /rustc/6067b36314ab5eb2eb47cecc464545ba58e1ad24/library/std/src/../../backtrace/src/backtrace/libunwind.rs:116:5
[INFO] [stdout]    1:     0x5c34e9ac978a - std::backtrace_rs::backtrace::trace_unsynchronized::h2da071e4327ce3ee
[INFO] [stdout]                                at /rustc/6067b36314ab5eb2eb47cecc464545ba58e1ad24/library/std/src/../../backtrace/src/backtrace/mod.rs:66:5
[INFO] [stdout]    2:     0x5c34e9ac978a - std::sys::backtrace::_print_fmt::h842a1474e6f8d23f
[INFO] [stdout]                                at /rustc/6067b36314ab5eb2eb47cecc464545ba58e1ad24/library/std/src/sys/backtrace.rs:66:9
[INFO] [stdout]    3:     0x5c34e9ac978a - <std::sys::backtrace::BacktraceLock::print::DisplayBacktrace as core::fmt::Display>::fmt::h71a62eb3b9696b12
[INFO] [stdout]                                at /rustc/6067b36314ab5eb2eb47cecc464545ba58e1ad24/library/std/src/sys/backtrace.rs:39:26
[INFO] [stdout]    4:     0x5c34e9af5883 - core::fmt::rt::Argument::fmt::hdb6b616786b41dc1
[INFO] [stdout]                                at /rustc/6067b36314ab5eb2eb47cecc464545ba58e1ad24/library/core/src/fmt/rt.rs:177:76
[INFO] [stdout]    5:     0x5c34e9af5883 - core::fmt::write::h2cc1698af7e2d686
[INFO] [stdout]                                at /rustc/6067b36314ab5eb2eb47cecc464545ba58e1ad24/library/core/src/fmt/mod.rs:1440:21
[INFO] [stdout]    6:     0x5c34e9ac53e3 - std::io::Write::write_fmt::hab1b4cd059a79022
[INFO] [stdout]                                at /rustc/6067b36314ab5eb2eb47cecc464545ba58e1ad24/library/std/src/io/mod.rs:1887:15
[INFO] [stdout]    7:     0x5c34e9ac95d2 - std::sys::backtrace::BacktraceLock::print::h147fe35b4ea13b08
[INFO] [stdout]                                at /rustc/6067b36314ab5eb2eb47cecc464545ba58e1ad24/library/std/src/sys/backtrace.rs:42:9
[INFO] [stdout]    8:     0x5c34e9acabaf - std::panicking::default_hook::{{closure}}::hbd44223dbdc0d208
[INFO] [stdout]                                at /rustc/6067b36314ab5eb2eb47cecc464545ba58e1ad24/library/std/src/panicking.rs:298:22
[INFO] [stdout]    9:     0x5c34e9aca9c8 - std::panicking::default_hook::h20f81eb0576efcec
[INFO] [stdout]                                at /rustc/6067b36314ab5eb2eb47cecc464545ba58e1ad24/library/std/src/panicking.rs:322:9
[INFO] [stdout]   10:     0x5c34e954ad23 - <alloc::boxed::Box<F,A> as core::ops::function::Fn<Args>>::call::hdb53814c496a4d34
[INFO] [stdout]                                at /rustc/6067b36314ab5eb2eb47cecc464545ba58e1ad24/library/alloc/src/boxed.rs:2027:9
[INFO] [stdout]   11:     0x5c34e954ad23 - test::test_main::{{closure}}::hc0a4963c59427c24
[INFO] [stdout]                                at /rustc/6067b36314ab5eb2eb47cecc464545ba58e1ad24/library/test/src/lib.rs:134:21
[INFO] [stdout]   12:     0x5c34e9acb6a3 - <alloc::boxed::Box<F,A> as core::ops::function::Fn<Args>>::call::h591b2225413a77e9
[INFO] [stdout]                                at /rustc/6067b36314ab5eb2eb47cecc464545ba58e1ad24/library/alloc/src/boxed.rs:2027:9
[INFO] [stdout]   13:     0x5c34e9acb6a3 - std::panicking::rust_panic_with_hook::h625eea43051b2edc
[INFO] [stdout]                                at /rustc/6067b36314ab5eb2eb47cecc464545ba58e1ad24/library/std/src/panicking.rs:839:13
[INFO] [stdout]   14:     0x5c34e9acb35a - std::panicking::begin_panic_handler::{{closure}}::h4f9159cfbc3f6bd3
[INFO] [stdout]                                at /rustc/6067b36314ab5eb2eb47cecc464545ba58e1ad24/library/std/src/panicking.rs:704:13
[INFO] [stdout]   15:     0x5c34e9ac9c89 - std::sys::backtrace::__rust_end_short_backtrace::h0390abce48353151
[INFO] [stdout]                                at /rustc/6067b36314ab5eb2eb47cecc464545ba58e1ad24/library/std/src/sys/backtrace.rs:168:18
[INFO] [stdout]   16:     0x5c34e9acafed - rust_begin_unwind
[INFO] [stdout]                                at /rustc/6067b36314ab5eb2eb47cecc464545ba58e1ad24/library/std/src/panicking.rs:695:5
[INFO] [stdout]   17:     0x5c34e9af3550 - core::panicking::panic_fmt::h9e7c637e9e5f29c9
[INFO] [stdout]                                at /rustc/6067b36314ab5eb2eb47cecc464545ba58e1ad24/library/core/src/panicking.rs:75:14
[INFO] [stdout]   18:     0x5c34e9af3a26 - core::result::unwrap_failed::h7979f09313fe1849
[INFO] [stdout]                                at /rustc/6067b36314ab5eb2eb47cecc464545ba58e1ad24/library/core/src/result.rs:1704:5
[INFO] [stdout]   19:     0x5c34e9505de5 - core::result::Result<T,E>::unwrap::h46983df5b3946dc9
[INFO] [stdout]                                at /rustc/6067b36314ab5eb2eb47cecc464545ba58e1ad24/library/core/src/result.rs:1109:23
[INFO] [stdout]   20:     0x5c34e9505de5 - adls_signer::MockAbfs::setup::h115d47eebb5e3bbd
[INFO] [stdout]                                at /opt/rustwide/workdir/tests/adls_signer.rs:18:9
[INFO] [stdout]   21:     0x5c34e95065be - adls_signer::test_abfs_signer::h1a23bba242bebbf7
[INFO] [stdout]                                at /opt/rustwide/workdir/tests/adls_signer.rs:55:21
[INFO] [stdout]   22:     0x5c34e95063c7 - adls_signer::test_abfs_signer::{{closure}}::h67f7cf54877d0319
[INFO] [stdout]                                at /opt/rustwide/workdir/tests/adls_signer.rs:50:22
[INFO] [stdout]   23:     0x5c34e950abe6 - core::ops::function::FnOnce::call_once::h3e2a82444c2078e0
[INFO] [stdout]                                at /rustc/6067b36314ab5eb2eb47cecc464545ba58e1ad24/library/core/src/ops/function.rs:250:5
[INFO] [stdout]   24:     0x5c34e955047b - core::ops::function::FnOnce::call_once::he27718dfdd183f43
[INFO] [stdout]                                at /rustc/6067b36314ab5eb2eb47cecc464545ba58e1ad24/library/core/src/ops/function.rs:250:5
[INFO] [stdout]   25:     0x5c34e955047b - test::__rust_begin_short_backtrace::h4e84902998457a5d
[INFO] [stdout]                                at /rustc/6067b36314ab5eb2eb47cecc464545ba58e1ad24/library/test/src/lib.rs:632:18
[INFO] [stdout]   26:     0x5c34e954f3b3 - test::run_test_in_process::{{closure}}::h7176fd18fc1feca0
[INFO] [stdout]                                at /rustc/6067b36314ab5eb2eb47cecc464545ba58e1ad24/library/test/src/lib.rs:655:60
[INFO] [stdout]   27:     0x5c34e954f3b3 - <core::panic::unwind_safe::AssertUnwindSafe<F> as core::ops::function::FnOnce<()>>::call_once::hf79cff2a624d8cf7
[INFO] [stdout]                                at /rustc/6067b36314ab5eb2eb47cecc464545ba58e1ad24/library/core/src/panic/unwind_safe.rs:272:9
[INFO] [stdout]   28:     0x5c34e954f3b3 - std::panicking::try::do_call::h3da0561d9ab99c25
[INFO] [stdout]                                at /rustc/6067b36314ab5eb2eb47cecc464545ba58e1ad24/library/std/src/panicking.rs:587:40
[INFO] [stdout]   29:     0x5c34e954f3b3 - std::panicking::try::h41c9fa508bc61df6
[INFO] [stdout]                                at /rustc/6067b36314ab5eb2eb47cecc464545ba58e1ad24/library/std/src/panicking.rs:550:19
[INFO] [stdout]   30:     0x5c34e954f3b3 - std::panic::catch_unwind::h6b3ff07bb5afad93
[INFO] [stdout]                                at /rustc/6067b36314ab5eb2eb47cecc464545ba58e1ad24/library/std/src/panic.rs:358:14
[INFO] [stdout]   31:     0x5c34e954f3b3 - test::run_test_in_process::hc7253dd11b39b9f4
[INFO] [stdout]                                at /rustc/6067b36314ab5eb2eb47cecc464545ba58e1ad24/library/test/src/lib.rs:655:27
[INFO] [stdout]   32:     0x5c34e954f3b3 - test::run_test::{{closure}}::hfb2007f8649c30bb
[INFO] [stdout]                                at /rustc/6067b36314ab5eb2eb47cecc464545ba58e1ad24/library/test/src/lib.rs:576:43
[INFO] [stdout]   33:     0x5c34e9512495 - test::run_test::{{closure}}::h56a17aa7a282a9f4
[INFO] [stdout]                                at /rustc/6067b36314ab5eb2eb47cecc464545ba58e1ad24/library/test/src/lib.rs:606:41
[INFO] [stdout]   34:     0x5c34e9512495 - std::sys::backtrace::__rust_begin_short_backtrace::hd2d2d2fb8e8c6aac
[INFO] [stdout]                                at /rustc/6067b36314ab5eb2eb47cecc464545ba58e1ad24/library/std/src/sys/backtrace.rs:152:18
[INFO] [stdout]   35:     0x5c34e9515d7a - std::thread::Builder::spawn_unchecked_::{{closure}}::{{closure}}::h4faa3f9db6133423
[INFO] [stdout]                                at /rustc/6067b36314ab5eb2eb47cecc464545ba58e1ad24/library/std/src/thread/mod.rs:559:17
[INFO] [stdout]   36:     0x5c34e9515d7a - <core::panic::unwind_safe::AssertUnwindSafe<F> as core::ops::function::FnOnce<()>>::call_once::hf2e855a36a4ea846
[INFO] [stdout]                                at /rustc/6067b36314ab5eb2eb47cecc464545ba58e1ad24/library/core/src/panic/unwind_safe.rs:272:9
[INFO] [stdout]   37:     0x5c34e9515d7a - std::panicking::try::do_call::h2f73af3616c35465
[INFO] [stdout]                                at /rustc/6067b36314ab5eb2eb47cecc464545ba58e1ad24/library/std/src/panicking.rs:587:40
[INFO] [stdout]   38:     0x5c34e9515d7a - std::panicking::try::hd1660ce9efadef5a
[INFO] [stdout]                                at /rustc/6067b36314ab5eb2eb47cecc464545ba58e1ad24/library/std/src/panicking.rs:550:19
[INFO] [stdout]   39:     0x5c34e9515d7a - std::panic::catch_unwind::h5ee8d7823b8ca744
[INFO] [stdout]                                at /rustc/6067b36314ab5eb2eb47cecc464545ba58e1ad24/library/std/src/panic.rs:358:14
[INFO] [stdout]   40:     0x5c34e9515d7a - std::thread::Builder::spawn_unchecked_::{{closure}}::h53c3a1894dce8407
[INFO] [stdout]                                at /rustc/6067b36314ab5eb2eb47cecc464545ba58e1ad24/library/std/src/thread/mod.rs:557:30
[INFO] [stdout]   41:     0x5c34e9515d7a - core::ops::function::FnOnce::call_once{{vtable.shim}}::h048ce291ad4f62bf
[INFO] [stdout]                                at /rustc/6067b36314ab5eb2eb47cecc464545ba58e1ad24/library/core/src/ops/function.rs:250:5
[INFO] [stdout]   42:     0x5c34e9acfb4b - <alloc::boxed::Box<F,A> as core::ops::function::FnOnce<Args>>::call_once::ha52bedf99a3b4981
[INFO] [stdout]                                at /rustc/6067b36314ab5eb2eb47cecc464545ba58e1ad24/library/alloc/src/boxed.rs:2013:9
[INFO] [stdout]   43:     0x5c34e9acfb4b - <alloc::boxed::Box<F,A> as core::ops::function::FnOnce<Args>>::call_once::h567748934d80ccf8
[INFO] [stdout]                                at /rustc/6067b36314ab5eb2eb47cecc464545ba58e1ad24/library/alloc/src/boxed.rs:2013:9
[INFO] [stdout]   44:     0x5c34e9acfb4b - std::sys::pal::unix::thread::Thread::new::thread_start::h2d970728ae887adc
[INFO] [stdout]                                at /rustc/6067b36314ab5eb2eb47cecc464545ba58e1ad24/library/std/src/sys/pal/unix/thread.rs:106:17
[INFO] [stdout]   45:     0x7fd7ac1e6ac3 - <unknown>
[INFO] [stdout]   46:     0x7fd7ac277a04 - clone
[INFO] [stdout]   47:                0x0 - <unknown>
[INFO] [stdout] 
[INFO] [stdout] 
[INFO] [stdout] failures:
[INFO] [stdout]     test_abfs_signer
[INFO] [stdout] 
[INFO] [stdout] test result: FAILED. 0 passed; 1 failed; 0 ignored; 0 measured; 0 filtered out; finished in 81.96s
[INFO] [stdout] 
[INFO] [stderr] error: test failed, to rerun pass `--test adls_signer`
[INFO] running `Command { std: "docker" "inspect" "fde3a96ce1086ab97a8a39439a5d1b990499160cb357bbe0e2c609b1308f9023", kill_on_drop: false }`
[INFO] running `Command { std: "docker" "rm" "-f" "fde3a96ce1086ab97a8a39439a5d1b990499160cb357bbe0e2c609b1308f9023", kill_on_drop: false }`
[INFO] [stdout] fde3a96ce1086ab97a8a39439a5d1b990499160cb357bbe0e2c609b1308f9023
